[INFO] fetching crate sparkpost 0.5.4...
[INFO] testing sparkpost-0.5.4 against 1.54.0 for beta-1.55-1
[INFO] extracting crate sparkpost 0.5.4 into /workspace/builds/worker-5/source
[INFO] validating manifest of crates.io crate sparkpost 0.5.4 on toolchain 1.54.0
[INFO] running `Command { std: "/workspace/cargo-home/bin/cargo" "+1.54.0" "metadata" "--manifest-path" "Cargo.toml" "--no-deps", kill_on_drop: false }`
[INFO] started tweaking crates.io crate sparkpost 0.5.4
[INFO] finished tweaking crates.io crate sparkpost 0.5.4
[INFO] tweaked toml for crates.io crate sparkpost 0.5.4 written to /workspace/builds/worker-5/source/Cargo.toml
[INFO] crate crates.io crate sparkpost 0.5.4 already has a lockfile, it will not be regenerated
[INFO] running `Command { std: "/workspace/cargo-home/bin/cargo" "+1.54.0" "fetch" "--manifest-path" "Cargo.toml", kill_on_drop: false }`
[INFO] [stderr]     Blocking waiting for file lock on package cache
[INFO] running `Command { std: "docker" "create" "-v" "/var/lib/crater-agent-workspace/builds/worker-5/target:/opt/rustwide/target:rw,Z" "-v" "/var/lib/crater-agent-workspace/builds/worker-5/source:/opt/rustwide/workdir:ro,Z" "-v" "/var/lib/crater-agent-workspace/cargo-home:/opt/rustwide/cargo-home:ro,Z" "-v" "/var/lib/crater-agent-workspace/rustup-home:/opt/rustwide/rustup-home:ro,Z" "-e" "SOURCE_DIR=/opt/rustwide/workdir" "-e" "CARGO_TARGET_DIR=/opt/rustwide/target" "-e" "CARGO_HOME=/opt/rustwide/cargo-home" "-e" "RUSTUP_HOME=/opt/rustwide/rustup-home" "-w" "/opt/rustwide/workdir" "-m" "1610612736" "--user" "0:0" "--network" "none" "ghcr.io/rust-lang/crates-build-env/linux@sha256:34b6a614d2c27851fe6cbf88fbd1137609cefab8b10d0615aaeb6fd47975d74e" "/opt/rustwide/cargo-home/bin/cargo" "+1.54.0" "metadata" "--no-deps" "--format-version=1", kill_on_drop: false }`
[INFO] [stdout] e1bd131d6d9f779e30acba3d04e792c782d3c7bfcd709e2d928a7326299daf94
[INFO] running `Command { std: "docker" "start" "-a" "e1bd131d6d9f779e30acba3d04e792c782d3c7bfcd709e2d928a7326299daf94", kill_on_drop: false }`
[INFO] running `Command { std: "docker" "inspect" "e1bd131d6d9f779e30acba3d04e792c782d3c7bfcd709e2d928a7326299daf94", kill_on_drop: false }`
[INFO] running `Command { std: "docker" "rm" "-f" "e1bd131d6d9f779e30acba3d04e792c782d3c7bfcd709e2d928a7326299daf94", kill_on_drop: false }`
[INFO] [stdout] e1bd131d6d9f779e30acba3d04e792c782d3c7bfcd709e2d928a7326299daf94
[INFO] running `Command { std: "docker" "create" "-v" "/var/lib/crater-agent-workspace/builds/worker-5/target:/opt/rustwide/target:rw,Z" "-v" "/var/lib/crater-agent-workspace/builds/worker-5/source:/opt/rustwide/workdir:ro,Z" "-v" "/var/lib/crater-agent-workspace/cargo-home:/opt/rustwide/cargo-home:ro,Z" "-v" "/var/lib/crater-agent-workspace/rustup-home:/opt/rustwide/rustup-home:ro,Z" "-e" "SOURCE_DIR=/opt/rustwide/workdir" "-e" "CARGO_TARGET_DIR=/opt/rustwide/target" "-e" "CARGO_INCREMENTAL=0" "-e" "RUST_BACKTRACE=full" "-e" "RUSTFLAGS=--cap-lints=warn" "-e" "CARGO_HOME=/opt/rustwide/cargo-home" "-e" "RUSTUP_HOME=/opt/rustwide/rustup-home" "-w" "/opt/rustwide/workdir" "-m" "1610612736" "--user" "0:0" "--network" "none" "ghcr.io/rust-lang/crates-build-env/linux@sha256:34b6a614d2c27851fe6cbf88fbd1137609cefab8b10d0615aaeb6fd47975d74e" "/opt/rustwide/cargo-home/bin/cargo" "+1.54.0" "build" "--frozen" "--message-format=json", kill_on_drop: false }`
[INFO] [stdout] 735ae13bab5fe530d3741a0df9d30879620a90c6d5c8de62cbd649b40bc9bc15
[INFO] running `Command { std: "docker" "start" "-a" "735ae13bab5fe530d3741a0df9d30879620a90c6d5c8de62cbd649b40bc9bc15", kill_on_drop: false }`
[INFO] [stderr]    Compiling autocfg v1.0.0
[INFO] [stderr]    Compiling libc v0.2.69
[INFO] [stderr]    Compiling cfg-if v0.1.10
[INFO] [stderr]    Compiling log v0.4.8
[INFO] [stderr]    Compiling proc-macro2 v1.0.10
[INFO] [stderr]    Compiling cc v1.0.52
[INFO] [stderr]    Compiling memchr v2.3.3
[INFO] [stderr]    Compiling pkg-config v0.3.17
[INFO] [stderr]    Compiling unicode-xid v0.2.0
[INFO] [stderr]    Compiling futures-core v0.3.4
[INFO] [stderr]    Compiling bytes v0.5.4
[INFO] [stderr]    Compiling fnv v1.0.6
[INFO] [stderr]    Compiling slab v0.4.2
[INFO] [stderr]    Compiling syn v1.0.18
[INFO] [stderr]    Compiling itoa v0.4.5
[INFO] [stderr]    Compiling pin-project-lite v0.1.4
[INFO] [stderr]    Compiling version_check v0.9.1
[INFO] [stderr]    Compiling serde v1.0.106
[INFO] [stderr]    Compiling openssl v0.10.29
[INFO] [stderr]    Compiling native-tls v0.2.4
[INFO] [stderr]    Compiling smallvec v1.4.0
[INFO] [stderr]    Compiling futures-io v0.3.4
[INFO] [stderr]    Compiling httparse v1.3.4
[INFO] [stderr]    Compiling futures-task v0.3.4
[INFO] [stderr]    Compiling futures-sink v0.3.4
[INFO] [stderr]    Compiling ryu v1.0.4
[INFO] [stderr]    Compiling openssl-probe v0.1.2
[INFO] [stderr]    Compiling try-lock v0.2.2
[INFO] [stderr]    Compiling encoding_rs v0.8.22
[INFO] [stderr]    Compiling tower-service v0.3.0
[INFO] [stderr]    Compiling mime v0.3.16
[INFO] [stderr]    Compiling dtoa v0.4.5
[INFO] [stderr]    Compiling base64 v0.11.0
[INFO] [stderr]    Compiling unicode-bidi v0.3.4
[INFO] [stderr]    Compiling unicode-normalization v0.1.12
[INFO] [stderr]    Compiling futures-channel v0.3.4
[INFO] [stderr]    Compiling futures-util v0.3.4
[INFO] [stderr]    Compiling http v0.2.1
[INFO] [stderr]    Compiling unicase v2.6.0
[INFO] [stderr]    Compiling indexmap v1.3.2
[INFO] [stderr]    Compiling num-traits v0.2.11
[INFO] [stderr]    Compiling num-integer v0.1.42
[INFO] [stderr]    Compiling want v0.3.0
[INFO] [stderr]    Compiling quote v1.0.3
[INFO] [stderr]    Compiling idna v0.2.0
[INFO] [stderr]    Compiling openssl-sys v0.9.55
[INFO] [stderr]    Compiling iovec v0.1.4
[INFO] [stderr]    Compiling net2 v0.2.33
[INFO] [stderr]    Compiling num_cpus v1.13.0
[INFO] [stderr]    Compiling time v0.1.43
[INFO] [stderr]    Compiling mime_guess v2.0.3
[INFO] [stderr]    Compiling mio v0.6.21
[INFO] [stderr]    Compiling url v2.1.1
[INFO] [stderr]    Compiling tokio v0.2.19
[INFO] [stderr]    Compiling http-body v0.3.1
[INFO] [stderr]    Compiling serde_urlencoded v0.6.1
[INFO] [stderr]    Compiling serde_json v1.0.51
[INFO] [stderr]    Compiling chrono v0.4.11
[INFO] [stderr]    Compiling tokio-util v0.3.1
[INFO] [stderr]    Compiling tokio-tls v0.3.0
[INFO] [stderr]    Compiling h2 v0.2.4
[INFO] [stderr]    Compiling pin-project-internal v0.4.9
[INFO] [stderr]    Compiling serde_derive v1.0.106
[INFO] [stderr]    Compiling pin-project v0.4.9
[INFO] [stderr]    Compiling hyper v0.13.5
[INFO] [stderr]    Compiling hyper-tls v0.4.1
[INFO] [stderr]    Compiling reqwest v0.10.4
[INFO] [stderr]    Compiling sparkpost v0.5.4 (/opt/rustwide/workdir)
[INFO] [stderr]     Finished dev [unoptimized + debuginfo] target(s) in 48.21s
[INFO] running `Command { std: "docker" "inspect" "735ae13bab5fe530d3741a0df9d30879620a90c6d5c8de62cbd649b40bc9bc15", kill_on_drop: false }`
[INFO] running `Command { std: "docker" "rm" "-f" "735ae13bab5fe530d3741a0df9d30879620a90c6d5c8de62cbd649b40bc9bc15", kill_on_drop: false }`
[INFO] [stdout] 735ae13bab5fe530d3741a0df9d30879620a90c6d5c8de62cbd649b40bc9bc15
[INFO] running `Command { std: "docker" "create" "-v" "/var/lib/crater-agent-workspace/builds/worker-5/target:/opt/rustwide/target:rw,Z" "-v" "/var/lib/crater-agent-workspace/builds/worker-5/source:/opt/rustwide/workdir:ro,Z" "-v" "/var/lib/crater-agent-workspace/cargo-home:/opt/rustwide/cargo-home:ro,Z" "-v" "/var/lib/crater-agent-workspace/rustup-home:/opt/rustwide/rustup-home:ro,Z" "-e" "SOURCE_DIR=/opt/rustwide/workdir" "-e" "CARGO_TARGET_DIR=/opt/rustwide/target" "-e" "CARGO_INCREMENTAL=0" "-e" "RUST_BACKTRACE=full" "-e" "RUSTFLAGS=--cap-lints=warn" "-e" "CARGO_HOME=/opt/rustwide/cargo-home" "-e" "RUSTUP_HOME=/opt/rustwide/rustup-home" "-w" "/opt/rustwide/workdir" "-m" "1610612736" "--user" "0:0" "--network" "none" "ghcr.io/rust-lang/crates-build-env/linux@sha256:34b6a614d2c27851fe6cbf88fbd1137609cefab8b10d0615aaeb6fd47975d74e" "/opt/rustwide/cargo-home/bin/cargo" "+1.54.0" "test" "--frozen" "--no-run" "--message-format=json", kill_on_drop: false }`
[INFO] [stdout] 5b7e20533918a10f946777acbc1b439d4b213f43c25d603c50adf8853a895f8d
[INFO] running `Command { std: "docker" "start" "-a" "5b7e20533918a10f946777acbc1b439d4b213f43c25d603c50adf8853a895f8d", kill_on_drop: false }`
[INFO] [stderr]    Compiling ansi_term v0.11.0
[INFO] [stderr]    Compiling difference v2.0.0
[INFO] [stderr]    Compiling dotenv v0.15.0
[INFO] [stderr]    Compiling base64 v0.12.0
[INFO] [stderr]    Compiling pretty_assertions v0.6.1
[INFO] [stderr]    Compiling sparkpost v0.5.4 (/opt/rustwide/workdir)
[INFO] [stderr]     Finished test [unoptimized + debuginfo] target(s) in 5.42s
[INFO] running `Command { std: "docker" "inspect" "5b7e20533918a10f946777acbc1b439d4b213f43c25d603c50adf8853a895f8d", kill_on_drop: false }`
[INFO] running `Command { std: "docker" "rm" "-f" "5b7e20533918a10f946777acbc1b439d4b213f43c25d603c50adf8853a895f8d", kill_on_drop: false }`
[INFO] [stdout] 5b7e20533918a10f946777acbc1b439d4b213f43c25d603c50adf8853a895f8d
[INFO] running `Command { std: "docker" "create" "-v" "/var/lib/crater-agent-workspace/builds/worker-5/target:/opt/rustwide/target:rw,Z" "-v" "/var/lib/crater-agent-workspace/builds/worker-5/source:/opt/rustwide/workdir:ro,Z" "-v" "/var/lib/crater-agent-workspace/cargo-home:/opt/rustwide/cargo-home:ro,Z" "-v" "/var/lib/crater-agent-workspace/rustup-home:/opt/rustwide/rustup-home:ro,Z" "-e" "SOURCE_DIR=/opt/rustwide/workdir" "-e" "CARGO_TARGET_DIR=/opt/rustwide/target" "-e" "CARGO_INCREMENTAL=0" "-e" "RUST_BACKTRACE=full" "-e" "RUSTFLAGS=--cap-lints=warn" "-e" "CARGO_HOME=/opt/rustwide/cargo-home" "-e" "RUSTUP_HOME=/opt/rustwide/rustup-home" "-w" "/opt/rustwide/workdir" "-m" "1610612736" "--user" "0:0" "--network" "none" "ghcr.io/rust-lang/crates-build-env/linux@sha256:34b6a614d2c27851fe6cbf88fbd1137609cefab8b10d0615aaeb6fd47975d74e" "/opt/rustwide/cargo-home/bin/cargo" "+1.54.0" "test" "--frozen", kill_on_drop: false }`
[INFO] [stdout] b4fc404671007de7a6ac635b795a499c80cf545923d8cf712eae68aff1c25044
[INFO] running `Command { std: "docker" "start" "-a" "b4fc404671007de7a6ac635b795a499c80cf545923d8cf712eae68aff1c25044", kill_on_drop: false }`
[INFO] [stderr]     Blocking waiting for file lock on package cache
[INFO] [stderr]     Finished test [unoptimized + debuginfo] target(s) in 0.13s
[INFO] [stderr]      Running unittests (/opt/rustwide/target/debug/deps/sparkpost-d0d7a4df009fac5f)
[INFO] [stdout] 
[INFO] [stdout] running 13 tests
[INFO] [stdout] test transmission::message::test::create_options ... ok
[INFO] [stdout] test transmission::models::test::address ... ok
[INFO] [stdout] test transmission::models::test::address_from_str ... ok
[INFO] [stdout] test transmission::message::test::create_message ... ok
[INFO] [stdout] test transmission::message::test::create_message_with_options ... ok
[INFO] [stdout] test transmission::models::test::address_from_string ... ok
[INFO] [stdout] test transmission::models::test::address_with_new ... ok
[INFO] [stdout] test transmission::tests::send_email ... ignored
[INFO] [stdout] test transmission::message::test::create_message_with_substitute_data ... ok
[INFO] [stdout] test transmission::models::test::address_with_name ... ok
[INFO] [stdout] test transmission::models::test::recipient ... ok
[INFO] [stdout] test transmission::message::test::test_message_recipient_duplication ... ok
[INFO] [stdout] test transmission::models::test::recipient_from_str ... ok
[INFO] [stdout] 
[INFO] [stdout] test result: ok. 12 passed; 0 failed; 1 ignored; 0 measured; 0 filtered out; finished in 0.00s
[INFO] [stdout] 
[INFO] [stderr]    Doc-tests sparkpost
[INFO] [stdout] 
[INFO] [stdout] running 8 tests
[INFO] [stdout] test src/transmission/models.rs - transmission::models::Recipient (line 10) ... FAILED
[INFO] [stdout] test src/transmission/mod.rs - transmission (line 5) ... FAILED
[INFO] [stdout] test src/transmission/models.rs - transmission::models::EmailAddress (line 100) ... ok
[INFO] [stdout] test src/transmission/message.rs - transmission::message::Options (line 177) ... ok
[INFO] [stdout] test src/transmission/message.rs - transmission::message::Message::add_attachment (line 156) ... ok
[INFO] [stdout] test src/transmission/message.rs - transmission::message::Message (line 10) ... ok
[INFO] [stdout] test src/transmission/mod.rs - transmission::Transmission (line 89) ... ok
[INFO] [stdout] test src/transmission/mod.rs - transmission::Transmission::scheduled_transmissions (line 148) ... ok
[INFO] [stdout] 
[INFO] [stdout] failures:
[INFO] [stdout] 
[INFO] [stdout] ---- src/transmission/models.rs - transmission::models::Recipient (line 10) stdout ----
[INFO] [stdout] error: linking with `cc` failed: exit status: 1
[INFO] [stdout]   |
[INFO] [stdout]   = note: "cc" "-m64" "/tmp/rustdoctestOoicmr/rust_out.rust_out.7rcbfp3g-cgu.0.rcgu.o" "/tmp/rustdoctestOoicmr/rust_out.33dyzt1ekirinwy8.rcgu.o" "-Wl,--as-needed" "-L" "/opt/rustwide/target/debug/deps" "-L" "/opt/rustwide/target/debug/deps" "-L" "/opt/rustwide/rustup-home/toolchains/1.54.0-x86_64-unknown-linux-gnu/lib/rustlib/x86_64-unknown-linux-gnu/lib" "-Wl,-Bstatic" "/opt/rustwide/target/debug/deps/libsparkpost-f0bebbc95206175d.rlib" "/opt/rustwide/target/debug/deps/libreqwest-b0353f2ff11ec2ed.rlib" "/opt/rustwide/target/debug/deps/libhyper_tls-9f6ef5858bbeadba.rlib" "/opt/rustwide/target/debug/deps/libtokio_tls-c7ce03ebdda8ef5b.rlib" "/opt/rustwide/target/debug/deps/libencoding_rs-5a1aba6771ae01bc.rlib" "/opt/rustwide/target/debug/deps/libserde_urlencoded-316ab6f24efd506c.rlib" "/opt/rustwide/target/debug/deps/libdtoa-711e034e13d76af2.rlib" "/opt/rustwide/target/debug/deps/libserde_json-00c5eb6c1d8abb86.rlib" "/opt/rustwide/target/debug/deps/libryu-dadc675b86d9fe9c.rlib" "/opt/rustwide/target/debug/deps/libbase64-694bc314fb1cc938.rlib" "/opt/rustwide/target/debug/deps/libmime_guess-58f5ac651ce71783.rlib" "/opt/rustwide/target/debug/deps/libunicase-4774d89067cf2169.rlib" "/opt/rustwide/target/debug/deps/libmime-12522ef5c2462da9.rlib" "/opt/rustwide/target/debug/deps/libnative_tls-8dd90f0eaaa115ed.rlib" "/opt/rustwide/target/debug/deps/libopenssl_probe-448ee40efb9df675.rlib" "/opt/rustwide/target/debug/deps/libopenssl-5353b1250199958b.rlib" "/opt/rustwide/target/debug/deps/libopenssl_sys-00f1c83e848d1970.rlib" "/opt/rustwide/target/debug/deps/libforeign_types-6dd7ccee81750d2f.rlib" "/opt/rustwide/target/debug/deps/libforeign_types_shared-1812f2e1ab1a4883.rlib" "/opt/rustwide/target/debug/deps/libbitflags-f89ae4b715176e2d.rlib" "/opt/rustwide/target/debug/deps/libhyper-971b175c8f6c38fb.rlib" "/opt/rustwide/target/debug/deps/libhttparse-7d96f3722cd1a069.rlib" "/opt/rustwide/target/debug/deps/libwant-aa3277b20e89454f.rlib" "/opt/rustwide/target/debug/deps/libtry_lock-c129b4a0d2fd16a1.rlib" "/opt/rustwide/target/debug/deps/libh2-9bdefe74de45e70d.rlib" "/opt/rustwide/target/debug/deps/libindexmap-ac0e2e9a2432bd5a.rlib" "/opt/rustwide/target/debug/deps/libtokio_util-a5b675052273845e.rlib" "/opt/rustwide/target/debug/deps/libfutures_sink-e3d5960cb56a4b10.rlib" "/opt/rustwide/target/debug/deps/libtower_service-f2293a18d860c644.rlib" "/opt/rustwide/target/debug/deps/libfutures_channel-b0186f4d4439065c.rlib" "/opt/rustwide/target/debug/deps/libpin_project-679107ffbac0a263.rlib" "/opt/rustwide/target/debug/deps/libtokio-1fdcead7005a05c1.rlib" "/opt/rustwide/target/debug/deps/libnum_cpus-5737885a1a4489a3.rlib" "/opt/rustwide/target/debug/deps/libmio-1f5941a4174b65ad.rlib" "/opt/rustwide/target/debug/deps/libiovec-102481ced78de56d.rlib" "/opt/rustwide/target/debug/deps/libnet2-88fd45b74162a8ee.rlib" "/opt/rustwide/target/debug/deps/libpin_project_lite-2e9f96f152bd93bd.rlib" "/opt/rustwide/target/debug/deps/libhttp_body-46fc884a2bda0c9d.rlib" "/opt/rustwide/target/debug/deps/liblog-5b2a258a36d50712.rlib" "/opt/rustwide/target/debug/deps/libcfg_if-e7a28af79b261e75.rlib" "/opt/rustwide/target/debug/deps/libfutures_util-5a60c3a1faff0ecb.rlib" "/opt/rustwide/target/debug/deps/libmemchr-a6cf5b0be67dad2a.rlib" "/opt/rustwide/target/debug/deps/libfutures_io-87ebeccb762afa97.rlib" "/opt/rustwide/target/debug/deps/libslab-a95947d689540fa4.rlib" "/opt/rustwide/target/debug/deps/libfutures_task-cef920ea847cfe39.rlib" "/opt/rustwide/target/debug/deps/libpin_utils-576e633f12357c97.rlib" "/opt/rustwide/target/debug/deps/libfutures_core-f6519a47c65a6e1d.rlib" "/opt/rustwide/target/debug/deps/liblazy_static-5c53d641eb010a81.rlib" "/opt/rustwide/target/debug/deps/liburl-534d6f01cb9cddba.rlib" "/opt/rustwide/target/debug/deps/libpercent_encoding-549c334c22432c49.rlib" "/opt/rustwide/target/debug/deps/libidna-a9dc5be80c4fa0b6.rlib" "/opt/rustwide/target/debug/deps/libunicode_normalization-500ce77703438ace.rlib" "/opt/rustwide/target/debug/deps/libsmallvec-86edb2905b3dc3d7.rlib" "/opt/rustwide/target/debug/deps/libunicode_bidi-658b16b5d9bb5631.rlib" "/opt/rustwide/target/debug/deps/libmatches-5bfcef5685786a07.rlib" "/opt/rustwide/target/debug/deps/libhttp-035bd3734837dabc.rlib" "/opt/rustwide/target/debug/deps/libitoa-1641cc2ee1a5347c.rlib" "/opt/rustwide/target/debug/deps/libbytes-9ae97ad8dbf25ba6.rlib" "/opt/rustwide/target/debug/deps/libfnv-6f4452e033ff10c8.rlib" "/opt/rustwide/target/debug/deps/libchrono-48484fb526fe9adb.rlib" "/opt/rustwide/target/debug/deps/libserde-f37fd61b195b700d.rlib" "/opt/rustwide/target/debug/deps/libnum_integer-e15ea043dc5b0ddb.rlib" "/opt/rustwide/target/debug/deps/libnum_traits-0ee8725efa9c7169.rlib" "/opt/rustwide/target/debug/deps/libtime-29543fe9e43bfc65.rlib" "/opt/rustwide/target/debug/deps/liblibc-dd29ca51ea4f8de7.rlib" "-Wl,--start-group" "/opt/rustwide/rustup-home/toolchains/1.54.0-x86_64-unknown-linux-gnu/lib/rustlib/x86_64-unknown-linux-gnu/lib/libstd-2420485b9e5ef5e1.rlib" "/opt/rustwide/rustup-home/toolchains/1.54.0-x86_64-unknown-linux-gnu/lib/rustlib/x86_64-unknown-linux-gnu/lib/libpanic_unwind-785e3cb61c4b1960.rlib" "/opt/rustwide/rustup-home/toolchains/1.54.0-x86_64-unknown-linux-gnu/lib/rustlib/x86_64-unknown-linux-gnu/lib/libminiz_oxide-087191a88bdaa22d.rlib" "/opt/rustwide/rustup-home/toolchains/1.54.0-x86_64-unknown-linux-gnu/lib/rustlib/x86_64-unknown-linux-gnu/lib/libadler-9981842c02975178.rlib" "/opt/rustwide/rustup-home/toolchains/1.54.0-x86_64-unknown-linux-gnu/lib/rustlib/x86_64-unknown-linux-gnu/lib/libobject-6fb405869b015fde.rlib" "/opt/rustwide/rustup-home/toolchains/1.54.0-x86_64-unknown-linux-gnu/lib/rustlib/x86_64-unknown-linux-gnu/lib/libaddr2line-d05c5c3c56004b7b.rlib" "/opt/rustwide/rustup-home/toolchains/1.54.0-x86_64-unknown-linux-gnu/lib/rustlib/x86_64-unknown-linux-gnu/lib/libgimli-42d74d2097528b38.rlib" "/opt/rustwide/rustup-home/toolchains/1.54.0-x86_64-unknown-linux-gnu/lib/rustlib/x86_64-unknown-linux-gnu/lib/libstd_detect-fb36534c113d2209.rlib" "/opt/rustwide/rustup-home/toolchains/1.54.0-x86_64-unknown-linux-gnu/lib/rustlib/x86_64-unknown-linux-gnu/lib/librustc_demangle-b56b9042c12b6535.rlib" "/opt/rustwide/rustup-home/toolchains/1.54.0-x86_64-unknown-linux-gnu/lib/rustlib/x86_64-unknown-linux-gnu/lib/libhashbrown-491902d6cb3e76df.rlib" "/opt/rustwide/rustup-home/toolchains/1.54.0-x86_64-unknown-linux-gnu/lib/rustlib/x86_64-unknown-linux-gnu/lib/librustc_std_workspace_alloc-61834e0981b8c367.rlib" "/opt/rustwide/rustup-home/toolchains/1.54.0-x86_64-unknown-linux-gnu/lib/rustlib/x86_64-unknown-linux-gnu/lib/libunwind-f78aa99d613a55bc.rlib" "/opt/rustwide/rustup-home/toolchains/1.54.0-x86_64-unknown-linux-gnu/lib/rustlib/x86_64-unknown-linux-gnu/lib/libcfg_if-53ee54cd7fed2c57.rlib" "/opt/rustwide/rustup-home/toolchains/1.54.0-x86_64-unknown-linux-gnu/lib/rustlib/x86_64-unknown-linux-gnu/lib/liblibc-544ecdbd6cda3c58.rlib" "/opt/rustwide/rustup-home/toolchains/1.54.0-x86_64-unknown-linux-gnu/lib/rustlib/x86_64-unknown-linux-gnu/lib/liballoc-379cc252b6943a79.rlib" "/opt/rustwide/rustup-home/toolchains/1.54.0-x86_64-unknown-linux-gnu/lib/rustlib/x86_64-unknown-linux-gnu/lib/librustc_std_workspace_core-8063eea38dcc5e62.rlib" "/opt/rustwide/rustup-home/toolchains/1.54.0-x86_64-unknown-linux-gnu/lib/rustlib/x86_64-unknown-linux-gnu/lib/libcore-5b228734afae15ee.rlib" "-Wl,--end-group" "/opt/rustwide/rustup-home/toolchains/1.54.0-x86_64-unknown-linux-gnu/lib/rustlib/x86_64-unknown-linux-gnu/lib/libcompiler_builtins-d6c7a399d95d173f.rlib" "-Wl,-Bdynamic" "-lssl" "-lcrypto" "-lutil" "-ldl" "-lutil" "-lgcc_s" "-lutil" "-lrt" "-lpthread" "-lm" "-ldl" "-lc" "-Wl,--eh-frame-hdr" "-Wl,-znoexecstack" "-L" "/opt/rustwide/rustup-home/toolchains/1.54.0-x86_64-unknown-linux-gnu/lib/rustlib/x86_64-unknown-linux-gnu/lib" "-o" "/tmp/rustdoctestOoicmr/rust_out" "-Wl,--gc-sections" "-pie" "-Wl,-zrelro" "-Wl,-znow" "-nodefaultlibs"
[INFO] [stdout]   = note: collect2: fatal error: ld terminated with signal 9 [Killed]
[INFO] [stdout]           compilation terminated.
[INFO] [stdout]           
[INFO] [stdout] 
[INFO] [stdout] error: aborting due to previous error
[INFO] [stdout] 
[INFO] [stdout] Couldn't compile the test.
[INFO] [stdout] ---- src/transmission/mod.rs - transmission (line 5) stdout ----
[INFO] [stdout] error: linking with `cc` failed: exit status: 1
[INFO] [stdout]   |
[INFO] [stdout]   = note: "cc" "-m64" "/tmp/rustdoctest3A6t5D/rust_out.rust_out.7rcbfp3g-cgu.0.rcgu.o" "/tmp/rustdoctest3A6t5D/rust_out.33dyzt1ekirinwy8.rcgu.o" "-Wl,--as-needed" "-L" "/opt/rustwide/target/debug/deps" "-L" "/opt/rustwide/target/debug/deps" "-L" "/opt/rustwide/rustup-home/toolchains/1.54.0-x86_64-unknown-linux-gnu/lib/rustlib/x86_64-unknown-linux-gnu/lib" "-Wl,-Bstatic" "/opt/rustwide/target/debug/deps/libsparkpost-f0bebbc95206175d.rlib" "/opt/rustwide/target/debug/deps/libreqwest-b0353f2ff11ec2ed.rlib" "/opt/rustwide/target/debug/deps/libhyper_tls-9f6ef5858bbeadba.rlib" "/opt/rustwide/target/debug/deps/libtokio_tls-c7ce03ebdda8ef5b.rlib" "/opt/rustwide/target/debug/deps/libencoding_rs-5a1aba6771ae01bc.rlib" "/opt/rustwide/target/debug/deps/libserde_urlencoded-316ab6f24efd506c.rlib" "/opt/rustwide/target/debug/deps/libdtoa-711e034e13d76af2.rlib" "/opt/rustwide/target/debug/deps/libserde_json-00c5eb6c1d8abb86.rlib" "/opt/rustwide/target/debug/deps/libryu-dadc675b86d9fe9c.rlib" "/opt/rustwide/target/debug/deps/libbase64-694bc314fb1cc938.rlib" "/opt/rustwide/target/debug/deps/libmime_guess-58f5ac651ce71783.rlib" "/opt/rustwide/target/debug/deps/libunicase-4774d89067cf2169.rlib" "/opt/rustwide/target/debug/deps/libmime-12522ef5c2462da9.rlib" "/opt/rustwide/target/debug/deps/libnative_tls-8dd90f0eaaa115ed.rlib" "/opt/rustwide/target/debug/deps/libopenssl_probe-448ee40efb9df675.rlib" "/opt/rustwide/target/debug/deps/libopenssl-5353b1250199958b.rlib" "/opt/rustwide/target/debug/deps/libopenssl_sys-00f1c83e848d1970.rlib" "/opt/rustwide/target/debug/deps/libforeign_types-6dd7ccee81750d2f.rlib" "/opt/rustwide/target/debug/deps/libforeign_types_shared-1812f2e1ab1a4883.rlib" "/opt/rustwide/target/debug/deps/libbitflags-f89ae4b715176e2d.rlib" "/opt/rustwide/target/debug/deps/libhyper-971b175c8f6c38fb.rlib" "/opt/rustwide/target/debug/deps/libhttparse-7d96f3722cd1a069.rlib" "/opt/rustwide/target/debug/deps/libwant-aa3277b20e89454f.rlib" "/opt/rustwide/target/debug/deps/libtry_lock-c129b4a0d2fd16a1.rlib" "/opt/rustwide/target/debug/deps/libh2-9bdefe74de45e70d.rlib" "/opt/rustwide/target/debug/deps/libindexmap-ac0e2e9a2432bd5a.rlib" "/opt/rustwide/target/debug/deps/libtokio_util-a5b675052273845e.rlib" "/opt/rustwide/target/debug/deps/libfutures_sink-e3d5960cb56a4b10.rlib" "/opt/rustwide/target/debug/deps/libtower_service-f2293a18d860c644.rlib" "/opt/rustwide/target/debug/deps/libfutures_channel-b0186f4d4439065c.rlib" "/opt/rustwide/target/debug/deps/libpin_project-679107ffbac0a263.rlib" "/opt/rustwide/target/debug/deps/libtokio-1fdcead7005a05c1.rlib" "/opt/rustwide/target/debug/deps/libnum_cpus-5737885a1a4489a3.rlib" "/opt/rustwide/target/debug/deps/libmio-1f5941a4174b65ad.rlib" "/opt/rustwide/target/debug/deps/libiovec-102481ced78de56d.rlib" "/opt/rustwide/target/debug/deps/libnet2-88fd45b74162a8ee.rlib" "/opt/rustwide/target/debug/deps/libpin_project_lite-2e9f96f152bd93bd.rlib" "/opt/rustwide/target/debug/deps/libhttp_body-46fc884a2bda0c9d.rlib" "/opt/rustwide/target/debug/deps/liblog-5b2a258a36d50712.rlib" "/opt/rustwide/target/debug/deps/libcfg_if-e7a28af79b261e75.rlib" "/opt/rustwide/target/debug/deps/libfutures_util-5a60c3a1faff0ecb.rlib" "/opt/rustwide/target/debug/deps/libmemchr-a6cf5b0be67dad2a.rlib" "/opt/rustwide/target/debug/deps/libfutures_io-87ebeccb762afa97.rlib" "/opt/rustwide/target/debug/deps/libslab-a95947d689540fa4.rlib" "/opt/rustwide/target/debug/deps/libfutures_task-cef920ea847cfe39.rlib" "/opt/rustwide/target/debug/deps/libpin_utils-576e633f12357c97.rlib" "/opt/rustwide/target/debug/deps/libfutures_core-f6519a47c65a6e1d.rlib" "/opt/rustwide/target/debug/deps/liblazy_static-5c53d641eb010a81.rlib" "/opt/rustwide/target/debug/deps/liburl-534d6f01cb9cddba.rlib" "/opt/rustwide/target/debug/deps/libpercent_encoding-549c334c22432c49.rlib" "/opt/rustwide/target/debug/deps/libidna-a9dc5be80c4fa0b6.rlib" "/opt/rustwide/target/debug/deps/libunicode_normalization-500ce77703438ace.rlib" "/opt/rustwide/target/debug/deps/libsmallvec-86edb2905b3dc3d7.rlib" "/opt/rustwide/target/debug/deps/libunicode_bidi-658b16b5d9bb5631.rlib" "/opt/rustwide/target/debug/deps/libmatches-5bfcef5685786a07.rlib" "/opt/rustwide/target/debug/deps/libhttp-035bd3734837dabc.rlib" "/opt/rustwide/target/debug/deps/libitoa-1641cc2ee1a5347c.rlib" "/opt/rustwide/target/debug/deps/libbytes-9ae97ad8dbf25ba6.rlib" "/opt/rustwide/target/debug/deps/libfnv-6f4452e033ff10c8.rlib" "/opt/rustwide/target/debug/deps/libchrono-48484fb526fe9adb.rlib" "/opt/rustwide/target/debug/deps/libserde-f37fd61b195b700d.rlib" "/opt/rustwide/target/debug/deps/libnum_integer-e15ea043dc5b0ddb.rlib" "/opt/rustwide/target/debug/deps/libnum_traits-0ee8725efa9c7169.rlib" "/opt/rustwide/target/debug/deps/libtime-29543fe9e43bfc65.rlib" "/opt/rustwide/target/debug/deps/liblibc-dd29ca51ea4f8de7.rlib" "-Wl,--start-group" "/opt/rustwide/rustup-home/toolchains/1.54.0-x86_64-unknown-linux-gnu/lib/rustlib/x86_64-unknown-linux-gnu/lib/libstd-2420485b9e5ef5e1.rlib" "/opt/rustwide/rustup-home/toolchains/1.54.0-x86_64-unknown-linux-gnu/lib/rustlib/x86_64-unknown-linux-gnu/lib/libpanic_unwind-785e3cb61c4b1960.rlib" "/opt/rustwide/rustup-home/toolchains/1.54.0-x86_64-unknown-linux-gnu/lib/rustlib/x86_64-unknown-linux-gnu/lib/libminiz_oxide-087191a88bdaa22d.rlib" "/opt/rustwide/rustup-home/toolchains/1.54.0-x86_64-unknown-linux-gnu/lib/rustlib/x86_64-unknown-linux-gnu/lib/libadler-9981842c02975178.rlib" "/opt/rustwide/rustup-home/toolchains/1.54.0-x86_64-unknown-linux-gnu/lib/rustlib/x86_64-unknown-linux-gnu/lib/libobject-6fb405869b015fde.rlib" "/opt/rustwide/rustup-home/toolchains/1.54.0-x86_64-unknown-linux-gnu/lib/rustlib/x86_64-unknown-linux-gnu/lib/libaddr2line-d05c5c3c56004b7b.rlib" "/opt/rustwide/rustup-home/toolchains/1.54.0-x86_64-unknown-linux-gnu/lib/rustlib/x86_64-unknown-linux-gnu/lib/libgimli-42d74d2097528b38.rlib" "/opt/rustwide/rustup-home/toolchains/1.54.0-x86_64-unknown-linux-gnu/lib/rustlib/x86_64-unknown-linux-gnu/lib/libstd_detect-fb36534c113d2209.rlib" "/opt/rustwide/rustup-home/toolchains/1.54.0-x86_64-unknown-linux-gnu/lib/rustlib/x86_64-unknown-linux-gnu/lib/librustc_demangle-b56b9042c12b6535.rlib" "/opt/rustwide/rustup-home/toolchains/1.54.0-x86_64-unknown-linux-gnu/lib/rustlib/x86_64-unknown-linux-gnu/lib/libhashbrown-491902d6cb3e76df.rlib" "/opt/rustwide/rustup-home/toolchains/1.54.0-x86_64-unknown-linux-gnu/lib/rustlib/x86_64-unknown-linux-gnu/lib/librustc_std_workspace_alloc-61834e0981b8c367.rlib" "/opt/rustwide/rustup-home/toolchains/1.54.0-x86_64-unknown-linux-gnu/lib/rustlib/x86_64-unknown-linux-gnu/lib/libunwind-f78aa99d613a55bc.rlib" "/opt/rustwide/rustup-home/toolchains/1.54.0-x86_64-unknown-linux-gnu/lib/rustlib/x86_64-unknown-linux-gnu/lib/libcfg_if-53ee54cd7fed2c57.rlib" "/opt/rustwide/rustup-home/toolchains/1.54.0-x86_64-unknown-linux-gnu/lib/rustlib/x86_64-unknown-linux-gnu/lib/liblibc-544ecdbd6cda3c58.rlib" "/opt/rustwide/rustup-home/toolchains/1.54.0-x86_64-unknown-linux-gnu/lib/rustlib/x86_64-unknown-linux-gnu/lib/liballoc-379cc252b6943a79.rlib" "/opt/rustwide/rustup-home/toolchains/1.54.0-x86_64-unknown-linux-gnu/lib/rustlib/x86_64-unknown-linux-gnu/lib/librustc_std_workspace_core-8063eea38dcc5e62.rlib" "/opt/rustwide/rustup-home/toolchains/1.54.0-x86_64-unknown-linux-gnu/lib/rustlib/x86_64-unknown-linux-gnu/lib/libcore-5b228734afae15ee.rlib" "-Wl,--end-group" "/opt/rustwide/rustup-home/toolchains/1.54.0-x86_64-unknown-linux-gnu/lib/rustlib/x86_64-unknown-linux-gnu/lib/libcompiler_builtins-d6c7a399d95d173f.rlib" "-Wl,-Bdynamic" "-lssl" "-lcrypto" "-lutil" "-ldl" "-lutil" "-lgcc_s" "-lutil" "-lrt" "-lpthread" "-lm" "-ldl" "-lc" "-Wl,--eh-frame-hdr" "-Wl,-znoexecstack" "-L" "/opt/rustwide/rustup-home/toolchains/1.54.0-x86_64-unknown-linux-gnu/lib/rustlib/x86_64-unknown-linux-gnu/lib" "-o" "/tmp/rustdoctest3A6t5D/rust_out" "-Wl,--gc-sections" "-pie" "-Wl,-zrelro" "-Wl,-znow" "-nodefaultlibs"
[INFO] [stdout]   = note: collect2: fatal error: ld terminated with signal 9 [Killed]
[INFO] [stdout]           compilation terminated.
[INFO] [stdout]           
[INFO] [stdout] 
[INFO] [stdout] error: aborting due to previous error
[INFO] [stdout] 
[INFO] [stdout] Couldn't compile the test.
[INFO] [stdout] 
[INFO] [stdout] failures:
[INFO] [stdout]     src/transmission/mod.rs - transmission (line 5)
[INFO] [stdout]     src/transmission/models.rs - transmission::models::Recipient (line 10)
[INFO] [stdout] 
[INFO] [stdout] test result: FAILED. 6 passed; 2 failed; 0 ignored; 0 measured; 0 filtered out; finished in 4.50s
[INFO] [stdout] 
[INFO] [stderr] error: test failed, to rerun pass '--doc'
[INFO] running `Command { std: "docker" "inspect" "b4fc404671007de7a6ac635b795a499c80cf545923d8cf712eae68aff1c25044", kill_on_drop: false }`
[INFO] running `Command { std: "docker" "rm" "-f" "b4fc404671007de7a6ac635b795a499c80cf545923d8cf712eae68aff1c25044", kill_on_drop: false }`
[INFO] [stdout] b4fc404671007de7a6ac635b795a499c80cf545923d8cf712eae68aff1c25044
