[INFO] fetching crate spaik 0.1.0...
[INFO] testing spaik-0.1.0 against beta-2021-08-01 for beta-1.55-1
[INFO] extracting crate spaik 0.1.0 into /workspace/builds/worker-13/source
[INFO] validating manifest of crates.io crate spaik 0.1.0 on toolchain beta-2021-08-01
[INFO] running `Command { std: "/workspace/cargo-home/bin/cargo" "+beta-2021-08-01" "metadata" "--manifest-path" "Cargo.toml" "--no-deps", kill_on_drop: false }`
[INFO] started tweaking crates.io crate spaik 0.1.0
[INFO] finished tweaking crates.io crate spaik 0.1.0
[INFO] tweaked toml for crates.io crate spaik 0.1.0 written to /workspace/builds/worker-13/source/Cargo.toml
[INFO] crate crates.io crate spaik 0.1.0 already has a lockfile, it will not be regenerated
[INFO] running `Command { std: "/workspace/cargo-home/bin/cargo" "+beta-2021-08-01" "fetch" "--manifest-path" "Cargo.toml", kill_on_drop: false }`
[INFO] [stderr]  Downloading crates ...
[INFO] [stderr]   Downloaded rustyline v6.2.0
[INFO] running `Command { std: "docker" "create" "-v" "/var/lib/crater-agent-workspace/builds/worker-13/target:/opt/rustwide/target:rw,Z" "-v" "/var/lib/crater-agent-workspace/builds/worker-13/source:/opt/rustwide/workdir:ro,Z" "-v" "/var/lib/crater-agent-workspace/cargo-home:/opt/rustwide/cargo-home:ro,Z" "-v" "/var/lib/crater-agent-workspace/rustup-home:/opt/rustwide/rustup-home:ro,Z" "-e" "SOURCE_DIR=/opt/rustwide/workdir" "-e" "CARGO_TARGET_DIR=/opt/rustwide/target" "-e" "CARGO_HOME=/opt/rustwide/cargo-home" "-e" "RUSTUP_HOME=/opt/rustwide/rustup-home" "-w" "/opt/rustwide/workdir" "-m" "1610612736" "--user" "0:0" "--network" "none" "ghcr.io/rust-lang/crates-build-env/linux@sha256:34b6a614d2c27851fe6cbf88fbd1137609cefab8b10d0615aaeb6fd47975d74e" "/opt/rustwide/cargo-home/bin/cargo" "+beta-2021-08-01" "metadata" "--no-deps" "--format-version=1", kill_on_drop: false }`
[INFO] [stdout] 6056fe72426ba24a76fd65950eba695a3201963cae096f7e6eef5be2cf1f0b43
[INFO] running `Command { std: "docker" "start" "-a" "6056fe72426ba24a76fd65950eba695a3201963cae096f7e6eef5be2cf1f0b43", kill_on_drop: false }`
[INFO] running `Command { std: "docker" "inspect" "6056fe72426ba24a76fd65950eba695a3201963cae096f7e6eef5be2cf1f0b43", kill_on_drop: false }`
[INFO] running `Command { std: "docker" "rm" "-f" "6056fe72426ba24a76fd65950eba695a3201963cae096f7e6eef5be2cf1f0b43", kill_on_drop: false }`
[INFO] [stdout] 6056fe72426ba24a76fd65950eba695a3201963cae096f7e6eef5be2cf1f0b43
[INFO] running `Command { std: "docker" "create" "-v" "/var/lib/crater-agent-workspace/builds/worker-13/target:/opt/rustwide/target:rw,Z" "-v" "/var/lib/crater-agent-workspace/builds/worker-13/source:/opt/rustwide/workdir:ro,Z" "-v" "/var/lib/crater-agent-workspace/cargo-home:/opt/rustwide/cargo-home:ro,Z" "-v" "/var/lib/crater-agent-workspace/rustup-home:/opt/rustwide/rustup-home:ro,Z" "-e" "SOURCE_DIR=/opt/rustwide/workdir" "-e" "CARGO_TARGET_DIR=/opt/rustwide/target" "-e" "CARGO_INCREMENTAL=0" "-e" "RUST_BACKTRACE=full" "-e" "RUSTFLAGS=--cap-lints=warn" "-e" "CARGO_HOME=/opt/rustwide/cargo-home" "-e" "RUSTUP_HOME=/opt/rustwide/rustup-home" "-w" "/opt/rustwide/workdir" "-m" "1610612736" "--user" "0:0" "--network" "none" "ghcr.io/rust-lang/crates-build-env/linux@sha256:34b6a614d2c27851fe6cbf88fbd1137609cefab8b10d0615aaeb6fd47975d74e" "/opt/rustwide/cargo-home/bin/cargo" "+beta-2021-08-01" "build" "--frozen" "--message-format=json", kill_on_drop: false }`
[INFO] [stdout] cb4bc86b6af95473c611f96424c4f791c91666b3a5e26075b41e78d87cdc4c1e
[INFO] running `Command { std: "docker" "start" "-a" "cb4bc86b6af95473c611f96424c4f791c91666b3a5e26075b41e78d87cdc4c1e", kill_on_drop: false }`
[INFO] [stderr]    Compiling libc v0.2.72
[INFO] [stderr]    Compiling memchr v2.3.3
[INFO] [stderr]    Compiling byteorder v1.3.4
[INFO] [stderr]    Compiling cc v1.0.58
[INFO] [stderr]    Compiling log v0.4.8
[INFO] [stderr]    Compiling proc-macro2 v1.0.18
[INFO] [stderr]    Compiling serde v1.0.114
[INFO] [stderr]    Compiling regex-syntax v0.6.18
[INFO] [stderr]    Compiling termcolor v1.1.0
[INFO] [stderr]    Compiling bindgen v0.53.3
[INFO] [stderr]    Compiling nix v0.17.0
[INFO] [stderr]    Compiling lazycell v1.2.1
[INFO] [stderr]    Compiling itoa v0.4.6
[INFO] [stderr]    Compiling void v1.0.2
[INFO] [stderr]    Compiling encode_unicode v0.3.6
[INFO] [stderr]    Compiling unicode-segmentation v1.6.0
[INFO] [stderr]    Compiling utf8parse v0.2.0
[INFO] [stderr]    Compiling nom v5.1.2
[INFO] [stderr]    Compiling clang-sys v0.29.3
[INFO] [stderr]    Compiling thread_local v1.0.1
[INFO] [stderr]    Compiling libloading v0.5.2
[INFO] [stderr]    Compiling aho-corasick v0.7.13
[INFO] [stderr]    Compiling csv-core v0.1.10
[INFO] [stderr]    Compiling regex-automata v0.1.9
[INFO] [stderr]    Compiling quote v1.0.7
[INFO] [stderr]    Compiling atty v0.2.14
[INFO] [stderr]    Compiling which v3.1.1
[INFO] [stderr]    Compiling dirs v1.0.5
[INFO] [stderr]    Compiling dirs-sys-next v0.1.0
[INFO] [stderr]    Compiling dirs-sys v0.3.5
[INFO] [stderr]    Compiling dirs v2.0.2
[INFO] [stderr]    Compiling dirs-next v1.0.1
[INFO] [stderr]    Compiling term v0.5.2
[INFO] [stderr]    Compiling clap v2.33.1
[INFO] [stderr]    Compiling colored v1.9.3
[INFO] [stderr]    Compiling cexpr v0.4.0
[INFO] [stderr]    Compiling regex v1.3.9
[INFO] [stderr]    Compiling bstr v0.2.13
[INFO] [stderr]    Compiling csv v1.1.3
[INFO] [stderr]    Compiling env_logger v0.7.1
[INFO] [stderr]    Compiling prettytable-rs v0.8.0
[INFO] [stderr]    Compiling rustyline v6.2.0
[INFO] [stderr]    Compiling spaik v0.1.0 (/opt/rustwide/workdir)
[INFO] [stdout] warning: unnecessary trailing semicolon
[INFO] [stdout]     --> src/compile.rs:1374:10
[INFO] [stdout]      |
[INFO] [stdout] 1374 |         };
[INFO] [stdout]      |          ^ help: remove this semicolon
[INFO] [stdout]      |
[INFO] [stdout]      = note: `#[warn(redundant_semicolons)]` on by default
[INFO] [stdout] 
[INFO] [stdout] 
[INFO] [stdout] warning: 1 warning emitted
[INFO] [stdout] 
[INFO] [stdout] 
[INFO] [stderr]     Finished dev [unoptimized + debuginfo] target(s) in 40.63s
[INFO] running `Command { std: "docker" "inspect" "cb4bc86b6af95473c611f96424c4f791c91666b3a5e26075b41e78d87cdc4c1e", kill_on_drop: false }`
[INFO] running `Command { std: "docker" "rm" "-f" "cb4bc86b6af95473c611f96424c4f791c91666b3a5e26075b41e78d87cdc4c1e", kill_on_drop: false }`
[INFO] [stdout] cb4bc86b6af95473c611f96424c4f791c91666b3a5e26075b41e78d87cdc4c1e
[INFO] running `Command { std: "docker" "create" "-v" "/var/lib/crater-agent-workspace/builds/worker-13/target:/opt/rustwide/target:rw,Z" "-v" "/var/lib/crater-agent-workspace/builds/worker-13/source:/opt/rustwide/workdir:ro,Z" "-v" "/var/lib/crater-agent-workspace/cargo-home:/opt/rustwide/cargo-home:ro,Z" "-v" "/var/lib/crater-agent-workspace/rustup-home:/opt/rustwide/rustup-home:ro,Z" "-e" "SOURCE_DIR=/opt/rustwide/workdir" "-e" "CARGO_TARGET_DIR=/opt/rustwide/target" "-e" "CARGO_INCREMENTAL=0" "-e" "RUST_BACKTRACE=full" "-e" "RUSTFLAGS=--cap-lints=warn" "-e" "CARGO_HOME=/opt/rustwide/cargo-home" "-e" "RUSTUP_HOME=/opt/rustwide/rustup-home" "-w" "/opt/rustwide/workdir" "-m" "1610612736" "--user" "0:0" "--network" "none" "ghcr.io/rust-lang/crates-build-env/linux@sha256:34b6a614d2c27851fe6cbf88fbd1137609cefab8b10d0615aaeb6fd47975d74e" "/opt/rustwide/cargo-home/bin/cargo" "+beta-2021-08-01" "test" "--frozen" "--no-run" "--message-format=json", kill_on_drop: false }`
[INFO] [stdout] d2e8d993e6dd696dcf22d5d44265a01b044e8d8be91d21f5b056a3d031ef9928
[INFO] running `Command { std: "docker" "start" "-a" "d2e8d993e6dd696dcf22d5d44265a01b044e8d8be91d21f5b056a3d031ef9928", kill_on_drop: false }`
[INFO] [stderr]    Compiling spaik v0.1.0 (/opt/rustwide/workdir)
[INFO] [stdout] warning: unnecessary trailing semicolon
[INFO] [stdout]     --> src/compile.rs:1374:10
[INFO] [stdout]      |
[INFO] [stdout] 1374 |         };
[INFO] [stdout]      |          ^ help: remove this semicolon
[INFO] [stdout]      |
[INFO] [stdout]      = note: `#[warn(redundant_semicolons)]` on by default
[INFO] [stdout] 
[INFO] [stdout] 
[INFO] [stdout] warning: 1 warning emitted
[INFO] [stdout] 
[INFO] [stdout] 
[INFO] [stdout] warning: unnecessary trailing semicolon
[INFO] [stdout]     --> src/compile.rs:1374:10
[INFO] [stdout]      |
[INFO] [stdout] 1374 |         };
[INFO] [stdout]      |          ^ help: remove this semicolon
[INFO] [stdout]      |
[INFO] [stdout]      = note: `#[warn(redundant_semicolons)]` on by default
[INFO] [stdout] 
[INFO] [stdout] 
[INFO] [stdout] warning: dereferencing a null pointer
[INFO] [stdout]  --> /opt/rustwide/target/debug/build/spaik-73517421695875f9/out/nuke-sys.rs:3:9411
[INFO] [stdout]   |
[INFO] [stdout] 3 | ... ! ( unsafe { & ( * ( :: std :: ptr :: null :: < __fsid_t > ( ) ) ) . __val as * const _ as usize } , 0usize , concat ! ( "Offset of f...
[INFO] [stdout]   |                    ^^^^^^^^^^^^^^^^^^^^^^^^^^^^^^^^^^^^^^^^^^^^^^^^^^^ this code causes undefined behavior when executed
[INFO] [stdout]   |
[INFO] [stdout]   = note: `#[warn(deref_nullptr)]` on by default
[INFO] [stdout] 
[INFO] [stdout] 
[INFO] [stdout] warning: dereferencing a null pointer
[INFO] [stdout]  --> /opt/rustwide/target/debug/build/spaik-73517421695875f9/out/nuke-sys.rs:3:12645
[INFO] [stdout]   |
[INFO] [stdout] 3 | ...! ( unsafe { & ( * ( :: std :: ptr :: null :: < max_align_t > ( ) ) ) . __clang_max_align_nonce1 as * const _ as usize } , 0usize , co...
[INFO] [stdout]   |                   ^^^^^^^^^^^^^^^^^^^^^^^^^^^^^^^^^^^^^^^^^^^^^^^^^^^^^^ this code causes undefined behavior when executed
[INFO] [stdout] 
[INFO] [stdout] 
[INFO] [stdout] warning: dereferencing a null pointer
[INFO] [stdout]  --> /opt/rustwide/target/debug/build/spaik-73517421695875f9/out/nuke-sys.rs:3:12904
[INFO] [stdout]   |
[INFO] [stdout] 3 | ...! ( unsafe { & ( * ( :: std :: ptr :: null :: < max_align_t > ( ) ) ) . __clang_max_align_nonce2 as * const _ as usize } , 16usize , c...
[INFO] [stdout]   |                   ^^^^^^^^^^^^^^^^^^^^^^^^^^^^^^^^^^^^^^^^^^^^^^^^^^^^^^ this code causes undefined behavior when executed
[INFO] [stdout] 
[INFO] [stdout] 
[INFO] [stdout] warning: dereferencing a null pointer
[INFO] [stdout]  --> /opt/rustwide/target/debug/build/spaik-73517421695875f9/out/nuke-sys.rs:3:13649
[INFO] [stdout]   |
[INFO] [stdout] 3 | ... ! ( unsafe { & ( * ( :: std :: ptr :: null :: < PairVoidP > ( ) ) ) . fst as * const _ as usize } , 0usize , concat ! ( "Offset of fi...
[INFO] [stdout]   |                    ^^^^^^^^^^^^^^^^^^^^^^^^^^^^^^^^^^^^^^^^^^^^^^^^^^^^ this code causes undefined behavior when executed
[INFO] [stdout] 
[INFO] [stdout] 
[INFO] [stdout] warning: dereferencing a null pointer
[INFO] [stdout]  --> /opt/rustwide/target/debug/build/spaik-73517421695875f9/out/nuke-sys.rs:3:13862
[INFO] [stdout]   |
[INFO] [stdout] 3 | ... ! ( unsafe { & ( * ( :: std :: ptr :: null :: < PairVoidP > ( ) ) ) . snd as * const _ as usize } , 8usize , concat ! ( "Offset of fi...
[INFO] [stdout]   |                    ^^^^^^^^^^^^^^^^^^^^^^^^^^^^^^^^^^^^^^^^^^^^^^^^^^^^ this code causes undefined behavior when executed
[INFO] [stdout] 
[INFO] [stdout] 
[INFO] [stdout] warning: dereferencing a null pointer
[INFO] [stdout]  --> /opt/rustwide/target/debug/build/spaik-73517421695875f9/out/nuke-sys.rs:3:16387
[INFO] [stdout]   |
[INFO] [stdout] 3 | ...q ! ( unsafe { & ( * ( :: std :: ptr :: null :: < NkAtom > ( ) ) ) . sz as * const _ as usize } , 0usize , concat ! ( "Offset of field...
[INFO] [stdout]   |                     ^^^^^^^^^^^^^^^^^^^^^^^^^^^^^^^^^^^^^^^^^^^^^^^^^ this code causes undefined behavior when executed
[INFO] [stdout] 
[INFO] [stdout] 
[INFO] [stdout] warning: dereferencing a null pointer
[INFO] [stdout]  --> /opt/rustwide/target/debug/build/spaik-73517421695875f9/out/nuke-sys.rs:3:16592
[INFO] [stdout]   |
[INFO] [stdout] 3 | ...q ! ( unsafe { & ( * ( :: std :: ptr :: null :: < NkAtom > ( ) ) ) . meta as * const _ as usize } , 2usize , concat ! ( "Offset of fie...
[INFO] [stdout]   |                     ^^^^^^^^^^^^^^^^^^^^^^^^^^^^^^^^^^^^^^^^^^^^^^^^^ this code causes undefined behavior when executed
[INFO] [stdout] 
[INFO] [stdout] 
[INFO] [stdout] warning: dereferencing a null pointer
[INFO] [stdout]  --> /opt/rustwide/target/debug/build/spaik-73517421695875f9/out/nuke-sys.rs:3:16801
[INFO] [stdout]   |
[INFO] [stdout] 3 | ...q ! ( unsafe { & ( * ( :: std :: ptr :: null :: < NkAtom > ( ) ) ) . next as * const _ as usize } , 8usize , concat ! ( "Offset of fie...
[INFO] [stdout]   |                     ^^^^^^^^^^^^^^^^^^^^^^^^^^^^^^^^^^^^^^^^^^^^^^^^^ this code causes undefined behavior when executed
[INFO] [stdout] 
[INFO] [stdout] 
[INFO] [stdout] warning: dereferencing a null pointer
[INFO] [stdout]  --> /opt/rustwide/target/debug/build/spaik-73517421695875f9/out/nuke-sys.rs:3:17010
[INFO] [stdout]   |
[INFO] [stdout] 3 | ...q ! ( unsafe { & ( * ( :: std :: ptr :: null :: < NkAtom > ( ) ) ) . mem as * const _ as usize } , 16usize , concat ! ( "Offset of fie...
[INFO] [stdout]   |                     ^^^^^^^^^^^^^^^^^^^^^^^^^^^^^^^^^^^^^^^^^^^^^^^^^ this code causes undefined behavior when executed
[INFO] [stdout] 
[INFO] [stdout] 
[INFO] [stdout] warning: dereferencing a null pointer
[INFO] [stdout]  --> /opt/rustwide/target/debug/build/spaik-73517421695875f9/out/nuke-sys.rs:3:17712
[INFO] [stdout]   |
[INFO] [stdout] 3 | ... ( unsafe { & ( * ( :: std :: ptr :: null :: < NkRelocArray > ( ) ) ) . capacity as * const _ as usize } , 0usize , concat ! ( "Offset...
[INFO] [stdout]   |                  ^^^^^^^^^^^^^^^^^^^^^^^^^^^^^^^^^^^^^^^^^^^^^^^^^^^^^^^ this code causes undefined behavior when executed
[INFO] [stdout] 
[INFO] [stdout] 
[INFO] [stdout] warning: dereferencing a null pointer
[INFO] [stdout]  --> /opt/rustwide/target/debug/build/spaik-73517421695875f9/out/nuke-sys.rs:3:17941
[INFO] [stdout]   |
[INFO] [stdout] 3 | ... ( unsafe { & ( * ( :: std :: ptr :: null :: < NkRelocArray > ( ) ) ) . length as * const _ as usize } , 8usize , concat ! ( "Offset o...
[INFO] [stdout]   |                  ^^^^^^^^^^^^^^^^^^^^^^^^^^^^^^^^^^^^^^^^^^^^^^^^^^^^^^^ this code causes undefined behavior when executed
[INFO] [stdout] 
[INFO] [stdout] 
[INFO] [stdout] warning: dereferencing a null pointer
[INFO] [stdout]  --> /opt/rustwide/target/debug/build/spaik-73517421695875f9/out/nuke-sys.rs:3:18166
[INFO] [stdout]   |
[INFO] [stdout] 3 | ... ( unsafe { & ( * ( :: std :: ptr :: null :: < NkRelocArray > ( ) ) ) . elems as * const _ as usize } , 16usize , concat ! ( "Offset o...
[INFO] [stdout]   |                  ^^^^^^^^^^^^^^^^^^^^^^^^^^^^^^^^^^^^^^^^^^^^^^^^^^^^^^^ this code causes undefined behavior when executed
[INFO] [stdout] 
[INFO] [stdout] 
[INFO] [stdout] warning: dereferencing a null pointer
[INFO] [stdout]  --> /opt/rustwide/target/debug/build/spaik-73517421695875f9/out/nuke-sys.rs:3:19196
[INFO] [stdout]   |
[INFO] [stdout] 3 | ...eq ! ( unsafe { & ( * ( :: std :: ptr :: null :: < Nuke > ( ) ) ) . free as * const _ as usize } , 0usize , concat ! ( "Offset of fiel...
[INFO] [stdout]   |                      ^^^^^^^^^^^^^^^^^^^^^^^^^^^^^^^^^^^^^^^^^^^^^^^ this code causes undefined behavior when executed
[INFO] [stdout] 
[INFO] [stdout] 
[INFO] [stdout] warning: dereferencing a null pointer
[INFO] [stdout]  --> /opt/rustwide/target/debug/build/spaik-73517421695875f9/out/nuke-sys.rs:3:19401
[INFO] [stdout]   |
[INFO] [stdout] 3 | ...eq ! ( unsafe { & ( * ( :: std :: ptr :: null :: < Nuke > ( ) ) ) . grow_num as * const _ as usize } , 8usize , concat ! ( "Offset of ...
[INFO] [stdout]   |                      ^^^^^^^^^^^^^^^^^^^^^^^^^^^^^^^^^^^^^^^^^^^^^^^ this code causes undefined behavior when executed
[INFO] [stdout] 
[INFO] [stdout] 
[INFO] [stdout] warning: dereferencing a null pointer
[INFO] [stdout]  --> /opt/rustwide/target/debug/build/spaik-73517421695875f9/out/nuke-sys.rs:3:19614
[INFO] [stdout]   |
[INFO] [stdout] 3 | ...eq ! ( unsafe { & ( * ( :: std :: ptr :: null :: < Nuke > ( ) ) ) . used as * const _ as usize } , 16usize , concat ! ( "Offset of fie...
[INFO] [stdout]   |                      ^^^^^^^^^^^^^^^^^^^^^^^^^^^^^^^^^^^^^^^^^^^^^^^ this code causes undefined behavior when executed
[INFO] [stdout] 
[INFO] [stdout] 
[INFO] [stdout] warning: dereferencing a null pointer
[INFO] [stdout]  --> /opt/rustwide/target/debug/build/spaik-73517421695875f9/out/nuke-sys.rs:3:19820
[INFO] [stdout]   |
[INFO] [stdout] 3 | ...eq ! ( unsafe { & ( * ( :: std :: ptr :: null :: < Nuke > ( ) ) ) . num_frees as * const _ as usize } , 24usize , concat ! ( "Offset o...
[INFO] [stdout]   |                      ^^^^^^^^^^^^^^^^^^^^^^^^^^^^^^^^^^^^^^^^^^^^^^^ this code causes undefined behavior when executed
[INFO] [stdout] 
[INFO] [stdout] 
[INFO] [stdout] warning: dereferencing a null pointer
[INFO] [stdout]  --> /opt/rustwide/target/debug/build/spaik-73517421695875f9/out/nuke-sys.rs:3:20036
[INFO] [stdout]   |
[INFO] [stdout] 3 | ...eq ! ( unsafe { & ( * ( :: std :: ptr :: null :: < Nuke > ( ) ) ) . num_allocs as * const _ as usize } , 32usize , concat ! ( "Offset ...
[INFO] [stdout]   |                      ^^^^^^^^^^^^^^^^^^^^^^^^^^^^^^^^^^^^^^^^^^^^^^^ this code causes undefined behavior when executed
[INFO] [stdout] 
[INFO] [stdout] 
[INFO] [stdout] warning: dereferencing a null pointer
[INFO] [stdout]  --> /opt/rustwide/target/debug/build/spaik-73517421695875f9/out/nuke-sys.rs:3:20254
[INFO] [stdout]   |
[INFO] [stdout] 3 | ...eq ! ( unsafe { & ( * ( :: std :: ptr :: null :: < Nuke > ( ) ) ) . num_atoms as * const _ as usize } , 40usize , concat ! ( "Offset o...
[INFO] [stdout]   |                      ^^^^^^^^^^^^^^^^^^^^^^^^^^^^^^^^^^^^^^^^^^^^^^^ this code causes undefined behavior when executed
[INFO] [stdout] 
[INFO] [stdout] 
[INFO] [stdout] warning: dereferencing a null pointer
[INFO] [stdout]  --> /opt/rustwide/target/debug/build/spaik-73517421695875f9/out/nuke-sys.rs:3:20470
[INFO] [stdout]   |
[INFO] [stdout] 3 | ...eq ! ( unsafe { & ( * ( :: std :: ptr :: null :: < Nuke > ( ) ) ) . load_factor as * const _ as usize } , 48usize , concat ! ( "Offset...
[INFO] [stdout]   |                      ^^^^^^^^^^^^^^^^^^^^^^^^^^^^^^^^^^^^^^^^^^^^^^^ this code causes undefined behavior when executed
[INFO] [stdout] 
[INFO] [stdout] 
[INFO] [stdout] warning: dereferencing a null pointer
[INFO] [stdout]  --> /opt/rustwide/target/debug/build/spaik-73517421695875f9/out/nuke-sys.rs:3:20690
[INFO] [stdout]   |
[INFO] [stdout] 3 | ...eq ! ( unsafe { & ( * ( :: std :: ptr :: null :: < Nuke > ( ) ) ) . load_max as * const _ as usize } , 56usize , concat ! ( "Offset of...
[INFO] [stdout]   |                      ^^^^^^^^^^^^^^^^^^^^^^^^^^^^^^^^^^^^^^^^^^^^^^^ this code causes undefined behavior when executed
[INFO] [stdout] 
[INFO] [stdout] 
[INFO] [stdout] warning: dereferencing a null pointer
[INFO] [stdout]  --> /opt/rustwide/target/debug/build/spaik-73517421695875f9/out/nuke-sys.rs:3:20904
[INFO] [stdout]   |
[INFO] [stdout] 3 | ...eq ! ( unsafe { & ( * ( :: std :: ptr :: null :: < Nuke > ( ) ) ) . min_block_sz as * const _ as usize } , 64usize , concat ! ( "Offse...
[INFO] [stdout]   |                      ^^^^^^^^^^^^^^^^^^^^^^^^^^^^^^^^^^^^^^^^^^^^^^^ this code causes undefined behavior when executed
[INFO] [stdout] 
[INFO] [stdout] 
[INFO] [stdout] warning: dereferencing a null pointer
[INFO] [stdout]  --> /opt/rustwide/target/debug/build/spaik-73517421695875f9/out/nuke-sys.rs:3:21126
[INFO] [stdout]   |
[INFO] [stdout] 3 | ...eq ! ( unsafe { & ( * ( :: std :: ptr :: null :: < Nuke > ( ) ) ) . sz as * const _ as usize } , 72usize , concat ! ( "Offset of field...
[INFO] [stdout]   |                      ^^^^^^^^^^^^^^^^^^^^^^^^^^^^^^^^^^^^^^^^^^^^^^^ this code causes undefined behavior when executed
[INFO] [stdout] 
[INFO] [stdout] 
[INFO] [stdout] warning: dereferencing a null pointer
[INFO] [stdout]  --> /opt/rustwide/target/debug/build/spaik-73517421695875f9/out/nuke-sys.rs:3:21328
[INFO] [stdout]   |
[INFO] [stdout] 3 | ...eq ! ( unsafe { & ( * ( :: std :: ptr :: null :: < Nuke > ( ) ) ) . reloc as * const _ as usize } , 88usize , concat ! ( "Offset of fi...
[INFO] [stdout]   |                      ^^^^^^^^^^^^^^^^^^^^^^^^^^^^^^^^^^^^^^^^^^^^^^^ this code causes undefined behavior when executed
[INFO] [stdout] 
[INFO] [stdout] 
[INFO] [stdout] warning: dereferencing a null pointer
[INFO] [stdout]  --> /opt/rustwide/target/debug/build/spaik-73517421695875f9/out/nuke-sys.rs:3:21536
[INFO] [stdout]   |
[INFO] [stdout] 3 | ...eq ! ( unsafe { & ( * ( :: std :: ptr :: null :: < Nuke > ( ) ) ) . last as * const _ as usize } , 96usize , concat ! ( "Offset of fie...
[INFO] [stdout]   |                      ^^^^^^^^^^^^^^^^^^^^^^^^^^^^^^^^^^^^^^^^^^^^^^^ this code causes undefined behavior when executed
[INFO] [stdout] 
[INFO] [stdout] 
[INFO] [stdout] warning: dereferencing a null pointer
[INFO] [stdout]  --> /opt/rustwide/target/debug/build/spaik-73517421695875f9/out/nuke-sys.rs:3:21742
[INFO] [stdout]   |
[INFO] [stdout] 3 | ...eq ! ( unsafe { & ( * ( :: std :: ptr :: null :: < Nuke > ( ) ) ) . mem as * const _ as usize } , 104usize , concat ! ( "Offset of fie...
[INFO] [stdout]   |                      ^^^^^^^^^^^^^^^^^^^^^^^^^^^^^^^^^^^^^^^^^^^^^^^ this code causes undefined behavior when executed
[INFO] [stdout] 
[INFO] [stdout] 
[INFO] [stdout] warning: 26 warnings emitted
[INFO] [stdout] 
[INFO] [stdout] 
[INFO] [stderr]     Finished test [unoptimized + debuginfo] target(s) in 7.80s
[INFO] running `Command { std: "docker" "inspect" "d2e8d993e6dd696dcf22d5d44265a01b044e8d8be91d21f5b056a3d031ef9928", kill_on_drop: false }`
[INFO] running `Command { std: "docker" "rm" "-f" "d2e8d993e6dd696dcf22d5d44265a01b044e8d8be91d21f5b056a3d031ef9928", kill_on_drop: false }`
[INFO] [stdout] d2e8d993e6dd696dcf22d5d44265a01b044e8d8be91d21f5b056a3d031ef9928
[INFO] running `Command { std: "docker" "create" "-v" "/var/lib/crater-agent-workspace/builds/worker-13/target:/opt/rustwide/target:rw,Z" "-v" "/var/lib/crater-agent-workspace/builds/worker-13/source:/opt/rustwide/workdir:ro,Z" "-v" "/var/lib/crater-agent-workspace/cargo-home:/opt/rustwide/cargo-home:ro,Z" "-v" "/var/lib/crater-agent-workspace/rustup-home:/opt/rustwide/rustup-home:ro,Z" "-e" "SOURCE_DIR=/opt/rustwide/workdir" "-e" "CARGO_TARGET_DIR=/opt/rustwide/target" "-e" "CARGO_INCREMENTAL=0" "-e" "RUST_BACKTRACE=full" "-e" "RUSTFLAGS=--cap-lints=warn" "-e" "CARGO_HOME=/opt/rustwide/cargo-home" "-e" "RUSTUP_HOME=/opt/rustwide/rustup-home" "-w" "/opt/rustwide/workdir" "-m" "1610612736" "--user" "0:0" "--network" "none" "ghcr.io/rust-lang/crates-build-env/linux@sha256:34b6a614d2c27851fe6cbf88fbd1137609cefab8b10d0615aaeb6fd47975d74e" "/opt/rustwide/cargo-home/bin/cargo" "+beta-2021-08-01" "test" "--frozen", kill_on_drop: false }`
[INFO] [stdout] 9277fdb5235b9132a4d8d69a899497ff52d179d28b598289c6d446658f932920
[INFO] running `Command { std: "docker" "start" "-a" "9277fdb5235b9132a4d8d69a899497ff52d179d28b598289c6d446658f932920", kill_on_drop: false }`
[INFO] [stderr] warning: unnecessary trailing semicolon
[INFO] [stderr]     --> src/compile.rs:1374:10
[INFO] [stderr]      |
[INFO] [stderr] 1374 |         };
[INFO] [stderr]      |          ^ help: remove this semicolon
[INFO] [stderr]      |
[INFO] [stderr]      = note: `#[warn(redundant_semicolons)]` on by default
[INFO] [stderr] 
[INFO] [stderr] warning: dereferencing a null pointer
[INFO] [stderr]  --> /opt/rustwide/target/debug/build/spaik-73517421695875f9/out/nuke-sys.rs:3:9411
[INFO] [stderr]   |
[INFO] [stderr] 3 | ... ! ( unsafe { & ( * ( :: std :: ptr :: null :: < __fsid_t > ( ) ) ) . __val as * const _ as usize } , 0usize , concat ! ( "Offset of f...
[INFO] [stderr]   |                    ^^^^^^^^^^^^^^^^^^^^^^^^^^^^^^^^^^^^^^^^^^^^^^^^^^^ this code causes undefined behavior when executed
[INFO] [stderr]   |
[INFO] [stderr]   = note: `#[warn(deref_nullptr)]` on by default
[INFO] [stderr] 
[INFO] [stderr] warning: dereferencing a null pointer
[INFO] [stderr]  --> /opt/rustwide/target/debug/build/spaik-73517421695875f9/out/nuke-sys.rs:3:12645
[INFO] [stderr]   |
[INFO] [stderr] 3 | ...! ( unsafe { & ( * ( :: std :: ptr :: null :: < max_align_t > ( ) ) ) . __clang_max_align_nonce1 as * const _ as usize } , 0usize , co...
[INFO] [stderr]   |                   ^^^^^^^^^^^^^^^^^^^^^^^^^^^^^^^^^^^^^^^^^^^^^^^^^^^^^^ this code causes undefined behavior when executed
[INFO] [stderr] 
[INFO] [stderr] warning: dereferencing a null pointer
[INFO] [stderr]  --> /opt/rustwide/target/debug/build/spaik-73517421695875f9/out/nuke-sys.rs:3:12904
[INFO] [stderr]   |
[INFO] [stderr] 3 | ...! ( unsafe { & ( * ( :: std :: ptr :: null :: < max_align_t > ( ) ) ) . __clang_max_align_nonce2 as * const _ as usize } , 16usize , c...
[INFO] [stderr]   |                   ^^^^^^^^^^^^^^^^^^^^^^^^^^^^^^^^^^^^^^^^^^^^^^^^^^^^^^ this code causes undefined behavior when executed
[INFO] [stderr] 
[INFO] [stderr] warning: dereferencing a null pointer
[INFO] [stderr]  --> /opt/rustwide/target/debug/build/spaik-73517421695875f9/out/nuke-sys.rs:3:13649
[INFO] [stderr]   |
[INFO] [stderr] 3 | ... ! ( unsafe { & ( * ( :: std :: ptr :: null :: < PairVoidP > ( ) ) ) . fst as * const _ as usize } , 0usize , concat ! ( "Offset of fi...
[INFO] [stderr]   |                    ^^^^^^^^^^^^^^^^^^^^^^^^^^^^^^^^^^^^^^^^^^^^^^^^^^^^ this code causes undefined behavior when executed
[INFO] [stderr] 
[INFO] [stderr] warning: dereferencing a null pointer
[INFO] [stderr]  --> /opt/rustwide/target/debug/build/spaik-73517421695875f9/out/nuke-sys.rs:3:13862
[INFO] [stderr]   |
[INFO] [stderr] 3 | ... ! ( unsafe { & ( * ( :: std :: ptr :: null :: < PairVoidP > ( ) ) ) . snd as * const _ as usize } , 8usize , concat ! ( "Offset of fi...
[INFO] [stderr]   |                    ^^^^^^^^^^^^^^^^^^^^^^^^^^^^^^^^^^^^^^^^^^^^^^^^^^^^ this code causes undefined behavior when executed
[INFO] [stderr] 
[INFO] [stderr] warning: dereferencing a null pointer
[INFO] [stderr]  --> /opt/rustwide/target/debug/build/spaik-73517421695875f9/out/nuke-sys.rs:3:16387
[INFO] [stderr]   |
[INFO] [stderr] 3 | ...q ! ( unsafe { & ( * ( :: std :: ptr :: null :: < NkAtom > ( ) ) ) . sz as * const _ as usize } , 0usize , concat ! ( "Offset of field...
[INFO] [stderr]   |                     ^^^^^^^^^^^^^^^^^^^^^^^^^^^^^^^^^^^^^^^^^^^^^^^^^ this code causes undefined behavior when executed
[INFO] [stderr] 
[INFO] [stderr] warning: dereferencing a null pointer
[INFO] [stderr]  --> /opt/rustwide/target/debug/build/spaik-73517421695875f9/out/nuke-sys.rs:3:16592
[INFO] [stderr]   |
[INFO] [stderr] 3 | ...q ! ( unsafe { & ( * ( :: std :: ptr :: null :: < NkAtom > ( ) ) ) . meta as * const _ as usize } , 2usize , concat ! ( "Offset of fie...
[INFO] [stderr]   |                     ^^^^^^^^^^^^^^^^^^^^^^^^^^^^^^^^^^^^^^^^^^^^^^^^^ this code causes undefined behavior when executed
[INFO] [stderr] 
[INFO] [stderr] warning: dereferencing a null pointer
[INFO] [stderr]  --> /opt/rustwide/target/debug/build/spaik-73517421695875f9/out/nuke-sys.rs:3:16801
[INFO] [stderr]   |
[INFO] [stderr] 3 | ...q ! ( unsafe { & ( * ( :: std :: ptr :: null :: < NkAtom > ( ) ) ) . next as * const _ as usize } , 8usize , concat ! ( "Offset of fie...
[INFO] [stderr]   |                     ^^^^^^^^^^^^^^^^^^^^^^^^^^^^^^^^^^^^^^^^^^^^^^^^^ this code causes undefined behavior when executed
[INFO] [stderr] 
[INFO] [stderr] warning: dereferencing a null pointer
[INFO] [stderr]  --> /opt/rustwide/target/debug/build/spaik-73517421695875f9/out/nuke-sys.rs:3:17010
[INFO] [stderr]   |
[INFO] [stderr] 3 | ...q ! ( unsafe { & ( * ( :: std :: ptr :: null :: < NkAtom > ( ) ) ) . mem as * const _ as usize } , 16usize , concat ! ( "Offset of fie...
[INFO] [stderr]   |                     ^^^^^^^^^^^^^^^^^^^^^^^^^^^^^^^^^^^^^^^^^^^^^^^^^ this code causes undefined behavior when executed
[INFO] [stderr] 
[INFO] [stderr] warning: dereferencing a null pointer
[INFO] [stderr]  --> /opt/rustwide/target/debug/build/spaik-73517421695875f9/out/nuke-sys.rs:3:17712
[INFO] [stderr]   |
[INFO] [stderr] 3 | ... ( unsafe { & ( * ( :: std :: ptr :: null :: < NkRelocArray > ( ) ) ) . capacity as * const _ as usize } , 0usize , concat ! ( "Offset...
[INFO] [stderr]   |                  ^^^^^^^^^^^^^^^^^^^^^^^^^^^^^^^^^^^^^^^^^^^^^^^^^^^^^^^ this code causes undefined behavior when executed
[INFO] [stderr] 
[INFO] [stderr] warning: dereferencing a null pointer
[INFO] [stderr]  --> /opt/rustwide/target/debug/build/spaik-73517421695875f9/out/nuke-sys.rs:3:17941
[INFO] [stderr]   |
[INFO] [stderr] 3 | ... ( unsafe { & ( * ( :: std :: ptr :: null :: < NkRelocArray > ( ) ) ) . length as * const _ as usize } , 8usize , concat ! ( "Offset o...
[INFO] [stderr]   |                  ^^^^^^^^^^^^^^^^^^^^^^^^^^^^^^^^^^^^^^^^^^^^^^^^^^^^^^^ this code causes undefined behavior when executed
[INFO] [stderr] 
[INFO] [stderr] warning: dereferencing a null pointer
[INFO] [stderr]  --> /opt/rustwide/target/debug/build/spaik-73517421695875f9/out/nuke-sys.rs:3:18166
[INFO] [stderr]   |
[INFO] [stderr] 3 | ... ( unsafe { & ( * ( :: std :: ptr :: null :: < NkRelocArray > ( ) ) ) . elems as * const _ as usize } , 16usize , concat ! ( "Offset o...
[INFO] [stderr]   |                  ^^^^^^^^^^^^^^^^^^^^^^^^^^^^^^^^^^^^^^^^^^^^^^^^^^^^^^^ this code causes undefined behavior when executed
[INFO] [stderr] 
[INFO] [stderr] warning: dereferencing a null pointer
[INFO] [stderr]  --> /opt/rustwide/target/debug/build/spaik-73517421695875f9/out/nuke-sys.rs:3:19196
[INFO] [stderr]   |
[INFO] [stderr] 3 | ...eq ! ( unsafe { & ( * ( :: std :: ptr :: null :: < Nuke > ( ) ) ) . free as * const _ as usize } , 0usize , concat ! ( "Offset of fiel...
[INFO] [stderr]   |                      ^^^^^^^^^^^^^^^^^^^^^^^^^^^^^^^^^^^^^^^^^^^^^^^ this code causes undefined behavior when executed
[INFO] [stderr] 
[INFO] [stderr] warning: dereferencing a null pointer
[INFO] [stderr]  --> /opt/rustwide/target/debug/build/spaik-73517421695875f9/out/nuke-sys.rs:3:19401
[INFO] [stderr]   |
[INFO] [stderr] 3 | ...eq ! ( unsafe { & ( * ( :: std :: ptr :: null :: < Nuke > ( ) ) ) . grow_num as * const _ as usize } , 8usize , concat ! ( "Offset of ...
[INFO] [stderr]   |                      ^^^^^^^^^^^^^^^^^^^^^^^^^^^^^^^^^^^^^^^^^^^^^^^ this code causes undefined behavior when executed
[INFO] [stderr] 
[INFO] [stderr] warning: dereferencing a null pointer
[INFO] [stderr]  --> /opt/rustwide/target/debug/build/spaik-73517421695875f9/out/nuke-sys.rs:3:19614
[INFO] [stderr]   |
[INFO] [stderr] 3 | ...eq ! ( unsafe { & ( * ( :: std :: ptr :: null :: < Nuke > ( ) ) ) . used as * const _ as usize } , 16usize , concat ! ( "Offset of fie...
[INFO] [stderr]   |                      ^^^^^^^^^^^^^^^^^^^^^^^^^^^^^^^^^^^^^^^^^^^^^^^ this code causes undefined behavior when executed
[INFO] [stderr] 
[INFO] [stderr] warning: dereferencing a null pointer
[INFO] [stderr]  --> /opt/rustwide/target/debug/build/spaik-73517421695875f9/out/nuke-sys.rs:3:19820
[INFO] [stderr]   |
[INFO] [stderr] 3 | ...eq ! ( unsafe { & ( * ( :: std :: ptr :: null :: < Nuke > ( ) ) ) . num_frees as * const _ as usize } , 24usize , concat ! ( "Offset o...
[INFO] [stderr]   |                      ^^^^^^^^^^^^^^^^^^^^^^^^^^^^^^^^^^^^^^^^^^^^^^^ this code causes undefined behavior when executed
[INFO] [stderr] 
[INFO] [stderr] warning: dereferencing a null pointer
[INFO] [stderr]  --> /opt/rustwide/target/debug/build/spaik-73517421695875f9/out/nuke-sys.rs:3:20036
[INFO] [stderr]   |
[INFO] [stderr] 3 | ...eq ! ( unsafe { & ( * ( :: std :: ptr :: null :: < Nuke > ( ) ) ) . num_allocs as * const _ as usize } , 32usize , concat ! ( "Offset ...
[INFO] [stderr]   |                      ^^^^^^^^^^^^^^^^^^^^^^^^^^^^^^^^^^^^^^^^^^^^^^^ this code causes undefined behavior when executed
[INFO] [stderr] 
[INFO] [stderr] warning: dereferencing a null pointer
[INFO] [stderr]  --> /opt/rustwide/target/debug/build/spaik-73517421695875f9/out/nuke-sys.rs:3:20254
[INFO] [stderr]   |
[INFO] [stderr] 3 | ...eq ! ( unsafe { & ( * ( :: std :: ptr :: null :: < Nuke > ( ) ) ) . num_atoms as * const _ as usize } , 40usize , concat ! ( "Offset o...
[INFO] [stderr]   |                      ^^^^^^^^^^^^^^^^^^^^^^^^^^^^^^^^^^^^^^^^^^^^^^^ this code causes undefined behavior when executed
[INFO] [stderr] 
[INFO] [stderr] warning: dereferencing a null pointer
[INFO] [stderr]  --> /opt/rustwide/target/debug/build/spaik-73517421695875f9/out/nuke-sys.rs:3:20470
[INFO] [stderr]   |
[INFO] [stderr] 3 | ...eq ! ( unsafe { & ( * ( :: std :: ptr :: null :: < Nuke > ( ) ) ) . load_factor as * const _ as usize } , 48usize , concat ! ( "Offset...
[INFO] [stderr]   |                      ^^^^^^^^^^^^^^^^^^^^^^^^^^^^^^^^^^^^^^^^^^^^^^^ this code causes undefined behavior when executed
[INFO] [stderr] 
[INFO] [stderr] warning: dereferencing a null pointer
[INFO] [stderr]  --> /opt/rustwide/target/debug/build/spaik-73517421695875f9/out/nuke-sys.rs:3:20690
[INFO] [stderr]   |
[INFO] [stderr] 3 | ...eq ! ( unsafe { & ( * ( :: std :: ptr :: null :: < Nuke > ( ) ) ) . load_max as * const _ as usize } , 56usize , concat ! ( "Offset of...
[INFO] [stderr]   |                      ^^^^^^^^^^^^^^^^^^^^^^^^^^^^^^^^^^^^^^^^^^^^^^^ this code causes undefined behavior when executed
[INFO] [stderr] 
[INFO] [stderr] warning: dereferencing a null pointer
[INFO] [stderr]  --> /opt/rustwide/target/debug/build/spaik-73517421695875f9/out/nuke-sys.rs:3:20904
[INFO] [stderr]   |
[INFO] [stderr] 3 | ...eq ! ( unsafe { & ( * ( :: std :: ptr :: null :: < Nuke > ( ) ) ) . min_block_sz as * const _ as usize } , 64usize , concat ! ( "Offse...
[INFO] [stderr]   |                      ^^^^^^^^^^^^^^^^^^^^^^^^^^^^^^^^^^^^^^^^^^^^^^^ this code causes undefined behavior when executed
[INFO] [stderr] 
[INFO] [stderr] warning: dereferencing a null pointer
[INFO] [stderr]  --> /opt/rustwide/target/debug/build/spaik-73517421695875f9/out/nuke-sys.rs:3:21126
[INFO] [stderr]   |
[INFO] [stderr] 3 | ...eq ! ( unsafe { & ( * ( :: std :: ptr :: null :: < Nuke > ( ) ) ) . sz as * const _ as usize } , 72usize , concat ! ( "Offset of field...
[INFO] [stderr]   |                      ^^^^^^^^^^^^^^^^^^^^^^^^^^^^^^^^^^^^^^^^^^^^^^^ this code causes undefined behavior when executed
[INFO] [stderr] 
[INFO] [stderr] warning: dereferencing a null pointer
[INFO] [stderr]  --> /opt/rustwide/target/debug/build/spaik-73517421695875f9/out/nuke-sys.rs:3:21328
[INFO] [stderr]   |
[INFO] [stderr] 3 | ...eq ! ( unsafe { & ( * ( :: std :: ptr :: null :: < Nuke > ( ) ) ) . reloc as * const _ as usize } , 88usize , concat ! ( "Offset of fi...
[INFO] [stderr]   |                      ^^^^^^^^^^^^^^^^^^^^^^^^^^^^^^^^^^^^^^^^^^^^^^^ this code causes undefined behavior when executed
[INFO] [stderr] 
[INFO] [stderr] warning: dereferencing a null pointer
[INFO] [stderr]  --> /opt/rustwide/target/debug/build/spaik-73517421695875f9/out/nuke-sys.rs:3:21536
[INFO] [stderr]   |
[INFO] [stderr] 3 | ...eq ! ( unsafe { & ( * ( :: std :: ptr :: null :: < Nuke > ( ) ) ) . last as * const _ as usize } , 96usize , concat ! ( "Offset of fie...
[INFO] [stderr]   |                      ^^^^^^^^^^^^^^^^^^^^^^^^^^^^^^^^^^^^^^^^^^^^^^^ this code causes undefined behavior when executed
[INFO] [stderr] 
[INFO] [stderr] warning: dereferencing a null pointer
[INFO] [stderr]  --> /opt/rustwide/target/debug/build/spaik-73517421695875f9/out/nuke-sys.rs:3:21742
[INFO] [stderr]   |
[INFO] [stderr] 3 | ...eq ! ( unsafe { & ( * ( :: std :: ptr :: null :: < Nuke > ( ) ) ) . mem as * const _ as usize } , 104usize , concat ! ( "Offset of fie...
[INFO] [stderr]   |                      ^^^^^^^^^^^^^^^^^^^^^^^^^^^^^^^^^^^^^^^^^^^^^^^ this code causes undefined behavior when executed
[INFO] [stderr] 
[INFO] [stderr] warning: `spaik` (lib) generated 1 warning
[INFO] [stderr] warning: `spaik` (lib test) generated 26 warnings (1 duplicate)
[INFO] [stderr]     Finished test [unoptimized + debuginfo] target(s) in 0.07s
[INFO] [stdout] 
[INFO] [stderr]      Running unittests (/opt/rustwide/target/debug/deps/spaik-7776b8e34a86d906)
[INFO] [stdout] running 15 tests
[INFO] [stdout] test chasm::tests::primitive_type_conversions ... ok
[INFO] [stdout] test nk::bindgen_test_layout_NkAtom ... ok
[INFO] [stdout] test nk::bindgen_test_layout_NkAtomMeta ... ok
[INFO] [stdout] test nk::bindgen_test_layout_NkRelocArray ... ok
[INFO] [stdout] test nk::bindgen_test_layout_Nuke ... ok
[INFO] [stdout] test nk::bindgen_test_layout___fsid_t ... ok
[INFO] [stdout] test nk::bindgen_test_layout_PairVoidP ... ok
[INFO] [stdout] test sexpr_parse::tests::tok_tree ... ok
[INFO] [stdout] test nk::bindgen_test_layout_max_align_t ... ok
[INFO] [stdout] test chasm::tests::read_read_op ... ok
[INFO] [stdout] test sexpr_parse::tests::a_test ... ok
[INFO] [stdout] test chasm::tests::assembler ... ok
[INFO] [stdout] test ast::tests::builder ... ok
[INFO] [stdout] test sintern::tests::string_intern_insertion ... ok
[INFO] [stdout] test nkgc::tests::spv ... ok
[INFO] [stdout] 
[INFO] [stdout] test result: ok. 15 passed; 0 failed; 0 ignored; 0 measured; 0 filtered out; finished in 0.18s
[INFO] [stdout] 
[INFO] [stderr]      Running unittests (/opt/rustwide/target/debug/deps/lisp_test-bb10ad477a78fab2)
[INFO] [stdout] 
[INFO] [stderr]      Running unittests (/opt/rustwide/target/debug/deps/main-5a629f04e2b0ce4a)
[INFO] [stdout] running 0 tests
[INFO] [stderr]      Running unittests (/opt/rustwide/target/debug/deps/repl-d9bbb4cb91261201)
[INFO] [stdout] 
[INFO] [stderr]      Running unittests (/opt/rustwide/target/debug/deps/tokenize-fa7b54f7a4ee70ee)
[INFO] [stdout] test result: ok. 0 passed; 0 failed; 0 ignored; 0 measured; 0 filtered out; finished in 0.00s
[INFO] [stdout] 
[INFO] [stdout] 
[INFO] [stdout] running 0 tests
[INFO] [stdout] 
[INFO] [stdout] test result: ok. 0 passed; 0 failed; 0 ignored; 0 measured; 0 filtered out; finished in 0.00s
[INFO] [stdout] 
[INFO] [stdout] 
[INFO] [stdout] running 0 tests
[INFO] [stdout] 
[INFO] [stdout] test result: ok. 0 passed; 0 failed; 0 ignored; 0 measured; 0 filtered out; finished in 0.00s
[INFO] [stdout] 
[INFO] [stderr]    Doc-tests spaik
[INFO] [stdout] 
[INFO] [stdout] running 0 tests
[INFO] [stdout] 
[INFO] [stdout] test result: ok. 0 passed; 0 failed; 0 ignored; 0 measured; 0 filtered out; finished in 0.00s
[INFO] [stdout] 
[INFO] [stderr] warning: unnecessary trailing semicolon
[INFO] [stderr]     --> /opt/rustwide/workdir/src/compile.rs:1374:10
[INFO] [stderr]      |
[INFO] [stderr] 1374 |         };
[INFO] [stderr]      |          ^ help: remove this semicolon
[INFO] [stderr]      |
[INFO] [stderr]      = note: `#[warn(redundant_semicolons)]` on by default
[INFO] [stderr] 
[INFO] [stderr] warning: 1 warning emitted
[INFO] [stderr] 
[INFO] [stdout] 
[INFO] [stdout] running 2 tests
[INFO] [stdout] test src/nkgc.rs - nkgc::Arena::stats (line 995) ... FAILED
[INFO] [stdout] test src/subrs.rs - subrs::Subr (line 121) ... FAILED
[INFO] [stdout] 
[INFO] [stdout] failures:
[INFO] [stdout] 
[INFO] [stdout] ---- src/nkgc.rs - nkgc::Arena::stats (line 995) stdout ----
[INFO] [stdout] error: expected one of `!`, `.`, `::`, `;`, `?`, `{`, `}`, or an operator, found `'ll`
[INFO] [stdout]  --> src/nkgc.rs:996:4
[INFO] [stdout]   |
[INFO] [stdout] 3 | You'll have to figure out how to make atomic variables
[INFO] [stdout]   |    ^^^ expected one of 8 possible tokens
[INFO] [stdout] 
[INFO] [stdout] error: aborting due to previous error
[INFO] [stdout] 
[INFO] [stdout] Couldn't compile the test.
[INFO] [stdout] ---- src/subrs.rs - subrs::Subr (line 121) stdout ----
[INFO] [stdout] error: expected one of `!`, `.`, `::`, `;`, `?`, `{`, `}`, or an operator, found `invariant`
[INFO] [stdout]  --> src/subrs.rs:122:6
[INFO] [stdout]   |
[INFO] [stdout] 3 | This invariant is ensured by the lispy proc-macro, which you
[INFO] [stdout]   |      ^^^^^^^^^ expected one of 8 possible tokens
[INFO] [stdout] 
[INFO] [stdout] error: aborting due to previous error
[INFO] [stdout] 
[INFO] [stdout] Couldn't compile the test.
[INFO] [stdout] 
[INFO] [stdout] failures:
[INFO] [stdout]     src/nkgc.rs - nkgc::Arena::stats (line 995)
[INFO] [stdout]     src/subrs.rs - subrs::Subr (line 121)
[INFO] [stdout] 
[INFO] [stdout] test result: FAILED. 0 passed; 2 failed; 0 ignored; 0 measured; 0 filtered out; finished in 0.07s
[INFO] [stdout] 
[INFO] [stderr] error: test failed, to rerun pass '--doc'
[INFO] running `Command { std: "docker" "inspect" "9277fdb5235b9132a4d8d69a899497ff52d179d28b598289c6d446658f932920", kill_on_drop: false }`
[INFO] running `Command { std: "docker" "rm" "-f" "9277fdb5235b9132a4d8d69a899497ff52d179d28b598289c6d446658f932920", kill_on_drop: false }`
[INFO] [stdout] 9277fdb5235b9132a4d8d69a899497ff52d179d28b598289c6d446658f932920
