[INFO] fetching crate sp-api 3.0.0...
[INFO] testing sp-api-3.0.0 against beta-2021-08-01 for beta-1.55-1
[INFO] extracting crate sp-api 3.0.0 into /workspace/builds/worker-12/source
[INFO] validating manifest of crates.io crate sp-api 3.0.0 on toolchain beta-2021-08-01
[INFO] running `Command { std: "/workspace/cargo-home/bin/cargo" "+beta-2021-08-01" "metadata" "--manifest-path" "Cargo.toml" "--no-deps", kill_on_drop: false }`
[INFO] started tweaking crates.io crate sp-api 3.0.0
[INFO] finished tweaking crates.io crate sp-api 3.0.0
[INFO] tweaked toml for crates.io crate sp-api 3.0.0 written to /workspace/builds/worker-12/source/Cargo.toml
[INFO] running `Command { std: "/workspace/cargo-home/bin/cargo" "+beta-2021-08-01" "generate-lockfile" "--manifest-path" "Cargo.toml" "-Zno-index-update", kill_on_drop: false }`
[INFO] running `Command { std: "/workspace/cargo-home/bin/cargo" "+beta-2021-08-01" "fetch" "--manifest-path" "Cargo.toml", kill_on_drop: false }`
[INFO] running `Command { std: "docker" "create" "-v" "/var/lib/crater-agent-workspace/builds/worker-12/target:/opt/rustwide/target:rw,Z" "-v" "/var/lib/crater-agent-workspace/builds/worker-12/source:/opt/rustwide/workdir:ro,Z" "-v" "/var/lib/crater-agent-workspace/cargo-home:/opt/rustwide/cargo-home:ro,Z" "-v" "/var/lib/crater-agent-workspace/rustup-home:/opt/rustwide/rustup-home:ro,Z" "-e" "SOURCE_DIR=/opt/rustwide/workdir" "-e" "CARGO_TARGET_DIR=/opt/rustwide/target" "-e" "CARGO_HOME=/opt/rustwide/cargo-home" "-e" "RUSTUP_HOME=/opt/rustwide/rustup-home" "-w" "/opt/rustwide/workdir" "-m" "1610612736" "--user" "0:0" "--network" "none" "ghcr.io/rust-lang/crates-build-env/linux@sha256:34b6a614d2c27851fe6cbf88fbd1137609cefab8b10d0615aaeb6fd47975d74e" "/opt/rustwide/cargo-home/bin/cargo" "+beta-2021-08-01" "metadata" "--no-deps" "--format-version=1", kill_on_drop: false }`
[INFO] [stdout] adfb122f4ef1e7c9d06746f160d4d032cd3c5e5079ff93f7a09915ba508e1da9
[INFO] running `Command { std: "docker" "start" "-a" "adfb122f4ef1e7c9d06746f160d4d032cd3c5e5079ff93f7a09915ba508e1da9", kill_on_drop: false }`
[INFO] running `Command { std: "docker" "inspect" "adfb122f4ef1e7c9d06746f160d4d032cd3c5e5079ff93f7a09915ba508e1da9", kill_on_drop: false }`
[INFO] running `Command { std: "docker" "rm" "-f" "adfb122f4ef1e7c9d06746f160d4d032cd3c5e5079ff93f7a09915ba508e1da9", kill_on_drop: false }`
[INFO] [stdout] adfb122f4ef1e7c9d06746f160d4d032cd3c5e5079ff93f7a09915ba508e1da9
[INFO] running `Command { std: "docker" "create" "-v" "/var/lib/crater-agent-workspace/builds/worker-12/target:/opt/rustwide/target:rw,Z" "-v" "/var/lib/crater-agent-workspace/builds/worker-12/source:/opt/rustwide/workdir:ro,Z" "-v" "/var/lib/crater-agent-workspace/cargo-home:/opt/rustwide/cargo-home:ro,Z" "-v" "/var/lib/crater-agent-workspace/rustup-home:/opt/rustwide/rustup-home:ro,Z" "-e" "SOURCE_DIR=/opt/rustwide/workdir" "-e" "CARGO_TARGET_DIR=/opt/rustwide/target" "-e" "CARGO_INCREMENTAL=0" "-e" "RUST_BACKTRACE=full" "-e" "RUSTFLAGS=--cap-lints=warn" "-e" "CARGO_HOME=/opt/rustwide/cargo-home" "-e" "RUSTUP_HOME=/opt/rustwide/rustup-home" "-w" "/opt/rustwide/workdir" "-m" "1610612736" "--user" "0:0" "--network" "none" "ghcr.io/rust-lang/crates-build-env/linux@sha256:34b6a614d2c27851fe6cbf88fbd1137609cefab8b10d0615aaeb6fd47975d74e" "/opt/rustwide/cargo-home/bin/cargo" "+beta-2021-08-01" "build" "--frozen" "--message-format=json", kill_on_drop: false }`
[INFO] [stdout] 0fdd19d912ff5f5de3dc4e5186f337dd26ff1ac7a22fde39b561a99c2c84b4be
[INFO] running `Command { std: "docker" "start" "-a" "0fdd19d912ff5f5de3dc4e5186f337dd26ff1ac7a22fde39b561a99c2c84b4be", kill_on_drop: false }`
[INFO] [stderr]    Compiling hash-db v0.15.2
[INFO] [stderr]    Compiling sp-api-proc-macro v3.0.0
[INFO] [stderr]    Compiling sp-core v3.0.0
[INFO] [stderr]    Compiling trie-db v0.22.6
[INFO] [stderr]    Compiling memory-db v0.26.0
[INFO] [stderr]    Compiling trie-root v0.16.0
[INFO] [stderr]    Compiling sp-trie v3.0.0
[INFO] [stderr]    Compiling sp-keystore v0.9.0
[INFO] [stderr]    Compiling sp-state-machine v0.9.0
[INFO] [stderr]    Compiling sp-io v3.0.0
[INFO] [stderr]    Compiling sp-application-crypto v3.0.0
[INFO] [stderr]    Compiling sp-runtime v3.0.0
[INFO] [stderr]    Compiling sp-version v3.0.0
[INFO] [stderr]    Compiling sp-api v3.0.0 (/opt/rustwide/workdir)
[INFO] [stderr]     Finished dev [unoptimized + debuginfo] target(s) in 23.05s
[INFO] running `Command { std: "docker" "inspect" "0fdd19d912ff5f5de3dc4e5186f337dd26ff1ac7a22fde39b561a99c2c84b4be", kill_on_drop: false }`
[INFO] running `Command { std: "docker" "rm" "-f" "0fdd19d912ff5f5de3dc4e5186f337dd26ff1ac7a22fde39b561a99c2c84b4be", kill_on_drop: false }`
[INFO] [stdout] 0fdd19d912ff5f5de3dc4e5186f337dd26ff1ac7a22fde39b561a99c2c84b4be
[INFO] running `Command { std: "docker" "create" "-v" "/var/lib/crater-agent-workspace/builds/worker-12/target:/opt/rustwide/target:rw,Z" "-v" "/var/lib/crater-agent-workspace/builds/worker-12/source:/opt/rustwide/workdir:ro,Z" "-v" "/var/lib/crater-agent-workspace/cargo-home:/opt/rustwide/cargo-home:ro,Z" "-v" "/var/lib/crater-agent-workspace/rustup-home:/opt/rustwide/rustup-home:ro,Z" "-e" "SOURCE_DIR=/opt/rustwide/workdir" "-e" "CARGO_TARGET_DIR=/opt/rustwide/target" "-e" "CARGO_INCREMENTAL=0" "-e" "RUST_BACKTRACE=full" "-e" "RUSTFLAGS=--cap-lints=warn" "-e" "CARGO_HOME=/opt/rustwide/cargo-home" "-e" "RUSTUP_HOME=/opt/rustwide/rustup-home" "-w" "/opt/rustwide/workdir" "-m" "1610612736" "--user" "0:0" "--network" "none" "ghcr.io/rust-lang/crates-build-env/linux@sha256:34b6a614d2c27851fe6cbf88fbd1137609cefab8b10d0615aaeb6fd47975d74e" "/opt/rustwide/cargo-home/bin/cargo" "+beta-2021-08-01" "test" "--frozen" "--no-run" "--message-format=json", kill_on_drop: false }`
[INFO] [stdout] 1141c74792c716e75f6934380ba53ed44ce23c25380979deceb2e95162fc84d5
[INFO] running `Command { std: "docker" "start" "-a" "1141c74792c716e75f6934380ba53ed44ce23c25380979deceb2e95162fc84d5", kill_on_drop: false }`
[INFO] [stderr]    Compiling sp-api v3.0.0 (/opt/rustwide/workdir)
[INFO] [stderr]     Finished test [unoptimized + debuginfo] target(s) in 1.48s
[INFO] running `Command { std: "docker" "inspect" "1141c74792c716e75f6934380ba53ed44ce23c25380979deceb2e95162fc84d5", kill_on_drop: false }`
[INFO] running `Command { std: "docker" "rm" "-f" "1141c74792c716e75f6934380ba53ed44ce23c25380979deceb2e95162fc84d5", kill_on_drop: false }`
[INFO] [stdout] 1141c74792c716e75f6934380ba53ed44ce23c25380979deceb2e95162fc84d5
[INFO] running `Command { std: "docker" "create" "-v" "/var/lib/crater-agent-workspace/builds/worker-12/target:/opt/rustwide/target:rw,Z" "-v" "/var/lib/crater-agent-workspace/builds/worker-12/source:/opt/rustwide/workdir:ro,Z" "-v" "/var/lib/crater-agent-workspace/cargo-home:/opt/rustwide/cargo-home:ro,Z" "-v" "/var/lib/crater-agent-workspace/rustup-home:/opt/rustwide/rustup-home:ro,Z" "-e" "SOURCE_DIR=/opt/rustwide/workdir" "-e" "CARGO_TARGET_DIR=/opt/rustwide/target" "-e" "CARGO_INCREMENTAL=0" "-e" "RUST_BACKTRACE=full" "-e" "RUSTFLAGS=--cap-lints=warn" "-e" "CARGO_HOME=/opt/rustwide/cargo-home" "-e" "RUSTUP_HOME=/opt/rustwide/rustup-home" "-w" "/opt/rustwide/workdir" "-m" "1610612736" "--user" "0:0" "--network" "none" "ghcr.io/rust-lang/crates-build-env/linux@sha256:34b6a614d2c27851fe6cbf88fbd1137609cefab8b10d0615aaeb6fd47975d74e" "/opt/rustwide/cargo-home/bin/cargo" "+beta-2021-08-01" "test" "--frozen", kill_on_drop: false }`
[INFO] [stdout] e6c6ae4d240e198fcd3c09434d89d17332a198fee6aa58acf7a9ca530d091b16
[INFO] running `Command { std: "docker" "start" "-a" "e6c6ae4d240e198fcd3c09434d89d17332a198fee6aa58acf7a9ca530d091b16", kill_on_drop: false }`
[INFO] [stderr]     Finished test [unoptimized + debuginfo] target(s) in 0.16s
[INFO] [stderr]      Running unittests (/opt/rustwide/target/debug/deps/sp_api-028597a9a430bfce)
[INFO] [stderr]    Doc-tests sp-api
[INFO] [stdout] 
[INFO] [stdout] running 0 tests
[INFO] [stdout] 
[INFO] [stdout] test result: ok. 0 passed; 0 failed; 0 ignored; 0 measured; 0 filtered out; finished in 0.00s
[INFO] [stdout] 
[INFO] [stdout] 
[INFO] [stdout] running 5 tests
[INFO] [stdout] test src/lib.rs - impl_runtime_apis (line 173) ... FAILED
[INFO] [stdout] test src/lib.rs - mock_impl_runtime_apis (line 313) ... FAILED
[INFO] [stdout] test src/lib.rs - mock_impl_runtime_apis (line 254) ... FAILED
[INFO] [stdout] test src/lib.rs - decl_runtime_apis (line 127) ... ok
[INFO] [stdout] test src/lib.rs - decl_runtime_apis (line 93) ... ok
[INFO] [stdout] 
[INFO] [stdout] failures:
[INFO] [stdout] 
[INFO] [stdout] ---- src/lib.rs - impl_runtime_apis (line 173) stdout ----
[INFO] [stdout] error[E0432]: unresolved import `sp_test_primitives`
[INFO] [stdout]  --> src/lib.rs:177:5
[INFO] [stdout]   |
[INFO] [stdout] 6 | use sp_test_primitives::Block;
[INFO] [stdout]   |     ^^^^^^^^^^^^^^^^^^ use of undeclared crate or module `sp_test_primitives`
[INFO] [stdout] 
[INFO] [stdout] error: aborting due to previous error
[INFO] [stdout] 
[INFO] [stdout] For more information about this error, try `rustc --explain E0432`.
[INFO] [stdout] Couldn't compile the test.
[INFO] [stdout] ---- src/lib.rs - mock_impl_runtime_apis (line 313) stdout ----
[INFO] [stdout] error[E0432]: unresolved import `sp_test_primitives`
[INFO] [stdout]  --> src/lib.rs:315:5
[INFO] [stdout]   |
[INFO] [stdout] 4 | use sp_test_primitives::Block;
[INFO] [stdout]   |     ^^^^^^^^^^^^^^^^^^ use of undeclared crate or module `sp_test_primitives`
[INFO] [stdout] 
[INFO] [stdout] error: aborting due to previous error
[INFO] [stdout] 
[INFO] [stdout] For more information about this error, try `rustc --explain E0432`.
[INFO] [stdout] Couldn't compile the test.
[INFO] [stdout] ---- src/lib.rs - mock_impl_runtime_apis (line 254) stdout ----
[INFO] [stdout] error[E0432]: unresolved import `sp_test_primitives`
[INFO] [stdout]  --> src/lib.rs:256:5
[INFO] [stdout]   |
[INFO] [stdout] 4 | use sp_test_primitives::Block;
[INFO] [stdout]   |     ^^^^^^^^^^^^^^^^^^ use of undeclared crate or module `sp_test_primitives`
[INFO] [stdout] 
[INFO] [stdout] error: aborting due to previous error
[INFO] [stdout] 
[INFO] [stdout] For more information about this error, try `rustc --explain E0432`.
[INFO] [stdout] Couldn't compile the test.
[INFO] [stdout] 
[INFO] [stdout] failures:
[INFO] [stdout]     src/lib.rs - impl_runtime_apis (line 173)
[INFO] [stdout]     src/lib.rs - mock_impl_runtime_apis (line 254)
[INFO] [stdout]     src/lib.rs - mock_impl_runtime_apis (line 313)
[INFO] [stdout] 
[INFO] [stdout] test result: FAILED. 2 passed; 3 failed; 0 ignored; 0 measured; 0 filtered out; finished in 1.45s
[INFO] [stdout] 
[INFO] [stderr] error: test failed, to rerun pass '--doc'
[INFO] running `Command { std: "docker" "inspect" "e6c6ae4d240e198fcd3c09434d89d17332a198fee6aa58acf7a9ca530d091b16", kill_on_drop: false }`
[INFO] running `Command { std: "docker" "rm" "-f" "e6c6ae4d240e198fcd3c09434d89d17332a198fee6aa58acf7a9ca530d091b16", kill_on_drop: false }`
[INFO] [stdout] e6c6ae4d240e198fcd3c09434d89d17332a198fee6aa58acf7a9ca530d091b16
