[INFO] fetching crate soy 0.2.0...
[INFO] testing soy-0.2.0 against 1.54.0 for beta-1.55-1
[INFO] extracting crate soy 0.2.0 into /workspace/builds/worker-10/source
[INFO] validating manifest of crates.io crate soy 0.2.0 on toolchain 1.54.0
[INFO] running `Command { std: "/workspace/cargo-home/bin/cargo" "+1.54.0" "metadata" "--manifest-path" "Cargo.toml" "--no-deps", kill_on_drop: false }`
[INFO] started tweaking crates.io crate soy 0.2.0
[INFO] finished tweaking crates.io crate soy 0.2.0
[INFO] tweaked toml for crates.io crate soy 0.2.0 written to /workspace/builds/worker-10/source/Cargo.toml
[INFO] running `Command { std: "/workspace/cargo-home/bin/cargo" "+1.54.0" "generate-lockfile" "--manifest-path" "Cargo.toml" "-Zno-index-update", kill_on_drop: false }`
[INFO] running `Command { std: "/workspace/cargo-home/bin/cargo" "+1.54.0" "fetch" "--manifest-path" "Cargo.toml", kill_on_drop: false }`
[INFO] [stderr]     Blocking waiting for file lock on package cache
[INFO] running `Command { std: "docker" "create" "-v" "/var/lib/crater-agent-workspace/builds/worker-10/target:/opt/rustwide/target:rw,Z" "-v" "/var/lib/crater-agent-workspace/builds/worker-10/source:/opt/rustwide/workdir:ro,Z" "-v" "/var/lib/crater-agent-workspace/cargo-home:/opt/rustwide/cargo-home:ro,Z" "-v" "/var/lib/crater-agent-workspace/rustup-home:/opt/rustwide/rustup-home:ro,Z" "-e" "SOURCE_DIR=/opt/rustwide/workdir" "-e" "CARGO_TARGET_DIR=/opt/rustwide/target" "-e" "CARGO_HOME=/opt/rustwide/cargo-home" "-e" "RUSTUP_HOME=/opt/rustwide/rustup-home" "-w" "/opt/rustwide/workdir" "-m" "1610612736" "--user" "0:0" "--network" "none" "ghcr.io/rust-lang/crates-build-env/linux@sha256:34b6a614d2c27851fe6cbf88fbd1137609cefab8b10d0615aaeb6fd47975d74e" "/opt/rustwide/cargo-home/bin/cargo" "+1.54.0" "metadata" "--no-deps" "--format-version=1", kill_on_drop: false }`
[INFO] [stdout] 960a70224eba0c5fcd3c1963fabe0623e8c41aecf9a88d0cc0b6271e7e1d4cfa
[INFO] running `Command { std: "docker" "start" "-a" "960a70224eba0c5fcd3c1963fabe0623e8c41aecf9a88d0cc0b6271e7e1d4cfa", kill_on_drop: false }`
[INFO] running `Command { std: "docker" "inspect" "960a70224eba0c5fcd3c1963fabe0623e8c41aecf9a88d0cc0b6271e7e1d4cfa", kill_on_drop: false }`
[INFO] running `Command { std: "docker" "rm" "-f" "960a70224eba0c5fcd3c1963fabe0623e8c41aecf9a88d0cc0b6271e7e1d4cfa", kill_on_drop: false }`
[INFO] [stdout] 960a70224eba0c5fcd3c1963fabe0623e8c41aecf9a88d0cc0b6271e7e1d4cfa
[INFO] running `Command { std: "docker" "create" "-v" "/var/lib/crater-agent-workspace/builds/worker-10/target:/opt/rustwide/target:rw,Z" "-v" "/var/lib/crater-agent-workspace/builds/worker-10/source:/opt/rustwide/workdir:ro,Z" "-v" "/var/lib/crater-agent-workspace/cargo-home:/opt/rustwide/cargo-home:ro,Z" "-v" "/var/lib/crater-agent-workspace/rustup-home:/opt/rustwide/rustup-home:ro,Z" "-e" "SOURCE_DIR=/opt/rustwide/workdir" "-e" "CARGO_TARGET_DIR=/opt/rustwide/target" "-e" "CARGO_INCREMENTAL=0" "-e" "RUST_BACKTRACE=full" "-e" "RUSTFLAGS=--cap-lints=warn" "-e" "CARGO_HOME=/opt/rustwide/cargo-home" "-e" "RUSTUP_HOME=/opt/rustwide/rustup-home" "-w" "/opt/rustwide/workdir" "-m" "1610612736" "--user" "0:0" "--network" "none" "ghcr.io/rust-lang/crates-build-env/linux@sha256:34b6a614d2c27851fe6cbf88fbd1137609cefab8b10d0615aaeb6fd47975d74e" "/opt/rustwide/cargo-home/bin/cargo" "+1.54.0" "build" "--frozen" "--message-format=json", kill_on_drop: false }`
[INFO] [stdout] 10215020e5f54aff03fddb198b90554ebbcb5bdb49f3597465f25216f6852886
[INFO] running `Command { std: "docker" "start" "-a" "10215020e5f54aff03fddb198b90554ebbcb5bdb49f3597465f25216f6852886", kill_on_drop: false }`
[INFO] [stderr]     Blocking waiting for file lock on package cache
[INFO] [stderr]    Compiling soy v0.2.0 (/opt/rustwide/workdir)
[INFO] [stderr]     Finished dev [unoptimized + debuginfo] target(s) in 1.34s
[INFO] running `Command { std: "docker" "inspect" "10215020e5f54aff03fddb198b90554ebbcb5bdb49f3597465f25216f6852886", kill_on_drop: false }`
[INFO] running `Command { std: "docker" "rm" "-f" "10215020e5f54aff03fddb198b90554ebbcb5bdb49f3597465f25216f6852886", kill_on_drop: false }`
[INFO] [stdout] 10215020e5f54aff03fddb198b90554ebbcb5bdb49f3597465f25216f6852886
[INFO] running `Command { std: "docker" "create" "-v" "/var/lib/crater-agent-workspace/builds/worker-10/target:/opt/rustwide/target:rw,Z" "-v" "/var/lib/crater-agent-workspace/builds/worker-10/source:/opt/rustwide/workdir:ro,Z" "-v" "/var/lib/crater-agent-workspace/cargo-home:/opt/rustwide/cargo-home:ro,Z" "-v" "/var/lib/crater-agent-workspace/rustup-home:/opt/rustwide/rustup-home:ro,Z" "-e" "SOURCE_DIR=/opt/rustwide/workdir" "-e" "CARGO_TARGET_DIR=/opt/rustwide/target" "-e" "CARGO_INCREMENTAL=0" "-e" "RUST_BACKTRACE=full" "-e" "RUSTFLAGS=--cap-lints=warn" "-e" "CARGO_HOME=/opt/rustwide/cargo-home" "-e" "RUSTUP_HOME=/opt/rustwide/rustup-home" "-w" "/opt/rustwide/workdir" "-m" "1610612736" "--user" "0:0" "--network" "none" "ghcr.io/rust-lang/crates-build-env/linux@sha256:34b6a614d2c27851fe6cbf88fbd1137609cefab8b10d0615aaeb6fd47975d74e" "/opt/rustwide/cargo-home/bin/cargo" "+1.54.0" "test" "--frozen" "--no-run" "--message-format=json", kill_on_drop: false }`
[INFO] [stdout] ef23e414ac7ba2b7a507f181a054feb1e26d54bde215a1930e0ce1147b5b0760
[INFO] running `Command { std: "docker" "start" "-a" "ef23e414ac7ba2b7a507f181a054feb1e26d54bde215a1930e0ce1147b5b0760", kill_on_drop: false }`
[INFO] [stderr]     Blocking waiting for file lock on package cache
[INFO] [stderr]    Compiling soy v0.2.0 (/opt/rustwide/workdir)
[INFO] [stderr]     Finished test [unoptimized + debuginfo] target(s) in 1.16s
[INFO] running `Command { std: "docker" "inspect" "ef23e414ac7ba2b7a507f181a054feb1e26d54bde215a1930e0ce1147b5b0760", kill_on_drop: false }`
[INFO] running `Command { std: "docker" "rm" "-f" "ef23e414ac7ba2b7a507f181a054feb1e26d54bde215a1930e0ce1147b5b0760", kill_on_drop: false }`
[INFO] [stdout] ef23e414ac7ba2b7a507f181a054feb1e26d54bde215a1930e0ce1147b5b0760
[INFO] running `Command { std: "docker" "create" "-v" "/var/lib/crater-agent-workspace/builds/worker-10/target:/opt/rustwide/target:rw,Z" "-v" "/var/lib/crater-agent-workspace/builds/worker-10/source:/opt/rustwide/workdir:ro,Z" "-v" "/var/lib/crater-agent-workspace/cargo-home:/opt/rustwide/cargo-home:ro,Z" "-v" "/var/lib/crater-agent-workspace/rustup-home:/opt/rustwide/rustup-home:ro,Z" "-e" "SOURCE_DIR=/opt/rustwide/workdir" "-e" "CARGO_TARGET_DIR=/opt/rustwide/target" "-e" "CARGO_INCREMENTAL=0" "-e" "RUST_BACKTRACE=full" "-e" "RUSTFLAGS=--cap-lints=warn" "-e" "CARGO_HOME=/opt/rustwide/cargo-home" "-e" "RUSTUP_HOME=/opt/rustwide/rustup-home" "-w" "/opt/rustwide/workdir" "-m" "1610612736" "--user" "0:0" "--network" "none" "ghcr.io/rust-lang/crates-build-env/linux@sha256:34b6a614d2c27851fe6cbf88fbd1137609cefab8b10d0615aaeb6fd47975d74e" "/opt/rustwide/cargo-home/bin/cargo" "+1.54.0" "test" "--frozen", kill_on_drop: false }`
[INFO] [stdout] a78e7a8e1ecbc15128522f71c018ebef7b4e1d8964dd2b15b87561d0394ab190
[INFO] running `Command { std: "docker" "start" "-a" "a78e7a8e1ecbc15128522f71c018ebef7b4e1d8964dd2b15b87561d0394ab190", kill_on_drop: false }`
[INFO] [stderr]     Finished test [unoptimized + debuginfo] target(s) in 0.01s
[INFO] [stdout] 
[INFO] [stderr]      Running unittests (/opt/rustwide/target/debug/deps/soy-92030eefa26589f7)
[INFO] [stdout] running 0 tests
[INFO] [stderr]    Doc-tests soy
[INFO] [stdout] 
[INFO] [stdout] test result: ok. 0 passed; 0 failed; 0 ignored; 0 measured; 0 filtered out; finished in 0.00s
[INFO] [stdout] 
[INFO] [stdout] 
[INFO] [stdout] running 4 tests
[INFO] [stdout] test src/lib.rs - (line 11) ... FAILED
[INFO] [stdout] test src/bezier.rs - bezier::Bezier::new (line 33) ... ok
[INFO] [stdout] test src/bezier.rs - bezier::cubic_bezier (line 6) ... ok
[INFO] [stdout] test src/lib.rs - lerp (line 41) ... ok
[INFO] [stdout] 
[INFO] [stdout] failures:
[INFO] [stdout] 
[INFO] [stdout] ---- src/lib.rs - (line 11) stdout ----
[INFO] [stdout] error: expected type, found `{`
[INFO] [stdout]   --> src/lib.rs:15:36
[INFO] [stdout]    |
[INFO] [stdout] 6  | impl soy::Lerper for Linear {
[INFO] [stdout]    |                             - while parsing this item list starting here
[INFO] [stdout] 7  |     fn calculate(&self, t: f32) -> {
[INFO] [stdout]    |                                    ^ expected type
[INFO] [stdout] ...
[INFO] [stdout] 10 | }
[INFO] [stdout]    | - the item list ends here
[INFO] [stdout] 
[INFO] [stdout] error[E0046]: not all trait items implemented, missing: `calculate`
[INFO] [stdout]  --> src/lib.rs:14:1
[INFO] [stdout]   |
[INFO] [stdout] 6 | impl soy::Lerper for Linear {
[INFO] [stdout]   | ^^^^^^^^^^^^^^^^^^^^^^^^^^^ missing `calculate` in implementation
[INFO] [stdout]   |
[INFO] [stdout]   = help: implement the missing item: `fn calculate(&self, _: f32) -> f32 { todo!() }`
[INFO] [stdout] 
[INFO] [stdout] error: aborting due to 2 previous errors
[INFO] [stdout] 
[INFO] [stdout] For more information about this error, try `rustc --explain E0046`.
[INFO] [stdout] Couldn't compile the test.
[INFO] [stdout] 
[INFO] [stdout] failures:
[INFO] [stdout]     src/lib.rs - (line 11)
[INFO] [stdout] 
[INFO] [stdout] test result: FAILED. 3 passed; 1 failed; 0 ignored; 0 measured; 0 filtered out; finished in 0.70s
[INFO] [stdout] 
[INFO] [stderr] error: test failed, to rerun pass '--doc'
[INFO] running `Command { std: "docker" "inspect" "a78e7a8e1ecbc15128522f71c018ebef7b4e1d8964dd2b15b87561d0394ab190", kill_on_drop: false }`
[INFO] running `Command { std: "docker" "rm" "-f" "a78e7a8e1ecbc15128522f71c018ebef7b4e1d8964dd2b15b87561d0394ab190", kill_on_drop: false }`
[INFO] [stdout] a78e7a8e1ecbc15128522f71c018ebef7b4e1d8964dd2b15b87561d0394ab190
