[INFO] fetching crate souvlaki 0.4.1...
[INFO] testing souvlaki-0.4.1 against 1.54.0 for beta-1.55-1
[INFO] extracting crate souvlaki 0.4.1 into /workspace/builds/worker-14/source
[INFO] validating manifest of crates.io crate souvlaki 0.4.1 on toolchain 1.54.0
[INFO] running `Command { std: "/workspace/cargo-home/bin/cargo" "+1.54.0" "metadata" "--manifest-path" "Cargo.toml" "--no-deps", kill_on_drop: false }`
[INFO] started tweaking crates.io crate souvlaki 0.4.1
[INFO] finished tweaking crates.io crate souvlaki 0.4.1
[INFO] tweaked toml for crates.io crate souvlaki 0.4.1 written to /workspace/builds/worker-14/source/Cargo.toml
[INFO] crate crates.io crate souvlaki 0.4.1 already has a lockfile, it will not be regenerated
[INFO] running `Command { std: "/workspace/cargo-home/bin/cargo" "+1.54.0" "fetch" "--manifest-path" "Cargo.toml", kill_on_drop: false }`
[INFO] running `Command { std: "docker" "create" "-v" "/var/lib/crater-agent-workspace/builds/worker-14/target:/opt/rustwide/target:rw,Z" "-v" "/var/lib/crater-agent-workspace/builds/worker-14/source:/opt/rustwide/workdir:ro,Z" "-v" "/var/lib/crater-agent-workspace/cargo-home:/opt/rustwide/cargo-home:ro,Z" "-v" "/var/lib/crater-agent-workspace/rustup-home:/opt/rustwide/rustup-home:ro,Z" "-e" "SOURCE_DIR=/opt/rustwide/workdir" "-e" "CARGO_TARGET_DIR=/opt/rustwide/target" "-e" "CARGO_HOME=/opt/rustwide/cargo-home" "-e" "RUSTUP_HOME=/opt/rustwide/rustup-home" "-w" "/opt/rustwide/workdir" "-m" "1610612736" "--user" "0:0" "--network" "none" "ghcr.io/rust-lang/crates-build-env/linux@sha256:34b6a614d2c27851fe6cbf88fbd1137609cefab8b10d0615aaeb6fd47975d74e" "/opt/rustwide/cargo-home/bin/cargo" "+1.54.0" "metadata" "--no-deps" "--format-version=1", kill_on_drop: false }`
[INFO] [stdout] cf62fcf49c406d0ee8bb4f550979b6e89b2852c07406da1b7df769896b9f21f1
[INFO] running `Command { std: "docker" "start" "-a" "cf62fcf49c406d0ee8bb4f550979b6e89b2852c07406da1b7df769896b9f21f1", kill_on_drop: false }`
[INFO] running `Command { std: "docker" "inspect" "cf62fcf49c406d0ee8bb4f550979b6e89b2852c07406da1b7df769896b9f21f1", kill_on_drop: false }`
[INFO] running `Command { std: "docker" "rm" "-f" "cf62fcf49c406d0ee8bb4f550979b6e89b2852c07406da1b7df769896b9f21f1", kill_on_drop: false }`
[INFO] [stdout] cf62fcf49c406d0ee8bb4f550979b6e89b2852c07406da1b7df769896b9f21f1
[INFO] running `Command { std: "docker" "create" "-v" "/var/lib/crater-agent-workspace/builds/worker-14/target:/opt/rustwide/target:rw,Z" "-v" "/var/lib/crater-agent-workspace/builds/worker-14/source:/opt/rustwide/workdir:ro,Z" "-v" "/var/lib/crater-agent-workspace/cargo-home:/opt/rustwide/cargo-home:ro,Z" "-v" "/var/lib/crater-agent-workspace/rustup-home:/opt/rustwide/rustup-home:ro,Z" "-e" "SOURCE_DIR=/opt/rustwide/workdir" "-e" "CARGO_TARGET_DIR=/opt/rustwide/target" "-e" "CARGO_INCREMENTAL=0" "-e" "RUST_BACKTRACE=full" "-e" "RUSTFLAGS=--cap-lints=warn" "-e" "CARGO_HOME=/opt/rustwide/cargo-home" "-e" "RUSTUP_HOME=/opt/rustwide/rustup-home" "-w" "/opt/rustwide/workdir" "-m" "1610612736" "--user" "0:0" "--network" "none" "ghcr.io/rust-lang/crates-build-env/linux@sha256:34b6a614d2c27851fe6cbf88fbd1137609cefab8b10d0615aaeb6fd47975d74e" "/opt/rustwide/cargo-home/bin/cargo" "+1.54.0" "build" "--frozen" "--message-format=json", kill_on_drop: false }`
[INFO] [stdout] 53b1dc1464f98d668ca3b117795aba986ed454c6794e3c7f92a955e0ebe020b3
[INFO] running `Command { std: "docker" "start" "-a" "53b1dc1464f98d668ca3b117795aba986ed454c6794e3c7f92a955e0ebe020b3", kill_on_drop: false }`
[INFO] [stderr]     Blocking waiting for file lock on package cache
[INFO] [stderr]    Compiling libc v0.2.97
[INFO] [stderr]    Compiling souvlaki v0.4.1 (/opt/rustwide/workdir)
[INFO] [stderr]    Compiling libdbus-sys v0.2.1
[INFO] [stderr]    Compiling dbus v0.9.3
[INFO] [stderr]    Compiling dbus-crossroads v0.4.0
[INFO] [stderr]     Finished dev [unoptimized + debuginfo] target(s) in 10.54s
[INFO] running `Command { std: "docker" "inspect" "53b1dc1464f98d668ca3b117795aba986ed454c6794e3c7f92a955e0ebe020b3", kill_on_drop: false }`
[INFO] running `Command { std: "docker" "rm" "-f" "53b1dc1464f98d668ca3b117795aba986ed454c6794e3c7f92a955e0ebe020b3", kill_on_drop: false }`
[INFO] [stdout] 53b1dc1464f98d668ca3b117795aba986ed454c6794e3c7f92a955e0ebe020b3
[INFO] running `Command { std: "docker" "create" "-v" "/var/lib/crater-agent-workspace/builds/worker-14/target:/opt/rustwide/target:rw,Z" "-v" "/var/lib/crater-agent-workspace/builds/worker-14/source:/opt/rustwide/workdir:ro,Z" "-v" "/var/lib/crater-agent-workspace/cargo-home:/opt/rustwide/cargo-home:ro,Z" "-v" "/var/lib/crater-agent-workspace/rustup-home:/opt/rustwide/rustup-home:ro,Z" "-e" "SOURCE_DIR=/opt/rustwide/workdir" "-e" "CARGO_TARGET_DIR=/opt/rustwide/target" "-e" "CARGO_INCREMENTAL=0" "-e" "RUST_BACKTRACE=full" "-e" "RUSTFLAGS=--cap-lints=warn" "-e" "CARGO_HOME=/opt/rustwide/cargo-home" "-e" "RUSTUP_HOME=/opt/rustwide/rustup-home" "-w" "/opt/rustwide/workdir" "-m" "1610612736" "--user" "0:0" "--network" "none" "ghcr.io/rust-lang/crates-build-env/linux@sha256:34b6a614d2c27851fe6cbf88fbd1137609cefab8b10d0615aaeb6fd47975d74e" "/opt/rustwide/cargo-home/bin/cargo" "+1.54.0" "test" "--frozen" "--no-run" "--message-format=json", kill_on_drop: false }`
[INFO] [stdout] c19ffd70a2e399d92f28b4fc2f0467df61eb959c3ffd02bfc2b36ccbb37fd006
[INFO] running `Command { std: "docker" "start" "-a" "c19ffd70a2e399d92f28b4fc2f0467df61eb959c3ffd02bfc2b36ccbb37fd006", kill_on_drop: false }`
[INFO] [stderr]    Compiling proc-macro2 v1.0.24
[INFO] [stderr]    Compiling unicode-xid v0.2.1
[INFO] [stderr]    Compiling xml-rs v0.8.3
[INFO] [stderr]    Compiling crossbeam-utils v0.8.5
[INFO] [stderr]    Compiling nix v0.18.0
[INFO] [stderr]    Compiling version_check v0.9.2
[INFO] [stderr]    Compiling scopeguard v1.1.0
[INFO] [stderr]    Compiling memchr v2.3.4
[INFO] [stderr]    Compiling once_cell v1.5.2
[INFO] [stderr]    Compiling crossbeam-epoch v0.9.5
[INFO] [stderr]    Compiling scoped-tls v1.0.0
[INFO] [stderr]    Compiling crossbeam-queue v0.3.2
[INFO] [stderr]    Compiling downcast-rs v1.2.0
[INFO] [stderr]    Compiling ttf-parser v0.6.2
[INFO] [stderr]    Compiling ab_glyph_rasterizer v0.1.4
[INFO] [stderr]    Compiling same-file v1.0.6
[INFO] [stderr]    Compiling maybe-uninit v2.0.0
[INFO] [stderr]    Compiling xdg v2.2.0
[INFO] [stderr]    Compiling winit v0.25.0
[INFO] [stderr]    Compiling libloading v0.6.7
[INFO] [stderr]    Compiling instant v0.1.9
[INFO] [stderr]    Compiling wayland-sys v0.28.3
[INFO] [stderr]    Compiling memoffset v0.6.4
[INFO] [stderr]    Compiling x11-dl v2.18.5
[INFO] [stderr]    Compiling mio v0.7.13
[INFO] [stderr]    Compiling memmap2 v0.1.0
[INFO] [stderr]    Compiling raw-window-handle v0.3.3
[INFO] [stderr]    Compiling lock_api v0.4.2
[INFO] [stderr]    Compiling parking_lot_core v0.8.2
[INFO] [stderr]    Compiling dlib v0.4.2
[INFO] [stderr]    Compiling walkdir v2.3.1
[INFO] [stderr]    Compiling nom v6.1.0
[INFO] [stderr]    Compiling parking_lot v0.11.1
[INFO] [stderr]    Compiling crossbeam-channel v0.5.1
[INFO] [stderr]    Compiling quote v1.0.8
[INFO] [stderr]    Compiling owned_ttf_parser v0.6.0
[INFO] [stderr]    Compiling crossbeam-deque v0.8.0
[INFO] [stderr]    Compiling rusttype v0.9.2
[INFO] [stderr]    Compiling wayland-scanner v0.28.3
[INFO] [stderr]    Compiling crossbeam v0.8.1
[INFO] [stderr]    Compiling andrew v0.3.1
[INFO] [stderr]    Compiling mio-misc v1.2.1
[INFO] [stderr]    Compiling wayland-client v0.28.3
[INFO] [stderr]    Compiling wayland-protocols v0.28.3
[INFO] [stderr]    Compiling xcursor v0.3.3
[INFO] [stderr]    Compiling wayland-commons v0.28.3
[INFO] [stderr]    Compiling calloop v0.6.5
[INFO] [stderr]    Compiling wayland-cursor v0.28.3
[INFO] [stderr]    Compiling smithay-client-toolkit v0.12.3
[INFO] [stderr]    Compiling souvlaki v0.4.1 (/opt/rustwide/workdir)
[INFO] [stderr]     Finished test [unoptimized + debuginfo] target(s) in 1m 04s
[INFO] running `Command { std: "docker" "inspect" "c19ffd70a2e399d92f28b4fc2f0467df61eb959c3ffd02bfc2b36ccbb37fd006", kill_on_drop: false }`
[INFO] running `Command { std: "docker" "rm" "-f" "c19ffd70a2e399d92f28b4fc2f0467df61eb959c3ffd02bfc2b36ccbb37fd006", kill_on_drop: false }`
[INFO] [stdout] c19ffd70a2e399d92f28b4fc2f0467df61eb959c3ffd02bfc2b36ccbb37fd006
[INFO] running `Command { std: "docker" "create" "-v" "/var/lib/crater-agent-workspace/builds/worker-14/target:/opt/rustwide/target:rw,Z" "-v" "/var/lib/crater-agent-workspace/builds/worker-14/source:/opt/rustwide/workdir:ro,Z" "-v" "/var/lib/crater-agent-workspace/cargo-home:/opt/rustwide/cargo-home:ro,Z" "-v" "/var/lib/crater-agent-workspace/rustup-home:/opt/rustwide/rustup-home:ro,Z" "-e" "SOURCE_DIR=/opt/rustwide/workdir" "-e" "CARGO_TARGET_DIR=/opt/rustwide/target" "-e" "CARGO_INCREMENTAL=0" "-e" "RUST_BACKTRACE=full" "-e" "RUSTFLAGS=--cap-lints=warn" "-e" "CARGO_HOME=/opt/rustwide/cargo-home" "-e" "RUSTUP_HOME=/opt/rustwide/rustup-home" "-w" "/opt/rustwide/workdir" "-m" "1610612736" "--user" "0:0" "--network" "none" "ghcr.io/rust-lang/crates-build-env/linux@sha256:34b6a614d2c27851fe6cbf88fbd1137609cefab8b10d0615aaeb6fd47975d74e" "/opt/rustwide/cargo-home/bin/cargo" "+1.54.0" "test" "--frozen", kill_on_drop: false }`
[INFO] [stdout] 6cc477cd3717dcb9b4a18cbfbab05d08f1474fddb5d6b8d4c14c9eff73c0fb85
[INFO] running `Command { std: "docker" "start" "-a" "6cc477cd3717dcb9b4a18cbfbab05d08f1474fddb5d6b8d4c14c9eff73c0fb85", kill_on_drop: false }`
[INFO] [stderr]     Finished test [unoptimized + debuginfo] target(s) in 0.06s
[INFO] [stderr]      Running unittests (/opt/rustwide/target/debug/deps/souvlaki-b2c63b509b1c9df1)
[INFO] [stdout] 
[INFO] [stdout] running 0 tests
[INFO] [stdout] 
[INFO] [stdout] test result: ok. 0 passed; 0 failed; 0 ignored; 0 measured; 0 filtered out; finished in 0.00s
[INFO] [stdout] 
[INFO] [stderr]    Doc-tests souvlaki
[INFO] [stdout] 
[INFO] [stdout] running 1 test
[INFO] [stdout] test src/lib.rs - (line 45) ... FAILED
[INFO] [stdout] 
[INFO] [stdout] failures:
[INFO] [stdout] 
[INFO] [stdout] ---- src/lib.rs - (line 45) stdout ----
[INFO] [stdout] error[E0599]: no method named `attach` found for enum `Result` in the current scope
[INFO] [stdout]   --> src/lib.rs:70:10
[INFO] [stdout]    |
[INFO] [stdout] 27 |         .attach(|event: MediaControlEvent| println!("Event received: {:?}", event))
[INFO] [stdout]    |          ^^^^^^ method not found in `Result<MediaControls, souvlaki::Error>`
[INFO] [stdout] 
[INFO] [stdout] error[E0599]: no method named `set_metadata` found for enum `Result` in the current scope
[INFO] [stdout]   --> src/lib.rs:75:10
[INFO] [stdout]    |
[INFO] [stdout] 32 |         .set_metadata(MediaMetadata {
[INFO] [stdout]    |          ^^^^^^^^^^^^ method not found in `Result<MediaControls, souvlaki::Error>`
[INFO] [stdout] 
[INFO] [stdout] error: aborting due to 2 previous errors
[INFO] [stdout] 
[INFO] [stdout] For more information about this error, try `rustc --explain E0599`.
[INFO] [stdout] Couldn't compile the test.
[INFO] [stdout] 
[INFO] [stdout] failures:
[INFO] [stdout]     src/lib.rs - (line 45)
[INFO] [stdout] 
[INFO] [stdout] test result: FAILED. 0 passed; 1 failed; 0 ignored; 0 measured; 0 filtered out; finished in 0.14s
[INFO] [stdout] 
[INFO] [stderr] error: test failed, to rerun pass '--doc'
[INFO] running `Command { std: "docker" "inspect" "6cc477cd3717dcb9b4a18cbfbab05d08f1474fddb5d6b8d4c14c9eff73c0fb85", kill_on_drop: false }`
[INFO] running `Command { std: "docker" "rm" "-f" "6cc477cd3717dcb9b4a18cbfbab05d08f1474fddb5d6b8d4c14c9eff73c0fb85", kill_on_drop: false }`
[INFO] [stdout] 6cc477cd3717dcb9b4a18cbfbab05d08f1474fddb5d6b8d4c14c9eff73c0fb85
