[INFO] fetching crate sorting-algorithms 0.1.0...
[INFO] testing sorting-algorithms-0.1.0 against 1.54.0 for beta-1.55-1
[INFO] extracting crate sorting-algorithms 0.1.0 into /workspace/builds/worker-15/source
[INFO] validating manifest of crates.io crate sorting-algorithms 0.1.0 on toolchain 1.54.0
[INFO] running `Command { std: "/workspace/cargo-home/bin/cargo" "+1.54.0" "metadata" "--manifest-path" "Cargo.toml" "--no-deps", kill_on_drop: false }`
[INFO] started tweaking crates.io crate sorting-algorithms 0.1.0
[INFO] finished tweaking crates.io crate sorting-algorithms 0.1.0
[INFO] tweaked toml for crates.io crate sorting-algorithms 0.1.0 written to /workspace/builds/worker-15/source/Cargo.toml
[INFO] running `Command { std: "/workspace/cargo-home/bin/cargo" "+1.54.0" "generate-lockfile" "--manifest-path" "Cargo.toml" "-Zno-index-update", kill_on_drop: false }`
[INFO] running `Command { std: "/workspace/cargo-home/bin/cargo" "+1.54.0" "fetch" "--manifest-path" "Cargo.toml", kill_on_drop: false }`
[INFO] running `Command { std: "docker" "create" "-v" "/var/lib/crater-agent-workspace/builds/worker-15/target:/opt/rustwide/target:rw,Z" "-v" "/var/lib/crater-agent-workspace/builds/worker-15/source:/opt/rustwide/workdir:ro,Z" "-v" "/var/lib/crater-agent-workspace/cargo-home:/opt/rustwide/cargo-home:ro,Z" "-v" "/var/lib/crater-agent-workspace/rustup-home:/opt/rustwide/rustup-home:ro,Z" "-e" "SOURCE_DIR=/opt/rustwide/workdir" "-e" "CARGO_TARGET_DIR=/opt/rustwide/target" "-e" "CARGO_HOME=/opt/rustwide/cargo-home" "-e" "RUSTUP_HOME=/opt/rustwide/rustup-home" "-w" "/opt/rustwide/workdir" "-m" "1610612736" "--user" "0:0" "--network" "none" "ghcr.io/rust-lang/crates-build-env/linux@sha256:34b6a614d2c27851fe6cbf88fbd1137609cefab8b10d0615aaeb6fd47975d74e" "/opt/rustwide/cargo-home/bin/cargo" "+1.54.0" "metadata" "--no-deps" "--format-version=1", kill_on_drop: false }`
[INFO] [stdout] cf7e0e565cbe4344314913cdd607e43ba4980a6030048e2430346daf8ef2a146
[INFO] running `Command { std: "docker" "start" "-a" "cf7e0e565cbe4344314913cdd607e43ba4980a6030048e2430346daf8ef2a146", kill_on_drop: false }`
[INFO] running `Command { std: "docker" "inspect" "cf7e0e565cbe4344314913cdd607e43ba4980a6030048e2430346daf8ef2a146", kill_on_drop: false }`
[INFO] running `Command { std: "docker" "rm" "-f" "cf7e0e565cbe4344314913cdd607e43ba4980a6030048e2430346daf8ef2a146", kill_on_drop: false }`
[INFO] [stdout] cf7e0e565cbe4344314913cdd607e43ba4980a6030048e2430346daf8ef2a146
[INFO] running `Command { std: "docker" "create" "-v" "/var/lib/crater-agent-workspace/builds/worker-15/target:/opt/rustwide/target:rw,Z" "-v" "/var/lib/crater-agent-workspace/builds/worker-15/source:/opt/rustwide/workdir:ro,Z" "-v" "/var/lib/crater-agent-workspace/cargo-home:/opt/rustwide/cargo-home:ro,Z" "-v" "/var/lib/crater-agent-workspace/rustup-home:/opt/rustwide/rustup-home:ro,Z" "-e" "SOURCE_DIR=/opt/rustwide/workdir" "-e" "CARGO_TARGET_DIR=/opt/rustwide/target" "-e" "CARGO_INCREMENTAL=0" "-e" "RUST_BACKTRACE=full" "-e" "RUSTFLAGS=--cap-lints=warn" "-e" "CARGO_HOME=/opt/rustwide/cargo-home" "-e" "RUSTUP_HOME=/opt/rustwide/rustup-home" "-w" "/opt/rustwide/workdir" "-m" "1610612736" "--user" "0:0" "--network" "none" "ghcr.io/rust-lang/crates-build-env/linux@sha256:34b6a614d2c27851fe6cbf88fbd1137609cefab8b10d0615aaeb6fd47975d74e" "/opt/rustwide/cargo-home/bin/cargo" "+1.54.0" "build" "--frozen" "--message-format=json", kill_on_drop: false }`
[INFO] [stdout] 1a9dba16f5da4d4796b2e71d51f1af1e1b6409ef83368977a184323f35df42c1
[INFO] running `Command { std: "docker" "start" "-a" "1a9dba16f5da4d4796b2e71d51f1af1e1b6409ef83368977a184323f35df42c1", kill_on_drop: false }`
[INFO] [stderr]    Compiling sorting-algorithms v0.1.0 (/opt/rustwide/workdir)
[INFO] [stderr]     Finished dev [unoptimized + debuginfo] target(s) in 0.81s
[INFO] running `Command { std: "docker" "inspect" "1a9dba16f5da4d4796b2e71d51f1af1e1b6409ef83368977a184323f35df42c1", kill_on_drop: false }`
[INFO] running `Command { std: "docker" "rm" "-f" "1a9dba16f5da4d4796b2e71d51f1af1e1b6409ef83368977a184323f35df42c1", kill_on_drop: false }`
[INFO] [stdout] 1a9dba16f5da4d4796b2e71d51f1af1e1b6409ef83368977a184323f35df42c1
[INFO] running `Command { std: "docker" "create" "-v" "/var/lib/crater-agent-workspace/builds/worker-15/target:/opt/rustwide/target:rw,Z" "-v" "/var/lib/crater-agent-workspace/builds/worker-15/source:/opt/rustwide/workdir:ro,Z" "-v" "/var/lib/crater-agent-workspace/cargo-home:/opt/rustwide/cargo-home:ro,Z" "-v" "/var/lib/crater-agent-workspace/rustup-home:/opt/rustwide/rustup-home:ro,Z" "-e" "SOURCE_DIR=/opt/rustwide/workdir" "-e" "CARGO_TARGET_DIR=/opt/rustwide/target" "-e" "CARGO_INCREMENTAL=0" "-e" "RUST_BACKTRACE=full" "-e" "RUSTFLAGS=--cap-lints=warn" "-e" "CARGO_HOME=/opt/rustwide/cargo-home" "-e" "RUSTUP_HOME=/opt/rustwide/rustup-home" "-w" "/opt/rustwide/workdir" "-m" "1610612736" "--user" "0:0" "--network" "none" "ghcr.io/rust-lang/crates-build-env/linux@sha256:34b6a614d2c27851fe6cbf88fbd1137609cefab8b10d0615aaeb6fd47975d74e" "/opt/rustwide/cargo-home/bin/cargo" "+1.54.0" "test" "--frozen" "--no-run" "--message-format=json", kill_on_drop: false }`
[INFO] [stdout] d56d6ea1834be690f88924b0a4f5d2f5d23f85245fc537eb786ceaa22e668802
[INFO] running `Command { std: "docker" "start" "-a" "d56d6ea1834be690f88924b0a4f5d2f5d23f85245fc537eb786ceaa22e668802", kill_on_drop: false }`
[INFO] [stderr]    Compiling sorting-algorithms v0.1.0 (/opt/rustwide/workdir)
[INFO] [stderr]     Finished test [unoptimized + debuginfo] target(s) in 0.71s
[INFO] running `Command { std: "docker" "inspect" "d56d6ea1834be690f88924b0a4f5d2f5d23f85245fc537eb786ceaa22e668802", kill_on_drop: false }`
[INFO] running `Command { std: "docker" "rm" "-f" "d56d6ea1834be690f88924b0a4f5d2f5d23f85245fc537eb786ceaa22e668802", kill_on_drop: false }`
[INFO] [stdout] d56d6ea1834be690f88924b0a4f5d2f5d23f85245fc537eb786ceaa22e668802
[INFO] running `Command { std: "docker" "create" "-v" "/var/lib/crater-agent-workspace/builds/worker-15/target:/opt/rustwide/target:rw,Z" "-v" "/var/lib/crater-agent-workspace/builds/worker-15/source:/opt/rustwide/workdir:ro,Z" "-v" "/var/lib/crater-agent-workspace/cargo-home:/opt/rustwide/cargo-home:ro,Z" "-v" "/var/lib/crater-agent-workspace/rustup-home:/opt/rustwide/rustup-home:ro,Z" "-e" "SOURCE_DIR=/opt/rustwide/workdir" "-e" "CARGO_TARGET_DIR=/opt/rustwide/target" "-e" "CARGO_INCREMENTAL=0" "-e" "RUST_BACKTRACE=full" "-e" "RUSTFLAGS=--cap-lints=warn" "-e" "CARGO_HOME=/opt/rustwide/cargo-home" "-e" "RUSTUP_HOME=/opt/rustwide/rustup-home" "-w" "/opt/rustwide/workdir" "-m" "1610612736" "--user" "0:0" "--network" "none" "ghcr.io/rust-lang/crates-build-env/linux@sha256:34b6a614d2c27851fe6cbf88fbd1137609cefab8b10d0615aaeb6fd47975d74e" "/opt/rustwide/cargo-home/bin/cargo" "+1.54.0" "test" "--frozen", kill_on_drop: false }`
[INFO] [stdout] 053fe5b5d0d66e664bbbea6b07c7152c0a85adad89004796f6eddfc0bce69c74
[INFO] running `Command { std: "docker" "start" "-a" "053fe5b5d0d66e664bbbea6b07c7152c0a85adad89004796f6eddfc0bce69c74", kill_on_drop: false }`
[INFO] [stderr]     Finished test [unoptimized + debuginfo] target(s) in 0.03s
[INFO] [stderr]      Running unittests (/opt/rustwide/target/debug/deps/sorting_algorithms-24e4bb352f87e817)
[INFO] [stdout] 
[INFO] [stdout] running 6 tests
[INFO] [stdout] test tests::test_bubble_sort ... ok
[INFO] [stdout] test tests::test_bubble_sort_with_empty_array ... ok
[INFO] [stdout] test tests::test_bubble_sort_with_vec ... ok
[INFO] [stdout] test tests::test_bubble_sort_with_single_element_array ... ok
[INFO] [stderr]    Doc-tests sorting-algorithms
[INFO] [stdout] test tests::test_bubble_sort_with_ordered_array ... ok
[INFO] [stdout] test tests::test_bubble_sort_with_reverse_ordered_array ... ok
[INFO] [stdout] 
[INFO] [stdout] test result: ok. 6 passed; 0 failed; 0 ignored; 0 measured; 0 filtered out; finished in 0.00s
[INFO] [stdout] 
[INFO] [stdout] 
[INFO] [stdout] running 1 test
[INFO] [stdout] test src/lib.rs - bubble_sort (line 31) ... FAILED
[INFO] [stdout] 
[INFO] [stdout] failures:
[INFO] [stdout] 
[INFO] [stdout] ---- src/lib.rs - bubble_sort (line 31) stdout ----
[INFO] [stdout] error[E0432]: unresolved import `bubble_sort`
[INFO] [stdout]  --> src/lib.rs:32:5
[INFO] [stdout]   |
[INFO] [stdout] 3 | use bubble_sort::bubble_sort;
[INFO] [stdout]   |     ^^^^^^^^^^^ use of undeclared crate or module `bubble_sort`
[INFO] [stdout] 
[INFO] [stdout] error: aborting due to previous error
[INFO] [stdout] 
[INFO] [stdout] For more information about this error, try `rustc --explain E0432`.
[INFO] [stdout] Couldn't compile the test.
[INFO] [stdout] 
[INFO] [stdout] failures:
[INFO] [stdout]     src/lib.rs - bubble_sort (line 31)
[INFO] [stdout] 
[INFO] [stdout] test result: FAILED. 0 passed; 1 failed; 0 ignored; 0 measured; 0 filtered out; finished in 0.10s
[INFO] [stdout] 
[INFO] [stderr] error: test failed, to rerun pass '--doc'
[INFO] running `Command { std: "docker" "inspect" "053fe5b5d0d66e664bbbea6b07c7152c0a85adad89004796f6eddfc0bce69c74", kill_on_drop: false }`
[INFO] running `Command { std: "docker" "rm" "-f" "053fe5b5d0d66e664bbbea6b07c7152c0a85adad89004796f6eddfc0bce69c74", kill_on_drop: false }`
[INFO] [stdout] 053fe5b5d0d66e664bbbea6b07c7152c0a85adad89004796f6eddfc0bce69c74
