[INFO] fetching crate sophia_api 0.7.0...
[INFO] testing sophia_api-0.7.0 against 1.54.0 for beta-1.55-1
[INFO] extracting crate sophia_api 0.7.0 into /workspace/builds/worker-9/source
[INFO] validating manifest of crates.io crate sophia_api 0.7.0 on toolchain 1.54.0
[INFO] running `Command { std: "/workspace/cargo-home/bin/cargo" "+1.54.0" "metadata" "--manifest-path" "Cargo.toml" "--no-deps", kill_on_drop: false }`
[INFO] started tweaking crates.io crate sophia_api 0.7.0
[INFO] finished tweaking crates.io crate sophia_api 0.7.0
[INFO] tweaked toml for crates.io crate sophia_api 0.7.0 written to /workspace/builds/worker-9/source/Cargo.toml
[INFO] running `Command { std: "/workspace/cargo-home/bin/cargo" "+1.54.0" "generate-lockfile" "--manifest-path" "Cargo.toml" "-Zno-index-update", kill_on_drop: false }`
[INFO] running `Command { std: "/workspace/cargo-home/bin/cargo" "+1.54.0" "fetch" "--manifest-path" "Cargo.toml", kill_on_drop: false }`
[INFO] running `Command { std: "docker" "create" "-v" "/var/lib/crater-agent-workspace/builds/worker-9/target:/opt/rustwide/target:rw,Z" "-v" "/var/lib/crater-agent-workspace/builds/worker-9/source:/opt/rustwide/workdir:ro,Z" "-v" "/var/lib/crater-agent-workspace/cargo-home:/opt/rustwide/cargo-home:ro,Z" "-v" "/var/lib/crater-agent-workspace/rustup-home:/opt/rustwide/rustup-home:ro,Z" "-e" "SOURCE_DIR=/opt/rustwide/workdir" "-e" "CARGO_TARGET_DIR=/opt/rustwide/target" "-e" "CARGO_HOME=/opt/rustwide/cargo-home" "-e" "RUSTUP_HOME=/opt/rustwide/rustup-home" "-w" "/opt/rustwide/workdir" "-m" "1610612736" "--user" "0:0" "--network" "none" "ghcr.io/rust-lang/crates-build-env/linux@sha256:34b6a614d2c27851fe6cbf88fbd1137609cefab8b10d0615aaeb6fd47975d74e" "/opt/rustwide/cargo-home/bin/cargo" "+1.54.0" "metadata" "--no-deps" "--format-version=1", kill_on_drop: false }`
[INFO] [stdout] 1db26dd162a4859963bece97859ee40152b97af08557e6399a0c43f45baab302
[INFO] running `Command { std: "docker" "start" "-a" "1db26dd162a4859963bece97859ee40152b97af08557e6399a0c43f45baab302", kill_on_drop: false }`
[INFO] running `Command { std: "docker" "inspect" "1db26dd162a4859963bece97859ee40152b97af08557e6399a0c43f45baab302", kill_on_drop: false }`
[INFO] running `Command { std: "docker" "rm" "-f" "1db26dd162a4859963bece97859ee40152b97af08557e6399a0c43f45baab302", kill_on_drop: false }`
[INFO] [stdout] 1db26dd162a4859963bece97859ee40152b97af08557e6399a0c43f45baab302
[INFO] running `Command { std: "docker" "create" "-v" "/var/lib/crater-agent-workspace/builds/worker-9/target:/opt/rustwide/target:rw,Z" "-v" "/var/lib/crater-agent-workspace/builds/worker-9/source:/opt/rustwide/workdir:ro,Z" "-v" "/var/lib/crater-agent-workspace/cargo-home:/opt/rustwide/cargo-home:ro,Z" "-v" "/var/lib/crater-agent-workspace/rustup-home:/opt/rustwide/rustup-home:ro,Z" "-e" "SOURCE_DIR=/opt/rustwide/workdir" "-e" "CARGO_TARGET_DIR=/opt/rustwide/target" "-e" "CARGO_INCREMENTAL=0" "-e" "RUST_BACKTRACE=full" "-e" "RUSTFLAGS=--cap-lints=warn" "-e" "CARGO_HOME=/opt/rustwide/cargo-home" "-e" "RUSTUP_HOME=/opt/rustwide/rustup-home" "-w" "/opt/rustwide/workdir" "-m" "1610612736" "--user" "0:0" "--network" "none" "ghcr.io/rust-lang/crates-build-env/linux@sha256:34b6a614d2c27851fe6cbf88fbd1137609cefab8b10d0615aaeb6fd47975d74e" "/opt/rustwide/cargo-home/bin/cargo" "+1.54.0" "build" "--frozen" "--message-format=json", kill_on_drop: false }`
[INFO] [stdout] 5b161b53f8c6f2c816a81b7ae04a45672719cebfb818ff8e3c8acce273a75908
[INFO] running `Command { std: "docker" "start" "-a" "5b161b53f8c6f2c816a81b7ae04a45672719cebfb818ff8e3c8acce273a75908", kill_on_drop: false }`
[INFO] [stderr]    Compiling syn v1.0.74
[INFO] [stderr]    Compiling mownstr v0.1.1
[INFO] [stderr]    Compiling resiter v0.4.0
[INFO] [stderr]    Compiling thiserror-impl v1.0.26
[INFO] [stderr]    Compiling thiserror v1.0.26
[INFO] [stderr]    Compiling sophia_iri v0.7.0
[INFO] [stderr]    Compiling sophia_api v0.7.0 (/opt/rustwide/workdir)
[INFO] [stderr]     Finished dev [unoptimized + debuginfo] target(s) in 10.93s
[INFO] running `Command { std: "docker" "inspect" "5b161b53f8c6f2c816a81b7ae04a45672719cebfb818ff8e3c8acce273a75908", kill_on_drop: false }`
[INFO] running `Command { std: "docker" "rm" "-f" "5b161b53f8c6f2c816a81b7ae04a45672719cebfb818ff8e3c8acce273a75908", kill_on_drop: false }`
[INFO] [stdout] 5b161b53f8c6f2c816a81b7ae04a45672719cebfb818ff8e3c8acce273a75908
[INFO] running `Command { std: "docker" "create" "-v" "/var/lib/crater-agent-workspace/builds/worker-9/target:/opt/rustwide/target:rw,Z" "-v" "/var/lib/crater-agent-workspace/builds/worker-9/source:/opt/rustwide/workdir:ro,Z" "-v" "/var/lib/crater-agent-workspace/cargo-home:/opt/rustwide/cargo-home:ro,Z" "-v" "/var/lib/crater-agent-workspace/rustup-home:/opt/rustwide/rustup-home:ro,Z" "-e" "SOURCE_DIR=/opt/rustwide/workdir" "-e" "CARGO_TARGET_DIR=/opt/rustwide/target" "-e" "CARGO_INCREMENTAL=0" "-e" "RUST_BACKTRACE=full" "-e" "RUSTFLAGS=--cap-lints=warn" "-e" "CARGO_HOME=/opt/rustwide/cargo-home" "-e" "RUSTUP_HOME=/opt/rustwide/rustup-home" "-w" "/opt/rustwide/workdir" "-m" "1610612736" "--user" "0:0" "--network" "none" "ghcr.io/rust-lang/crates-build-env/linux@sha256:34b6a614d2c27851fe6cbf88fbd1137609cefab8b10d0615aaeb6fd47975d74e" "/opt/rustwide/cargo-home/bin/cargo" "+1.54.0" "test" "--frozen" "--no-run" "--message-format=json", kill_on_drop: false }`
[INFO] [stdout] ebc9988b439e5b73642f6095ebc6f8df61b020ede8158962cad2d493b3071618
[INFO] running `Command { std: "docker" "start" "-a" "ebc9988b439e5b73642f6095ebc6f8df61b020ede8158962cad2d493b3071618", kill_on_drop: false }`
[INFO] [stderr]    Compiling weak-table v0.3.0
[INFO] [stderr]    Compiling oxilangtag v0.1.2
[INFO] [stderr]    Compiling test-case v1.2.0
[INFO] [stderr]    Compiling sophia_api v0.7.0
[INFO] [stderr]    Compiling sophia_term v0.7.0
[INFO] [stderr]    Compiling sophia_api v0.7.0 (/opt/rustwide/workdir)
[INFO] [stderr]     Finished test [unoptimized + debuginfo] target(s) in 9.03s
[INFO] running `Command { std: "docker" "inspect" "ebc9988b439e5b73642f6095ebc6f8df61b020ede8158962cad2d493b3071618", kill_on_drop: false }`
[INFO] running `Command { std: "docker" "rm" "-f" "ebc9988b439e5b73642f6095ebc6f8df61b020ede8158962cad2d493b3071618", kill_on_drop: false }`
[INFO] [stdout] ebc9988b439e5b73642f6095ebc6f8df61b020ede8158962cad2d493b3071618
[INFO] running `Command { std: "docker" "create" "-v" "/var/lib/crater-agent-workspace/builds/worker-9/target:/opt/rustwide/target:rw,Z" "-v" "/var/lib/crater-agent-workspace/builds/worker-9/source:/opt/rustwide/workdir:ro,Z" "-v" "/var/lib/crater-agent-workspace/cargo-home:/opt/rustwide/cargo-home:ro,Z" "-v" "/var/lib/crater-agent-workspace/rustup-home:/opt/rustwide/rustup-home:ro,Z" "-e" "SOURCE_DIR=/opt/rustwide/workdir" "-e" "CARGO_TARGET_DIR=/opt/rustwide/target" "-e" "CARGO_INCREMENTAL=0" "-e" "RUST_BACKTRACE=full" "-e" "RUSTFLAGS=--cap-lints=warn" "-e" "CARGO_HOME=/opt/rustwide/cargo-home" "-e" "RUSTUP_HOME=/opt/rustwide/rustup-home" "-w" "/opt/rustwide/workdir" "-m" "1610612736" "--user" "0:0" "--network" "none" "ghcr.io/rust-lang/crates-build-env/linux@sha256:34b6a614d2c27851fe6cbf88fbd1137609cefab8b10d0615aaeb6fd47975d74e" "/opt/rustwide/cargo-home/bin/cargo" "+1.54.0" "test" "--frozen", kill_on_drop: false }`
[INFO] [stdout] d6fc564505cb7841cb32422de4b8b88c97afd54ecb7246167347aff91a10f9f8
[INFO] running `Command { std: "docker" "start" "-a" "d6fc564505cb7841cb32422de4b8b88c97afd54ecb7246167347aff91a10f9f8", kill_on_drop: false }`
[INFO] [stderr]     Finished test [unoptimized + debuginfo] target(s) in 0.03s
[INFO] [stdout] 
[INFO] [stderr]      Running unittests (/opt/rustwide/target/debug/deps/sophia_api-13bda00ac90d2247)
[INFO] [stdout] running 318 tests
[INFO] [stdout] test dataset::_isomorphism::test::cycle_pathological ... ignored
[INFO] [stdout] test dataset::_ext_impl::test::test_slice ... ok
[INFO] [stdout] test dataset::adapter::_dataset_graph::test::dflt_graph::test_bnodes ... ok
[INFO] [stdout] test dataset::adapter::_dataset_graph::test::dflt_graph::test_remove_matching ... ok
[INFO] [stdout] test dataset::adapter::_dataset_graph::test::dflt_graph::test_triples_matching ... ok
[INFO] [stdout] test dataset::adapter::_dataset_graph::test::dflt_graph::test_triples_with_p ... ok
[INFO] [stdout] test dataset::adapter::_dataset_graph::test::dflt_graph::test_triples_with_po ... ok
[INFO] [stdout] test dataset::adapter::_dataset_graph::test::dflt_graph::test_triples_with_s ... ok
[INFO] [stdout] test dataset::adapter::_dataset_graph::test::dflt_graph::test_triples_with_so ... ok
[INFO] [stdout] test dataset::adapter::_graph_as_dataset::test::gdg::test_contains ... ok
[INFO] [stdout] test dataset::adapter::_dataset_graph::test::dflt_graph::test_variables ... ok
[INFO] [stdout] test dataset::adapter::_graph_as_dataset::test::gdg::test_bnodes ... ok
[INFO] [stdout] test dataset::adapter::_graph_as_dataset::test::as_dataset_mut ... ok
[INFO] [stdout] test dataset::adapter::_graph_as_dataset::test::gdg::test_iris ... ok
[INFO] [stdout] test dataset::adapter::_dataset_graph::test::dflt_graph::test_x_all_mutations ... ok
[INFO] [stdout] test dataset::adapter::_dataset_graph::test::dflt_graph::test_triples_with_spo ... ok
[INFO] [stdout] test dataset::_isomorphism::test::cycle_almost_pathological ... ok
[INFO] [stdout] test dataset::adapter::_graph_as_dataset::test::as_dataset ... ok
[INFO] [stdout] test dataset::adapter::_dataset_graph::test::dflt_graph::test_triples_with_sp ... ok
[INFO] [stdout] test dataset::adapter::_dataset_graph::test::dflt_graph::test_objects ... ok
[INFO] [stdout] test dataset::_isomorphism::test::cycle_long ... ok
[INFO] [stdout] test dataset::_isomorphism::test::simple ... ok
[INFO] [stdout] test dataset::_isomorphism::test::predicate_and_gname ... ok
[INFO] [stdout] test dataset::adapter::_dataset_graph::test::dflt_graph::test_contains ... ok
[INFO] [stdout] test dataset::adapter::_dataset_graph::test::dflt_graph::test_iris ... ok
[INFO] [stdout] test dataset::adapter::_dataset_graph::test::dflt_graph::test_literals ... ok
[INFO] [stdout] test dataset::adapter::_dataset_graph::test::dflt_graph::test_no_duplicate ... ok
[INFO] [stdout] test dataset::_isomorphism::test::cycle2 ... ok
[INFO] [stdout] test dataset::adapter::_dataset_graph::test::dflt_graph::test_triples_with_o ... ok
[INFO] [stdout] test dataset::_isomorphism::test::chain ... ok
[INFO] [stdout] test dataset::adapter::_dataset_graph::test::dflt_graph::test_triples ... ok
[INFO] [stdout] test dataset::adapter::_graph_as_dataset::test::gdg::test_literals ... ok
[INFO] [stdout] test dataset::adapter::_dataset_graph::test::dflt_graph::test_subjects ... ok
[INFO] [stdout] test dataset::adapter::_dataset_graph::test::dflt_graph::test_simple_mutations ... ok
[INFO] [stdout] test dataset::adapter::_dataset_graph::test::dflt_graph::test_predicates ... ok
[INFO] [stdout] test dataset::adapter::_dataset_graph::test::dflt_graph::test_retain_matching ... ok
[INFO] [stdout] test dataset::adapter::_dataset_graph::test::test_graph_default ... ok
[INFO] [stdout] test graph::_isomorphism::test::cycle_pathological ... ignored
[INFO] [stdout] test dataset::adapter::_graph_as_dataset::test::gdg::test_predicates ... ok
[INFO] [stdout] test dataset::adapter::_graph_as_dataset::test::gdg::test_triples ... ok
[INFO] [stdout] test dataset::adapter::_graph_as_dataset::test::gdg::test_triples_with_so ... ok
[INFO] [stdout] test dataset::adapter::_graph_as_dataset::test::test_invalid_graph_name ... ok
[INFO] [stdout] test graph::_isomorphism::test::cycle2 ... ok
[INFO] [stdout] test dataset::adapter::_graph_as_dataset::test::gdg::test_triples_with_o ... ok
[INFO] [stdout] test dataset::adapter::_graph_as_dataset::test::gdg::test_triples_with_spo ... ok
[INFO] [stdout] test dataset::adapter::_graph_as_dataset::test::gdg::test_triples_with_sp ... ok
[INFO] [stdout] test dataset::adapter::_graph_as_dataset::test::gdg::test_triples_with_p ... ok
[INFO] [stdout] test dataset::adapter::_graph_as_dataset::test::gdg::test_objects ... ok
[INFO] [stdout] test dataset::adapter::_graph_as_dataset::test::gdg::test_triples_matching ... ok
[INFO] [stdout] test dataset::adapter::_graph_as_dataset::test::gdg::test_subjects ... ok
[INFO] [stdout] test dataset::adapter::_graph_as_dataset::test::gdg::test_triples_with_po ... ok
[INFO] [stdout] test dataset::adapter::_graph_as_dataset::test::gdg::test_triples_with_s ... ok
[INFO] [stdout] test graph::_isomorphism::test::predicate ... ok
[INFO] [stdout] test graph::_isomorphism::test::clique ... ok
[INFO] [stdout] test graph::_isomorphism::test::cycle_almost_pathological ... ok
[INFO] [stdout] test graph::_isomorphism::test::simple ... ok
[INFO] [stdout] test graph::_isomorphism::test::chain ... ok
[INFO] [stdout] test dataset::adapter::_graph_as_dataset::test::into_dataset ... ok
[INFO] [stdout] test graph::_ext_impl::test::test_slice ... ok
[INFO] [stdout] test dataset::adapter::_graph_as_dataset::test::gdg::test_variables ... ok
[INFO] [stdout] test graph::_isomorphism::test::tree ... ok
[INFO] [stdout] test graph::_isomorphism::test::cycle_long ... ok
[INFO] [stdout] test dataset::_isomorphism::test::clique ... ok
[INFO] [stdout] test dataset::_isomorphism::test::tree ... ok
[INFO] [stdout] test ns::owl::test_valid_iri::propertyDisjointWith ... ok
[INFO] [stdout] test ns::owl::test_valid_iri::oneOf ... ok
[INFO] [stdout] test ns::owl::test_valid_iri::distinctMembers ... ok
[INFO] [stdout] test ns::owl::test_valid_iri::onProperty ... ok
[INFO] [stdout] test ns::owl::test_valid_iri::onClass ... ok
[INFO] [stdout] test ns::owl::test_valid_iri::members ... ok
[INFO] [stdout] test ns::owl::test_valid_iri::maxQualifiedCardinality ... ok
[INFO] [stdout] test ns::owl::test_valid_iri::maxCardinality ... ok
[INFO] [stdout] test ns::owl::test_valid_iri::FunctionalProperty ... ok
[INFO] [stdout] test ns::owl::test_valid_iri::allValuesFrom ... ok
[INFO] [stdout] test ns::owl::test_valid_iri::AllDisjointClasses ... ok
[INFO] [stdout] test ns::owl::test_valid_iri::AllDifferent ... ok
[INFO] [stdout] test ns::owl::test_valid_iri::TransitiveProperty ... ok
[INFO] [stdout] test ns::owl::test_valid_iri::IrreflexiveProperty ... ok
[INFO] [stdout] test ns::owl::test_valid_iri::Class ... ok
[INFO] [stdout] test ns::owl::test_valid_iri::complementOf ... ok
[INFO] [stdout] test ns::owl::test_valid_iri::Thing ... ok
[INFO] [stdout] test ns::owl::test_valid_iri::Nothing ... ok
[INFO] [stdout] test ns::owl::test_valid_iri::differentFrom ... ok
[INFO] [stdout] test ns::owl::test_valid_iri::SymmetricProperty ... ok
[INFO] [stdout] test ns::owl::test_valid_iri::DatatypeProperty ... ok
[INFO] [stdout] test ns::owl::test_valid_iri::targetIndividual ... ok
[INFO] [stdout] test ns::owl::test_valid_iri::assertionProperty ... ok
[INFO] [stdout] test ns::owl::test_valid_iri::sameAs ... ok
[INFO] [stdout] test ns::rdf::test_valid_iri::PlainLiteral ... ok
[INFO] [stdout] test ns::owl::test_valid_iri::intersectionOf ... ok
[INFO] [stdout] test ns::rdf::test_valid_iri::Property ... ok
[INFO] [stdout] test ns::rdf::test_valid_iri::RDF ... ok
[INFO] [stdout] test ns::owl::test_valid_iri::someValuesFrom ... ok
[INFO] [stdout] test ns::rdf::test_valid_iri::aboutEachPrefix ... ok
[INFO] [stdout] test ns::rdf::test_valid_iri::language ... ok
[INFO] [stdout] test ns::rdf::test_valid_iri::li ... ok
[INFO] [stdout] test ns::rdf::test_valid_iri::nil ... ok
[INFO] [stdout] test ns::owl::test_valid_iri::unionOf ... ok
[INFO] [stdout] test ns::owl::test_valid_iri::ObjectProperty ... ok
[INFO] [stdout] test ns::rdf::test_valid_iri::object ... ok
[INFO] [stdout] test ns::rdf::test_valid_iri::JSON ... ok
[INFO] [stdout] test ns::owl::test_valid_iri::disjointWith ... ok
[INFO] [stdout] test ns::rdf::test_valid_iri::rest ... ok
[INFO] [stdout] test ns::rdf::test_valid_iri::type_ ... ok
[INFO] [stdout] test ns::rdf::test_valid_iri::value ... ok
[INFO] [stdout] test ns::rdfs::test_valid_iri::Class ... ok
[INFO] [stdout] test ns::rdfs::test_valid_iri::Class ... ok
[INFO] [stdout] test ns::rdfs::test_valid_iri::Container ... ok
[INFO] [stdout] test ns::rdfs::test_valid_iri::ContainerMembershipProperty ... ok
[INFO] [stdout] test ns::rdfs::test_valid_iri::Datatype ... ok
[INFO] [stdout] test ns::rdf::test_valid_iri::Alt ... ok
[INFO] [stdout] test ns::owl::test_valid_iri::Nothing ... ok
[INFO] [stdout] test ns::rdf::test_valid_iri::Description ... ok
[INFO] [stdout] test ns::rdf::test_valid_iri::nodeID ... ok
[INFO] [stdout] test ns::rdf::test_valid_iri::about ... ok
[INFO] [stdout] test ns::rdf::test_valid_iri::aboutEach ... ok
[INFO] [stdout] test ns::rdf::test_valid_iri::resource ... ok
[INFO] [stdout] test ns::rdf::test_valid_iri::Statement ... ok
[INFO] [stdout] test ns::rdf::test_valid_iri::ID ... ok
[INFO] [stdout] test ns::rdf::test_valid_iri::List ... ok
[INFO] [stdout] test ns::owl::test_valid_iri::propertyChainAxiom ... ok
[INFO] [stdout] test ns::owl::test_valid_iri::sourceIndividual ... ok
[INFO] [stdout] test ns::rdf::test_valid_iri::HTML ... ok
[INFO] [stdout] test ns::rdf::test_valid_iri::langString ... ok
[INFO] [stdout] test ns::rdf::test_valid_iri::predicate ... ok
[INFO] [stdout] test ns::rdf::test_valid_iri::Bag ... ok
[INFO] [stdout] test ns::owl::test_valid_iri::InverseFunctionalProperty ... ok
[INFO] [stdout] test ns::rdf::test_valid_iri::Alt ... ok
[INFO] [stdout] test ns::rdfs::test_valid_iri::Literal ... ok
[INFO] [stdout] test ns::owl::test_valid_iri::equivalentProperty ... ok
[INFO] [stdout] test ns::rdf::test_valid_iri::direction ... ok
[INFO] [stdout] test ns::rdf::test_valid_iri::subject ... ok
[INFO] [stdout] test ns::rdf::test_valid_iri::Seq ... ok
[INFO] [stdout] test ns::owl::test_valid_iri::AnnotationProperty ... ok
[INFO] [stdout] test ns::owl::test_valid_iri::inverseOf ... ok
[INFO] [stdout] test ns::owl::test_valid_iri::equivalentClass ... ok
[INFO] [stdout] test ns::rdf::test_valid_iri::XMLLiteral ... ok
[INFO] [stdout] test ns::rdf::test_valid_iri::bagID ... ok
[INFO] [stdout] test ns::rdf::test_valid_iri::parseType ... ok
[INFO] [stdout] test ns::rdf::test_valid_iri::first ... ok
[INFO] [stdout] test ns::owl::test_valid_iri::targetValue ... ok
[INFO] [stdout] test ns::rdfs::test_valid_iri::domain ... ok
[INFO] [stdout] test ns::rdfs::test_valid_iri::label ... ok
[INFO] [stdout] test ns::xml::test_valid_iri::lang ... ok
[INFO] [stdout] test ns::xsd::test_valid_iri::IDREF ... ok
[INFO] [stdout] test ns::xsd::test_valid_iri::ENTITY ... ok
[INFO] [stdout] test ns::xsd::test_valid_iri::NMTOKENS ... ok
[INFO] [stdout] test ns::xsd::test_valid_iri::QName ... ok
[INFO] [stdout] test ns::xsd::test_valid_iri::NMTOKEN ... ok
[INFO] [stdout] test ns::rdfs::test_valid_iri::member ... ok
[INFO] [stdout] test ns::xsd::test_valid_iri::boolean ... ok
[INFO] [stdout] test ns::xsd::test_valid_iri::byte ... ok
[INFO] [stdout] test ns::rdfs::test_valid_iri::Resource ... ok
[INFO] [stdout] test ns::xsd::test_valid_iri::anyType ... ok
[INFO] [stdout] test ns::xsd::test_valid_iri::anyURI ... ok
[INFO] [stdout] test ns::xsd::test_valid_iri::NOTATION ... ok
[INFO] [stdout] test ns::xsd::test_valid_iri::Name ... ok
[INFO] [stdout] test ns::xsd::test_valid_iri::base64Binary ... ok
[INFO] [stdout] test ns::rdf::test_valid_iri::datatype ... ok
[INFO] [stdout] test ns::xsd::test_valid_iri::date ... ok
[INFO] [stdout] test ns::xsd::test_valid_iri::dateTime ... ok
[INFO] [stdout] test ns::xsd::test_valid_iri::decimal ... ok
[INFO] [stdout] test ns::xsd::test_valid_iri::double ... ok
[INFO] [stdout] test ns::xsd::test_valid_iri::duration ... ok
[INFO] [stdout] test ns::xsd::test_valid_iri::float ... ok
[INFO] [stdout] test ns::test::test_different_terms ... ok
[INFO] [stdout] test ns::test::test_same_term ... ok
[INFO] [stdout] test ns::xsd::test_valid_iri::gDay ... ok
[INFO] [stdout] test ns::xsd::test_valid_iri::gYear ... ok
[INFO] [stdout] test ns::xsd::test_valid_iri::gMonth ... ok
[INFO] [stdout] test ns::xsd::test_valid_iri::gMonthDay ... ok
[INFO] [stdout] test ns::rdfs::test_valid_iri::subClassOf ... ok
[INFO] [stdout] test ns::rdfs::test_valid_iri::subPropertyOf ... ok
[INFO] [stdout] test ns::rdfs::test_valid_iri::comment ... ok
[INFO] [stdout] test ns::xsd::test_valid_iri::anySimpleType ... ok
[INFO] [stdout] test ns::rdfs::test_valid_iri::seeAlso ... ok
[INFO] [stdout] test ns::rdfs::test_valid_iri::range ... ok
[INFO] [stdout] test ns::xsd::test_valid_iri::int ... ok
[INFO] [stdout] test ns::xsd::test_valid_iri::language ... ok
[INFO] [stdout] test ns::xsd::test_valid_iri::negativeInteger ... ok
[INFO] [stdout] test ns::xsd::test_valid_iri::integer ... ok
[INFO] [stdout] test ns::xsd::test_valid_iri::long ... ok
[INFO] [stdout] test ns::xsd::test_valid_iri::gYearMonth ... ok
[INFO] [stdout] test ns::xml::test_valid_iri::id ... ok
[INFO] [stdout] test ns::xsd::test_valid_iri::nonNegativeInteger ... ok
[INFO] [stdout] test ns::xsd::test_valid_iri::time ... ok
[INFO] [stdout] test ns::xsd::test_valid_iri::string ... ok
[INFO] [stdout] test ns::xsd::test_valid_iri::anyType ... ok
[INFO] [stdout] test ns::xsd::test_valid_iri::positiveInteger ... ok
[INFO] [stdout] test ns::xsd::test_valid_iri::unsignedLong ... ok
[INFO] [stdout] test ns::xsd::test_valid_iri::token ... ok
[INFO] [stdout] test ns::xsd::test_valid_iri::unsignedByte ... ok
[INFO] [stdout] test ns::xsd::test_valid_iri::unsignedShort ... ok
[INFO] [stdout] test prefix::_prefix::test::invalid_prefix::space ... ok
[INFO] [stdout] test prefix::_prefix::test::invalid_prefix::_1a_ ... ok
[INFO] [stdout] test ns::xsd::test_valid_iri::unsignedInt ... ok
[INFO] [stdout] test ns::xsd::test_valid_iri::short ... ok
[INFO] [stdout] test prefix::_prefix::test::valid_prefix::_foo_ ... ok
[INFO] [stdout] test ns::xsd::test_valid_iri::nonPositiveInteger ... ok
[INFO] [stdout] test prefix::_prefix_map::test::get_prefixed_pair::_a_c ... ok
[INFO] [stdout] test prefix::_prefix_map::test::get_prefixed_pair::b_c ... ok
[INFO] [stdout] test prefix::_prefix_map::test::get_checked_prefixed_pair::s_person ... ok
[INFO] [stdout] test prefix::_prefix_map::test::get_prefixed_pair::s_person ... ok
[INFO] [stdout] test prefix::_prefix_map::test::get_prefixed_pair::single_colon ... ok
[INFO] [stdout] test prefix::_prefix_map::test::get_prefixed_pair::something_else ... ok
[INFO] [stdout] test quad::stream::test::add_to_dataset ... ok
[INFO] [stdout] test quad::stream::test::filter_map_quads ... ok
[INFO] [stdout] test quad::stream::test::filter_map_quads_iter ... ok
[INFO] [stdout] test quad::stream::test::filter_map_quads_to_triples ... ok
[INFO] [stdout] test quad::stream::test::filter_quads ... ok
[INFO] [stdout] test ns::xml::test_valid_iri::Father ... ok
[INFO] [stdout] test ns::xml::test_valid_iri::base ... ok
[INFO] [stdout] test prefix::_prefix_map::test::get_namespace::ab ... ok
[INFO] [stdout] test prefix::_prefix_map::test::get_checked_prefixed_pair::single_colon ... ok
[INFO] [stdout] test prefix::_prefix_map::test::get_checked_prefixed_pair::_a_c ... ok
[INFO] [stdout] test prefix::_prefix_map::test::get_checked_prefixed_pair::b_c ... ok
[INFO] [stdout] test prefix::_prefix_map::test::get_namespace::s ... ok
[INFO] [stdout] test prefix::_prefix_map::test::get_prefixed_pair::a_c ... ok
[INFO] [stdout] test prefix::_prefix_map::test::get_namespace::a ... ok
[INFO] [stdout] test prefix::_prefix_map::test::get_namespace::empty ... ok
[INFO] [stdout] test prefix::_prefix::test::invalid_prefix::ending_with_dot ... ok
[INFO] [stdout] test prefix::_prefix_map::test::get_checked_prefixed_pair::something_else ... ok
[INFO] [stdout] test prefix::_prefix_map::test::get_checked_prefixed_pair::a_c ... ok
[INFO] [stdout] test prefix::_prefix_map::test::get_namespace::sa ... ok
[INFO] [stdout] test ns::xml::test_valid_iri::space ... ok
[INFO] [stdout] test ns::xsd::test_valid_iri::ENTITIES ... ok
[INFO] [stdout] test ns::xsd::test_valid_iri::ID ... ok
[INFO] [stdout] test ns::xsd::test_valid_iri::IDREFS ... ok
[INFO] [stdout] test ns::xsd::test_valid_iri::NCName ... ok
[INFO] [stdout] test ns::xml::test_valid_iri::lang ... ok
[INFO] [stdout] test ns::xsd::test_valid_iri::hexBinary ... ok
[INFO] [stdout] test term::_raw_value::test::bytes::mixed ... ok
[INFO] [stdout] test quad::stream::test::map_quads_iter ... ok
[INFO] [stdout] test term::_raw_value::test::absolute::abs_split_schema ... ok
[INFO] [stdout] test term::_graph_name_matcher::test::test_aoe_any_as_matcher ... ok
[INFO] [stdout] test term::_graph_name_matcher::test::test_aoe_explicit_as_matcher ... ok
[INFO] [stdout] test term::_graph_name_matcher::test::test_func_as_matcher ... ok
[INFO] [stdout] test term::_graph_name_matcher::test::test_vec_and_slice_as_matcher ... ok
[INFO] [stdout] test term::_raw_value::test::absolute::abs_mixed ... ok
[INFO] [stdout] test term::_graph_name_matcher::test::test_option_as_matcher ... ok
[INFO] [stdout] test quad::stream::test::for_each_quads ... ok
[INFO] [stdout] test ns::rdfs::test_valid_iri::isDefinedBy ... ok
[INFO] [stdout] test quad::stream::test::for_some_quad ... ok
[INFO] [stdout] test term::_graph_name_matcher::test::test_aoer_any_as_matcher ... ok
[INFO] [stdout] test prefix::_prefix::test::valid_prefix::empty ... ok
[INFO] [stdout] test term::_raw_value::test::bytes::not_equal ... ok
[INFO] [stdout] test prefix::_prefix::test::valid_prefix::with_dot_and_accents ... ok
[INFO] [stdout] test term::_raw_value::test::bytes::only_ns ... ok
[INFO] [stdout] test term::_graph_name_matcher::test::test_aoer_explicit_as_matcher ... ok
[INFO] [stdout] test term::_graph_name_matcher::test::test_array_as_matcher ... ok
[INFO] [stdout] test term::_raw_value::test::absolute::abs_only_ns ... ok
[INFO] [stdout] test term::_raw_value::test::absolute::rel_mixed ... ok
[INFO] [stdout] test term::_raw_value::test::absolute::rel_only_ns ... ok
[INFO] [stdout] test quad::stream::test::try_for_each_quad ... ok
[INFO] [stdout] test term::_graph_name_matcher::test::test_any_as_matcher ... ok
[INFO] [stdout] test term::_raw_value::test::absolute::rel_with_colon ... ok
[INFO] [stdout] test quad::stream::test::map_quads ... ok
[INFO] [stdout] test ns::xsd::test_valid_iri::normalizedString ... ok
[INFO] [stdout] test quad::stream::test::map_quads_to_triple ... ok
[INFO] [stdout] test term::_raw_value::test::bytes::only_suffix ... ok
[INFO] [stdout] test term::_raw_value::test::eq::not_equal ... ok
[INFO] [stdout] test term::_raw_value::test::eq::only_suffix ... ok
[INFO] [stdout] test term::_raw_value::test::slice::across_cut ... ok
[INFO] [stdout] test term::_raw_value::test::slice::in_ns_inclusive ... ok
[INFO] [stdout] test term::_raw_value::test::slice::in_ns_open_start ... ok
[INFO] [stdout] test term::_raw_value::test::starts_with_raw::tricky ... ok
[INFO] [stdout] test term::_raw_value::test::len::mixed ... ok
[INFO] [stdout] test term::_raw_value::test::eq::full_mixed ... ok
[INFO] [stdout] test term::_raw_value::test::starts_with_raw::tricky2 ... ok
[INFO] [stdout] test term::_raw_value::test::len::only_suffix ... ok
[INFO] [stdout] test term::_raw_value::test::starts_with_str::equal ... ok
[INFO] [stdout] test term::_raw_value::test::slice::across_cut_inclusive ... ok
[INFO] [stdout] test term::_raw_value::test::slice::only_ns ... ok
[INFO] [stdout] test term::_raw_value::test::slice::only_suffix_inclusive ... ok
[INFO] [stdout] test term::_raw_value::test::slice::only_ns_inclusive ... ok
[INFO] [stdout] test term::_raw_value::test::starts_with_str::only_suffix ... ok
[INFO] [stdout] test term::_raw_value::test::slice::across_cut_open_start ... ok
[INFO] [stdout] test term::_raw_value::test::slice::across_cut_open_end ... ok
[INFO] [stdout] test term::_raw_value::test::slice::only_ns_open_end ... ok
[INFO] [stdout] test term::_raw_value::test::eq::only_ns ... ok
[INFO] [stdout] test term::_raw_value::test::eq::mixed ... ok
[INFO] [stdout] test term::matcher::test::test_aoer_exactly_as_matcher ... ok
[INFO] [stdout] test term::matcher::test::test_aoer_any_as_matcher ... ok
[INFO] [stdout] test term::matcher::test::test_func_as_matcher ... ok
[INFO] [stdout] test term::_raw_value::test::slice::only_suffix_open_end ... ok
[INFO] [stdout] test term::_raw_value::test::len::only_ns ... ok
[INFO] [stdout] test term::_raw_value::test::slice::only_ns_open_start ... ok
[INFO] [stdout] test term::_raw_value::test::slice::in_suffix ... ok
[INFO] [stdout] test term::_raw_value::test::starts_with_raw::equal ... ok
[INFO] [stdout] test term::_raw_value::test::slice::in_suffix_open_end ... ok
[INFO] [stdout] test triple::stream::test::for_each_triple ... ok
[INFO] [stdout] test term::_raw_value::test::starts_with_str::only_ns ... ok
[INFO] [stdout] test term::_raw_value::test::slice::only_suffix_open_start ... ok
[INFO] [stdout] test prefix::_prefix::test::valid_prefix::_a_ ... ok
[INFO] [stdout] test term::_raw_value::test::slice::in_ns ... ok
[INFO] [stdout] test term::_raw_value::test::starts_with_str::not_starts_with ... ok
[INFO] [stdout] test term::_raw_value::test::slice::in_suffix_inclusive ... ok
[INFO] [stdout] test term::_raw_value::test::starts_with_str::mixed ... ok
[INFO] [stdout] test term::matcher::test::test_any_as_matcher ... ok
[INFO] [stdout] test term::matcher::test::test_aoe_exactly_as_matcher ... ok
[INFO] [stdout] test triple::stream::test::add_to_graph ... ok
[INFO] [stdout] test triple::stream::test::filter_map_triples ... ok
[INFO] [stdout] test triple::stream::test::filter_map_triples_iter ... ok
[INFO] [stdout] test term::matcher::test::test_term_as_matcher ... ok
[INFO] [stdout] test triple::stream::test::filter_triples ... ok
[INFO] [stdout] test triple::stream::test::filter_map_triples_to_quads ... ok
[INFO] [stdout] test term::matcher::test::test_vec_and_slice_as_matcher ... ok
[INFO] [stdout] test term::matcher::test::test_aoe_any_as_matcher ... ok
[INFO] [stdout] test term::_raw_value::test::slice::only_suffix ... ok
[INFO] [stdout] test triple::stream::test::for_some_triple ... ok
[INFO] [stdout] test triple::stream::test::map_triples ... ok
[INFO] [stdout] test term::_raw_value::test::starts_with_str::tricky ... ok
[INFO] [stdout] test triple::stream::test::map_triples_to_quads ... ok
[INFO] [stdout] test triple::stream::test::map_triples_iter ... ok
[INFO] [stdout] test triple::stream::test::try_for_each_triple ... ok
[INFO] [stdout] test term::matcher::test::test_array_as_matcher ... ok
[INFO] [stdout] test ns::test::test_invalid_suffix ... ok
[INFO] [stdout] test ns::test::test_invalid_namespace ... ok
[INFO] [stdout] 
[INFO] [stdout] test result: ok. 316 passed; 0 failed; 2 ignored; 0 measured; 0 filtered out; finished in 0.50s
[INFO] [stdout] 
[INFO] [stderr]    Doc-tests sophia_api
[INFO] [stdout] 
[INFO] [stdout] running 11 tests
[INFO] [stdout] test src/sparql.rs - sparql (line 23) ... ignored
[INFO] [stdout] test src/graph/_traits.rs - graph::_traits::Graph::triples (line 58) ... ok
[INFO] [stdout] test src/term.rs - term::TTerm (line 81) ... FAILED
[INFO] [stdout] test src/graph/_traits.rs - graph::_traits::Graph::triples_matching (line 213) ... ok
[INFO] [stdout] test src/graph/_traits.rs - graph::_traits::Graph::triples (line 73) ... ok
[INFO] [stdout] test src/term.rs - term::TTerm (line 105) ... ok
[INFO] [stdout] test src/graph/_traits.rs - graph::_traits::MutableGraph::insert (line 439) ... ok
[INFO] [stdout] test src/dataset/_traits.rs - dataset::_traits::Dataset::quads (line 73) ... ok
[INFO] [stdout] test src/graph/_traits.rs - graph::_traits::Graph::triples_matching (line 187) ... ok
[INFO] [stdout] test src/dataset/_traits.rs - dataset::_traits::Dataset::quads (line 58) ... ok
[INFO] [stdout] test src/ns.rs - ns (line 8) ... ok
[INFO] [stdout] 
[INFO] [stdout] failures:
[INFO] [stdout] 
[INFO] [stdout] ---- src/term.rs - term::TTerm (line 81) stdout ----
[INFO] [stdout] error[E0277]: the trait bound `Term<String>: Borrow<dyn TTerm>` is not satisfied
[INFO] [stdout]   --> src/term.rs:91:13
[INFO] [stdout]    |
[INFO] [stdout] 13 | assert!(map.get(iri.as_dyn()).is_some());
[INFO] [stdout]    |             ^^^ the trait `Borrow<dyn TTerm>` is not implemented for `Term<String>`
[INFO] [stdout]    |
[INFO] [stdout]    = help: the following implementations were found:
[INFO] [stdout]              <Term<TD> as Borrow<(dyn sophia_api::term::TTerm + 'a)>>
[INFO] [stdout] 
[INFO] [stdout] error: aborting due to previous error
[INFO] [stdout] 
[INFO] [stdout] For more information about this error, try `rustc --explain E0277`.
[INFO] [stdout] Couldn't compile the test.
[INFO] [stdout] 
[INFO] [stdout] failures:
[INFO] [stdout]     src/term.rs - term::TTerm (line 81)
[INFO] [stdout] 
[INFO] [stdout] test result: FAILED. 9 passed; 1 failed; 1 ignored; 0 measured; 0 filtered out; finished in 2.05s
[INFO] [stdout] 
[INFO] [stderr] error: test failed, to rerun pass '--doc'
[INFO] running `Command { std: "docker" "inspect" "d6fc564505cb7841cb32422de4b8b88c97afd54ecb7246167347aff91a10f9f8", kill_on_drop: false }`
[INFO] running `Command { std: "docker" "rm" "-f" "d6fc564505cb7841cb32422de4b8b88c97afd54ecb7246167347aff91a10f9f8", kill_on_drop: false }`
[INFO] [stdout] d6fc564505cb7841cb32422de4b8b88c97afd54ecb7246167347aff91a10f9f8
