[INFO] fetching crate sonos_discovery 0.0.2...
[INFO] testing sonos_discovery-0.0.2 against beta-2021-08-01 for beta-1.55-1
[INFO] extracting crate sonos_discovery 0.0.2 into /workspace/builds/worker-13/source
[INFO] validating manifest of crates.io crate sonos_discovery 0.0.2 on toolchain beta-2021-08-01
[INFO] running `Command { std: "/workspace/cargo-home/bin/cargo" "+beta-2021-08-01" "metadata" "--manifest-path" "Cargo.toml" "--no-deps", kill_on_drop: false }`
[INFO] started tweaking crates.io crate sonos_discovery 0.0.2
[INFO] finished tweaking crates.io crate sonos_discovery 0.0.2
[INFO] tweaked toml for crates.io crate sonos_discovery 0.0.2 written to /workspace/builds/worker-13/source/Cargo.toml
[INFO] crate crates.io crate sonos_discovery 0.0.2 already has a lockfile, it will not be regenerated
[INFO] running `Command { std: "/workspace/cargo-home/bin/cargo" "+beta-2021-08-01" "fetch" "--manifest-path" "Cargo.toml", kill_on_drop: false }`
[INFO] [stderr]     Blocking waiting for file lock on package cache
[INFO] [stderr]  Downloading crates ...
[INFO] [stderr]   Downloaded socket v0.0.7
[INFO] running `Command { std: "docker" "create" "-v" "/var/lib/crater-agent-workspace/builds/worker-13/target:/opt/rustwide/target:rw,Z" "-v" "/var/lib/crater-agent-workspace/builds/worker-13/source:/opt/rustwide/workdir:ro,Z" "-v" "/var/lib/crater-agent-workspace/cargo-home:/opt/rustwide/cargo-home:ro,Z" "-v" "/var/lib/crater-agent-workspace/rustup-home:/opt/rustwide/rustup-home:ro,Z" "-e" "SOURCE_DIR=/opt/rustwide/workdir" "-e" "CARGO_TARGET_DIR=/opt/rustwide/target" "-e" "CARGO_HOME=/opt/rustwide/cargo-home" "-e" "RUSTUP_HOME=/opt/rustwide/rustup-home" "-w" "/opt/rustwide/workdir" "-m" "1610612736" "--user" "0:0" "--network" "none" "ghcr.io/rust-lang/crates-build-env/linux@sha256:34b6a614d2c27851fe6cbf88fbd1137609cefab8b10d0615aaeb6fd47975d74e" "/opt/rustwide/cargo-home/bin/cargo" "+beta-2021-08-01" "metadata" "--no-deps" "--format-version=1", kill_on_drop: false }`
[INFO] [stdout] 316eaad19c36d447c1255a28bc0867cb86cebf32ab16c67584ccd3fd96380407
[INFO] running `Command { std: "docker" "start" "-a" "316eaad19c36d447c1255a28bc0867cb86cebf32ab16c67584ccd3fd96380407", kill_on_drop: false }`
[INFO] running `Command { std: "docker" "inspect" "316eaad19c36d447c1255a28bc0867cb86cebf32ab16c67584ccd3fd96380407", kill_on_drop: false }`
[INFO] running `Command { std: "docker" "rm" "-f" "316eaad19c36d447c1255a28bc0867cb86cebf32ab16c67584ccd3fd96380407", kill_on_drop: false }`
[INFO] [stdout] 316eaad19c36d447c1255a28bc0867cb86cebf32ab16c67584ccd3fd96380407
[INFO] running `Command { std: "docker" "create" "-v" "/var/lib/crater-agent-workspace/builds/worker-13/target:/opt/rustwide/target:rw,Z" "-v" "/var/lib/crater-agent-workspace/builds/worker-13/source:/opt/rustwide/workdir:ro,Z" "-v" "/var/lib/crater-agent-workspace/cargo-home:/opt/rustwide/cargo-home:ro,Z" "-v" "/var/lib/crater-agent-workspace/rustup-home:/opt/rustwide/rustup-home:ro,Z" "-e" "SOURCE_DIR=/opt/rustwide/workdir" "-e" "CARGO_TARGET_DIR=/opt/rustwide/target" "-e" "CARGO_INCREMENTAL=0" "-e" "RUST_BACKTRACE=full" "-e" "RUSTFLAGS=--cap-lints=warn" "-e" "CARGO_HOME=/opt/rustwide/cargo-home" "-e" "RUSTUP_HOME=/opt/rustwide/rustup-home" "-w" "/opt/rustwide/workdir" "-m" "1610612736" "--user" "0:0" "--network" "none" "ghcr.io/rust-lang/crates-build-env/linux@sha256:34b6a614d2c27851fe6cbf88fbd1137609cefab8b10d0615aaeb6fd47975d74e" "/opt/rustwide/cargo-home/bin/cargo" "+beta-2021-08-01" "build" "--frozen" "--message-format=json", kill_on_drop: false }`
[INFO] [stdout] 42db7fdd0c96f4fcaeea65ede2f771b0665c3e88ba0905150cc5d7115bd51dd6
[INFO] running `Command { std: "docker" "start" "-a" "42db7fdd0c96f4fcaeea65ede2f771b0665c3e88ba0905150cc5d7115bd51dd6", kill_on_drop: false }`
[INFO] [stderr]     Blocking waiting for file lock on package cache
[INFO] [stderr]    Compiling libc v0.2.65
[INFO] [stderr]    Compiling num-traits v0.2.9
[INFO] [stderr]    Compiling num-integer v0.1.41
[INFO] [stderr]    Compiling num-bigint v0.2.3
[INFO] [stderr]    Compiling num-complex v0.2.3
[INFO] [stderr]    Compiling num-rational v0.2.2
[INFO] [stderr]    Compiling num-iter v0.1.39
[INFO] [stderr]    Compiling num v0.2.0
[INFO] [stderr]    Compiling socket v0.0.7
[INFO] [stderr]    Compiling sonos_discovery v0.0.2 (/opt/rustwide/workdir)
[INFO] [stdout] warning: unused return value of `Result::<T, E>::is_ok` that must be used
[INFO] [stdout]    --> src/lib.rs:122:25
[INFO] [stdout]     |
[INFO] [stdout] 122 |                         sender.send((_addr, _data)).is_ok();
[INFO] [stdout]     |                         ^^^^^^^^^^^^^^^^^^^^^^^^^^^^^^^^^^^^
[INFO] [stdout]     |
[INFO] [stdout]     = note: `#[warn(unused_must_use)]` on by default
[INFO] [stdout]     = note: if you intended to assert that this is ok, consider `.unwrap()` instead
[INFO] [stdout] 
[INFO] [stdout] 
[INFO] [stdout] warning: 1 warning emitted
[INFO] [stdout] 
[INFO] [stdout] 
[INFO] [stderr]     Finished dev [unoptimized + debuginfo] target(s) in 10.08s
[INFO] running `Command { std: "docker" "inspect" "42db7fdd0c96f4fcaeea65ede2f771b0665c3e88ba0905150cc5d7115bd51dd6", kill_on_drop: false }`
[INFO] running `Command { std: "docker" "rm" "-f" "42db7fdd0c96f4fcaeea65ede2f771b0665c3e88ba0905150cc5d7115bd51dd6", kill_on_drop: false }`
[INFO] [stdout] 42db7fdd0c96f4fcaeea65ede2f771b0665c3e88ba0905150cc5d7115bd51dd6
[INFO] running `Command { std: "docker" "create" "-v" "/var/lib/crater-agent-workspace/builds/worker-13/target:/opt/rustwide/target:rw,Z" "-v" "/var/lib/crater-agent-workspace/builds/worker-13/source:/opt/rustwide/workdir:ro,Z" "-v" "/var/lib/crater-agent-workspace/cargo-home:/opt/rustwide/cargo-home:ro,Z" "-v" "/var/lib/crater-agent-workspace/rustup-home:/opt/rustwide/rustup-home:ro,Z" "-e" "SOURCE_DIR=/opt/rustwide/workdir" "-e" "CARGO_TARGET_DIR=/opt/rustwide/target" "-e" "CARGO_INCREMENTAL=0" "-e" "RUST_BACKTRACE=full" "-e" "RUSTFLAGS=--cap-lints=warn" "-e" "CARGO_HOME=/opt/rustwide/cargo-home" "-e" "RUSTUP_HOME=/opt/rustwide/rustup-home" "-w" "/opt/rustwide/workdir" "-m" "1610612736" "--user" "0:0" "--network" "none" "ghcr.io/rust-lang/crates-build-env/linux@sha256:34b6a614d2c27851fe6cbf88fbd1137609cefab8b10d0615aaeb6fd47975d74e" "/opt/rustwide/cargo-home/bin/cargo" "+beta-2021-08-01" "test" "--frozen" "--no-run" "--message-format=json", kill_on_drop: false }`
[INFO] [stdout] 4b2b4d431eab6de1e73ba2e2b8a2bc93c4f4d5223d6e3fb542acf119dd934790
[INFO] running `Command { std: "docker" "start" "-a" "4b2b4d431eab6de1e73ba2e2b8a2bc93c4f4d5223d6e3fb542acf119dd934790", kill_on_drop: false }`
[INFO] [stderr]    Compiling sonos_discovery v0.0.2 (/opt/rustwide/workdir)
[INFO] [stdout] warning: unused return value of `Result::<T, E>::is_ok` that must be used
[INFO] [stdout]    --> src/lib.rs:122:25
[INFO] [stdout]     |
[INFO] [stdout] 122 |                         sender.send((_addr, _data)).is_ok();
[INFO] [stdout]     |                         ^^^^^^^^^^^^^^^^^^^^^^^^^^^^^^^^^^^^
[INFO] [stdout]     |
[INFO] [stdout]     = note: `#[warn(unused_must_use)]` on by default
[INFO] [stdout]     = note: if you intended to assert that this is ok, consider `.unwrap()` instead
[INFO] [stdout] 
[INFO] [stdout] 
[INFO] [stdout] warning: 1 warning emitted
[INFO] [stdout] 
[INFO] [stdout] 
[INFO] [stdout] warning: unused return value of `Result::<T, E>::is_ok` that must be used
[INFO] [stdout]    --> src/lib.rs:122:25
[INFO] [stdout]     |
[INFO] [stdout] 122 |                         sender.send((_addr, _data)).is_ok();
[INFO] [stdout]     |                         ^^^^^^^^^^^^^^^^^^^^^^^^^^^^^^^^^^^^
[INFO] [stdout]     |
[INFO] [stdout]     = note: `#[warn(unused_must_use)]` on by default
[INFO] [stdout]     = note: if you intended to assert that this is ok, consider `.unwrap()` instead
[INFO] [stdout] 
[INFO] [stdout] 
[INFO] [stdout] warning: 1 warning emitted
[INFO] [stdout] 
[INFO] [stdout] 
[INFO] [stderr]     Finished test [unoptimized + debuginfo] target(s) in 0.79s
[INFO] running `Command { std: "docker" "inspect" "4b2b4d431eab6de1e73ba2e2b8a2bc93c4f4d5223d6e3fb542acf119dd934790", kill_on_drop: false }`
[INFO] running `Command { std: "docker" "rm" "-f" "4b2b4d431eab6de1e73ba2e2b8a2bc93c4f4d5223d6e3fb542acf119dd934790", kill_on_drop: false }`
[INFO] [stdout] 4b2b4d431eab6de1e73ba2e2b8a2bc93c4f4d5223d6e3fb542acf119dd934790
[INFO] running `Command { std: "docker" "create" "-v" "/var/lib/crater-agent-workspace/builds/worker-13/target:/opt/rustwide/target:rw,Z" "-v" "/var/lib/crater-agent-workspace/builds/worker-13/source:/opt/rustwide/workdir:ro,Z" "-v" "/var/lib/crater-agent-workspace/cargo-home:/opt/rustwide/cargo-home:ro,Z" "-v" "/var/lib/crater-agent-workspace/rustup-home:/opt/rustwide/rustup-home:ro,Z" "-e" "SOURCE_DIR=/opt/rustwide/workdir" "-e" "CARGO_TARGET_DIR=/opt/rustwide/target" "-e" "CARGO_INCREMENTAL=0" "-e" "RUST_BACKTRACE=full" "-e" "RUSTFLAGS=--cap-lints=warn" "-e" "CARGO_HOME=/opt/rustwide/cargo-home" "-e" "RUSTUP_HOME=/opt/rustwide/rustup-home" "-w" "/opt/rustwide/workdir" "-m" "1610612736" "--user" "0:0" "--network" "none" "ghcr.io/rust-lang/crates-build-env/linux@sha256:34b6a614d2c27851fe6cbf88fbd1137609cefab8b10d0615aaeb6fd47975d74e" "/opt/rustwide/cargo-home/bin/cargo" "+beta-2021-08-01" "test" "--frozen", kill_on_drop: false }`
[INFO] [stdout] 88ad3ae98f78ce08748742a07c679a4f7250e649379a2645cbd26bdc3a658e2a
[INFO] running `Command { std: "docker" "start" "-a" "88ad3ae98f78ce08748742a07c679a4f7250e649379a2645cbd26bdc3a658e2a", kill_on_drop: false }`
[INFO] [stderr] warning: unused return value of `Result::<T, E>::is_ok` that must be used
[INFO] [stdout] 
[INFO] [stderr]    --> src/lib.rs:122:25
[INFO] [stdout] running 0 tests
[INFO] [stderr]     |
[INFO] [stdout] 
[INFO] [stderr] 122 |                         sender.send((_addr, _data)).is_ok();
[INFO] [stdout] test result: ok. 0 passed; 0 failed; 0 ignored; 0 measured; 0 filtered out; finished in 0.00s
[INFO] [stderr]     |                         ^^^^^^^^^^^^^^^^^^^^^^^^^^^^^^^^^^^^
[INFO] [stdout] 
[INFO] [stderr]     |
[INFO] [stdout] 
[INFO] [stderr]     = note: `#[warn(unused_must_use)]` on by default
[INFO] [stdout] running 0 tests
[INFO] [stderr]     = note: if you intended to assert that this is ok, consider `.unwrap()` instead
[INFO] [stdout] 
[INFO] [stderr] 
[INFO] [stdout] test result: ok. 0 passed; 0 failed; 0 ignored; 0 measured; 0 filtered out; finished in 0.00s
[INFO] [stderr] warning: `sonos_discovery` (lib) generated 1 warning
[INFO] [stdout] 
[INFO] [stderr] warning: `sonos_discovery` (lib test) generated 1 warning (1 duplicate)
[INFO] [stderr]     Finished test [unoptimized + debuginfo] target(s) in 0.03s
[INFO] [stderr]      Running unittests (/opt/rustwide/target/debug/deps/sonos_discovery-0de0a86599ece16a)
[INFO] [stderr]      Running unittests (/opt/rustwide/target/debug/deps/sonos_discovery-ead75e2373af042d)
[INFO] [stderr]    Doc-tests sonos_discovery
[INFO] [stdout] 
[INFO] [stdout] running 3 tests
[INFO] [stdout] test src/lib.rs - Discover::send_search (line 79) ... FAILED
[INFO] [stdout] test src/lib.rs - Discover::new (line 31) ... FAILED
[INFO] [stdout] test src/lib.rs - Discover::start (line 101) ... FAILED
[INFO] [stdout] 
[INFO] [stdout] failures:
[INFO] [stdout] 
[INFO] [stdout] ---- src/lib.rs - Discover::send_search (line 79) stdout ----
[INFO] [stdout] error: unknown start of token: `
[INFO] [stdout]  --> src/lib.rs:84:45
[INFO] [stdout]   |
[INFO] [stdout] 7 | ST: urn:schemas-upnp-org:device:ZonePlayer:1```
[INFO] [stdout]   |                                             ^
[INFO] [stdout]   |
[INFO] [stdout] help: Unicode character '`' (Grave Accent) looks like ''' (Single Quote), but it is not
[INFO] [stdout]   |
[INFO] [stdout] 7 | ST: urn:schemas-upnp-org:device:ZonePlayer:1'``
[INFO] [stdout]   |                                             ^
[INFO] [stdout] 
[INFO] [stdout] error: unknown start of token: `
[INFO] [stdout]  --> src/lib.rs:84:46
[INFO] [stdout]   |
[INFO] [stdout] 7 | ST: urn:schemas-upnp-org:device:ZonePlayer:1```
[INFO] [stdout]   |                                              ^
[INFO] [stdout]   |
[INFO] [stdout] help: Unicode character '`' (Grave Accent) looks like ''' (Single Quote), but it is not
[INFO] [stdout]   |
[INFO] [stdout] 7 | ST: urn:schemas-upnp-org:device:ZonePlayer:1`'`
[INFO] [stdout]   |                                              ^
[INFO] [stdout] 
[INFO] [stdout] error: unknown start of token: `
[INFO] [stdout]  --> src/lib.rs:84:47
[INFO] [stdout]   |
[INFO] [stdout] 7 | ST: urn:schemas-upnp-org:device:ZonePlayer:1```
[INFO] [stdout]   |                                               ^
[INFO] [stdout]   |
[INFO] [stdout] help: Unicode character '`' (Grave Accent) looks like ''' (Single Quote), but it is not
[INFO] [stdout]   |
[INFO] [stdout] 7 | ST: urn:schemas-upnp-org:device:ZonePlayer:1``'
[INFO] [stdout]   |                                               ^
[INFO] [stdout] 
[INFO] [stdout] error: expected one of `.`, `;`, `?`, `}`, or an operator, found `HOST`
[INFO] [stdout]  --> src/lib.rs:81:1
[INFO] [stdout]   |
[INFO] [stdout] 3 | M-SEARCH * HTTP/1.1
[INFO] [stdout]   |                    - expected one of `.`, `;`, `?`, `}`, or an operator
[INFO] [stdout] 4 | HOST: 239.255.255.250:1900
[INFO] [stdout]   | ^^^^ unexpected token
[INFO] [stdout] 
[INFO] [stdout] error: aborting due to 4 previous errors
[INFO] [stdout] 
[INFO] [stdout] Couldn't compile the test.
[INFO] [stdout] ---- src/lib.rs - Discover::new (line 31) stdout ----
[INFO] [stdout] error[E0432]: unresolved import `sonos_discovery::Discovery`
[INFO] [stdout]  --> src/lib.rs:32:5
[INFO] [stdout]   |
[INFO] [stdout] 4 | use sonos_discovery::Discovery;
[INFO] [stdout]   |     ^^^^^^^^^^^^^^^^^---------
[INFO] [stdout]   |     |                |
[INFO] [stdout]   |     |                help: a similar name exists in the module: `Discover`
[INFO] [stdout]   |     no `Discovery` in the root
[INFO] [stdout] 
[INFO] [stdout] error: aborting due to previous error
[INFO] [stdout] 
[INFO] [stdout] For more information about this error, try `rustc --explain E0432`.
[INFO] [stdout] Couldn't compile the test.
[INFO] [stdout] ---- src/lib.rs - Discover::start (line 101) stdout ----
[INFO] [stdout] error[E0432]: unresolved import `sonos_discovery::Discovery`
[INFO] [stdout]  --> src/lib.rs:102:5
[INFO] [stdout]   |
[INFO] [stdout] 4 | use sonos_discovery::Discovery;
[INFO] [stdout]   |     ^^^^^^^^^^^^^^^^^---------
[INFO] [stdout]   |     |                |
[INFO] [stdout]   |     |                help: a similar name exists in the module: `Discover`
[INFO] [stdout]   |     no `Discovery` in the root
[INFO] [stdout] 
[INFO] [stdout] error[E0412]: cannot find type `IpAddr` in this scope
[INFO] [stdout]  --> src/lib.rs:104:18
[INFO] [stdout]   |
[INFO] [stdout] 6 | let devices: Vec<IpAddr> = Discovery::new().unwrap().start(None, Some(3)).unwrap();
[INFO] [stdout]   |                  ^^^^^^ not found in this scope
[INFO] [stdout]   |
[INFO] [stdout] help: consider importing this enum
[INFO] [stdout]   |
[INFO] [stdout] 3 | use std::net::IpAddr;
[INFO] [stdout]   |
[INFO] [stdout] 
[INFO] [stdout] error: aborting due to 2 previous errors
[INFO] [stdout] 
[INFO] [stdout] Some errors have detailed explanations: E0412, E0432.
[INFO] [stdout] For more information about an error, try `rustc --explain E0412`.
[INFO] [stdout] Couldn't compile the test.
[INFO] [stdout] 
[INFO] [stdout] failures:
[INFO] [stdout]     src/lib.rs - Discover::new (line 31)
[INFO] [stdout]     src/lib.rs - Discover::send_search (line 79)
[INFO] [stdout]     src/lib.rs - Discover::start (line 101)
[INFO] [stdout] 
[INFO] [stdout] test result: FAILED. 0 passed; 3 failed; 0 ignored; 0 measured; 0 filtered out; finished in 0.09s
[INFO] [stdout] 
[INFO] [stderr] error: test failed, to rerun pass '--doc'
[INFO] running `Command { std: "docker" "inspect" "88ad3ae98f78ce08748742a07c679a4f7250e649379a2645cbd26bdc3a658e2a", kill_on_drop: false }`
[INFO] running `Command { std: "docker" "rm" "-f" "88ad3ae98f78ce08748742a07c679a4f7250e649379a2645cbd26bdc3a658e2a", kill_on_drop: false }`
[INFO] [stdout] 88ad3ae98f78ce08748742a07c679a4f7250e649379a2645cbd26bdc3a658e2a
