[INFO] fetching crate solstice 0.1.21...
[INFO] testing solstice-0.1.21 against beta-2021-08-01 for beta-1.55-1
[INFO] extracting crate solstice 0.1.21 into /workspace/builds/worker-3/source
[INFO] validating manifest of crates.io crate solstice 0.1.21 on toolchain beta-2021-08-01
[INFO] running `Command { std: "/workspace/cargo-home/bin/cargo" "+beta-2021-08-01" "metadata" "--manifest-path" "Cargo.toml" "--no-deps", kill_on_drop: false }`
[INFO] started tweaking crates.io crate solstice 0.1.21
[INFO] finished tweaking crates.io crate solstice 0.1.21
[INFO] tweaked toml for crates.io crate solstice 0.1.21 written to /workspace/builds/worker-3/source/Cargo.toml
[INFO] running `Command { std: "/workspace/cargo-home/bin/cargo" "+beta-2021-08-01" "generate-lockfile" "--manifest-path" "Cargo.toml" "-Zno-index-update", kill_on_drop: false }`
[INFO] running `Command { std: "/workspace/cargo-home/bin/cargo" "+beta-2021-08-01" "fetch" "--manifest-path" "Cargo.toml", kill_on_drop: false }`
[INFO] [stderr]  Downloading crates ...
[INFO] [stderr]   Downloaded wayland-egl v0.28.6
[INFO] [stderr]   Downloaded slotmap v0.4.2
[INFO] [stderr]   Downloaded slotmap v1.0.5
[INFO] running `Command { std: "docker" "create" "-v" "/var/lib/crater-agent-workspace/builds/worker-3/target:/opt/rustwide/target:rw,Z" "-v" "/var/lib/crater-agent-workspace/builds/worker-3/source:/opt/rustwide/workdir:ro,Z" "-v" "/var/lib/crater-agent-workspace/cargo-home:/opt/rustwide/cargo-home:ro,Z" "-v" "/var/lib/crater-agent-workspace/rustup-home:/opt/rustwide/rustup-home:ro,Z" "-e" "SOURCE_DIR=/opt/rustwide/workdir" "-e" "CARGO_TARGET_DIR=/opt/rustwide/target" "-e" "CARGO_HOME=/opt/rustwide/cargo-home" "-e" "RUSTUP_HOME=/opt/rustwide/rustup-home" "-w" "/opt/rustwide/workdir" "-m" "1610612736" "--user" "0:0" "--network" "none" "ghcr.io/rust-lang/crates-build-env/linux@sha256:34b6a614d2c27851fe6cbf88fbd1137609cefab8b10d0615aaeb6fd47975d74e" "/opt/rustwide/cargo-home/bin/cargo" "+beta-2021-08-01" "metadata" "--no-deps" "--format-version=1", kill_on_drop: false }`
[INFO] [stdout] c194cf0a4845419c8dd4dc2ef069ca6fd7edc094d9545cb8920d8475a35e9e30
[INFO] running `Command { std: "docker" "start" "-a" "c194cf0a4845419c8dd4dc2ef069ca6fd7edc094d9545cb8920d8475a35e9e30", kill_on_drop: false }`
[INFO] running `Command { std: "docker" "inspect" "c194cf0a4845419c8dd4dc2ef069ca6fd7edc094d9545cb8920d8475a35e9e30", kill_on_drop: false }`
[INFO] running `Command { std: "docker" "rm" "-f" "c194cf0a4845419c8dd4dc2ef069ca6fd7edc094d9545cb8920d8475a35e9e30", kill_on_drop: false }`
[INFO] [stdout] c194cf0a4845419c8dd4dc2ef069ca6fd7edc094d9545cb8920d8475a35e9e30
[INFO] running `Command { std: "docker" "create" "-v" "/var/lib/crater-agent-workspace/builds/worker-3/target:/opt/rustwide/target:rw,Z" "-v" "/var/lib/crater-agent-workspace/builds/worker-3/source:/opt/rustwide/workdir:ro,Z" "-v" "/var/lib/crater-agent-workspace/cargo-home:/opt/rustwide/cargo-home:ro,Z" "-v" "/var/lib/crater-agent-workspace/rustup-home:/opt/rustwide/rustup-home:ro,Z" "-e" "SOURCE_DIR=/opt/rustwide/workdir" "-e" "CARGO_TARGET_DIR=/opt/rustwide/target" "-e" "CARGO_INCREMENTAL=0" "-e" "RUST_BACKTRACE=full" "-e" "RUSTFLAGS=--cap-lints=warn" "-e" "CARGO_HOME=/opt/rustwide/cargo-home" "-e" "RUSTUP_HOME=/opt/rustwide/rustup-home" "-w" "/opt/rustwide/workdir" "-m" "1610612736" "--user" "0:0" "--network" "none" "ghcr.io/rust-lang/crates-build-env/linux@sha256:34b6a614d2c27851fe6cbf88fbd1137609cefab8b10d0615aaeb6fd47975d74e" "/opt/rustwide/cargo-home/bin/cargo" "+beta-2021-08-01" "build" "--frozen" "--message-format=json", kill_on_drop: false }`
[INFO] [stdout] 736da0931410fbdde6d3b0ae33bb77fc01aa4149763a1cf9f2cc3134355357b6
[INFO] running `Command { std: "docker" "start" "-a" "736da0931410fbdde6d3b0ae33bb77fc01aa4149763a1cf9f2cc3134355357b6", kill_on_drop: false }`
[INFO] [stderr]    Compiling rawpointer v0.2.1
[INFO] [stderr]    Compiling glow v0.8.1
[INFO] [stderr]    Compiling mint v0.5.6
[INFO] [stderr]    Compiling bytemuck v1.7.2
[INFO] [stderr]    Compiling slotmap v1.0.5
[INFO] [stderr]    Compiling num-traits v0.2.14
[INFO] [stderr]    Compiling matrixmultiply v0.3.1
[INFO] [stderr]    Compiling num-integer v0.1.44
[INFO] [stderr]    Compiling num-complex v0.4.0
[INFO] [stderr]    Compiling ndarray v0.15.3
[INFO] [stderr]    Compiling solstice v0.1.21 (/opt/rustwide/workdir)
[INFO] [stderr]     Finished dev [unoptimized + debuginfo] target(s) in 11.15s
[INFO] running `Command { std: "docker" "inspect" "736da0931410fbdde6d3b0ae33bb77fc01aa4149763a1cf9f2cc3134355357b6", kill_on_drop: false }`
[INFO] running `Command { std: "docker" "rm" "-f" "736da0931410fbdde6d3b0ae33bb77fc01aa4149763a1cf9f2cc3134355357b6", kill_on_drop: false }`
[INFO] [stdout] 736da0931410fbdde6d3b0ae33bb77fc01aa4149763a1cf9f2cc3134355357b6
[INFO] running `Command { std: "docker" "create" "-v" "/var/lib/crater-agent-workspace/builds/worker-3/target:/opt/rustwide/target:rw,Z" "-v" "/var/lib/crater-agent-workspace/builds/worker-3/source:/opt/rustwide/workdir:ro,Z" "-v" "/var/lib/crater-agent-workspace/cargo-home:/opt/rustwide/cargo-home:ro,Z" "-v" "/var/lib/crater-agent-workspace/rustup-home:/opt/rustwide/rustup-home:ro,Z" "-e" "SOURCE_DIR=/opt/rustwide/workdir" "-e" "CARGO_TARGET_DIR=/opt/rustwide/target" "-e" "CARGO_INCREMENTAL=0" "-e" "RUST_BACKTRACE=full" "-e" "RUSTFLAGS=--cap-lints=warn" "-e" "CARGO_HOME=/opt/rustwide/cargo-home" "-e" "RUSTUP_HOME=/opt/rustwide/rustup-home" "-w" "/opt/rustwide/workdir" "-m" "1610612736" "--user" "0:0" "--network" "none" "ghcr.io/rust-lang/crates-build-env/linux@sha256:34b6a614d2c27851fe6cbf88fbd1137609cefab8b10d0615aaeb6fd47975d74e" "/opt/rustwide/cargo-home/bin/cargo" "+beta-2021-08-01" "test" "--frozen" "--no-run" "--message-format=json", kill_on_drop: false }`
[INFO] [stdout] b140d2451b40cb47474d88dcdef87e2af9e3b812152a86210e94374d815a94f8
[INFO] running `Command { std: "docker" "start" "-a" "b140d2451b40cb47474d88dcdef87e2af9e3b812152a86210e94374d815a94f8", kill_on_drop: false }`
[INFO] [stderr]     Blocking waiting for file lock on package cache
[INFO] [stderr]    Compiling libc v0.2.98
[INFO] [stderr]    Compiling khronos_api v3.1.0
[INFO] [stderr]    Compiling cfg-if v0.1.10
[INFO] [stderr]    Compiling memchr v2.3.4
[INFO] [stderr]    Compiling scoped-tls v1.0.0
[INFO] [stderr]    Compiling downcast-rs v1.2.0
[INFO] [stderr]    Compiling nix v0.18.0
[INFO] [stderr]    Compiling maybe-uninit v2.0.0
[INFO] [stderr]    Compiling ttf-parser v0.6.2
[INFO] [stderr]    Compiling same-file v1.0.6
[INFO] [stderr]    Compiling ab_glyph_rasterizer v0.1.4
[INFO] [stderr]    Compiling xdg v2.2.0
[INFO] [stderr]    Compiling libloading v0.6.7
[INFO] [stderr]    Compiling wayland-sys v0.28.6
[INFO] [stderr]    Compiling dlib v0.5.0
[INFO] [stderr]    Compiling nom v6.2.1
[INFO] [stderr]    Compiling x11-dl v2.18.5
[INFO] [stderr]    Compiling wayland-scanner v0.28.6
[INFO] [stderr]    Compiling dlib v0.4.2
[INFO] [stderr]    Compiling walkdir v2.3.2
[INFO] [stderr]    Compiling gl_generator v0.14.0
[INFO] [stderr]    Compiling owned_ttf_parser v0.6.0
[INFO] [stderr]    Compiling rusttype v0.9.2
[INFO] [stderr]    Compiling wayland-client v0.28.6
[INFO] [stderr]    Compiling wayland-protocols v0.28.6
[INFO] [stderr]    Compiling andrew v0.3.1
[INFO] [stderr]    Compiling glutin_glx_sys v0.1.7
[INFO] [stderr]    Compiling glutin_egl_sys v0.1.5
[INFO] [stderr]    Compiling nix v0.20.0
[INFO] [stderr]    Compiling iovec v0.1.4
[INFO] [stderr]    Compiling net2 v0.2.37
[INFO] [stderr]    Compiling memmap2 v0.1.0
[INFO] [stderr]    Compiling parking_lot_core v0.8.3
[INFO] [stderr]    Compiling shared_library v0.1.9
[INFO] [stderr]    Compiling raw-window-handle v0.3.3
[INFO] [stderr]    Compiling osmesa-sys v0.1.2
[INFO] [stderr]    Compiling mio v0.6.23
[INFO] [stderr]    Compiling parking_lot v0.11.1
[INFO] [stderr]    Compiling xcursor v0.3.3
[INFO] [stderr]    Compiling mio-extras v2.0.6
[INFO] [stderr]    Compiling wayland-commons v0.28.6
[INFO] [stderr]    Compiling calloop v0.6.5
[INFO] [stderr]    Compiling wayland-cursor v0.28.6
[INFO] [stderr]    Compiling wayland-egl v0.28.6
[INFO] [stderr]    Compiling smithay-client-toolkit v0.12.3
[INFO] [stderr]    Compiling winit v0.24.0
[INFO] [stderr]    Compiling glutin v0.26.0
[INFO] [stderr]    Compiling solstice v0.1.21 (/opt/rustwide/workdir)
[INFO] [stderr]     Finished test [unoptimized + debuginfo] target(s) in 58.88s
[INFO] running `Command { std: "docker" "inspect" "b140d2451b40cb47474d88dcdef87e2af9e3b812152a86210e94374d815a94f8", kill_on_drop: false }`
[INFO] running `Command { std: "docker" "rm" "-f" "b140d2451b40cb47474d88dcdef87e2af9e3b812152a86210e94374d815a94f8", kill_on_drop: false }`
[INFO] [stdout] b140d2451b40cb47474d88dcdef87e2af9e3b812152a86210e94374d815a94f8
[INFO] running `Command { std: "docker" "create" "-v" "/var/lib/crater-agent-workspace/builds/worker-3/target:/opt/rustwide/target:rw,Z" "-v" "/var/lib/crater-agent-workspace/builds/worker-3/source:/opt/rustwide/workdir:ro,Z" "-v" "/var/lib/crater-agent-workspace/cargo-home:/opt/rustwide/cargo-home:ro,Z" "-v" "/var/lib/crater-agent-workspace/rustup-home:/opt/rustwide/rustup-home:ro,Z" "-e" "SOURCE_DIR=/opt/rustwide/workdir" "-e" "CARGO_TARGET_DIR=/opt/rustwide/target" "-e" "CARGO_INCREMENTAL=0" "-e" "RUST_BACKTRACE=full" "-e" "RUSTFLAGS=--cap-lints=warn" "-e" "CARGO_HOME=/opt/rustwide/cargo-home" "-e" "RUSTUP_HOME=/opt/rustwide/rustup-home" "-w" "/opt/rustwide/workdir" "-m" "1610612736" "--user" "0:0" "--network" "none" "ghcr.io/rust-lang/crates-build-env/linux@sha256:34b6a614d2c27851fe6cbf88fbd1137609cefab8b10d0615aaeb6fd47975d74e" "/opt/rustwide/cargo-home/bin/cargo" "+beta-2021-08-01" "test" "--frozen", kill_on_drop: false }`
[INFO] [stdout] 9bba469d5a0a90c9efa32e2a42da4c3136d0ff2bab9e16997109dfa9cf0385ce
[INFO] running `Command { std: "docker" "start" "-a" "9bba469d5a0a90c9efa32e2a42da4c3136d0ff2bab9e16997109dfa9cf0385ce", kill_on_drop: false }`
[INFO] [stderr]     Finished test [unoptimized + debuginfo] target(s) in 0.08s
[INFO] [stderr]      Running unittests (/opt/rustwide/target/debug/deps/solstice-acd62bede2fcb881)
[INFO] [stdout] 
[INFO] [stdout] running 1 test
[INFO] [stdout] test shader::tests::uniform_conv ... ok
[INFO] [stdout] 
[INFO] [stdout] test result: ok. 1 passed; 0 failed; 0 ignored; 0 measured; 0 filtered out; finished in 0.01s
[INFO] [stdout] 
[INFO] [stderr]    Doc-tests solstice
[INFO] [stdout] 
[INFO] [stdout] running 3 tests
[INFO] [stdout] test src/mesh.rs - mesh::VertexMesh (line 106) ... ignored
[INFO] [stdout] test src/mesh.rs - mesh::VertexMesh (line 98) ... ignored
[INFO] [stdout] test src/mesh.rs - mesh::VertexMesh (line 55) ... FAILED
[INFO] [stdout] 
[INFO] [stdout] failures:
[INFO] [stdout] 
[INFO] [stdout] ---- src/mesh.rs - mesh::VertexMesh (line 55) stdout ----
[INFO] [stdout] error[E0433]: failed to resolve: could not find `Zeroable` in `bytemuck`
[INFO] [stdout]  --> src/mesh.rs:58:33
[INFO] [stdout]   |
[INFO] [stdout] 6 | #[derive(Copy, Clone, bytemuck::Zeroable, bytemuck::Pod)]
[INFO] [stdout]   |                                 ^^^^^^^^ could not find `Zeroable` in `bytemuck`
[INFO] [stdout] 
[INFO] [stdout] error[E0433]: failed to resolve: could not find `Pod` in `bytemuck`
[INFO] [stdout]  --> src/mesh.rs:58:53
[INFO] [stdout]   |
[INFO] [stdout] 6 | #[derive(Copy, Clone, bytemuck::Zeroable, bytemuck::Pod)]
[INFO] [stdout]   |                                                     ^^^ could not find `Pod` in `bytemuck`
[INFO] [stdout] 
[INFO] [stdout] error[E0277]: the trait bound `TestVertex: Pod` is not satisfied
[INFO] [stdout]   --> src/mesh.rs:64:6
[INFO] [stdout]    |
[INFO] [stdout] 12 | impl solstice::vertex::Vertex for TestVertex {
[INFO] [stdout]    |      ^^^^^^^^^^^^^^^^^^^^^^^^ the trait `Pod` is not implemented for `TestVertex`
[INFO] [stdout]    | 
[INFO] [stdout]   ::: /opt/rustwide/workdir/src/vertex.rs:78:19
[INFO] [stdout]    |
[INFO] [stdout] 78 | pub trait Vertex: bytemuck::Pod {
[INFO] [stdout]    |                   ------------- required by this bound in `solstice::vertex::Vertex`
[INFO] [stdout] 
[INFO] [stdout] error: aborting due to 3 previous errors
[INFO] [stdout] 
[INFO] [stdout] Some errors have detailed explanations: E0277, E0433.
[INFO] [stdout] For more information about an error, try `rustc --explain E0277`.
[INFO] [stdout] Couldn't compile the test.
[INFO] [stdout] 
[INFO] [stdout] failures:
[INFO] [stdout]     src/mesh.rs - mesh::VertexMesh (line 55)
[INFO] [stdout] 
[INFO] [stdout] test result: FAILED. 0 passed; 1 failed; 2 ignored; 0 measured; 0 filtered out; finished in 0.19s
[INFO] [stdout] 
[INFO] [stderr] error: test failed, to rerun pass '--doc'
[INFO] running `Command { std: "docker" "inspect" "9bba469d5a0a90c9efa32e2a42da4c3136d0ff2bab9e16997109dfa9cf0385ce", kill_on_drop: false }`
[INFO] running `Command { std: "docker" "rm" "-f" "9bba469d5a0a90c9efa32e2a42da4c3136d0ff2bab9e16997109dfa9cf0385ce", kill_on_drop: false }`
[INFO] [stdout] 9bba469d5a0a90c9efa32e2a42da4c3136d0ff2bab9e16997109dfa9cf0385ce
