[INFO] fetching crate solr 0.1.0...
[INFO] testing solr-0.1.0 against beta-2021-08-01 for beta-1.55-1
[INFO] extracting crate solr 0.1.0 into /workspace/builds/worker-0/source
[INFO] validating manifest of crates.io crate solr 0.1.0 on toolchain beta-2021-08-01
[INFO] running `Command { std: "/workspace/cargo-home/bin/cargo" "+beta-2021-08-01" "metadata" "--manifest-path" "Cargo.toml" "--no-deps", kill_on_drop: false }`
[INFO] started tweaking crates.io crate solr 0.1.0
[INFO] finished tweaking crates.io crate solr 0.1.0
[INFO] tweaked toml for crates.io crate solr 0.1.0 written to /workspace/builds/worker-0/source/Cargo.toml
[INFO] running `Command { std: "/workspace/cargo-home/bin/cargo" "+beta-2021-08-01" "generate-lockfile" "--manifest-path" "Cargo.toml" "-Zno-index-update", kill_on_drop: false }`
[INFO] running `Command { std: "/workspace/cargo-home/bin/cargo" "+beta-2021-08-01" "fetch" "--manifest-path" "Cargo.toml", kill_on_drop: false }`
[INFO] [stderr]  Downloading crates ...
[INFO] [stderr]   Downloaded semver v0.4.1
[INFO] running `Command { std: "docker" "create" "-v" "/var/lib/crater-agent-workspace/builds/worker-0/target:/opt/rustwide/target:rw,Z" "-v" "/var/lib/crater-agent-workspace/builds/worker-0/source:/opt/rustwide/workdir:ro,Z" "-v" "/var/lib/crater-agent-workspace/cargo-home:/opt/rustwide/cargo-home:ro,Z" "-v" "/var/lib/crater-agent-workspace/rustup-home:/opt/rustwide/rustup-home:ro,Z" "-e" "SOURCE_DIR=/opt/rustwide/workdir" "-e" "CARGO_TARGET_DIR=/opt/rustwide/target" "-e" "CARGO_HOME=/opt/rustwide/cargo-home" "-e" "RUSTUP_HOME=/opt/rustwide/rustup-home" "-w" "/opt/rustwide/workdir" "-m" "1610612736" "--user" "0:0" "--network" "none" "ghcr.io/rust-lang/crates-build-env/linux@sha256:34b6a614d2c27851fe6cbf88fbd1137609cefab8b10d0615aaeb6fd47975d74e" "/opt/rustwide/cargo-home/bin/cargo" "+beta-2021-08-01" "metadata" "--no-deps" "--format-version=1", kill_on_drop: false }`
[INFO] [stdout] 48bb3a2c61e11d69318d9b671aad5119ecc18190b5d29e9cc0f272ee16734ce1
[INFO] running `Command { std: "docker" "start" "-a" "48bb3a2c61e11d69318d9b671aad5119ecc18190b5d29e9cc0f272ee16734ce1", kill_on_drop: false }`
[INFO] running `Command { std: "docker" "inspect" "48bb3a2c61e11d69318d9b671aad5119ecc18190b5d29e9cc0f272ee16734ce1", kill_on_drop: false }`
[INFO] running `Command { std: "docker" "rm" "-f" "48bb3a2c61e11d69318d9b671aad5119ecc18190b5d29e9cc0f272ee16734ce1", kill_on_drop: false }`
[INFO] [stdout] 48bb3a2c61e11d69318d9b671aad5119ecc18190b5d29e9cc0f272ee16734ce1
[INFO] running `Command { std: "docker" "create" "-v" "/var/lib/crater-agent-workspace/builds/worker-0/target:/opt/rustwide/target:rw,Z" "-v" "/var/lib/crater-agent-workspace/builds/worker-0/source:/opt/rustwide/workdir:ro,Z" "-v" "/var/lib/crater-agent-workspace/cargo-home:/opt/rustwide/cargo-home:ro,Z" "-v" "/var/lib/crater-agent-workspace/rustup-home:/opt/rustwide/rustup-home:ro,Z" "-e" "SOURCE_DIR=/opt/rustwide/workdir" "-e" "CARGO_TARGET_DIR=/opt/rustwide/target" "-e" "CARGO_INCREMENTAL=0" "-e" "RUST_BACKTRACE=full" "-e" "RUSTFLAGS=--cap-lints=warn" "-e" "CARGO_HOME=/opt/rustwide/cargo-home" "-e" "RUSTUP_HOME=/opt/rustwide/rustup-home" "-w" "/opt/rustwide/workdir" "-m" "1610612736" "--user" "0:0" "--network" "none" "ghcr.io/rust-lang/crates-build-env/linux@sha256:34b6a614d2c27851fe6cbf88fbd1137609cefab8b10d0615aaeb6fd47975d74e" "/opt/rustwide/cargo-home/bin/cargo" "+beta-2021-08-01" "build" "--frozen" "--message-format=json", kill_on_drop: false }`
[INFO] [stdout] d961f726244f153f400e6f32decf3216ae15fb6ab64ec49a2128c8b579d7a091
[INFO] running `Command { std: "docker" "start" "-a" "d961f726244f153f400e6f32decf3216ae15fb6ab64ec49a2128c8b579d7a091", kill_on_drop: false }`
[INFO] [stderr]    Compiling rustc-serialize v0.3.24
[INFO] [stderr]    Compiling errno v0.1.8
[INFO] [stderr]    Compiling semver-parser v0.6.2
[INFO] [stderr]    Compiling env_logger v0.3.5
[INFO] [stderr]    Compiling semver v0.4.1
[INFO] [stderr]    Compiling solr v0.1.0 (/opt/rustwide/workdir)
[INFO] [stdout] warning: use of deprecated associated function `std::error::Error::description`: use the Display impl or to_string()
[INFO] [stdout]   --> src/error.rs:64:39
[INFO] [stdout]    |
[INFO] [stdout] 64 |             Error::IO(ref err) => err.description(),
[INFO] [stdout]    |                                       ^^^^^^^^^^^
[INFO] [stdout]    |
[INFO] [stdout]    = note: `#[warn(deprecated)]` on by default
[INFO] [stdout] 
[INFO] [stdout] 
[INFO] [stdout] warning: 1 warning emitted
[INFO] [stdout] 
[INFO] [stdout] 
[INFO] [stderr]     Finished dev [unoptimized + debuginfo] target(s) in 4.08s
[INFO] running `Command { std: "docker" "inspect" "d961f726244f153f400e6f32decf3216ae15fb6ab64ec49a2128c8b579d7a091", kill_on_drop: false }`
[INFO] running `Command { std: "docker" "rm" "-f" "d961f726244f153f400e6f32decf3216ae15fb6ab64ec49a2128c8b579d7a091", kill_on_drop: false }`
[INFO] [stdout] d961f726244f153f400e6f32decf3216ae15fb6ab64ec49a2128c8b579d7a091
[INFO] running `Command { std: "docker" "create" "-v" "/var/lib/crater-agent-workspace/builds/worker-0/target:/opt/rustwide/target:rw,Z" "-v" "/var/lib/crater-agent-workspace/builds/worker-0/source:/opt/rustwide/workdir:ro,Z" "-v" "/var/lib/crater-agent-workspace/cargo-home:/opt/rustwide/cargo-home:ro,Z" "-v" "/var/lib/crater-agent-workspace/rustup-home:/opt/rustwide/rustup-home:ro,Z" "-e" "SOURCE_DIR=/opt/rustwide/workdir" "-e" "CARGO_TARGET_DIR=/opt/rustwide/target" "-e" "CARGO_INCREMENTAL=0" "-e" "RUST_BACKTRACE=full" "-e" "RUSTFLAGS=--cap-lints=warn" "-e" "CARGO_HOME=/opt/rustwide/cargo-home" "-e" "RUSTUP_HOME=/opt/rustwide/rustup-home" "-w" "/opt/rustwide/workdir" "-m" "1610612736" "--user" "0:0" "--network" "none" "ghcr.io/rust-lang/crates-build-env/linux@sha256:34b6a614d2c27851fe6cbf88fbd1137609cefab8b10d0615aaeb6fd47975d74e" "/opt/rustwide/cargo-home/bin/cargo" "+beta-2021-08-01" "test" "--frozen" "--no-run" "--message-format=json", kill_on_drop: false }`
[INFO] [stdout] 37522e274be5d3db0c1764d41ba19f8037a03e1547ed5cde0a6870411513500e
[INFO] running `Command { std: "docker" "start" "-a" "37522e274be5d3db0c1764d41ba19f8037a03e1547ed5cde0a6870411513500e", kill_on_drop: false }`
[INFO] [stderr]    Compiling solr v0.1.0 (/opt/rustwide/workdir)
[INFO] [stdout] warning: use of deprecated associated function `std::error::Error::description`: use the Display impl or to_string()
[INFO] [stdout]   --> src/error.rs:64:39
[INFO] [stdout]    |
[INFO] [stdout] 64 |             Error::IO(ref err) => err.description(),
[INFO] [stdout]    |                                       ^^^^^^^^^^^
[INFO] [stdout]    |
[INFO] [stdout]    = note: `#[warn(deprecated)]` on by default
[INFO] [stdout] 
[INFO] [stdout] 
[INFO] [stdout] warning: 1 warning emitted
[INFO] [stdout] 
[INFO] [stdout] 
[INFO] [stdout] warning: use of deprecated associated function `std::error::Error::description`: use the Display impl or to_string()
[INFO] [stdout]   --> src/error.rs:64:39
[INFO] [stdout]    |
[INFO] [stdout] 64 |             Error::IO(ref err) => err.description(),
[INFO] [stdout]    |                                       ^^^^^^^^^^^
[INFO] [stdout]    |
[INFO] [stdout]    = note: `#[warn(deprecated)]` on by default
[INFO] [stdout] 
[INFO] [stdout] 
[INFO] [stdout] warning: 1 warning emitted
[INFO] [stdout] 
[INFO] [stdout] 
[INFO] [stderr]     Finished test [unoptimized + debuginfo] target(s) in 0.52s
[INFO] running `Command { std: "docker" "inspect" "37522e274be5d3db0c1764d41ba19f8037a03e1547ed5cde0a6870411513500e", kill_on_drop: false }`
[INFO] running `Command { std: "docker" "rm" "-f" "37522e274be5d3db0c1764d41ba19f8037a03e1547ed5cde0a6870411513500e", kill_on_drop: false }`
[INFO] [stdout] 37522e274be5d3db0c1764d41ba19f8037a03e1547ed5cde0a6870411513500e
[INFO] running `Command { std: "docker" "create" "-v" "/var/lib/crater-agent-workspace/builds/worker-0/target:/opt/rustwide/target:rw,Z" "-v" "/var/lib/crater-agent-workspace/builds/worker-0/source:/opt/rustwide/workdir:ro,Z" "-v" "/var/lib/crater-agent-workspace/cargo-home:/opt/rustwide/cargo-home:ro,Z" "-v" "/var/lib/crater-agent-workspace/rustup-home:/opt/rustwide/rustup-home:ro,Z" "-e" "SOURCE_DIR=/opt/rustwide/workdir" "-e" "CARGO_TARGET_DIR=/opt/rustwide/target" "-e" "CARGO_INCREMENTAL=0" "-e" "RUST_BACKTRACE=full" "-e" "RUSTFLAGS=--cap-lints=warn" "-e" "CARGO_HOME=/opt/rustwide/cargo-home" "-e" "RUSTUP_HOME=/opt/rustwide/rustup-home" "-w" "/opt/rustwide/workdir" "-m" "1610612736" "--user" "0:0" "--network" "none" "ghcr.io/rust-lang/crates-build-env/linux@sha256:34b6a614d2c27851fe6cbf88fbd1137609cefab8b10d0615aaeb6fd47975d74e" "/opt/rustwide/cargo-home/bin/cargo" "+beta-2021-08-01" "test" "--frozen", kill_on_drop: false }`
[INFO] [stdout] 9cf736547cd05cbdc1e54b1f59549ca309ce3dfcd0d531d0d5cb842a56e78eac
[INFO] running `Command { std: "docker" "start" "-a" "9cf736547cd05cbdc1e54b1f59549ca309ce3dfcd0d531d0d5cb842a56e78eac", kill_on_drop: false }`
[INFO] [stderr] warning: use of deprecated associated function `std::error::Error::description`: use the Display impl or to_string()
[INFO] [stderr]   --> src/error.rs:64:39
[INFO] [stderr]    |
[INFO] [stderr] 64 |             Error::IO(ref err) => err.description(),
[INFO] [stderr]    |                                       ^^^^^^^^^^^
[INFO] [stderr]    |
[INFO] [stderr]    = note: `#[warn(deprecated)]` on by default
[INFO] [stderr] 
[INFO] [stderr] warning: `solr` (lib) generated 1 warning
[INFO] [stderr] warning: `solr` (lib test) generated 1 warning (1 duplicate)
[INFO] [stderr]     Finished test [unoptimized + debuginfo] target(s) in 0.02s
[INFO] [stderr]      Running unittests (/opt/rustwide/target/debug/deps/solr-0a3bcb8c626559a8)
[INFO] [stdout] 
[INFO] [stderr]    Doc-tests solr
[INFO] [stdout] running 0 tests
[INFO] [stdout] 
[INFO] [stdout] test result: ok. 0 passed; 0 failed; 0 ignored; 0 measured; 0 filtered out; finished in 0.00s
[INFO] [stdout] 
[INFO] [stdout] 
[INFO] [stdout] running 4 tests
[INFO] [stdout] test src/macros.rs - repeat_red (line 38) ... FAILED
[INFO] [stdout] test src/macros.rs - repeat_yellow (line 54) ... FAILED
[INFO] [stdout] test src/macros.rs - repeat (line 22) ... FAILED
[INFO] [stdout] test src/macros.rs - repeat_blue (line 70) ... FAILED
[INFO] [stdout] 
[INFO] [stdout] failures:
[INFO] [stdout] 
[INFO] [stdout] ---- src/macros.rs - repeat_red (line 38) stdout ----
[INFO] [stdout] error: cannot find macro `repeat_red` in this scope
[INFO] [stdout]  --> src/macros.rs:39:1
[INFO] [stdout]   |
[INFO] [stdout] 3 | repeat_red!("=", 80);
[INFO] [stdout]   | ^^^^^^^^^^
[INFO] [stdout] 
[INFO] [stdout] error: aborting due to previous error
[INFO] [stdout] 
[INFO] [stdout] Couldn't compile the test.
[INFO] [stdout] ---- src/macros.rs - repeat_yellow (line 54) stdout ----
[INFO] [stdout] error: cannot find macro `repeat_yellow` in this scope
[INFO] [stdout]  --> src/macros.rs:55:1
[INFO] [stdout]   |
[INFO] [stdout] 3 | repeat_yellow!("=", 80);
[INFO] [stdout]   | ^^^^^^^^^^^^^
[INFO] [stdout] 
[INFO] [stdout] error: aborting due to previous error
[INFO] [stdout] 
[INFO] [stdout] Couldn't compile the test.
[INFO] [stdout] ---- src/macros.rs - repeat (line 22) stdout ----
[INFO] [stdout] error: cannot find macro `sep` in this scope
[INFO] [stdout]  --> src/macros.rs:23:1
[INFO] [stdout]   |
[INFO] [stdout] 3 | sep!("=", 80);
[INFO] [stdout]   | ^^^
[INFO] [stdout] 
[INFO] [stdout] error: aborting due to previous error
[INFO] [stdout] 
[INFO] [stdout] Couldn't compile the test.
[INFO] [stdout] ---- src/macros.rs - repeat_blue (line 70) stdout ----
[INFO] [stdout] error: cannot find macro `repeat_blue` in this scope
[INFO] [stdout]  --> src/macros.rs:71:1
[INFO] [stdout]   |
[INFO] [stdout] 3 | repeat_blue!("=", 80);
[INFO] [stdout]   | ^^^^^^^^^^^
[INFO] [stdout] 
[INFO] [stdout] error: aborting due to previous error
[INFO] [stdout] 
[INFO] [stdout] Couldn't compile the test.
[INFO] [stdout] 
[INFO] [stdout] failures:
[INFO] [stdout]     src/macros.rs - repeat (line 22)
[INFO] [stdout]     src/macros.rs - repeat_blue (line 70)
[INFO] [stdout]     src/macros.rs - repeat_red (line 38)
[INFO] [stdout]     src/macros.rs - repeat_yellow (line 54)
[INFO] [stdout] 
[INFO] [stdout] test result: FAILED. 0 passed; 4 failed; 0 ignored; 0 measured; 0 filtered out; finished in 0.12s
[INFO] [stdout] 
[INFO] [stderr] error: test failed, to rerun pass '--doc'
[INFO] running `Command { std: "docker" "inspect" "9cf736547cd05cbdc1e54b1f59549ca309ce3dfcd0d531d0d5cb842a56e78eac", kill_on_drop: false }`
[INFO] running `Command { std: "docker" "rm" "-f" "9cf736547cd05cbdc1e54b1f59549ca309ce3dfcd0d531d0d5cb842a56e78eac", kill_on_drop: false }`
[INFO] [stdout] 9cf736547cd05cbdc1e54b1f59549ca309ce3dfcd0d531d0d5cb842a56e78eac
