[INFO] fetching crate solana-reed-solomon-erasure 4.0.1-3...
[INFO] testing solana-reed-solomon-erasure-4.0.1-3 against 1.54.0 for beta-1.55-1
[INFO] extracting crate solana-reed-solomon-erasure 4.0.1-3 into /workspace/builds/worker-3/source
[INFO] validating manifest of crates.io crate solana-reed-solomon-erasure 4.0.1-3 on toolchain 1.54.0
[INFO] running `Command { std: "/workspace/cargo-home/bin/cargo" "+1.54.0" "metadata" "--manifest-path" "Cargo.toml" "--no-deps", kill_on_drop: false }`
[INFO] started tweaking crates.io crate solana-reed-solomon-erasure 4.0.1-3
[INFO] finished tweaking crates.io crate solana-reed-solomon-erasure 4.0.1-3
[INFO] tweaked toml for crates.io crate solana-reed-solomon-erasure 4.0.1-3 written to /workspace/builds/worker-3/source/Cargo.toml
[INFO] running `Command { std: "/workspace/cargo-home/bin/cargo" "+1.54.0" "generate-lockfile" "--manifest-path" "Cargo.toml" "-Zno-index-update", kill_on_drop: false }`
[INFO] running `Command { std: "/workspace/cargo-home/bin/cargo" "+1.54.0" "fetch" "--manifest-path" "Cargo.toml", kill_on_drop: false }`
[INFO] running `Command { std: "docker" "create" "-v" "/var/lib/crater-agent-workspace/builds/worker-3/target:/opt/rustwide/target:rw,Z" "-v" "/var/lib/crater-agent-workspace/builds/worker-3/source:/opt/rustwide/workdir:ro,Z" "-v" "/var/lib/crater-agent-workspace/cargo-home:/opt/rustwide/cargo-home:ro,Z" "-v" "/var/lib/crater-agent-workspace/rustup-home:/opt/rustwide/rustup-home:ro,Z" "-e" "SOURCE_DIR=/opt/rustwide/workdir" "-e" "CARGO_TARGET_DIR=/opt/rustwide/target" "-e" "CARGO_HOME=/opt/rustwide/cargo-home" "-e" "RUSTUP_HOME=/opt/rustwide/rustup-home" "-w" "/opt/rustwide/workdir" "-m" "1610612736" "--user" "0:0" "--network" "none" "ghcr.io/rust-lang/crates-build-env/linux@sha256:34b6a614d2c27851fe6cbf88fbd1137609cefab8b10d0615aaeb6fd47975d74e" "/opt/rustwide/cargo-home/bin/cargo" "+1.54.0" "metadata" "--no-deps" "--format-version=1", kill_on_drop: false }`
[INFO] [stdout] 809191537da9cba8b0273d7e0086332da3e18ed39085b477b3a8f42051780f99
[INFO] running `Command { std: "docker" "start" "-a" "809191537da9cba8b0273d7e0086332da3e18ed39085b477b3a8f42051780f99", kill_on_drop: false }`
[INFO] running `Command { std: "docker" "inspect" "809191537da9cba8b0273d7e0086332da3e18ed39085b477b3a8f42051780f99", kill_on_drop: false }`
[INFO] running `Command { std: "docker" "rm" "-f" "809191537da9cba8b0273d7e0086332da3e18ed39085b477b3a8f42051780f99", kill_on_drop: false }`
[INFO] [stdout] 809191537da9cba8b0273d7e0086332da3e18ed39085b477b3a8f42051780f99
[INFO] running `Command { std: "docker" "create" "-v" "/var/lib/crater-agent-workspace/builds/worker-3/target:/opt/rustwide/target:rw,Z" "-v" "/var/lib/crater-agent-workspace/builds/worker-3/source:/opt/rustwide/workdir:ro,Z" "-v" "/var/lib/crater-agent-workspace/cargo-home:/opt/rustwide/cargo-home:ro,Z" "-v" "/var/lib/crater-agent-workspace/rustup-home:/opt/rustwide/rustup-home:ro,Z" "-e" "SOURCE_DIR=/opt/rustwide/workdir" "-e" "CARGO_TARGET_DIR=/opt/rustwide/target" "-e" "CARGO_INCREMENTAL=0" "-e" "RUST_BACKTRACE=full" "-e" "RUSTFLAGS=--cap-lints=warn" "-e" "CARGO_HOME=/opt/rustwide/cargo-home" "-e" "RUSTUP_HOME=/opt/rustwide/rustup-home" "-w" "/opt/rustwide/workdir" "-m" "1610612736" "--user" "0:0" "--network" "none" "ghcr.io/rust-lang/crates-build-env/linux@sha256:34b6a614d2c27851fe6cbf88fbd1137609cefab8b10d0615aaeb6fd47975d74e" "/opt/rustwide/cargo-home/bin/cargo" "+1.54.0" "build" "--frozen" "--message-format=json", kill_on_drop: false }`
[INFO] [stdout] 627179154cce7a9cd28e87d450936e119328669c1f46fd80acdb6937419eb83d
[INFO] running `Command { std: "docker" "start" "-a" "627179154cce7a9cd28e87d450936e119328669c1f46fd80acdb6937419eb83d", kill_on_drop: false }`
[INFO] [stderr]    Compiling solana-reed-solomon-erasure v4.0.1-3 (/opt/rustwide/workdir)
[INFO] [stderr]    Compiling smallvec v0.6.14
[INFO] [stderr]     Finished dev [unoptimized + debuginfo] target(s) in 2.18s
[INFO] running `Command { std: "docker" "inspect" "627179154cce7a9cd28e87d450936e119328669c1f46fd80acdb6937419eb83d", kill_on_drop: false }`
[INFO] running `Command { std: "docker" "rm" "-f" "627179154cce7a9cd28e87d450936e119328669c1f46fd80acdb6937419eb83d", kill_on_drop: false }`
[INFO] [stdout] 627179154cce7a9cd28e87d450936e119328669c1f46fd80acdb6937419eb83d
[INFO] running `Command { std: "docker" "create" "-v" "/var/lib/crater-agent-workspace/builds/worker-3/target:/opt/rustwide/target:rw,Z" "-v" "/var/lib/crater-agent-workspace/builds/worker-3/source:/opt/rustwide/workdir:ro,Z" "-v" "/var/lib/crater-agent-workspace/cargo-home:/opt/rustwide/cargo-home:ro,Z" "-v" "/var/lib/crater-agent-workspace/rustup-home:/opt/rustwide/rustup-home:ro,Z" "-e" "SOURCE_DIR=/opt/rustwide/workdir" "-e" "CARGO_TARGET_DIR=/opt/rustwide/target" "-e" "CARGO_INCREMENTAL=0" "-e" "RUST_BACKTRACE=full" "-e" "RUSTFLAGS=--cap-lints=warn" "-e" "CARGO_HOME=/opt/rustwide/cargo-home" "-e" "RUSTUP_HOME=/opt/rustwide/rustup-home" "-w" "/opt/rustwide/workdir" "-m" "1610612736" "--user" "0:0" "--network" "none" "ghcr.io/rust-lang/crates-build-env/linux@sha256:34b6a614d2c27851fe6cbf88fbd1137609cefab8b10d0615aaeb6fd47975d74e" "/opt/rustwide/cargo-home/bin/cargo" "+1.54.0" "test" "--frozen" "--no-run" "--message-format=json", kill_on_drop: false }`
[INFO] [stdout] 0668b02035fa04471df4a758f0aac220d81fe7033917c273c44f5fb464c006e9
[INFO] running `Command { std: "docker" "start" "-a" "0668b02035fa04471df4a758f0aac220d81fe7033917c273c44f5fb464c006e9", kill_on_drop: false }`
[INFO] [stderr]    Compiling libc v0.2.98
[INFO] [stderr]    Compiling env_logger v0.7.1
[INFO] [stderr]    Compiling getrandom v0.1.16
[INFO] [stderr]    Compiling rand_core v0.5.1
[INFO] [stderr]    Compiling rand_chacha v0.2.2
[INFO] [stderr]    Compiling rand v0.7.3
[INFO] [stderr]    Compiling quickcheck v0.9.2
[INFO] [stderr]    Compiling solana-reed-solomon-erasure v4.0.1-3 (/opt/rustwide/workdir)
[INFO] [stdout] warning: this method call currently resolves to `<&[T; N] as IntoIterator>::into_iter` (due to autoref coercions), but that might change in the future when `IntoIterator` impls for arrays are added.
[INFO] [stdout]    --> src/galois_8.rs:553:32
[INFO] [stdout]     |
[INFO] [stdout] 553 |         for len in length_list.into_iter() {
[INFO] [stdout]     |                                ^^^^^^^^^ help: use `.iter()` instead of `.into_iter()` to avoid ambiguity: `iter`
[INFO] [stdout]     |
[INFO] [stdout]     = note: `#[warn(array_into_iter)]` on by default
[INFO] [stdout]     = warning: this was previously accepted by the compiler but is being phased out; it will become a hard error in a future release!
[INFO] [stdout]     = note: for more information, see issue #66145 <https://github.com/rust-lang/rust/issues/66145>
[INFO] [stdout] 
[INFO] [stdout] 
[INFO] [stdout] warning: 1 warning emitted
[INFO] [stdout] 
[INFO] [stdout] 
[INFO] [stderr]     Finished test [unoptimized + debuginfo] target(s) in 15.00s
[INFO] running `Command { std: "docker" "inspect" "0668b02035fa04471df4a758f0aac220d81fe7033917c273c44f5fb464c006e9", kill_on_drop: false }`
[INFO] running `Command { std: "docker" "rm" "-f" "0668b02035fa04471df4a758f0aac220d81fe7033917c273c44f5fb464c006e9", kill_on_drop: false }`
[INFO] [stdout] 0668b02035fa04471df4a758f0aac220d81fe7033917c273c44f5fb464c006e9
[INFO] running `Command { std: "docker" "create" "-v" "/var/lib/crater-agent-workspace/builds/worker-3/target:/opt/rustwide/target:rw,Z" "-v" "/var/lib/crater-agent-workspace/builds/worker-3/source:/opt/rustwide/workdir:ro,Z" "-v" "/var/lib/crater-agent-workspace/cargo-home:/opt/rustwide/cargo-home:ro,Z" "-v" "/var/lib/crater-agent-workspace/rustup-home:/opt/rustwide/rustup-home:ro,Z" "-e" "SOURCE_DIR=/opt/rustwide/workdir" "-e" "CARGO_TARGET_DIR=/opt/rustwide/target" "-e" "CARGO_INCREMENTAL=0" "-e" "RUST_BACKTRACE=full" "-e" "RUSTFLAGS=--cap-lints=warn" "-e" "CARGO_HOME=/opt/rustwide/cargo-home" "-e" "RUSTUP_HOME=/opt/rustwide/rustup-home" "-w" "/opt/rustwide/workdir" "-m" "1610612736" "--user" "0:0" "--network" "none" "ghcr.io/rust-lang/crates-build-env/linux@sha256:34b6a614d2c27851fe6cbf88fbd1137609cefab8b10d0615aaeb6fd47975d74e" "/opt/rustwide/cargo-home/bin/cargo" "+1.54.0" "test" "--frozen", kill_on_drop: false }`
[INFO] [stdout] 1acf7f61090fd4019ecaa0e58dc75938185494940bc35aca5668dfc969496b74
[INFO] running `Command { std: "docker" "start" "-a" "1acf7f61090fd4019ecaa0e58dc75938185494940bc35aca5668dfc969496b74", kill_on_drop: false }`
[INFO] [stderr] warning: this method call currently resolves to `<&[T; N] as IntoIterator>::into_iter` (due to autoref coercions), but that might change in the future when `IntoIterator` impls for arrays are added.
[INFO] [stderr]    --> src/galois_8.rs:553:32
[INFO] [stderr]     |
[INFO] [stderr] 553 |         for len in length_list.into_iter() {
[INFO] [stderr]     |                                ^^^^^^^^^ help: use `.iter()` instead of `.into_iter()` to avoid ambiguity: `iter`
[INFO] [stderr]     |
[INFO] [stderr]     = note: `#[warn(array_into_iter)]` on by default
[INFO] [stderr]     = warning: this was previously accepted by the compiler but is being phased out; it will become a hard error in a future release!
[INFO] [stderr]     = note: for more information, see issue #66145 <https://github.com/rust-lang/rust/issues/66145>
[INFO] [stderr] 
[INFO] [stderr] warning: 1 warning emitted
[INFO] [stderr] 
[INFO] [stderr]     Finished test [unoptimized + debuginfo] target(s) in 0.05s
[INFO] [stderr]      Running unittests (/opt/rustwide/target/debug/deps/solana_reed_solomon_erasure-566f69e56656f8bc)
[INFO] [stdout] 
[INFO] [stdout] running 105 tests
[INFO] [stdout] test errors::tests::test_error_display_does_not_panic ... ok
[INFO] [stdout] test errors::tests::test_error_to_string_is_okay ... ok
[INFO] [stdout] test errors::tests::test_sbserror_display_does_not_panic ... ok
[INFO] [stdout] test galois_16::tests::qc_inverse ... ok
[INFO] [stdout] test galois_16::tests::qc_exp_zero_is_one ... ok
[INFO] [stdout] test galois_16::tests::qc_add_commutativity ... ok
[INFO] [stdout] test errors::tests::test_sbserror_to_string_is_okay ... ok
[INFO] [stdout] test galois_16::tests::qc_add_distributivity ... ok
[INFO] [stdout] test galois_16::tests::qc_mul_associativity ... ok
[INFO] [stdout] test galois_16::tests::qc_mul_commutativity ... ok
[INFO] [stdout] test galois_16::tests::qc_add_associativity ... ok
[INFO] [stdout] test galois_8::tests::qc_add_commutativity ... ok
[INFO] [stdout] test galois_16::tests::zero_to_zero_is_one ... ok
[INFO] [stdout] test galois_8::tests::qc_mul_associativity ... ok
[INFO] [stdout] test galois_8::tests::log_table_same_as_backblaze ... ok
[INFO] [stdout] test inversion_tree::tests::test_get_inverted_matrix ... ok
[INFO] [stdout] test inversion_tree::tests::test_insert_inverted_matrix ... ok
[INFO] [stdout] test inversion_tree::tests::test_new_inversion_tree ... ok
[INFO] [stdout] test galois_8::tests::qc_mul_commutativity ... ok
[INFO] [stdout] test inversion_tree::tests::test_double_insert_inverted_matrix ... ok
[INFO] [stdout] test galois_8::tests::test_slice_add ... ok
[INFO] [stdout] test galois_8::tests::qc_add_distributivity ... ok
[INFO] [stdout] test galois_16::tests::qc_additive_identity ... ok
[INFO] [stdout] test galois_8::tests::test_galois ... ok
[INFO] [stdout] test galois_8::tests::test_identity ... ok
[INFO] [stdout] test matrix::tests::test_matrix_col_count ... ok
[INFO] [stdout] test galois_8::tests::test_commutativity ... ok
[INFO] [stdout] test matrix::tests::test_matrix_identity ... ok
[INFO] [stdout] test inversion_tree::tests::test_extended_inverted_matrix ... ok
[INFO] [stdout] test galois_16::tests::qc_exponent_1 ... ok
[INFO] [stdout] test galois_16::tests::qc_exponent_2 ... ok
[INFO] [stdout] test galois_8::tests::test_div_a_is_0 ... ok
[INFO] [stdout] test galois_8::tests::qc_add_associativity ... ok
[INFO] [stdout] test galois_8::tests::qc_multiplicative_identity ... ok
[INFO] [stdout] test galois_8::tests::qc_additive_identity ... ok
[INFO] [stdout] test galois_16::tests::qc_multiplicative_identity ... ok
[INFO] [stdout] test galois_8::tests::test_exp ... ok
[INFO] [stdout] test matrix::tests::test_matrix_multiply ... ok
[INFO] [stdout] test matrix::tests::test_matrix_row_count ... ok
[INFO] [stdout] test galois_16::tests::test_div_b_is_0 - should panic ... ok
[INFO] [stdout] test matrix::tests::test_incompatible_augment - should panic ... ok
[INFO] [stdout] test matrix::tests::test_matrix_inverse_non_square - should panic ... ok
[INFO] [stdout] test galois_8::tests::test_div_b_is_0 - should panic ... ok
[INFO] [stdout] test matrix::tests::test_incompatible_multiply - should panic ... ok
[INFO] [stdout] test matrix::tests::test_inconsistent_row_sizes - should panic ... ok
[INFO] [stdout] test matrix::tests::test_matrix_inverse_singular - should panic ... ok
[INFO] [stdout] test matrix::tests::test_matrix_swap_rows ... ok
[INFO] [stdout] test matrix::tests::test_matrix_inverse_pass_cases ... ok
[INFO] [stdout] test tests::galois_16::correct_field_order_restriction ... ok
[INFO] [stdout] test tests::shardbyshard_encode_correctly ... ok
[INFO] [stdout] test tests::shardbyshard_encode_error_handling ... ok
[INFO] [stdout] test tests::shardbyshard_encode_sep_correctly ... ok
[INFO] [stdout] test tests::shardbyshard_encode_correctly_more_rigorous ... ok
[INFO] [stdout] test tests::test_check_slices_or_shards_size ... ok
[INFO] [stdout] test tests::shardbyshard_encode_sep_error_handling ... ok
[INFO] [stdout] test tests::shardbyshard_encode_shard_error_handling ... ok
[INFO] [stdout] test tests::test_encode_single_error_handling ... ok
[INFO] [stdout] test tests::test_encode_single_sep ... ok
[INFO] [stdout] test tests::test_encode_single_sep_error_handling ... ok
[INFO] [stdout] test tests::test_encode_sep ... ok
[INFO] [stdout] test tests::test_no_data_shards ... ok
[INFO] [stdout] test tests::test_no_parity_shards ... ok
[INFO] [stdout] test tests::test_one_encode ... ok
[INFO] [stdout] test tests::test_reconstruct ... ok
[INFO] [stdout] test tests::test_reconstruct_error_handling ... ok
[INFO] [stdout] test tests::shardbyshard_encode_shard_sep_error_handling ... ok
[INFO] [stdout] test tests::test_reed_solomon_clone ... ok
[INFO] [stdout] test tests::test_encode_sep_error_handling ... ok
[INFO] [stdout] test tests::test_slices_or_shards_count_check ... ok
[INFO] [stdout] test tests::test_too_many_shards ... ok
[INFO] [stdout] test tests::test_verify_shards_with_buffer_gives_correct_parity_shards ... ok
[INFO] [stdout] test tests::test_verify_shards_with_buffer_incorrect_buffer_sizes ... ok
[INFO] [stdout] test tests::test_verify_too_few_shards ... ok
[INFO] [stdout] test tests::test_verify_with_buffer_gives_correct_parity_shards ... ok
[INFO] [stdout] test galois_8::tests::test_distributivity ... ok
[INFO] [stdout] test tests::test_encoding ... ok
[INFO] [stdout] test inversion_tree::tests::qc_tree_same_as_hash_map ... ok
[INFO] [stdout] test galois_8::tests::test_associativity ... ok
[INFO] [stdout] test tests::test_reconstruct_shards ... ok
[INFO] [stdout] test tests::test_shard_count ... ok
[INFO] [stdout] test galois_8::tests::test_same_as_maybe_ffi ... ok
[INFO] [stdout] test tests::galois_16::qc_encode_sep_same_as_encode has been running for over 60 seconds
[INFO] [stdout] test tests::galois_16::qc_encode_sep_same_as_encode_shards has been running for over 60 seconds
[INFO] [stdout] test tests::galois_16::qc_encode_single_same_as_encode has been running for over 60 seconds
[INFO] [stdout] test tests::galois_16::qc_encode_single_same_as_encode_shards has been running for over 60 seconds
[INFO] [stdout] test tests::galois_16::qc_encode_single_sep_same_as_encode has been running for over 60 seconds
[INFO] [stdout] test tests::galois_16::qc_encode_single_sep_same_as_encode_shards has been running for over 60 seconds
[INFO] [stdout] test tests::galois_16::qc_encode_verify_reconstruct_verify has been running for over 60 seconds
[INFO] [stdout] test tests::galois_16::qc_encode_verify_reconstruct_verify_shards has been running for over 60 seconds
[INFO] [stdout] test tests::galois_16::qc_verify has been running for over 60 seconds
[INFO] [stdout] test tests::galois_16::qc_verify_shards has been running for over 60 seconds
[INFO] [stdout] test tests::qc_encode_sep_same_as_encode has been running for over 60 seconds
[INFO] [stdout] test tests::qc_encode_sep_same_as_encode_shards has been running for over 60 seconds
[INFO] [stdout] test tests::qc_encode_single_same_as_encode has been running for over 60 seconds
[INFO] [stdout] test tests::qc_encode_single_same_as_encode_shards has been running for over 60 seconds
[INFO] [stdout] test tests::qc_encode_single_sep_same_as_encode has been running for over 60 seconds
[INFO] [stdout] test tests::qc_encode_single_sep_same_as_encode_shards has been running for over 60 seconds
[INFO] [stdout] test tests::qc_encode_verify_reconstruct_verify has been running for over 60 seconds
[INFO] [stdout] test tests::qc_encode_verify_reconstruct_verify_shards has been running for over 60 seconds
[INFO] [stdout] test tests::qc_shardbyshard_encode_same_as_encode has been running for over 60 seconds
[INFO] [stdout] test tests::qc_shardbyshard_encode_same_as_encode_shards has been running for over 60 seconds
[INFO] [stdout] test tests::qc_shardbyshard_encode_sep_same_as_encode has been running for over 60 seconds
[INFO] [stdout] test tests::qc_shardbyshard_encode_sep_same_as_encode_shards has been running for over 60 seconds
[INFO] [stdout] test tests::qc_verify has been running for over 60 seconds
[INFO] [stdout] test tests::qc_verify_shards has been running for over 60 seconds
[INFO] [stdout] test tests::qc_encode_single_same_as_encode_shards ... ok
[INFO] [stdout] test tests::qc_shardbyshard_encode_same_as_encode_shards ... ok
[INFO] [stdout] test tests::qc_encode_single_sep_same_as_encode_shards ... ok
[INFO] [stdout] test tests::qc_encode_single_sep_same_as_encode ... ok
[INFO] [stdout] test tests::qc_verify ... ok
[INFO] [stdout] test tests::qc_encode_sep_same_as_encode_shards ... ok
[INFO] [stdout] test tests::qc_shardbyshard_encode_sep_same_as_encode_shards ... ok
[INFO] [stdout] test tests::qc_shardbyshard_encode_sep_same_as_encode ... ok
[INFO] [stdout] test tests::qc_encode_sep_same_as_encode ... ok
[INFO] [stdout] test tests::qc_verify_shards ... ok
[INFO] [stdout] test tests::qc_encode_single_same_as_encode ... ok
[INFO] [stdout] test tests::qc_encode_verify_reconstruct_verify ... ok
[INFO] [stdout] test tests::qc_shardbyshard_encode_same_as_encode ... ok
[INFO] [stdout] test tests::qc_encode_verify_reconstruct_verify_shards ... ok
[INFO] [stdout] test tests::galois_16::qc_encode_verify_reconstruct_verify ... ok
[INFO] [stdout] test tests::galois_16::qc_encode_single_same_as_encode ... ok
[INFO] [stdout] test tests::galois_16::qc_encode_sep_same_as_encode_shards ... ok
[INFO] [stdout] test tests::galois_16::qc_encode_sep_same_as_encode ... ok
[INFO] [stdout] test tests::galois_16::qc_encode_single_sep_same_as_encode_shards ... ok
[INFO] [stdout] test tests::galois_16::qc_encode_single_sep_same_as_encode ... ok
[INFO] [stdout] test tests::galois_16::qc_encode_single_same_as_encode_shards ... ok
[INFO] [stdout] test tests::galois_16::qc_verify_shards ... ok
[INFO] [stdout] test tests::galois_16::qc_encode_verify_reconstruct_verify_shards ... ok
[INFO] [stderr]    Doc-tests solana-reed-solomon-erasure
[INFO] [stdout] test tests::galois_16::qc_verify ... ok
[INFO] [stdout] 
[INFO] [stdout] test result: ok. 105 passed; 0 failed; 0 ignored; 0 measured; 0 filtered out; finished in 196.50s
[INFO] [stdout] 
[INFO] [stdout] 
[INFO] [stdout] running 7 tests
[INFO] [stdout] test src/macros.rs - shards (line 4) ... FAILED
[INFO] [stdout] test src/core.rs - core::ShardByShard (line 55) ... FAILED
[INFO] [stdout] test src/macros.rs - convert_2D_slices (line 61) ... FAILED
[INFO] [stdout] test src/macros.rs - convert_2D_slices (line 36) ... FAILED
[INFO] [stdout] test src/macros.rs - convert_2D_slices (line 47) ... FAILED
[INFO] [stdout] test src/macros.rs - convert_2D_slices (line 75) ... FAILED
[INFO] [stdout] test src/macros.rs - convert_2D_slices (line 25) ... FAILED
[INFO] [stdout] 
[INFO] [stdout] failures:
[INFO] [stdout] 
[INFO] [stdout] ---- src/macros.rs - shards (line 4) stdout ----
[INFO] [stdout] error[E0463]: can't find crate for `reed_solomon_erasure`
[INFO] [stdout]  --> src/macros.rs:5:14
[INFO] [stdout]   |
[INFO] [stdout] 2 | #[macro_use] extern crate reed_solomon_erasure;
[INFO] [stdout]   |              ^^^^^^^^^^^^^^^^^^^^^^^^^^^^^^^^^^ can't find crate
[INFO] [stdout] 
[INFO] [stdout] error: aborting due to previous error
[INFO] [stdout] 
[INFO] [stdout] For more information about this error, try `rustc --explain E0463`.
[INFO] [stdout] Couldn't compile the test.
[INFO] [stdout] ---- src/core.rs - core::ShardByShard (line 55) stdout ----
[INFO] [stdout] error[E0463]: can't find crate for `reed_solomon_erasure`
[INFO] [stdout]  --> src/core.rs:56:14
[INFO] [stdout]   |
[INFO] [stdout] 2 | #[macro_use] extern crate reed_solomon_erasure;
[INFO] [stdout]   |              ^^^^^^^^^^^^^^^^^^^^^^^^^^^^^^^^^^ can't find crate
[INFO] [stdout] 
[INFO] [stdout] error: aborting due to previous error
[INFO] [stdout] 
[INFO] [stdout] For more information about this error, try `rustc --explain E0463`.
[INFO] [stdout] Couldn't compile the test.
[INFO] [stdout] ---- src/macros.rs - convert_2D_slices (line 61) stdout ----
[INFO] [stdout] error[E0463]: can't find crate for `reed_solomon_erasure`
[INFO] [stdout]  --> src/macros.rs:62:14
[INFO] [stdout]   |
[INFO] [stdout] 2 | #[macro_use] extern crate reed_solomon_erasure;
[INFO] [stdout]   |              ^^^^^^^^^^^^^^^^^^^^^^^^^^^^^^^^^^ can't find crate
[INFO] [stdout] 
[INFO] [stdout] error: aborting due to previous error
[INFO] [stdout] 
[INFO] [stdout] For more information about this error, try `rustc --explain E0463`.
[INFO] [stdout] Couldn't compile the test.
[INFO] [stdout] ---- src/macros.rs - convert_2D_slices (line 36) stdout ----
[INFO] [stdout] error[E0463]: can't find crate for `reed_solomon_erasure`
[INFO] [stdout]  --> src/macros.rs:37:14
[INFO] [stdout]   |
[INFO] [stdout] 2 | #[macro_use] extern crate reed_solomon_erasure;
[INFO] [stdout]   |              ^^^^^^^^^^^^^^^^^^^^^^^^^^^^^^^^^^ can't find crate
[INFO] [stdout] 
[INFO] [stdout] error: aborting due to previous error
[INFO] [stdout] 
[INFO] [stdout] For more information about this error, try `rustc --explain E0463`.
[INFO] [stdout] Couldn't compile the test.
[INFO] [stdout] ---- src/macros.rs - convert_2D_slices (line 47) stdout ----
[INFO] [stdout] error[E0463]: can't find crate for `reed_solomon_erasure`
[INFO] [stdout]  --> src/macros.rs:48:14
[INFO] [stdout]   |
[INFO] [stdout] 2 | #[macro_use] extern crate reed_solomon_erasure;
[INFO] [stdout]   |              ^^^^^^^^^^^^^^^^^^^^^^^^^^^^^^^^^^ can't find crate
[INFO] [stdout] 
[INFO] [stdout] error: aborting due to previous error
[INFO] [stdout] 
[INFO] [stdout] For more information about this error, try `rustc --explain E0463`.
[INFO] [stdout] Couldn't compile the test.
[INFO] [stdout] ---- src/macros.rs - convert_2D_slices (line 75) stdout ----
[INFO] [stdout] error[E0463]: can't find crate for `reed_solomon_erasure`
[INFO] [stdout]  --> src/macros.rs:76:14
[INFO] [stdout]   |
[INFO] [stdout] 2 | #[macro_use] extern crate reed_solomon_erasure;
[INFO] [stdout]   |              ^^^^^^^^^^^^^^^^^^^^^^^^^^^^^^^^^^ can't find crate
[INFO] [stdout] 
[INFO] [stdout] error: aborting due to previous error
[INFO] [stdout] 
[INFO] [stdout] For more information about this error, try `rustc --explain E0463`.
[INFO] [stdout] Couldn't compile the test.
[INFO] [stdout] ---- src/macros.rs - convert_2D_slices (line 25) stdout ----
[INFO] [stdout] error[E0463]: can't find crate for `reed_solomon_erasure`
[INFO] [stdout]  --> src/macros.rs:26:14
[INFO] [stdout]   |
[INFO] [stdout] 2 | #[macro_use] extern crate reed_solomon_erasure;
[INFO] [stdout]   |              ^^^^^^^^^^^^^^^^^^^^^^^^^^^^^^^^^^ can't find crate
[INFO] [stdout] 
[INFO] [stdout] error: aborting due to previous error
[INFO] [stdout] 
[INFO] [stdout] For more information about this error, try `rustc --explain E0463`.
[INFO] [stdout] Couldn't compile the test.
[INFO] [stdout] 
[INFO] [stdout] failures:
[INFO] [stdout]     src/core.rs - core::ShardByShard (line 55)
[INFO] [stdout]     src/macros.rs - convert_2D_slices (line 25)
[INFO] [stdout]     src/macros.rs - convert_2D_slices (line 36)
[INFO] [stdout]     src/macros.rs - convert_2D_slices (line 47)
[INFO] [stdout]     src/macros.rs - convert_2D_slices (line 61)
[INFO] [stdout]     src/macros.rs - convert_2D_slices (line 75)
[INFO] [stdout]     src/macros.rs - shards (line 4)
[INFO] [stdout] 
[INFO] [stdout] test result: FAILED. 0 passed; 7 failed; 0 ignored; 0 measured; 0 filtered out; finished in 0.28s
[INFO] [stdout] 
[INFO] [stderr] error: test failed, to rerun pass '--doc'
[INFO] running `Command { std: "docker" "inspect" "1acf7f61090fd4019ecaa0e58dc75938185494940bc35aca5668dfc969496b74", kill_on_drop: false }`
[INFO] running `Command { std: "docker" "rm" "-f" "1acf7f61090fd4019ecaa0e58dc75938185494940bc35aca5668dfc969496b74", kill_on_drop: false }`
[INFO] [stdout] 1acf7f61090fd4019ecaa0e58dc75938185494940bc35aca5668dfc969496b74
