[INFO] fetching crate softfloat-wrapper-riscv 0.1.0...
[INFO] testing softfloat-wrapper-riscv-0.1.0 against beta-2021-08-01 for beta-1.55-1
[INFO] extracting crate softfloat-wrapper-riscv 0.1.0 into /workspace/builds/worker-0/source
[INFO] validating manifest of crates.io crate softfloat-wrapper-riscv 0.1.0 on toolchain beta-2021-08-01
[INFO] running `Command { std: "/workspace/cargo-home/bin/cargo" "+beta-2021-08-01" "metadata" "--manifest-path" "Cargo.toml" "--no-deps", kill_on_drop: false }`
[INFO] started tweaking crates.io crate softfloat-wrapper-riscv 0.1.0
[INFO] finished tweaking crates.io crate softfloat-wrapper-riscv 0.1.0
[INFO] tweaked toml for crates.io crate softfloat-wrapper-riscv 0.1.0 written to /workspace/builds/worker-0/source/Cargo.toml
[INFO] running `Command { std: "/workspace/cargo-home/bin/cargo" "+beta-2021-08-01" "generate-lockfile" "--manifest-path" "Cargo.toml" "-Zno-index-update", kill_on_drop: false }`
[INFO] running `Command { std: "/workspace/cargo-home/bin/cargo" "+beta-2021-08-01" "fetch" "--manifest-path" "Cargo.toml", kill_on_drop: false }`
[INFO] [stderr]  Downloading crates ...
[INFO] [stderr]   Downloaded cc-version v0.1.0
[INFO] [stderr]   Downloaded algebraics v0.1.2
[INFO] [stderr]   Downloaded c99 v0.1.1
[INFO] [stderr]   Downloaded simple-soft-float v0.1.0
[INFO] [stderr]   Downloaded softfloat-sys-riscv v0.1.0
[INFO] running `Command { std: "docker" "create" "-v" "/var/lib/crater-agent-workspace/builds/worker-0/target:/opt/rustwide/target:rw,Z" "-v" "/var/lib/crater-agent-workspace/builds/worker-0/source:/opt/rustwide/workdir:ro,Z" "-v" "/var/lib/crater-agent-workspace/cargo-home:/opt/rustwide/cargo-home:ro,Z" "-v" "/var/lib/crater-agent-workspace/rustup-home:/opt/rustwide/rustup-home:ro,Z" "-e" "SOURCE_DIR=/opt/rustwide/workdir" "-e" "CARGO_TARGET_DIR=/opt/rustwide/target" "-e" "CARGO_HOME=/opt/rustwide/cargo-home" "-e" "RUSTUP_HOME=/opt/rustwide/rustup-home" "-w" "/opt/rustwide/workdir" "-m" "1610612736" "--user" "0:0" "--network" "none" "ghcr.io/rust-lang/crates-build-env/linux@sha256:34b6a614d2c27851fe6cbf88fbd1137609cefab8b10d0615aaeb6fd47975d74e" "/opt/rustwide/cargo-home/bin/cargo" "+beta-2021-08-01" "metadata" "--no-deps" "--format-version=1", kill_on_drop: false }`
[INFO] [stdout] 0a845a83927d34fd43bd7b419ee4e9e0f2dafdd7ae34327387e6965682216077
[INFO] running `Command { std: "docker" "start" "-a" "0a845a83927d34fd43bd7b419ee4e9e0f2dafdd7ae34327387e6965682216077", kill_on_drop: false }`
[INFO] running `Command { std: "docker" "inspect" "0a845a83927d34fd43bd7b419ee4e9e0f2dafdd7ae34327387e6965682216077", kill_on_drop: false }`
[INFO] running `Command { std: "docker" "rm" "-f" "0a845a83927d34fd43bd7b419ee4e9e0f2dafdd7ae34327387e6965682216077", kill_on_drop: false }`
[INFO] [stdout] 0a845a83927d34fd43bd7b419ee4e9e0f2dafdd7ae34327387e6965682216077
[INFO] running `Command { std: "docker" "create" "-v" "/var/lib/crater-agent-workspace/builds/worker-0/target:/opt/rustwide/target:rw,Z" "-v" "/var/lib/crater-agent-workspace/builds/worker-0/source:/opt/rustwide/workdir:ro,Z" "-v" "/var/lib/crater-agent-workspace/cargo-home:/opt/rustwide/cargo-home:ro,Z" "-v" "/var/lib/crater-agent-workspace/rustup-home:/opt/rustwide/rustup-home:ro,Z" "-e" "SOURCE_DIR=/opt/rustwide/workdir" "-e" "CARGO_TARGET_DIR=/opt/rustwide/target" "-e" "CARGO_INCREMENTAL=0" "-e" "RUST_BACKTRACE=full" "-e" "RUSTFLAGS=--cap-lints=warn" "-e" "CARGO_HOME=/opt/rustwide/cargo-home" "-e" "RUSTUP_HOME=/opt/rustwide/rustup-home" "-w" "/opt/rustwide/workdir" "-m" "1610612736" "--user" "0:0" "--network" "none" "ghcr.io/rust-lang/crates-build-env/linux@sha256:34b6a614d2c27851fe6cbf88fbd1137609cefab8b10d0615aaeb6fd47975d74e" "/opt/rustwide/cargo-home/bin/cargo" "+beta-2021-08-01" "build" "--frozen" "--message-format=json", kill_on_drop: false }`
[INFO] [stdout] b70ee3346d03b914d8d77f0ccec094115a7503331b8c892f9b24fc3f898198e0
[INFO] running `Command { std: "docker" "start" "-a" "b70ee3346d03b914d8d77f0ccec094115a7503331b8c892f9b24fc3f898198e0", kill_on_drop: false }`
[INFO] [stderr]    Compiling c99 v0.1.1
[INFO] [stderr]    Compiling cc-version v0.1.0
[INFO] [stderr]    Compiling softfloat-sys-riscv v0.1.0
[INFO] [stderr]    Compiling softfloat-wrapper-riscv v0.1.0 (/opt/rustwide/workdir)
[INFO] [stderr]     Finished dev [unoptimized + debuginfo] target(s) in 24.14s
[INFO] running `Command { std: "docker" "inspect" "b70ee3346d03b914d8d77f0ccec094115a7503331b8c892f9b24fc3f898198e0", kill_on_drop: false }`
[INFO] running `Command { std: "docker" "rm" "-f" "b70ee3346d03b914d8d77f0ccec094115a7503331b8c892f9b24fc3f898198e0", kill_on_drop: false }`
[INFO] [stdout] b70ee3346d03b914d8d77f0ccec094115a7503331b8c892f9b24fc3f898198e0
[INFO] running `Command { std: "docker" "create" "-v" "/var/lib/crater-agent-workspace/builds/worker-0/target:/opt/rustwide/target:rw,Z" "-v" "/var/lib/crater-agent-workspace/builds/worker-0/source:/opt/rustwide/workdir:ro,Z" "-v" "/var/lib/crater-agent-workspace/cargo-home:/opt/rustwide/cargo-home:ro,Z" "-v" "/var/lib/crater-agent-workspace/rustup-home:/opt/rustwide/rustup-home:ro,Z" "-e" "SOURCE_DIR=/opt/rustwide/workdir" "-e" "CARGO_TARGET_DIR=/opt/rustwide/target" "-e" "CARGO_INCREMENTAL=0" "-e" "RUST_BACKTRACE=full" "-e" "RUSTFLAGS=--cap-lints=warn" "-e" "CARGO_HOME=/opt/rustwide/cargo-home" "-e" "RUSTUP_HOME=/opt/rustwide/rustup-home" "-w" "/opt/rustwide/workdir" "-m" "1610612736" "--user" "0:0" "--network" "none" "ghcr.io/rust-lang/crates-build-env/linux@sha256:34b6a614d2c27851fe6cbf88fbd1137609cefab8b10d0615aaeb6fd47975d74e" "/opt/rustwide/cargo-home/bin/cargo" "+beta-2021-08-01" "test" "--frozen" "--no-run" "--message-format=json", kill_on_drop: false }`
[INFO] [stdout] 74dc9429ee0e3b55b245d31a996c82d14bc5390e3dd36875018eb1b05c7df7f0
[INFO] running `Command { std: "docker" "start" "-a" "74dc9429ee0e3b55b245d31a996c82d14bc5390e3dd36875018eb1b05c7df7f0", kill_on_drop: false }`
[INFO] [stderr]    Compiling num-bigint v0.2.6
[INFO] [stderr]    Compiling num-rational v0.2.4
[INFO] [stderr]    Compiling algebraics v0.1.2
[INFO] [stderr]    Compiling simple-soft-float v0.1.0
[INFO] [stderr]    Compiling softfloat-wrapper-riscv v0.1.0 (/opt/rustwide/workdir)
[INFO] [stderr]     Finished test [unoptimized + debuginfo] target(s) in 16.31s
[INFO] running `Command { std: "docker" "inspect" "74dc9429ee0e3b55b245d31a996c82d14bc5390e3dd36875018eb1b05c7df7f0", kill_on_drop: false }`
[INFO] running `Command { std: "docker" "rm" "-f" "74dc9429ee0e3b55b245d31a996c82d14bc5390e3dd36875018eb1b05c7df7f0", kill_on_drop: false }`
[INFO] [stdout] 74dc9429ee0e3b55b245d31a996c82d14bc5390e3dd36875018eb1b05c7df7f0
[INFO] running `Command { std: "docker" "create" "-v" "/var/lib/crater-agent-workspace/builds/worker-0/target:/opt/rustwide/target:rw,Z" "-v" "/var/lib/crater-agent-workspace/builds/worker-0/source:/opt/rustwide/workdir:ro,Z" "-v" "/var/lib/crater-agent-workspace/cargo-home:/opt/rustwide/cargo-home:ro,Z" "-v" "/var/lib/crater-agent-workspace/rustup-home:/opt/rustwide/rustup-home:ro,Z" "-e" "SOURCE_DIR=/opt/rustwide/workdir" "-e" "CARGO_TARGET_DIR=/opt/rustwide/target" "-e" "CARGO_INCREMENTAL=0" "-e" "RUST_BACKTRACE=full" "-e" "RUSTFLAGS=--cap-lints=warn" "-e" "CARGO_HOME=/opt/rustwide/cargo-home" "-e" "RUSTUP_HOME=/opt/rustwide/rustup-home" "-w" "/opt/rustwide/workdir" "-m" "1610612736" "--user" "0:0" "--network" "none" "ghcr.io/rust-lang/crates-build-env/linux@sha256:34b6a614d2c27851fe6cbf88fbd1137609cefab8b10d0615aaeb6fd47975d74e" "/opt/rustwide/cargo-home/bin/cargo" "+beta-2021-08-01" "test" "--frozen", kill_on_drop: false }`
[INFO] [stdout] 40788e01024efc67d677243514b362e520ea493b24472e8b8aa5073430d0ce69
[INFO] running `Command { std: "docker" "start" "-a" "40788e01024efc67d677243514b362e520ea493b24472e8b8aa5073430d0ce69", kill_on_drop: false }`
[INFO] [stderr]     Finished test [unoptimized + debuginfo] target(s) in 0.03s
[INFO] [stdout] 
[INFO] [stderr]      Running unittests (/opt/rustwide/target/debug/deps/softfloat_wrapper_riscv-3059c20f2e365cb6)
[INFO] [stdout] running 37 tests
[INFO] [stdout] test f128::tests::f128_fused_mul_add ... ignored
[INFO] [stdout] test f128::tests::f128_rem ... ignored
[INFO] [stdout] test f128::tests::f128_sqrt ... ignored
[INFO] [stdout] test f128::tests::f128_compare ... ok
[INFO] [stdout] test f32::tests::f32_div ... ok
[INFO] [stdout] test f16::tests::f16_mul ... ok
[INFO] [stdout] test f32::tests::f32_mul ... ok
[INFO] [stdout] test f16::tests::f16_rem ... ok
[INFO] [stdout] test f16::tests::f16_sub ... ok
[INFO] [stdout] test f128::tests::f128_mul ... ok
[INFO] [stdout] test tests::flag_underflow ... ok
[INFO] [stdout] test f32::tests::f32_sub ... ok
[INFO] [stdout] test tests::flag_inexact ... ok
[INFO] [stdout] test tests::flag_invalid ... ok
[INFO] [stdout] test tests::flag_overflow ... ok
[INFO] [stdout] test f64::tests::f64_compare ... ok
[INFO] [stdout] test f64::tests::f64_div ... ok
[INFO] [stdout] test f64::tests::f64_mul ... ok
[INFO] [stdout] test f32::tests::f32_rem ... ok
[INFO] [stdout] test f32::tests::f32_compare ... ok
[INFO] [stdout] test f64::tests::f64_add ... ok
[INFO] [stdout] test f16::tests::f16_compare ... ok
[INFO] [stdout] test tests::flag_infinite ... ok
[INFO] [stdout] test f16::tests::f16_add ... ok
[INFO] [stdout] test f16::tests::f16_fused_mul_add ... ok
[INFO] [stdout] test f32::tests::f32_fused_mul_add ... ok
[INFO] [stdout] test f32::tests::f32_add ... ok
[INFO] [stdout] test f16::tests::f16_div ... ok
[INFO] [stdout] test f64::tests::f64_sub ... ok
[INFO] [stdout] test f16::tests::f16_sqrt ... ok
[INFO] [stdout] test f128::tests::f128_div ... ok
[INFO] [stdout] test f32::tests::f32_sqrt ... ok
[INFO] [stdout] test f64::tests::f64_rem ... ok
[INFO] [stdout] test f128::tests::f128_add ... ok
[INFO] [stdout] test f64::tests::f64_sqrt ... ok
[INFO] [stdout] test f64::tests::f64_fused_mul_add ... ok
[INFO] [stdout] test f128::tests::f128_sub ... ok
[INFO] [stdout] 
[INFO] [stdout] test result: ok. 34 passed; 0 failed; 3 ignored; 0 measured; 0 filtered out; finished in 5.23s
[INFO] [stdout] 
[INFO] [stderr]    Doc-tests softfloat-wrapper-riscv
[INFO] [stdout] 
[INFO] [stdout] running 3 tests
[INFO] [stdout] test src/lib.rs - Float (line 147) ... FAILED
[INFO] [stdout] test src/lib.rs - (line 5) ... FAILED
[INFO] [stderr] error: test failed, to rerun pass '--doc'
[INFO] [stdout] test src/lib.rs - ExceptionFlags (line 78) ... FAILED
[INFO] [stdout] 
[INFO] [stdout] failures:
[INFO] [stdout] 
[INFO] [stdout] ---- src/lib.rs - Float (line 147) stdout ----
[INFO] [stdout] error[E0432]: unresolved import `softfloat_wrapper`
[INFO] [stdout]  --> src/lib.rs:148:5
[INFO] [stdout]   |
[INFO] [stdout] 3 | use softfloat_wrapper::{Float, RoundingMode, F16, F32};
[INFO] [stdout]   |     ^^^^^^^^^^^^^^^^^ use of undeclared crate or module `softfloat_wrapper`
[INFO] [stdout] 
[INFO] [stdout] error: aborting due to previous error
[INFO] [stdout] 
[INFO] [stdout] For more information about this error, try `rustc --explain E0432`.
[INFO] [stdout] Couldn't compile the test.
[INFO] [stdout] ---- src/lib.rs - (line 5) stdout ----
[INFO] [stdout] error[E0432]: unresolved import `softfloat_wrapper`
[INFO] [stdout]  --> src/lib.rs:6:5
[INFO] [stdout]   |
[INFO] [stdout] 2 | use softfloat_wrapper::{Float, F16, RoundingMode};
[INFO] [stdout]   |     ^^^^^^^^^^^^^^^^^ use of undeclared crate or module `softfloat_wrapper`
[INFO] [stdout] 
[INFO] [stdout] error: aborting due to previous error
[INFO] [stdout] 
[INFO] [stdout] For more information about this error, try `rustc --explain E0432`.
[INFO] [stdout] Couldn't compile the test.
[INFO] [stdout] ---- src/lib.rs - ExceptionFlags (line 78) stdout ----
[INFO] [stdout] error[E0432]: unresolved import `softfloat_wrapper`
[INFO] [stdout]  --> src/lib.rs:79:5
[INFO] [stdout]   |
[INFO] [stdout] 3 | use softfloat_wrapper::{ExceptionFlags, Float, RoundingMode, F16};
[INFO] [stdout]   |     ^^^^^^^^^^^^^^^^^ use of undeclared crate or module `softfloat_wrapper`
[INFO] [stdout] 
[INFO] [stdout] error: aborting due to previous error
[INFO] [stdout] 
[INFO] [stdout] For more information about this error, try `rustc --explain E0432`.
[INFO] [stdout] Couldn't compile the test.
[INFO] [stdout] 
[INFO] [stdout] failures:
[INFO] [stdout]     src/lib.rs - (line 5)
[INFO] [stdout]     src/lib.rs - ExceptionFlags (line 78)
[INFO] [stdout]     src/lib.rs - Float (line 147)
[INFO] [stdout] 
[INFO] [stdout] test result: FAILED. 0 passed; 3 failed; 0 ignored; 0 measured; 0 filtered out; finished in 0.14s
[INFO] [stdout] 
[INFO] running `Command { std: "docker" "inspect" "40788e01024efc67d677243514b362e520ea493b24472e8b8aa5073430d0ce69", kill_on_drop: false }`
[INFO] running `Command { std: "docker" "rm" "-f" "40788e01024efc67d677243514b362e520ea493b24472e8b8aa5073430d0ce69", kill_on_drop: false }`
[INFO] [stdout] 40788e01024efc67d677243514b362e520ea493b24472e8b8aa5073430d0ce69
