[INFO] fetching crate socks5-protocol 0.3.4...
[INFO] testing socks5-protocol-0.3.4 against 1.54.0 for beta-1.55-1
[INFO] extracting crate socks5-protocol 0.3.4 into /workspace/builds/worker-4/source
[INFO] validating manifest of crates.io crate socks5-protocol 0.3.4 on toolchain 1.54.0
[INFO] running `Command { std: "/workspace/cargo-home/bin/cargo" "+1.54.0" "metadata" "--manifest-path" "Cargo.toml" "--no-deps", kill_on_drop: false }`
[INFO] started tweaking crates.io crate socks5-protocol 0.3.4
[INFO] finished tweaking crates.io crate socks5-protocol 0.3.4
[INFO] tweaked toml for crates.io crate socks5-protocol 0.3.4 written to /workspace/builds/worker-4/source/Cargo.toml
[INFO] running `Command { std: "/workspace/cargo-home/bin/cargo" "+1.54.0" "generate-lockfile" "--manifest-path" "Cargo.toml" "-Zno-index-update", kill_on_drop: false }`
[INFO] running `Command { std: "/workspace/cargo-home/bin/cargo" "+1.54.0" "fetch" "--manifest-path" "Cargo.toml", kill_on_drop: false }`
[INFO] running `Command { std: "docker" "create" "-v" "/var/lib/crater-agent-workspace/builds/worker-4/target:/opt/rustwide/target:rw,Z" "-v" "/var/lib/crater-agent-workspace/builds/worker-4/source:/opt/rustwide/workdir:ro,Z" "-v" "/var/lib/crater-agent-workspace/cargo-home:/opt/rustwide/cargo-home:ro,Z" "-v" "/var/lib/crater-agent-workspace/rustup-home:/opt/rustwide/rustup-home:ro,Z" "-e" "SOURCE_DIR=/opt/rustwide/workdir" "-e" "CARGO_TARGET_DIR=/opt/rustwide/target" "-e" "CARGO_HOME=/opt/rustwide/cargo-home" "-e" "RUSTUP_HOME=/opt/rustwide/rustup-home" "-w" "/opt/rustwide/workdir" "-m" "1610612736" "--user" "0:0" "--network" "none" "ghcr.io/rust-lang/crates-build-env/linux@sha256:34b6a614d2c27851fe6cbf88fbd1137609cefab8b10d0615aaeb6fd47975d74e" "/opt/rustwide/cargo-home/bin/cargo" "+1.54.0" "metadata" "--no-deps" "--format-version=1", kill_on_drop: false }`
[INFO] [stdout] 7de7e12125fae1da8371e6dd9b09f56b7410143cddc41603bef54cad34bc5bc0
[INFO] running `Command { std: "docker" "start" "-a" "7de7e12125fae1da8371e6dd9b09f56b7410143cddc41603bef54cad34bc5bc0", kill_on_drop: false }`
[INFO] running `Command { std: "docker" "inspect" "7de7e12125fae1da8371e6dd9b09f56b7410143cddc41603bef54cad34bc5bc0", kill_on_drop: false }`
[INFO] running `Command { std: "docker" "rm" "-f" "7de7e12125fae1da8371e6dd9b09f56b7410143cddc41603bef54cad34bc5bc0", kill_on_drop: false }`
[INFO] [stdout] 7de7e12125fae1da8371e6dd9b09f56b7410143cddc41603bef54cad34bc5bc0
[INFO] running `Command { std: "docker" "create" "-v" "/var/lib/crater-agent-workspace/builds/worker-4/target:/opt/rustwide/target:rw,Z" "-v" "/var/lib/crater-agent-workspace/builds/worker-4/source:/opt/rustwide/workdir:ro,Z" "-v" "/var/lib/crater-agent-workspace/cargo-home:/opt/rustwide/cargo-home:ro,Z" "-v" "/var/lib/crater-agent-workspace/rustup-home:/opt/rustwide/rustup-home:ro,Z" "-e" "SOURCE_DIR=/opt/rustwide/workdir" "-e" "CARGO_TARGET_DIR=/opt/rustwide/target" "-e" "CARGO_INCREMENTAL=0" "-e" "RUST_BACKTRACE=full" "-e" "RUSTFLAGS=--cap-lints=warn" "-e" "CARGO_HOME=/opt/rustwide/cargo-home" "-e" "RUSTUP_HOME=/opt/rustwide/rustup-home" "-w" "/opt/rustwide/workdir" "-m" "1610612736" "--user" "0:0" "--network" "none" "ghcr.io/rust-lang/crates-build-env/linux@sha256:34b6a614d2c27851fe6cbf88fbd1137609cefab8b10d0615aaeb6fd47975d74e" "/opt/rustwide/cargo-home/bin/cargo" "+1.54.0" "build" "--frozen" "--message-format=json", kill_on_drop: false }`
[INFO] [stdout] 276fe8c3dcfa6b6d92fa64cbd62a8a905728e7cdba07f6e05c093584393950d0
[INFO] running `Command { std: "docker" "start" "-a" "276fe8c3dcfa6b6d92fa64cbd62a8a905728e7cdba07f6e05c093584393950d0", kill_on_drop: false }`
[INFO] [stderr]    Compiling tokio v1.9.0
[INFO] [stderr]    Compiling socks5-protocol v0.3.4 (/opt/rustwide/workdir)
[INFO] [stderr]     Finished dev [unoptimized + debuginfo] target(s) in 3.90s
[INFO] running `Command { std: "docker" "inspect" "276fe8c3dcfa6b6d92fa64cbd62a8a905728e7cdba07f6e05c093584393950d0", kill_on_drop: false }`
[INFO] running `Command { std: "docker" "rm" "-f" "276fe8c3dcfa6b6d92fa64cbd62a8a905728e7cdba07f6e05c093584393950d0", kill_on_drop: false }`
[INFO] [stdout] 276fe8c3dcfa6b6d92fa64cbd62a8a905728e7cdba07f6e05c093584393950d0
[INFO] running `Command { std: "docker" "create" "-v" "/var/lib/crater-agent-workspace/builds/worker-4/target:/opt/rustwide/target:rw,Z" "-v" "/var/lib/crater-agent-workspace/builds/worker-4/source:/opt/rustwide/workdir:ro,Z" "-v" "/var/lib/crater-agent-workspace/cargo-home:/opt/rustwide/cargo-home:ro,Z" "-v" "/var/lib/crater-agent-workspace/rustup-home:/opt/rustwide/rustup-home:ro,Z" "-e" "SOURCE_DIR=/opt/rustwide/workdir" "-e" "CARGO_TARGET_DIR=/opt/rustwide/target" "-e" "CARGO_INCREMENTAL=0" "-e" "RUST_BACKTRACE=full" "-e" "RUSTFLAGS=--cap-lints=warn" "-e" "CARGO_HOME=/opt/rustwide/cargo-home" "-e" "RUSTUP_HOME=/opt/rustwide/rustup-home" "-w" "/opt/rustwide/workdir" "-m" "1610612736" "--user" "0:0" "--network" "none" "ghcr.io/rust-lang/crates-build-env/linux@sha256:34b6a614d2c27851fe6cbf88fbd1137609cefab8b10d0615aaeb6fd47975d74e" "/opt/rustwide/cargo-home/bin/cargo" "+1.54.0" "test" "--frozen" "--no-run" "--message-format=json", kill_on_drop: false }`
[INFO] [stdout] fbad79a8a3b5f0647d7a503c2dab1e7fee8e2eddbb79540483ceb74b478936cb
[INFO] running `Command { std: "docker" "start" "-a" "fbad79a8a3b5f0647d7a503c2dab1e7fee8e2eddbb79540483ceb74b478936cb", kill_on_drop: false }`
[INFO] [stderr]    Compiling socks5-protocol v0.3.4 (/opt/rustwide/workdir)
[INFO] [stderr]     Finished test [unoptimized + debuginfo] target(s) in 1.12s
[INFO] running `Command { std: "docker" "inspect" "fbad79a8a3b5f0647d7a503c2dab1e7fee8e2eddbb79540483ceb74b478936cb", kill_on_drop: false }`
[INFO] running `Command { std: "docker" "rm" "-f" "fbad79a8a3b5f0647d7a503c2dab1e7fee8e2eddbb79540483ceb74b478936cb", kill_on_drop: false }`
[INFO] [stdout] fbad79a8a3b5f0647d7a503c2dab1e7fee8e2eddbb79540483ceb74b478936cb
[INFO] running `Command { std: "docker" "create" "-v" "/var/lib/crater-agent-workspace/builds/worker-4/target:/opt/rustwide/target:rw,Z" "-v" "/var/lib/crater-agent-workspace/builds/worker-4/source:/opt/rustwide/workdir:ro,Z" "-v" "/var/lib/crater-agent-workspace/cargo-home:/opt/rustwide/cargo-home:ro,Z" "-v" "/var/lib/crater-agent-workspace/rustup-home:/opt/rustwide/rustup-home:ro,Z" "-e" "SOURCE_DIR=/opt/rustwide/workdir" "-e" "CARGO_TARGET_DIR=/opt/rustwide/target" "-e" "CARGO_INCREMENTAL=0" "-e" "RUST_BACKTRACE=full" "-e" "RUSTFLAGS=--cap-lints=warn" "-e" "CARGO_HOME=/opt/rustwide/cargo-home" "-e" "RUSTUP_HOME=/opt/rustwide/rustup-home" "-w" "/opt/rustwide/workdir" "-m" "1610612736" "--user" "0:0" "--network" "none" "ghcr.io/rust-lang/crates-build-env/linux@sha256:34b6a614d2c27851fe6cbf88fbd1137609cefab8b10d0615aaeb6fd47975d74e" "/opt/rustwide/cargo-home/bin/cargo" "+1.54.0" "test" "--frozen", kill_on_drop: false }`
[INFO] [stdout] b31b877625f2f65e5b5bcf5b537034ba0c6225f2ed2356b912ec2fe51b161dc6
[INFO] running `Command { std: "docker" "start" "-a" "b31b877625f2f65e5b5bcf5b537034ba0c6225f2ed2356b912ec2fe51b161dc6", kill_on_drop: false }`
[INFO] [stdout] 
[INFO] [stdout] running 2 tests
[INFO] [stderr]     Finished test [unoptimized + debuginfo] target(s) in 0.02s
[INFO] [stderr]      Running unittests (/opt/rustwide/target/debug/deps/socks5_protocol-ed29c1be9466427e)
[INFO] [stdout] test tests::test_address_from_str ... ok
[INFO] [stderr]    Doc-tests socks5-protocol
[INFO] [stdout] test tests::test_address_display ... ok
[INFO] [stdout] 
[INFO] [stdout] test result: ok. 2 passed; 0 failed; 0 ignored; 0 measured; 0 filtered out; finished in 0.01s
[INFO] [stdout] 
[INFO] [stdout] 
[INFO] [stdout] running 1 test
[INFO] [stdout] test src/lib.rs - Version (line 26) ... FAILED
[INFO] [stdout] 
[INFO] [stdout] failures:
[INFO] [stdout] 
[INFO] [stdout] ---- src/lib.rs - Version (line 26) stdout ----
[INFO] [stdout] error[E0433]: failed to resolve: could not find `main` in `tokio`
[INFO] [stdout]  --> src/lib.rs:30:10
[INFO] [stdout]   |
[INFO] [stdout] 6 | #[tokio::main]
[INFO] [stdout]   |          ^^^^ could not find `main` in `tokio`
[INFO] [stdout] 
[INFO] [stdout] error[E0752]: `main` function is not allowed to be `async`
[INFO] [stdout]  --> src/lib.rs:31:1
[INFO] [stdout]   |
[INFO] [stdout] 7 | async fn main() {
[INFO] [stdout]   | ^^^^^^^^^^^^^^^ `main` function is not allowed to be `async`
[INFO] [stdout] 
[INFO] [stdout] error: aborting due to 2 previous errors
[INFO] [stdout] 
[INFO] [stdout] Some errors have detailed explanations: E0433, E0752.
[INFO] [stdout] For more information about an error, try `rustc --explain E0433`.
[INFO] [stdout] Couldn't compile the test.
[INFO] [stdout] 
[INFO] [stdout] failures:
[INFO] [stdout]     src/lib.rs - Version (line 26)
[INFO] [stdout] 
[INFO] [stdout] test result: FAILED. 0 passed; 1 failed; 0 ignored; 0 measured; 0 filtered out; finished in 0.11s
[INFO] [stdout] 
[INFO] [stderr] error: test failed, to rerun pass '--doc'
[INFO] running `Command { std: "docker" "inspect" "b31b877625f2f65e5b5bcf5b537034ba0c6225f2ed2356b912ec2fe51b161dc6", kill_on_drop: false }`
[INFO] running `Command { std: "docker" "rm" "-f" "b31b877625f2f65e5b5bcf5b537034ba0c6225f2ed2356b912ec2fe51b161dc6", kill_on_drop: false }`
[INFO] [stdout] b31b877625f2f65e5b5bcf5b537034ba0c6225f2ed2356b912ec2fe51b161dc6
