[INFO] fetching crate smtree 0.1.1...
[INFO] testing smtree-0.1.1 against 1.54.0 for beta-1.55-1
[INFO] extracting crate smtree 0.1.1 into /workspace/builds/worker-12/source
[INFO] validating manifest of crates.io crate smtree 0.1.1 on toolchain 1.54.0
[INFO] running `Command { std: "/workspace/cargo-home/bin/cargo" "+1.54.0" "metadata" "--manifest-path" "Cargo.toml" "--no-deps", kill_on_drop: false }`
[INFO] started tweaking crates.io crate smtree 0.1.1
[INFO] finished tweaking crates.io crate smtree 0.1.1
[INFO] tweaked toml for crates.io crate smtree 0.1.1 written to /workspace/builds/worker-12/source/Cargo.toml
[INFO] running `Command { std: "/workspace/cargo-home/bin/cargo" "+1.54.0" "generate-lockfile" "--manifest-path" "Cargo.toml" "-Zno-index-update", kill_on_drop: false }`
[INFO] running `Command { std: "/workspace/cargo-home/bin/cargo" "+1.54.0" "fetch" "--manifest-path" "Cargo.toml", kill_on_drop: false }`
[INFO] running `Command { std: "docker" "create" "-v" "/var/lib/crater-agent-workspace/builds/worker-12/target:/opt/rustwide/target:rw,Z" "-v" "/var/lib/crater-agent-workspace/builds/worker-12/source:/opt/rustwide/workdir:ro,Z" "-v" "/var/lib/crater-agent-workspace/cargo-home:/opt/rustwide/cargo-home:ro,Z" "-v" "/var/lib/crater-agent-workspace/rustup-home:/opt/rustwide/rustup-home:ro,Z" "-e" "SOURCE_DIR=/opt/rustwide/workdir" "-e" "CARGO_TARGET_DIR=/opt/rustwide/target" "-e" "CARGO_HOME=/opt/rustwide/cargo-home" "-e" "RUSTUP_HOME=/opt/rustwide/rustup-home" "-w" "/opt/rustwide/workdir" "-m" "1610612736" "--user" "0:0" "--network" "none" "ghcr.io/rust-lang/crates-build-env/linux@sha256:34b6a614d2c27851fe6cbf88fbd1137609cefab8b10d0615aaeb6fd47975d74e" "/opt/rustwide/cargo-home/bin/cargo" "+1.54.0" "metadata" "--no-deps" "--format-version=1", kill_on_drop: false }`
[INFO] [stdout] 4154eecb08ea0be7f885ef8ca70c6927130e3a1dbdd72278f3c5f2ba85bf8fa9
[INFO] running `Command { std: "docker" "start" "-a" "4154eecb08ea0be7f885ef8ca70c6927130e3a1dbdd72278f3c5f2ba85bf8fa9", kill_on_drop: false }`
[INFO] running `Command { std: "docker" "inspect" "4154eecb08ea0be7f885ef8ca70c6927130e3a1dbdd72278f3c5f2ba85bf8fa9", kill_on_drop: false }`
[INFO] running `Command { std: "docker" "rm" "-f" "4154eecb08ea0be7f885ef8ca70c6927130e3a1dbdd72278f3c5f2ba85bf8fa9", kill_on_drop: false }`
[INFO] [stdout] 4154eecb08ea0be7f885ef8ca70c6927130e3a1dbdd72278f3c5f2ba85bf8fa9
[INFO] running `Command { std: "docker" "create" "-v" "/var/lib/crater-agent-workspace/builds/worker-12/target:/opt/rustwide/target:rw,Z" "-v" "/var/lib/crater-agent-workspace/builds/worker-12/source:/opt/rustwide/workdir:ro,Z" "-v" "/var/lib/crater-agent-workspace/cargo-home:/opt/rustwide/cargo-home:ro,Z" "-v" "/var/lib/crater-agent-workspace/rustup-home:/opt/rustwide/rustup-home:ro,Z" "-e" "SOURCE_DIR=/opt/rustwide/workdir" "-e" "CARGO_TARGET_DIR=/opt/rustwide/target" "-e" "CARGO_INCREMENTAL=0" "-e" "RUST_BACKTRACE=full" "-e" "RUSTFLAGS=--cap-lints=warn" "-e" "CARGO_HOME=/opt/rustwide/cargo-home" "-e" "RUSTUP_HOME=/opt/rustwide/rustup-home" "-w" "/opt/rustwide/workdir" "-m" "1610612736" "--user" "0:0" "--network" "none" "ghcr.io/rust-lang/crates-build-env/linux@sha256:34b6a614d2c27851fe6cbf88fbd1137609cefab8b10d0615aaeb6fd47975d74e" "/opt/rustwide/cargo-home/bin/cargo" "+1.54.0" "build" "--frozen" "--message-format=json", kill_on_drop: false }`
[INFO] [stdout] 13bbdfcc3346603d5f81590ab3e34250c8589dd16c8904ae0b8b3e68d07fbcf5
[INFO] running `Command { std: "docker" "start" "-a" "13bbdfcc3346603d5f81590ab3e34250c8589dd16c8904ae0b8b3e68d07fbcf5", kill_on_drop: false }`
[INFO] [stderr]    Compiling syn v1.0.74
[INFO] [stderr]    Compiling blake3 v0.3.8
[INFO] [stderr]    Compiling crypto-mac v0.8.0
[INFO] [stderr]    Compiling block-buffer v0.9.0
[INFO] [stderr]    Compiling sha3 v0.9.1
[INFO] [stderr]    Compiling sha2 v0.9.5
[INFO] [stderr]    Compiling blake2 v0.9.1
[INFO] [stderr]    Compiling synstructure v0.12.5
[INFO] [stderr]    Compiling zeroize_derive v1.1.0
[INFO] [stderr]    Compiling zeroize v1.4.1
[INFO] [stderr]    Compiling smtree v0.1.1 (/opt/rustwide/workdir)
[INFO] [stderr]     Finished dev [unoptimized + debuginfo] target(s) in 19.37s
[INFO] running `Command { std: "docker" "inspect" "13bbdfcc3346603d5f81590ab3e34250c8589dd16c8904ae0b8b3e68d07fbcf5", kill_on_drop: false }`
[INFO] running `Command { std: "docker" "rm" "-f" "13bbdfcc3346603d5f81590ab3e34250c8589dd16c8904ae0b8b3e68d07fbcf5", kill_on_drop: false }`
[INFO] [stdout] 13bbdfcc3346603d5f81590ab3e34250c8589dd16c8904ae0b8b3e68d07fbcf5
[INFO] running `Command { std: "docker" "create" "-v" "/var/lib/crater-agent-workspace/builds/worker-12/target:/opt/rustwide/target:rw,Z" "-v" "/var/lib/crater-agent-workspace/builds/worker-12/source:/opt/rustwide/workdir:ro,Z" "-v" "/var/lib/crater-agent-workspace/cargo-home:/opt/rustwide/cargo-home:ro,Z" "-v" "/var/lib/crater-agent-workspace/rustup-home:/opt/rustwide/rustup-home:ro,Z" "-e" "SOURCE_DIR=/opt/rustwide/workdir" "-e" "CARGO_TARGET_DIR=/opt/rustwide/target" "-e" "CARGO_INCREMENTAL=0" "-e" "RUST_BACKTRACE=full" "-e" "RUSTFLAGS=--cap-lints=warn" "-e" "CARGO_HOME=/opt/rustwide/cargo-home" "-e" "RUSTUP_HOME=/opt/rustwide/rustup-home" "-w" "/opt/rustwide/workdir" "-m" "1610612736" "--user" "0:0" "--network" "none" "ghcr.io/rust-lang/crates-build-env/linux@sha256:34b6a614d2c27851fe6cbf88fbd1137609cefab8b10d0615aaeb6fd47975d74e" "/opt/rustwide/cargo-home/bin/cargo" "+1.54.0" "test" "--frozen" "--no-run" "--message-format=json", kill_on_drop: false }`
[INFO] [stdout] 2fc3873301b399df4a85e24f59b22884939e0ed18de0df27a2d18694adb6acb5
[INFO] running `Command { std: "docker" "start" "-a" "2fc3873301b399df4a85e24f59b22884939e0ed18de0df27a2d18694adb6acb5", kill_on_drop: false }`
[INFO] [stderr]    Compiling serde_derive v1.0.127
[INFO] [stderr]    Compiling criterion v0.3.5
[INFO] [stderr]    Compiling smtree v0.1.1 (/opt/rustwide/workdir)
[INFO] [stderr]     Finished test [unoptimized + debuginfo] target(s) in 24.00s
[INFO] running `Command { std: "docker" "inspect" "2fc3873301b399df4a85e24f59b22884939e0ed18de0df27a2d18694adb6acb5", kill_on_drop: false }`
[INFO] running `Command { std: "docker" "rm" "-f" "2fc3873301b399df4a85e24f59b22884939e0ed18de0df27a2d18694adb6acb5", kill_on_drop: false }`
[INFO] [stdout] 2fc3873301b399df4a85e24f59b22884939e0ed18de0df27a2d18694adb6acb5
[INFO] running `Command { std: "docker" "create" "-v" "/var/lib/crater-agent-workspace/builds/worker-12/target:/opt/rustwide/target:rw,Z" "-v" "/var/lib/crater-agent-workspace/builds/worker-12/source:/opt/rustwide/workdir:ro,Z" "-v" "/var/lib/crater-agent-workspace/cargo-home:/opt/rustwide/cargo-home:ro,Z" "-v" "/var/lib/crater-agent-workspace/rustup-home:/opt/rustwide/rustup-home:ro,Z" "-e" "SOURCE_DIR=/opt/rustwide/workdir" "-e" "CARGO_TARGET_DIR=/opt/rustwide/target" "-e" "CARGO_INCREMENTAL=0" "-e" "RUST_BACKTRACE=full" "-e" "RUSTFLAGS=--cap-lints=warn" "-e" "CARGO_HOME=/opt/rustwide/cargo-home" "-e" "RUSTUP_HOME=/opt/rustwide/rustup-home" "-w" "/opt/rustwide/workdir" "-m" "1610612736" "--user" "0:0" "--network" "none" "ghcr.io/rust-lang/crates-build-env/linux@sha256:34b6a614d2c27851fe6cbf88fbd1137609cefab8b10d0615aaeb6fd47975d74e" "/opt/rustwide/cargo-home/bin/cargo" "+1.54.0" "test" "--frozen", kill_on_drop: false }`
[INFO] [stdout] c90d961507021635c6b8ce4090af6bd7b925a566e343a76f39d3547b4be1697c
[INFO] running `Command { std: "docker" "start" "-a" "c90d961507021635c6b8ce4090af6bd7b925a566e343a76f39d3547b4be1697c", kill_on_drop: false }`
[INFO] [stdout] 
[INFO] [stderr]     Finished test [unoptimized + debuginfo] target(s) in 0.07s
[INFO] [stdout] running 4 tests
[INFO] [stderr]      Running unittests (/opt/rustwide/target/debug/deps/smtree-f17c2c7f31405e76)
[INFO] [stdout] test tests::test_index_exceed_max_height - should panic ... ok
[INFO] [stdout] test tests::test_tree_exceed_max_height - should panic ... ok
[INFO] [stdout] test tests::test_padding_provable ... ok
[INFO] [stderr]    Doc-tests smtree
[INFO] [stdout] test tests::test_smt ... ok
[INFO] [stdout] 
[INFO] [stdout] test result: ok. 4 passed; 0 failed; 0 ignored; 0 measured; 0 filtered out; finished in 11.74s
[INFO] [stdout] 
[INFO] [stdout] 
[INFO] [stdout] running 2 tests
[INFO] [stdout] test src/pad_secret.rs - pad_secret::Secret::generate (line 89) ... FAILED
[INFO] [stdout] test src/pad_secret.rs - pad_secret::Secret::from_bytes (line 50) ... FAILED
[INFO] [stdout] 
[INFO] [stdout] failures:
[INFO] [stdout] 
[INFO] [stdout] ---- src/pad_secret.rs - pad_secret::Secret::generate (line 89) stdout ----
[INFO] [stdout] error[E0601]: `main` function not found in crate `rust_out`
[INFO] [stdout]   --> src/pad_secret.rs:89:1
[INFO] [stdout]    |
[INFO] [stdout] 1  | / #![allow(unused)]
[INFO] [stdout] 2  | | extern crate rand;
[INFO] [stdout] 3  | |
[INFO] [stdout] 4  | | #[cfg(feature = "std")]
[INFO] [stdout] ...  |
[INFO] [stdout] 10 | | let secret_key: Secret = Secret::generate(&mut csprng);
[INFO] [stdout] 11 | | }
[INFO] [stdout]    | |_^ consider adding a `main` function at the crate level
[INFO] [stdout] 
[INFO] [stdout] error: aborting due to previous error
[INFO] [stdout] 
[INFO] [stdout] For more information about this error, try `rustc --explain E0601`.
[INFO] [stdout] Couldn't compile the test.
[INFO] [stdout] ---- src/pad_secret.rs - pad_secret::Secret::from_bytes (line 50) stdout ----
[INFO] [stdout] error[E0412]: cannot find type `SecretKey` in this scope
[INFO] [stdout]  --> src/pad_secret.rs:51:24
[INFO] [stdout]   |
[INFO] [stdout] 3 | fn doctest() -> Result<SecretKey, SignatureError> {
[INFO] [stdout]   |           -            ^^^^^^^^^ not found in this scope
[INFO] [stdout]   |           |
[INFO] [stdout]   |           help: you might be missing a type parameter: `<SecretKey>`
[INFO] [stdout] 
[INFO] [stdout] error[E0412]: cannot find type `SignatureError` in this scope
[INFO] [stdout]  --> src/pad_secret.rs:51:35
[INFO] [stdout]   |
[INFO] [stdout] 3 | fn doctest() -> Result<SecretKey, SignatureError> {
[INFO] [stdout]   |           -                       ^^^^^^^^^^^^^^ not found in this scope
[INFO] [stdout]   |           |
[INFO] [stdout]   |           help: you might be missing a type parameter: `<SignatureError>`
[INFO] [stdout] 
[INFO] [stdout] error: aborting due to 2 previous errors
[INFO] [stdout] 
[INFO] [stdout] For more information about this error, try `rustc --explain E0412`.
[INFO] [stdout] Couldn't compile the test.
[INFO] [stdout] 
[INFO] [stdout] failures:
[INFO] [stdout]     src/pad_secret.rs - pad_secret::Secret::from_bytes (line 50)
[INFO] [stdout]     src/pad_secret.rs - pad_secret::Secret::generate (line 89)
[INFO] [stdout] 
[INFO] [stdout] test result: FAILED. 0 passed; 2 failed; 0 ignored; 0 measured; 0 filtered out; finished in 0.25s
[INFO] [stdout] 
[INFO] [stderr] error: test failed, to rerun pass '--doc'
[INFO] running `Command { std: "docker" "inspect" "c90d961507021635c6b8ce4090af6bd7b925a566e343a76f39d3547b4be1697c", kill_on_drop: false }`
[INFO] running `Command { std: "docker" "rm" "-f" "c90d961507021635c6b8ce4090af6bd7b925a566e343a76f39d3547b4be1697c", kill_on_drop: false }`
[INFO] [stdout] c90d961507021635c6b8ce4090af6bd7b925a566e343a76f39d3547b4be1697c
