[INFO] fetching crate sml 0.1.46...
[INFO] testing sml-0.1.46 against beta-2021-08-01 for beta-1.55-1
[INFO] extracting crate sml 0.1.46 into /workspace/builds/worker-12/source
[INFO] validating manifest of crates.io crate sml 0.1.46 on toolchain beta-2021-08-01
[INFO] running `Command { std: "/workspace/cargo-home/bin/cargo" "+beta-2021-08-01" "metadata" "--manifest-path" "Cargo.toml" "--no-deps", kill_on_drop: false }`
[INFO] started tweaking crates.io crate sml 0.1.46
[INFO] finished tweaking crates.io crate sml 0.1.46
[INFO] tweaked toml for crates.io crate sml 0.1.46 written to /workspace/builds/worker-12/source/Cargo.toml
[INFO] running `Command { std: "/workspace/cargo-home/bin/cargo" "+beta-2021-08-01" "generate-lockfile" "--manifest-path" "Cargo.toml" "-Zno-index-update", kill_on_drop: false }`
[INFO] running `Command { std: "/workspace/cargo-home/bin/cargo" "+beta-2021-08-01" "fetch" "--manifest-path" "Cargo.toml", kill_on_drop: false }`
[INFO] running `Command { std: "docker" "create" "-v" "/var/lib/crater-agent-workspace/builds/worker-12/target:/opt/rustwide/target:rw,Z" "-v" "/var/lib/crater-agent-workspace/builds/worker-12/source:/opt/rustwide/workdir:ro,Z" "-v" "/var/lib/crater-agent-workspace/cargo-home:/opt/rustwide/cargo-home:ro,Z" "-v" "/var/lib/crater-agent-workspace/rustup-home:/opt/rustwide/rustup-home:ro,Z" "-e" "SOURCE_DIR=/opt/rustwide/workdir" "-e" "CARGO_TARGET_DIR=/opt/rustwide/target" "-e" "CARGO_HOME=/opt/rustwide/cargo-home" "-e" "RUSTUP_HOME=/opt/rustwide/rustup-home" "-w" "/opt/rustwide/workdir" "-m" "1610612736" "--user" "0:0" "--network" "none" "ghcr.io/rust-lang/crates-build-env/linux@sha256:34b6a614d2c27851fe6cbf88fbd1137609cefab8b10d0615aaeb6fd47975d74e" "/opt/rustwide/cargo-home/bin/cargo" "+beta-2021-08-01" "metadata" "--no-deps" "--format-version=1", kill_on_drop: false }`
[INFO] [stdout] 77fb7b763af2d98607ef579cc4060f2690927909e6152823017ec286628ffacd
[INFO] running `Command { std: "docker" "start" "-a" "77fb7b763af2d98607ef579cc4060f2690927909e6152823017ec286628ffacd", kill_on_drop: false }`
[INFO] running `Command { std: "docker" "inspect" "77fb7b763af2d98607ef579cc4060f2690927909e6152823017ec286628ffacd", kill_on_drop: false }`
[INFO] running `Command { std: "docker" "rm" "-f" "77fb7b763af2d98607ef579cc4060f2690927909e6152823017ec286628ffacd", kill_on_drop: false }`
[INFO] [stdout] 77fb7b763af2d98607ef579cc4060f2690927909e6152823017ec286628ffacd
[INFO] running `Command { std: "docker" "create" "-v" "/var/lib/crater-agent-workspace/builds/worker-12/target:/opt/rustwide/target:rw,Z" "-v" "/var/lib/crater-agent-workspace/builds/worker-12/source:/opt/rustwide/workdir:ro,Z" "-v" "/var/lib/crater-agent-workspace/cargo-home:/opt/rustwide/cargo-home:ro,Z" "-v" "/var/lib/crater-agent-workspace/rustup-home:/opt/rustwide/rustup-home:ro,Z" "-e" "SOURCE_DIR=/opt/rustwide/workdir" "-e" "CARGO_TARGET_DIR=/opt/rustwide/target" "-e" "CARGO_INCREMENTAL=0" "-e" "RUST_BACKTRACE=full" "-e" "RUSTFLAGS=--cap-lints=warn" "-e" "CARGO_HOME=/opt/rustwide/cargo-home" "-e" "RUSTUP_HOME=/opt/rustwide/rustup-home" "-w" "/opt/rustwide/workdir" "-m" "1610612736" "--user" "0:0" "--network" "none" "ghcr.io/rust-lang/crates-build-env/linux@sha256:34b6a614d2c27851fe6cbf88fbd1137609cefab8b10d0615aaeb6fd47975d74e" "/opt/rustwide/cargo-home/bin/cargo" "+beta-2021-08-01" "build" "--frozen" "--message-format=json", kill_on_drop: false }`
[INFO] [stdout] f44ae6afcfa76d272e88ad753a13028207ba81df9f57b2829aa76f58024f03be
[INFO] running `Command { std: "docker" "start" "-a" "f44ae6afcfa76d272e88ad753a13028207ba81df9f57b2829aa76f58024f03be", kill_on_drop: false }`
[INFO] [stderr]    Compiling atty v0.2.14
[INFO] [stderr]    Compiling colored v1.9.3
[INFO] [stderr]    Compiling sml v0.1.46 (/opt/rustwide/workdir)
[INFO] [stdout] warning: function is never used: `spaces`
[INFO] [stdout]    --> src/lib.rs:182:4
[INFO] [stdout]     |
[INFO] [stdout] 182 | fn spaces(i: usize) -> String {
[INFO] [stdout]     |    ^^^^^^
[INFO] [stdout]     |
[INFO] [stdout]     = note: `#[warn(dead_code)]` on by default
[INFO] [stdout] 
[INFO] [stdout] 
[INFO] [stdout] warning: associated function is never used: `indent`
[INFO] [stdout]    --> src/lib.rs:446:8
[INFO] [stdout]     |
[INFO] [stdout] 446 |     fn indent(&mut self) {
[INFO] [stdout]     |        ^^^^^^
[INFO] [stdout] 
[INFO] [stdout] 
[INFO] [stdout] warning: associated function is never used: `line`
[INFO] [stdout]    --> src/lib.rs:576:8
[INFO] [stdout]     |
[INFO] [stdout] 576 |     fn line(&self) -> usize {
[INFO] [stdout]     |        ^^^^
[INFO] [stdout] 
[INFO] [stdout] 
[INFO] [stdout] warning: associated function is never used: `indent`
[INFO] [stdout]    --> src/lib.rs:637:8
[INFO] [stdout]     |
[INFO] [stdout] 637 |     fn indent(&mut self) {
[INFO] [stdout]     |        ^^^^^^
[INFO] [stdout] 
[INFO] [stdout] 
[INFO] [stdout] warning: associated function is never used: `tokens`
[INFO] [stdout]    --> src/lib.rs:724:8
[INFO] [stdout]     |
[INFO] [stdout] 724 |     fn tokens(&self) -> Vec<String> {
[INFO] [stdout]     |        ^^^^^^
[INFO] [stdout] 
[INFO] [stdout] 
[INFO] [stdout] warning: 5 warnings emitted
[INFO] [stdout] 
[INFO] [stdout] 
[INFO] [stderr]     Finished dev [unoptimized + debuginfo] target(s) in 1.99s
[INFO] running `Command { std: "docker" "inspect" "f44ae6afcfa76d272e88ad753a13028207ba81df9f57b2829aa76f58024f03be", kill_on_drop: false }`
[INFO] running `Command { std: "docker" "rm" "-f" "f44ae6afcfa76d272e88ad753a13028207ba81df9f57b2829aa76f58024f03be", kill_on_drop: false }`
[INFO] [stdout] f44ae6afcfa76d272e88ad753a13028207ba81df9f57b2829aa76f58024f03be
[INFO] running `Command { std: "docker" "create" "-v" "/var/lib/crater-agent-workspace/builds/worker-12/target:/opt/rustwide/target:rw,Z" "-v" "/var/lib/crater-agent-workspace/builds/worker-12/source:/opt/rustwide/workdir:ro,Z" "-v" "/var/lib/crater-agent-workspace/cargo-home:/opt/rustwide/cargo-home:ro,Z" "-v" "/var/lib/crater-agent-workspace/rustup-home:/opt/rustwide/rustup-home:ro,Z" "-e" "SOURCE_DIR=/opt/rustwide/workdir" "-e" "CARGO_TARGET_DIR=/opt/rustwide/target" "-e" "CARGO_INCREMENTAL=0" "-e" "RUST_BACKTRACE=full" "-e" "RUSTFLAGS=--cap-lints=warn" "-e" "CARGO_HOME=/opt/rustwide/cargo-home" "-e" "RUSTUP_HOME=/opt/rustwide/rustup-home" "-w" "/opt/rustwide/workdir" "-m" "1610612736" "--user" "0:0" "--network" "none" "ghcr.io/rust-lang/crates-build-env/linux@sha256:34b6a614d2c27851fe6cbf88fbd1137609cefab8b10d0615aaeb6fd47975d74e" "/opt/rustwide/cargo-home/bin/cargo" "+beta-2021-08-01" "test" "--frozen" "--no-run" "--message-format=json", kill_on_drop: false }`
[INFO] [stdout] bda5a69625dde046309e5f1d70e2fdf6bf18ae10c03992b89885769b96579628
[INFO] running `Command { std: "docker" "start" "-a" "bda5a69625dde046309e5f1d70e2fdf6bf18ae10c03992b89885769b96579628", kill_on_drop: false }`
[INFO] [stderr]    Compiling sml v0.1.46 (/opt/rustwide/workdir)
[INFO] [stdout] warning: function is never used: `spaces`
[INFO] [stdout]    --> src/lib.rs:182:4
[INFO] [stdout]     |
[INFO] [stdout] 182 | fn spaces(i: usize) -> String {
[INFO] [stdout]     |    ^^^^^^
[INFO] [stdout]     |
[INFO] [stdout]     = note: `#[warn(dead_code)]` on by default
[INFO] [stdout] 
[INFO] [stdout] 
[INFO] [stdout] warning: associated function is never used: `indent`
[INFO] [stdout]    --> src/lib.rs:446:8
[INFO] [stdout]     |
[INFO] [stdout] 446 |     fn indent(&mut self) {
[INFO] [stdout]     |        ^^^^^^
[INFO] [stdout] 
[INFO] [stdout] 
[INFO] [stdout] warning: associated function is never used: `line`
[INFO] [stdout]    --> src/lib.rs:576:8
[INFO] [stdout]     |
[INFO] [stdout] 576 |     fn line(&self) -> usize {
[INFO] [stdout]     |        ^^^^
[INFO] [stdout] 
[INFO] [stdout] 
[INFO] [stdout] warning: associated function is never used: `indent`
[INFO] [stdout]    --> src/lib.rs:637:8
[INFO] [stdout]     |
[INFO] [stdout] 637 |     fn indent(&mut self) {
[INFO] [stdout]     |        ^^^^^^
[INFO] [stdout] 
[INFO] [stdout] 
[INFO] [stdout] warning: associated function is never used: `tokens`
[INFO] [stdout]    --> src/lib.rs:724:8
[INFO] [stdout]     |
[INFO] [stdout] 724 |     fn tokens(&self) -> Vec<String> {
[INFO] [stdout]     |        ^^^^^^
[INFO] [stdout] 
[INFO] [stdout] 
[INFO] [stdout] warning: 5 warnings emitted
[INFO] [stdout] 
[INFO] [stdout] 
[INFO] [stdout] warning: function is never used: `key_parse2`
[INFO] [stdout]    --> tests/test.rs:148:4
[INFO] [stdout]     |
[INFO] [stdout] 148 | fn key_parse2() {
[INFO] [stdout]     |    ^^^^^^^^^^
[INFO] [stdout]     |
[INFO] [stdout]     = note: `#[warn(dead_code)]` on by default
[INFO] [stdout] 
[INFO] [stdout] 
[INFO] [stdout] warning: function is never used: `spaces`
[INFO] [stdout]    --> src/lib.rs:182:4
[INFO] [stdout]     |
[INFO] [stdout] 182 | fn spaces(i: usize) -> String {
[INFO] [stdout]     |    ^^^^^^
[INFO] [stdout]     |
[INFO] [stdout]     = note: `#[warn(dead_code)]` on by default
[INFO] [stdout] 
[INFO] [stdout] 
[INFO] [stdout] warning: associated function is never used: `indent`
[INFO] [stdout]    --> src/lib.rs:446:8
[INFO] [stdout]     |
[INFO] [stdout] 446 |     fn indent(&mut self) {
[INFO] [stdout]     |        ^^^^^^
[INFO] [stdout] 
[INFO] [stdout] 
[INFO] [stdout] warning: associated function is never used: `line`
[INFO] [stdout]    --> src/lib.rs:576:8
[INFO] [stdout]     |
[INFO] [stdout] 576 |     fn line(&self) -> usize {
[INFO] [stdout]     |        ^^^^
[INFO] [stdout] 
[INFO] [stdout] 
[INFO] [stdout] warning: associated function is never used: `indent`
[INFO] [stdout]    --> src/lib.rs:637:8
[INFO] [stdout]     |
[INFO] [stdout] 637 |     fn indent(&mut self) {
[INFO] [stdout]     |        ^^^^^^
[INFO] [stdout] 
[INFO] [stdout] 
[INFO] [stdout] warning: associated function is never used: `tokens`
[INFO] [stdout]    --> src/lib.rs:724:8
[INFO] [stdout]     |
[INFO] [stdout] 724 |     fn tokens(&self) -> Vec<String> {
[INFO] [stdout]     |        ^^^^^^
[INFO] [stdout] 
[INFO] [stdout] 
[INFO] [stdout] warning: 5 warnings emitted
[INFO] [stdout] 
[INFO] [stdout] 
[INFO] [stdout] warning: 1 warning emitted
[INFO] [stdout] 
[INFO] [stdout] 
[INFO] [stderr]     Finished test [unoptimized + debuginfo] target(s) in 1.19s
[INFO] running `Command { std: "docker" "inspect" "bda5a69625dde046309e5f1d70e2fdf6bf18ae10c03992b89885769b96579628", kill_on_drop: false }`
[INFO] running `Command { std: "docker" "rm" "-f" "bda5a69625dde046309e5f1d70e2fdf6bf18ae10c03992b89885769b96579628", kill_on_drop: false }`
[INFO] [stdout] bda5a69625dde046309e5f1d70e2fdf6bf18ae10c03992b89885769b96579628
[INFO] running `Command { std: "docker" "create" "-v" "/var/lib/crater-agent-workspace/builds/worker-12/target:/opt/rustwide/target:rw,Z" "-v" "/var/lib/crater-agent-workspace/builds/worker-12/source:/opt/rustwide/workdir:ro,Z" "-v" "/var/lib/crater-agent-workspace/cargo-home:/opt/rustwide/cargo-home:ro,Z" "-v" "/var/lib/crater-agent-workspace/rustup-home:/opt/rustwide/rustup-home:ro,Z" "-e" "SOURCE_DIR=/opt/rustwide/workdir" "-e" "CARGO_TARGET_DIR=/opt/rustwide/target" "-e" "CARGO_INCREMENTAL=0" "-e" "RUST_BACKTRACE=full" "-e" "RUSTFLAGS=--cap-lints=warn" "-e" "CARGO_HOME=/opt/rustwide/cargo-home" "-e" "RUSTUP_HOME=/opt/rustwide/rustup-home" "-w" "/opt/rustwide/workdir" "-m" "1610612736" "--user" "0:0" "--network" "none" "ghcr.io/rust-lang/crates-build-env/linux@sha256:34b6a614d2c27851fe6cbf88fbd1137609cefab8b10d0615aaeb6fd47975d74e" "/opt/rustwide/cargo-home/bin/cargo" "+beta-2021-08-01" "test" "--frozen", kill_on_drop: false }`
[INFO] [stdout] aa3cbd63b28556a379f67dee9a0f701e0e97d8eb5b44c90e681e47de7ce3cfa7
[INFO] running `Command { std: "docker" "start" "-a" "aa3cbd63b28556a379f67dee9a0f701e0e97d8eb5b44c90e681e47de7ce3cfa7", kill_on_drop: false }`
[INFO] [stderr] warning: function is never used: `spaces`
[INFO] [stderr]    --> src/lib.rs:182:4
[INFO] [stderr]     |
[INFO] [stderr] 182 | fn spaces(i: usize) -> String {
[INFO] [stderr]     |    ^^^^^^
[INFO] [stderr]     |
[INFO] [stderr]     = note: `#[warn(dead_code)]` on by default
[INFO] [stderr] 
[INFO] [stderr] warning: associated function is never used: `indent`
[INFO] [stderr]    --> src/lib.rs:446:8
[INFO] [stderr]     |
[INFO] [stderr] 446 |     fn indent(&mut self) {
[INFO] [stderr]     |        ^^^^^^
[INFO] [stderr] 
[INFO] [stderr] warning: associated function is never used: `line`
[INFO] [stderr]    --> src/lib.rs:576:8
[INFO] [stderr]     |
[INFO] [stderr] 576 |     fn line(&self) -> usize {
[INFO] [stderr]     |        ^^^^
[INFO] [stderr] 
[INFO] [stderr] warning: associated function is never used: `indent`
[INFO] [stderr]    --> src/lib.rs:637:8
[INFO] [stderr]     |
[INFO] [stderr] 637 |     fn indent(&mut self) {
[INFO] [stderr]     |        ^^^^^^
[INFO] [stderr] 
[INFO] [stderr] warning: associated function is never used: `tokens`
[INFO] [stderr]    --> src/lib.rs:724:8
[INFO] [stderr]     |
[INFO] [stderr] 724 |     fn tokens(&self) -> Vec<String> {
[INFO] [stderr]     |        ^^^^^^
[INFO] [stderr] 
[INFO] [stderr] warning: `sml` (lib) generated 5 warnings
[INFO] [stderr] warning: `sml` (lib test) generated 5 warnings (5 duplicates)
[INFO] [stderr] warning: function is never used: `key_parse2`
[INFO] [stderr]    --> tests/test.rs:148:4
[INFO] [stderr]     |
[INFO] [stderr] 148 | fn key_parse2() {
[INFO] [stderr]     |    ^^^^^^^^^^
[INFO] [stderr]     |
[INFO] [stderr]     = note: `#[warn(dead_code)]` on by default
[INFO] [stderr] 
[INFO] [stderr] warning: `sml` (test "test") generated 1 warning
[INFO] [stderr]     Finished test [unoptimized + debuginfo] target(s) in 0.03s
[INFO] [stderr]      Running unittests (/opt/rustwide/target/debug/deps/sml-99ceec7e2f0689c6)
[INFO] [stderr]      Running tests/test.rs (/opt/rustwide/target/debug/deps/test-14a3099e1f7dc8d9)
[INFO] [stdout] 
[INFO] [stdout] running 0 tests
[INFO] [stdout] 
[INFO] [stdout] test result: ok. 0 passed; 0 failed; 0 ignored; 0 measured; 0 filtered out; finished in 0.00s
[INFO] [stdout] 
[INFO] [stdout] 
[INFO] [stdout] running 24 tests
[INFO] [stdout] test float_parse_error ... ok
[INFO] [stdout] test basic4 ... ok
[INFO] [stderr]    Doc-tests sml
[INFO] [stdout] test basic2 ... ok
[INFO] [stdout] test basic3 ... ok
[INFO] [stdout] test key_parse1 ... ok
[INFO] [stdout] test no_quote_after_key_error ... ok
[INFO] [stdout] test missing_token_error ... ok
[INFO] [stdout] test empty_key_error ... ok
[INFO] [stdout] test empty_error ... ok
[INFO] [stdout] test bool_parse_error ... ok
[INFO] [stdout] test path1 ... ok
[INFO] [stdout] test no_space_after_key ... ok
[INFO] [stdout] test parse_value_error ... ok
[INFO] [stdout] test not_unique_error ... ok
[INFO] [stdout] test no_second_quote ... ok
[INFO] [stdout] test path_vec_string ... ok
[INFO] [stdout] test no_colon_error1 ... ok
[INFO] [stdout] test no_colon_error2 ... ok
[INFO] [stdout] test is_key_error ... ok
[INFO] [stdout] test path_not_unique ... ok
[INFO] [stdout] test path_is_key ... ok
[INFO] [stdout] test is_value_error ... ok
[INFO] [stdout] test indent1 ... ok
[INFO] [stdout] test basic1 ... ok
[INFO] [stdout] 
[INFO] [stdout] test result: ok. 24 passed; 0 failed; 0 ignored; 0 measured; 0 filtered out; finished in 0.04s
[INFO] [stdout] 
[INFO] [stdout] 
[INFO] [stdout] running 6 tests
[INFO] [stdout] test src/lib.rs - (line 123) ... FAILED
[INFO] [stdout] test src/lib.rs - (line 106) ... FAILED
[INFO] [stdout] test src/lib.rs - (line 118) ... FAILED
[INFO] [stdout] test src/lib.rs - (line 112) ... FAILED
[INFO] [stdout] test src/lib.rs - (line 158) ... FAILED
[INFO] [stdout] test src/lib.rs - (line 62) ... ok
[INFO] [stdout] 
[INFO] [stdout] failures:
[INFO] [stdout] 
[INFO] [stdout] ---- src/lib.rs - (line 123) stdout ----
[INFO] [stdout] error: expected one of `.`, `;`, `?`, `}`, or an operator, found `->`
[INFO] [stdout]  --> src/lib.rs:124:25
[INFO] [stdout]   |
[INFO] [stdout] 3 | from_str_debug(s: &str) -> Self
[INFO] [stdout]   |                         ^^ expected one of `.`, `;`, `?`, `}`, or an operator
[INFO] [stdout] 
[INFO] [stdout] error: aborting due to previous error
[INFO] [stdout] 
[INFO] [stdout] Couldn't compile the test.
[INFO] [stdout] ---- src/lib.rs - (line 106) stdout ----
[INFO] [stdout] error: expected one of `.`, `;`, `?`, `}`, or an operator, found `->`
[INFO] [stdout]  --> src/lib.rs:107:27
[INFO] [stdout]   |
[INFO] [stdout] 3 | from_small(slice: &Small) -> Result<Self, SmallError>
[INFO] [stdout]   |                           ^^ expected one of `.`, `;`, `?`, `}`, or an operator
[INFO] [stdout] 
[INFO] [stdout] error: aborting due to previous error
[INFO] [stdout] 
[INFO] [stdout] Couldn't compile the test.
[INFO] [stdout] ---- src/lib.rs - (line 118) stdout ----
[INFO] [stdout] error: expected one of `.`, `;`, `?`, `}`, or an operator, found `->`
[INFO] [stdout]  --> src/lib.rs:119:19
[INFO] [stdout]   |
[INFO] [stdout] 3 | from_str(s: &str) -> Result<Self, SmallError>
[INFO] [stdout]   |                   ^^ expected one of `.`, `;`, `?`, `}`, or an operator
[INFO] [stdout] 
[INFO] [stdout] error: aborting due to previous error
[INFO] [stdout] 
[INFO] [stdout] Couldn't compile the test.
[INFO] [stdout] ---- src/lib.rs - (line 112) stdout ----
[INFO] [stdout] error: expected one of `.`, `;`, `?`, `}`, or an operator, found `->`
[INFO] [stdout]  --> src/lib.rs:113:37
[INFO] [stdout]   |
[INFO] [stdout] 3 | path(small: &Small, key_path: &str) -> Result<Self, SmallError>
[INFO] [stdout]   |                                     ^^ expected one of `.`, `;`, `?`, `}`, or an operator
[INFO] [stdout] 
[INFO] [stdout] error: aborting due to previous error
[INFO] [stdout] 
[INFO] [stdout] Couldn't compile the test.
[INFO] [stdout] ---- src/lib.rs - (line 158) stdout ----
[INFO] [stdout] error[E0405]: cannot find trait `FromSmall` in this scope
[INFO] [stdout]  --> src/lib.rs:159:6
[INFO] [stdout]   |
[INFO] [stdout] 3 | impl FromSmall for u32 {
[INFO] [stdout]   |      ^^^^^^^^^ not found in this scope
[INFO] [stdout]   |
[INFO] [stdout] help: consider importing this trait
[INFO] [stdout]   |
[INFO] [stdout] 2 | use sml::FromSmall;
[INFO] [stdout]   |
[INFO] [stdout] 
[INFO] [stdout] error[E0412]: cannot find type `Small` in this scope
[INFO] [stdout]  --> src/lib.rs:160:23
[INFO] [stdout]   |
[INFO] [stdout] 4 |     fn from_small(s: &Small) -> Result<Self, SmallError> {
[INFO] [stdout]   |                       ^^^^^ not found in this scope
[INFO] [stdout]   |
[INFO] [stdout] help: consider importing this struct
[INFO] [stdout]   |
[INFO] [stdout] 2 | use sml::Small;
[INFO] [stdout]   |
[INFO] [stdout] 
[INFO] [stdout] error[E0412]: cannot find type `SmallError` in this scope
[INFO] [stdout]  --> src/lib.rs:160:46
[INFO] [stdout]   |
[INFO] [stdout] 4 |     fn from_small(s: &Small) -> Result<Self, SmallError> {
[INFO] [stdout]   |                                              ^^^^^^^^^^ not found in this scope
[INFO] [stdout]   |
[INFO] [stdout] help: consider importing this enum
[INFO] [stdout]   |
[INFO] [stdout] 2 | use sml::SmallError;
[INFO] [stdout]   |
[INFO] [stdout] 
[INFO] [stdout] error[E0433]: failed to resolve: use of undeclared type `SmallError`
[INFO] [stdout]  --> src/lib.rs:165:26
[INFO] [stdout]   |
[INFO] [stdout] 9 |             .map_err(|_| SmallError::ParseValue(token, "u32"))
[INFO] [stdout]   |                          ^^^^^^^^^^ not found in this scope
[INFO] [stdout]   |
[INFO] [stdout] help: consider importing this enum
[INFO] [stdout]   |
[INFO] [stdout] 2 | use sml::SmallError;
[INFO] [stdout]   |
[INFO] [stdout] 
[INFO] [stdout] error: aborting due to 4 previous errors
[INFO] [stdout] 
[INFO] [stdout] Some errors have detailed explanations: E0405, E0412, E0433.
[INFO] [stdout] For more information about an error, try `rustc --explain E0405`.
[INFO] [stdout] Couldn't compile the test.
[INFO] [stdout] 
[INFO] [stdout] failures:
[INFO] [stdout]     src/lib.rs - (line 106)
[INFO] [stdout]     src/lib.rs - (line 112)
[INFO] [stdout]     src/lib.rs - (line 118)
[INFO] [stdout]     src/lib.rs - (line 123)
[INFO] [stdout]     src/lib.rs - (line 158)
[INFO] [stdout] 
[INFO] [stdout] test result: FAILED. 1 passed; 5 failed; 0 ignored; 0 measured; 0 filtered out; finished in 0.75s
[INFO] [stdout] 
[INFO] [stderr] error: test failed, to rerun pass '--doc'
[INFO] running `Command { std: "docker" "inspect" "aa3cbd63b28556a379f67dee9a0f701e0e97d8eb5b44c90e681e47de7ce3cfa7", kill_on_drop: false }`
[INFO] running `Command { std: "docker" "rm" "-f" "aa3cbd63b28556a379f67dee9a0f701e0e97d8eb5b44c90e681e47de7ce3cfa7", kill_on_drop: false }`
[INFO] [stdout] aa3cbd63b28556a379f67dee9a0f701e0e97d8eb5b44c90e681e47de7ce3cfa7
