[INFO] fetching crate smbios-lib 0.8.0...
[INFO] testing smbios-lib-0.8.0 against 1.54.0 for beta-1.55-1
[INFO] extracting crate smbios-lib 0.8.0 into /workspace/builds/worker-6/source
[INFO] validating manifest of crates.io crate smbios-lib 0.8.0 on toolchain 1.54.0
[INFO] running `Command { std: "/workspace/cargo-home/bin/cargo" "+1.54.0" "metadata" "--manifest-path" "Cargo.toml" "--no-deps", kill_on_drop: false }`
[INFO] removed /workspace/builds/worker-6/source/.cargo/config.toml
[INFO] started tweaking crates.io crate smbios-lib 0.8.0
[INFO] finished tweaking crates.io crate smbios-lib 0.8.0
[INFO] tweaked toml for crates.io crate smbios-lib 0.8.0 written to /workspace/builds/worker-6/source/Cargo.toml
[INFO] crate crates.io crate smbios-lib 0.8.0 already has a lockfile, it will not be regenerated
[INFO] running `Command { std: "/workspace/cargo-home/bin/cargo" "+1.54.0" "fetch" "--manifest-path" "Cargo.toml", kill_on_drop: false }`
[INFO] running `Command { std: "docker" "create" "-v" "/var/lib/crater-agent-workspace/builds/worker-6/target:/opt/rustwide/target:rw,Z" "-v" "/var/lib/crater-agent-workspace/builds/worker-6/source:/opt/rustwide/workdir:ro,Z" "-v" "/var/lib/crater-agent-workspace/cargo-home:/opt/rustwide/cargo-home:ro,Z" "-v" "/var/lib/crater-agent-workspace/rustup-home:/opt/rustwide/rustup-home:ro,Z" "-e" "SOURCE_DIR=/opt/rustwide/workdir" "-e" "CARGO_TARGET_DIR=/opt/rustwide/target" "-e" "CARGO_HOME=/opt/rustwide/cargo-home" "-e" "RUSTUP_HOME=/opt/rustwide/rustup-home" "-w" "/opt/rustwide/workdir" "-m" "1610612736" "--user" "0:0" "--network" "none" "ghcr.io/rust-lang/crates-build-env/linux@sha256:34b6a614d2c27851fe6cbf88fbd1137609cefab8b10d0615aaeb6fd47975d74e" "/opt/rustwide/cargo-home/bin/cargo" "+1.54.0" "metadata" "--no-deps" "--format-version=1", kill_on_drop: false }`
[INFO] [stdout] d8a796c5563672adfeb11d54b443822ad81293298c27ead4e48aaa3172751c48
[INFO] running `Command { std: "docker" "start" "-a" "d8a796c5563672adfeb11d54b443822ad81293298c27ead4e48aaa3172751c48", kill_on_drop: false }`
[INFO] running `Command { std: "docker" "inspect" "d8a796c5563672adfeb11d54b443822ad81293298c27ead4e48aaa3172751c48", kill_on_drop: false }`
[INFO] running `Command { std: "docker" "rm" "-f" "d8a796c5563672adfeb11d54b443822ad81293298c27ead4e48aaa3172751c48", kill_on_drop: false }`
[INFO] [stdout] d8a796c5563672adfeb11d54b443822ad81293298c27ead4e48aaa3172751c48
[INFO] running `Command { std: "docker" "create" "-v" "/var/lib/crater-agent-workspace/builds/worker-6/target:/opt/rustwide/target:rw,Z" "-v" "/var/lib/crater-agent-workspace/builds/worker-6/source:/opt/rustwide/workdir:ro,Z" "-v" "/var/lib/crater-agent-workspace/cargo-home:/opt/rustwide/cargo-home:ro,Z" "-v" "/var/lib/crater-agent-workspace/rustup-home:/opt/rustwide/rustup-home:ro,Z" "-e" "SOURCE_DIR=/opt/rustwide/workdir" "-e" "CARGO_TARGET_DIR=/opt/rustwide/target" "-e" "CARGO_INCREMENTAL=0" "-e" "RUST_BACKTRACE=full" "-e" "RUSTFLAGS=--cap-lints=warn" "-e" "CARGO_HOME=/opt/rustwide/cargo-home" "-e" "RUSTUP_HOME=/opt/rustwide/rustup-home" "-w" "/opt/rustwide/workdir" "-m" "1610612736" "--user" "0:0" "--network" "none" "ghcr.io/rust-lang/crates-build-env/linux@sha256:34b6a614d2c27851fe6cbf88fbd1137609cefab8b10d0615aaeb6fd47975d74e" "/opt/rustwide/cargo-home/bin/cargo" "+1.54.0" "build" "--frozen" "--message-format=json", kill_on_drop: false }`
[INFO] [stdout] 23e9c8aac0453679d46a509b36244563615e0428d17c95e47ce5261afa83ee7c
[INFO] running `Command { std: "docker" "start" "-a" "23e9c8aac0453679d46a509b36244563615e0428d17c95e47ce5261afa83ee7c", kill_on_drop: false }`
[INFO] [stderr]    Compiling proc-macro2 v1.0.26
[INFO] [stderr]    Compiling syn v1.0.71
[INFO] [stderr]    Compiling serde_derive v1.0.125
[INFO] [stderr]    Compiling serde v1.0.125
[INFO] [stderr]    Compiling getopts v0.2.21
[INFO] [stderr]    Compiling quote v1.0.9
[INFO] [stderr]    Compiling serde_json v1.0.64
[INFO] [stderr]    Compiling smbios-lib v0.8.0 (/opt/rustwide/workdir)
[INFO] [stderr]     Finished dev [unoptimized + debuginfo] target(s) in 25.62s
[INFO] running `Command { std: "docker" "inspect" "23e9c8aac0453679d46a509b36244563615e0428d17c95e47ce5261afa83ee7c", kill_on_drop: false }`
[INFO] running `Command { std: "docker" "rm" "-f" "23e9c8aac0453679d46a509b36244563615e0428d17c95e47ce5261afa83ee7c", kill_on_drop: false }`
[INFO] [stdout] 23e9c8aac0453679d46a509b36244563615e0428d17c95e47ce5261afa83ee7c
[INFO] running `Command { std: "docker" "create" "-v" "/var/lib/crater-agent-workspace/builds/worker-6/target:/opt/rustwide/target:rw,Z" "-v" "/var/lib/crater-agent-workspace/builds/worker-6/source:/opt/rustwide/workdir:ro,Z" "-v" "/var/lib/crater-agent-workspace/cargo-home:/opt/rustwide/cargo-home:ro,Z" "-v" "/var/lib/crater-agent-workspace/rustup-home:/opt/rustwide/rustup-home:ro,Z" "-e" "SOURCE_DIR=/opt/rustwide/workdir" "-e" "CARGO_TARGET_DIR=/opt/rustwide/target" "-e" "CARGO_INCREMENTAL=0" "-e" "RUST_BACKTRACE=full" "-e" "RUSTFLAGS=--cap-lints=warn" "-e" "CARGO_HOME=/opt/rustwide/cargo-home" "-e" "RUSTUP_HOME=/opt/rustwide/rustup-home" "-w" "/opt/rustwide/workdir" "-m" "1610612736" "--user" "0:0" "--network" "none" "ghcr.io/rust-lang/crates-build-env/linux@sha256:34b6a614d2c27851fe6cbf88fbd1137609cefab8b10d0615aaeb6fd47975d74e" "/opt/rustwide/cargo-home/bin/cargo" "+1.54.0" "test" "--frozen" "--no-run" "--message-format=json", kill_on_drop: false }`
[INFO] [stdout] 636eb24387ad2ba959945fd813235f4c1177c169a2c32d9d129a444fc8408683
[INFO] running `Command { std: "docker" "start" "-a" "636eb24387ad2ba959945fd813235f4c1177c169a2c32d9d129a444fc8408683", kill_on_drop: false }`
[INFO] [stderr]    Compiling smbios-lib v0.8.0 (/opt/rustwide/workdir)
[INFO] [stderr]     Finished test [unoptimized + debuginfo] target(s) in 5.84s
[INFO] running `Command { std: "docker" "inspect" "636eb24387ad2ba959945fd813235f4c1177c169a2c32d9d129a444fc8408683", kill_on_drop: false }`
[INFO] running `Command { std: "docker" "rm" "-f" "636eb24387ad2ba959945fd813235f4c1177c169a2c32d9d129a444fc8408683", kill_on_drop: false }`
[INFO] [stdout] 636eb24387ad2ba959945fd813235f4c1177c169a2c32d9d129a444fc8408683
[INFO] running `Command { std: "docker" "create" "-v" "/var/lib/crater-agent-workspace/builds/worker-6/target:/opt/rustwide/target:rw,Z" "-v" "/var/lib/crater-agent-workspace/builds/worker-6/source:/opt/rustwide/workdir:ro,Z" "-v" "/var/lib/crater-agent-workspace/cargo-home:/opt/rustwide/cargo-home:ro,Z" "-v" "/var/lib/crater-agent-workspace/rustup-home:/opt/rustwide/rustup-home:ro,Z" "-e" "SOURCE_DIR=/opt/rustwide/workdir" "-e" "CARGO_TARGET_DIR=/opt/rustwide/target" "-e" "CARGO_INCREMENTAL=0" "-e" "RUST_BACKTRACE=full" "-e" "RUSTFLAGS=--cap-lints=warn" "-e" "CARGO_HOME=/opt/rustwide/cargo-home" "-e" "RUSTUP_HOME=/opt/rustwide/rustup-home" "-w" "/opt/rustwide/workdir" "-m" "1610612736" "--user" "0:0" "--network" "none" "ghcr.io/rust-lang/crates-build-env/linux@sha256:34b6a614d2c27851fe6cbf88fbd1137609cefab8b10d0615aaeb6fd47975d74e" "/opt/rustwide/cargo-home/bin/cargo" "+1.54.0" "test" "--frozen", kill_on_drop: false }`
[INFO] [stdout] fefc8bec30059124f25ab413bd8cb9958adecd53b8f119b00ab2953cf274d016
[INFO] running `Command { std: "docker" "start" "-a" "fefc8bec30059124f25ab413bd8cb9958adecd53b8f119b00ab2953cf274d016", kill_on_drop: false }`
[INFO] [stderr]     Finished test [unoptimized + debuginfo] target(s) in 0.02s
[INFO] [stderr]      Running unittests (/opt/rustwide/target/debug/deps/smbioslib-44f2bb183fe29c2a)
[INFO] [stdout] 
[INFO] [stdout] running 50 tests
[INFO] [stdout] test structs::types::additional_information::tests::test_additional_information ... ok
[INFO] [stdout] test structs::types::baseboard_information::tests::test_baseboard_information ... ok
[INFO] [stdout] test structs::types::bios_information::tests::unit_test ... ok
[INFO] [stdout] test structs::types::bios_language_information::tests::test_bios_language_information ... ok
[INFO] [stdout] test structs::types::built_in_pointing_device::tests::unit_test ... ok
[INFO] [stdout] test structs::types::cache_information::tests::unit_test ... ok
[INFO] [stdout] test structs::types::cooling_device::tests::unit_test ... ok
[INFO] [stdout] test structs::types::electrical_current_probe::tests::unit_test ... ok
[INFO] [stdout] test structs::types::group_associations::tests::unit_test ... ok
[INFO] [stdout] test structs::types::hardware_security::tests::unit_test ... ok
[INFO] [stdout] test file_io::tests::test_load_smbios_table_data ... ok
[INFO] [stdout] test structs::types::ipmi_device_information::tests::unit_test ... ok
[INFO] [stdout] test structs::types::management_controller_host_interface::tests::unit_test ... ok
[INFO] [stdout] test structs::types::management_device::tests::unit_test ... ok
[INFO] [stdout] test structs::types::management_device_component::tests::unit_test ... ok
[INFO] [stdout] test structs::types::management_device_threshold_data::tests::unit_test ... ok
[INFO] [stdout] test structs::types::memory_array_mapped_address::tests::unit_test ... ok
[INFO] [stdout] test structs::types::memory_channel::tests::unit_test ... ok
[INFO] [stdout] test structs::types::memory_controller_information::tests::unit_test ... ok
[INFO] [stdout] test structs::types::memory_device::tests::test ... ok
[INFO] [stdout] test structs::types::memory_device_mapped_address::tests::unit_test ... ok
[INFO] [stdout] test structs::types::memory_error_information_32::tests::unit_test ... ok
[INFO] [stdout] test structs::types::memory_error_information_64::tests::unit_test ... ok
[INFO] [stdout] test structs::types::memory_module_information::tests::unit_test ... ok
[INFO] [stdout] test structs::types::oem_strings::tests::unit_test ... ok
[INFO] [stdout] test structs::types::on_board_device_information::tests::unit_test ... ok
[INFO] [stdout] test structs::types::onboard_devices_extended_information::tests::unit_test ... ok
[INFO] [stdout] test structs::types::out_of_band_remote_access::tests::unit_test ... ok
[INFO] [stdout] test structs::types::physical_memory_array::tests::unit_test ... ok
[INFO] [stdout] test structs::types::port_connector_information::tests::unit_test ... ok
[INFO] [stdout] test structs::types::portable_battery::tests::unit_test ... ok
[INFO] [stdout] test structs::types::processor_additional_information::tests::unit_test ... ok
[INFO] [stdout] test structs::types::processor_information::tests::unit_test ... ok
[INFO] [stdout] test structs::types::system_boot_information::tests::unit_test ... ok
[INFO] [stdout] test structs::types::system_chassis_information::tests::unit_test ... ok
[INFO] [stdout] test structs::types::system_configuration_options::tests::unit_test ... ok
[INFO] [stdout] test structs::types::system_information::tests::unit_test ... ok
[INFO] [stdout] test structs::types::system_power_controls::tests::unit_test ... ok
[INFO] [stdout] test structs::types::system_event_log::tests::unit_test ... ok
[INFO] [stdout] test structs::types::system_reset::tests::unit_test ... ok
[INFO] [stdout] test structs::types::system_slot::tests::unit_test ... ok
[INFO] [stdout] test structs::types::system_power_supply::tests::unit_test ... ok
[INFO] [stdout] test structs::types::temperature_probe::tests::unit_test ... ok
[INFO] [stdout] test structs::types::tpm_device::tests::unit_test ... ok
[INFO] [stdout] test structs::types::unknown::tests::test_unknown_oem_type ... ok
[INFO] [stdout] test structs::types::voltage_probe::tests::unit_test ... ok
[INFO] [stdout] test windows::win_struct::tests::test_is_valid_raw_smbios_data ... ok
[INFO] [stdout] test windows::win_struct::tests::test_win_smbios_data_constructor ... ok
[INFO] [stdout] test windows::win_struct::tests::test_win_smbios_data_headers ... ok
[INFO] [stdout] test unix::platform::tests::test_dev_mem_scan ... FAILED
[INFO] [stdout] 
[INFO] [stdout] failures:
[INFO] [stdout] 
[INFO] [stdout] ---- unix::platform::tests::test_dev_mem_scan stdout ----
[INFO] [stdout] Error: Os { code: 2, kind: NotFound, message: "No such file or directory" }
[INFO] [stdout] thread 'unix::platform::tests::test_dev_mem_scan' panicked at 'assertion failed: `(left == right)`
[INFO] [stdout]   left: `1`,
[INFO] [stdout]  right: `0`: the test returned a termination value with a non-zero status code (1) which indicates a failure', /rustc/a178d0322ce20e33eac124758e837cbd80a6f633/library/test/src/lib.rs:193:5
[INFO] [stdout] stack backtrace:
[INFO] [stdout]    0:     0x5577c97b4500 - std::backtrace_rs::backtrace::libunwind::trace::h34055254b57d8e79
[INFO] [stdout]                                at /rustc/a178d0322ce20e33eac124758e837cbd80a6f633/library/std/src/../../backtrace/src/backtrace/libunwind.rs:90:5
[INFO] [stdout]    1:     0x5577c97b4500 - std::backtrace_rs::backtrace::trace_unsynchronized::h8f1e3fbd9afff6ec
[INFO] [stdout]                                at /rustc/a178d0322ce20e33eac124758e837cbd80a6f633/library/std/src/../../backtrace/src/backtrace/mod.rs:66:5
[INFO] [stdout]    2:     0x5577c97b4500 - std::sys_common::backtrace::_print_fmt::h3a99a796b770c360
[INFO] [stdout]                                at /rustc/a178d0322ce20e33eac124758e837cbd80a6f633/library/std/src/sys_common/backtrace.rs:67:5
[INFO] [stdout]    3:     0x5577c97b4500 - <std::sys_common::backtrace::_print::DisplayBacktrace as core::fmt::Display>::fmt::h32d1f94a80615d18
[INFO] [stdout]                                at /rustc/a178d0322ce20e33eac124758e837cbd80a6f633/library/std/src/sys_common/backtrace.rs:46:22
[INFO] [stdout]    4:     0x5577c97d758c - core::fmt::write::h306731c068f7162c
[INFO] [stdout]                                at /rustc/a178d0322ce20e33eac124758e837cbd80a6f633/library/core/src/fmt/mod.rs:1110:17
[INFO] [stdout]    5:     0x5577c97b11b5 - std::io::Write::write_fmt::h87f19b0a2cd190bc
[INFO] [stdout]                                at /rustc/a178d0322ce20e33eac124758e837cbd80a6f633/library/std/src/io/mod.rs:1588:15
[INFO] [stdout]    6:     0x5577c97b668b - std::sys_common::backtrace::_print::h5abaa2601a852287
[INFO] [stdout]                                at /rustc/a178d0322ce20e33eac124758e837cbd80a6f633/library/std/src/sys_common/backtrace.rs:49:5
[INFO] [stdout]    7:     0x5577c97b668b - std::sys_common::backtrace::print::h8d81445442bb638f
[INFO] [stdout]                                at /rustc/a178d0322ce20e33eac124758e837cbd80a6f633/library/std/src/sys_common/backtrace.rs:36:9
[INFO] [stdout]    8:     0x5577c97b668b - std::panicking::default_hook::{{closure}}::hcfe804496a9fa747
[INFO] [stdout]                                at /rustc/a178d0322ce20e33eac124758e837cbd80a6f633/library/std/src/panicking.rs:208:50
[INFO] [stdout]    9:     0x5577c97b619c - std::panicking::default_hook::hbea8e3ccf2ba8901
[INFO] [stdout]                                at /rustc/a178d0322ce20e33eac124758e837cbd80a6f633/library/std/src/panicking.rs:222:9
[INFO] [stdout]   10:     0x5577c97b6d54 - std::panicking::rust_panic_with_hook::h7ee9e1a2d0f8975a
[INFO] [stdout]                                at /rustc/a178d0322ce20e33eac124758e837cbd80a6f633/library/std/src/panicking.rs:622:17
[INFO] [stdout]   11:     0x5577c97b6837 - std::panicking::begin_panic_handler::{{closure}}::h8ab3b4491718b2c7
[INFO] [stdout]                                at /rustc/a178d0322ce20e33eac124758e837cbd80a6f633/library/std/src/panicking.rs:519:13
[INFO] [stdout]   12:     0x5577c97b49fc - std::sys_common::backtrace::__rust_end_short_backtrace::hd489062ffa586a9f
[INFO] [stdout]                                at /rustc/a178d0322ce20e33eac124758e837cbd80a6f633/library/std/src/sys_common/backtrace.rs:141:18
[INFO] [stdout]   13:     0x5577c97b6799 - rust_begin_unwind
[INFO] [stdout]                                at /rustc/a178d0322ce20e33eac124758e837cbd80a6f633/library/std/src/panicking.rs:515:5
[INFO] [stdout]   14:     0x5577c96cb651 - core::panicking::panic_fmt::hca6330e3e14086b4
[INFO] [stdout]                                at /rustc/a178d0322ce20e33eac124758e837cbd80a6f633/library/core/src/panicking.rs:92:14
[INFO] [stdout]   15:     0x5577c97d571e - core::panicking::assert_failed_inner::h33b45280069a80ed
[INFO] [stdout]   16:     0x5577c971d90a - core::panicking::assert_failed::hbcd574da00928cbe
[INFO] [stdout]                                at /rustc/a178d0322ce20e33eac124758e837cbd80a6f633/library/core/src/panicking.rs:117:5
[INFO] [stdout]   17:     0x5577c9737c1e - test::assert_test_result::h5e5fe86df37b7a78
[INFO] [stdout]                                at /rustc/a178d0322ce20e33eac124758e837cbd80a6f633/library/test/src/lib.rs:193:5
[INFO] [stdout]   18:     0x5577c971a859 - smbioslib::unix::platform::tests::test_dev_mem_scan::{{closure}}::h5a569371d1f9cd59
[INFO] [stdout]                                at /opt/rustwide/workdir/src/unix/platform.rs:228:5
[INFO] [stdout]   19:     0x5577c9710c8e - core::ops::function::FnOnce::call_once::h0aef384ed97927d8
[INFO] [stdout]                                at /rustc/a178d0322ce20e33eac124758e837cbd80a6f633/library/core/src/ops/function.rs:227:5
[INFO] [stdout]   20:     0x5577c9788e03 - core::ops::function::FnOnce::call_once::h152e7e439ff59e19
[INFO] [stdout]                                at /rustc/a178d0322ce20e33eac124758e837cbd80a6f633/library/core/src/ops/function.rs:227:5
[INFO] [stdout]   21:     0x5577c9788e03 - test::__rust_begin_short_backtrace::h0908f3b1fdbb72ab
[INFO] [stdout]                                at /rustc/a178d0322ce20e33eac124758e837cbd80a6f633/library/test/src/lib.rs:577:5
[INFO] [stdout]   22:     0x5577c97878c0 - <alloc::boxed::Box<F,A> as core::ops::function::FnOnce<Args>>::call_once::hf6d2a51e5587546c
[INFO] [stdout]                                at /rustc/a178d0322ce20e33eac124758e837cbd80a6f633/library/alloc/src/boxed.rs:1575:9
[INFO] [stdout]   23:     0x5577c97878c0 - <std::panic::AssertUnwindSafe<F> as core::ops::function::FnOnce<()>>::call_once::h8af660f3a89ef593
[INFO] [stdout]                                at /rustc/a178d0322ce20e33eac124758e837cbd80a6f633/library/std/src/panic.rs:347:9
[INFO] [stdout]   24:     0x5577c97878c0 - std::panicking::try::do_call::hd36aef60f84b6d36
[INFO] [stdout]                                at /rustc/a178d0322ce20e33eac124758e837cbd80a6f633/library/std/src/panicking.rs:401:40
[INFO] [stdout]   25:     0x5577c97878c0 - std::panicking::try::h9932b4480e69817c
[INFO] [stdout]                                at /rustc/a178d0322ce20e33eac124758e837cbd80a6f633/library/std/src/panicking.rs:365:19
[INFO] [stdout]   26:     0x5577c97878c0 - std::panic::catch_unwind::h6aa177099cfff5f8
[INFO] [stdout]                                at /rustc/a178d0322ce20e33eac124758e837cbd80a6f633/library/std/src/panic.rs:434:14
[INFO] [stdout]   27:     0x5577c97878c0 - test::run_test_in_process::h5884d6f2d99e20c3
[INFO] [stdout]                                at /rustc/a178d0322ce20e33eac124758e837cbd80a6f633/library/test/src/lib.rs:600:18
[INFO] [stdout]   28:     0x5577c97878c0 - test::run_test::run_test_inner::{{closure}}::h6fdc58c6d5f5b6e3
[INFO] [stdout]                                at /rustc/a178d0322ce20e33eac124758e837cbd80a6f633/library/test/src/lib.rs:492:39
[INFO] [stdout]   29:     0x5577c9760f72 - test::run_test::run_test_inner::{{closure}}::h408365d67a78ade8
[INFO] [stdout]                                at /rustc/a178d0322ce20e33eac124758e837cbd80a6f633/library/test/src/lib.rs:519:37
[INFO] [stdout]   30:     0x5577c9760f72 - std::sys_common::backtrace::__rust_begin_short_backtrace::hb560b77c4f701523
[INFO] [stdout]                                at /rustc/a178d0322ce20e33eac124758e837cbd80a6f633/library/std/src/sys_common/backtrace.rs:125:18
[INFO] [stdout]   31:     0x5577c9764b28 - std::thread::Builder::spawn_unchecked::{{closure}}::{{closure}}::hf2e7831dad93c597
[INFO] [stdout]                                at /rustc/a178d0322ce20e33eac124758e837cbd80a6f633/library/std/src/thread/mod.rs:481:17
[INFO] [stdout]   32:     0x5577c9764b28 - <std::panic::AssertUnwindSafe<F> as core::ops::function::FnOnce<()>>::call_once::hd2e08783d8be4d02
[INFO] [stdout]                                at /rustc/a178d0322ce20e33eac124758e837cbd80a6f633/library/std/src/panic.rs:347:9
[INFO] [stdout]   33:     0x5577c9764b28 - std::panicking::try::do_call::h062597b7acfd6b82
[INFO] [stdout]                                at /rustc/a178d0322ce20e33eac124758e837cbd80a6f633/library/std/src/panicking.rs:401:40
[INFO] [stdout]   34:     0x5577c9764b28 - std::panicking::try::h0d7b79db04c14552
[INFO] [stdout]                                at /rustc/a178d0322ce20e33eac124758e837cbd80a6f633/library/std/src/panicking.rs:365:19
[INFO] [stdout]   35:     0x5577c9764b28 - std::panic::catch_unwind::hb01a0b5e7c8cd43b
[INFO] [stdout]                                at /rustc/a178d0322ce20e33eac124758e837cbd80a6f633/library/std/src/panic.rs:434:14
[INFO] [stdout]   36:     0x5577c9764b28 - std::thread::Builder::spawn_unchecked::{{closure}}::h5bde48cc887e0d1e
[INFO] [stdout]                                at /rustc/a178d0322ce20e33eac124758e837cbd80a6f633/library/std/src/thread/mod.rs:480:30
[INFO] [stdout]   37:     0x5577c9764b28 - core::ops::function::FnOnce::call_once{{vtable.shim}}::h745ea30807a29e55
[INFO] [stdout]                                at /rustc/a178d0322ce20e33eac124758e837cbd80a6f633/library/core/src/ops/function.rs:227:5
[INFO] [stdout]   38:     0x5577c97bb817 - <alloc::boxed::Box<F,A> as core::ops::function::FnOnce<Args>>::call_once::h7ece6cfefaff1005
[INFO] [stdout]                                at /rustc/a178d0322ce20e33eac124758e837cbd80a6f633/library/alloc/src/boxed.rs:1575:9
[INFO] [stdout]   39:     0x5577c97bb817 - <alloc::boxed::Box<F,A> as core::ops::function::FnOnce<Args>>::call_once::hb8b48e55c21f193e
[INFO] [stdout]                                at /rustc/a178d0322ce20e33eac124758e837cbd80a6f633/library/alloc/src/boxed.rs:1575:9
[INFO] [stdout]   40:     0x5577c97bb817 - std::sys::unix::thread::Thread::new::thread_start::h8c7c4450dba62914
[INFO] [stdout]                                at /rustc/a178d0322ce20e33eac124758e837cbd80a6f633/library/std/src/sys/unix/thread.rs:71:17
[INFO] [stdout]   41:     0x7ff87cd4d609 - start_thread
[INFO] [stdout]   42:     0x7ff87cb1f293 - clone
[INFO] [stdout]   43:                0x0 - <unknown>
[INFO] [stdout] 
[INFO] [stdout] 
[INFO] [stdout] failures:
[INFO] [stdout]     unix::platform::tests::test_dev_mem_scan
[INFO] [stdout] 
[INFO] [stdout] test result: FAILED. 49 passed; 1 failed; 0 ignored; 0 measured; 0 filtered out; finished in 0.01s
[INFO] [stdout] 
[INFO] [stderr] error: test failed, to rerun pass '--lib'
[INFO] running `Command { std: "docker" "inspect" "fefc8bec30059124f25ab413bd8cb9958adecd53b8f119b00ab2953cf274d016", kill_on_drop: false }`
[INFO] running `Command { std: "docker" "rm" "-f" "fefc8bec30059124f25ab413bd8cb9958adecd53b8f119b00ab2953cf274d016", kill_on_drop: false }`
[INFO] [stdout] fefc8bec30059124f25ab413bd8cb9958adecd53b8f119b00ab2953cf274d016
