[INFO] fetching crate smap 0.3.0...
[INFO] testing smap-0.3.0 against beta-2021-08-01 for beta-1.55-1
[INFO] extracting crate smap 0.3.0 into /workspace/builds/worker-7/source
[INFO] validating manifest of crates.io crate smap 0.3.0 on toolchain beta-2021-08-01
[INFO] running `Command { std: "/workspace/cargo-home/bin/cargo" "+beta-2021-08-01" "metadata" "--manifest-path" "Cargo.toml" "--no-deps", kill_on_drop: false }`
[INFO] started tweaking crates.io crate smap 0.3.0
[INFO] finished tweaking crates.io crate smap 0.3.0
[INFO] tweaked toml for crates.io crate smap 0.3.0 written to /workspace/builds/worker-7/source/Cargo.toml
[INFO] running `Command { std: "/workspace/cargo-home/bin/cargo" "+beta-2021-08-01" "generate-lockfile" "--manifest-path" "Cargo.toml" "-Zno-index-update", kill_on_drop: false }`
[INFO] running `Command { std: "/workspace/cargo-home/bin/cargo" "+beta-2021-08-01" "fetch" "--manifest-path" "Cargo.toml", kill_on_drop: false }`
[INFO] [stderr]     Blocking waiting for file lock on package cache
[INFO] running `Command { std: "docker" "create" "-v" "/var/lib/crater-agent-workspace/builds/worker-7/target:/opt/rustwide/target:rw,Z" "-v" "/var/lib/crater-agent-workspace/builds/worker-7/source:/opt/rustwide/workdir:ro,Z" "-v" "/var/lib/crater-agent-workspace/cargo-home:/opt/rustwide/cargo-home:ro,Z" "-v" "/var/lib/crater-agent-workspace/rustup-home:/opt/rustwide/rustup-home:ro,Z" "-e" "SOURCE_DIR=/opt/rustwide/workdir" "-e" "CARGO_TARGET_DIR=/opt/rustwide/target" "-e" "CARGO_HOME=/opt/rustwide/cargo-home" "-e" "RUSTUP_HOME=/opt/rustwide/rustup-home" "-w" "/opt/rustwide/workdir" "-m" "1610612736" "--user" "0:0" "--network" "none" "ghcr.io/rust-lang/crates-build-env/linux@sha256:34b6a614d2c27851fe6cbf88fbd1137609cefab8b10d0615aaeb6fd47975d74e" "/opt/rustwide/cargo-home/bin/cargo" "+beta-2021-08-01" "metadata" "--no-deps" "--format-version=1", kill_on_drop: false }`
[INFO] [stdout] 9f9df84c9cf53d17a0acb891a38c20379012ffdf4bd0615d63e7b05f40c64023
[INFO] running `Command { std: "docker" "start" "-a" "9f9df84c9cf53d17a0acb891a38c20379012ffdf4bd0615d63e7b05f40c64023", kill_on_drop: false }`
[INFO] running `Command { std: "docker" "inspect" "9f9df84c9cf53d17a0acb891a38c20379012ffdf4bd0615d63e7b05f40c64023", kill_on_drop: false }`
[INFO] running `Command { std: "docker" "rm" "-f" "9f9df84c9cf53d17a0acb891a38c20379012ffdf4bd0615d63e7b05f40c64023", kill_on_drop: false }`
[INFO] [stdout] 9f9df84c9cf53d17a0acb891a38c20379012ffdf4bd0615d63e7b05f40c64023
[INFO] running `Command { std: "docker" "create" "-v" "/var/lib/crater-agent-workspace/builds/worker-7/target:/opt/rustwide/target:rw,Z" "-v" "/var/lib/crater-agent-workspace/builds/worker-7/source:/opt/rustwide/workdir:ro,Z" "-v" "/var/lib/crater-agent-workspace/cargo-home:/opt/rustwide/cargo-home:ro,Z" "-v" "/var/lib/crater-agent-workspace/rustup-home:/opt/rustwide/rustup-home:ro,Z" "-e" "SOURCE_DIR=/opt/rustwide/workdir" "-e" "CARGO_TARGET_DIR=/opt/rustwide/target" "-e" "CARGO_INCREMENTAL=0" "-e" "RUST_BACKTRACE=full" "-e" "RUSTFLAGS=--cap-lints=warn" "-e" "CARGO_HOME=/opt/rustwide/cargo-home" "-e" "RUSTUP_HOME=/opt/rustwide/rustup-home" "-w" "/opt/rustwide/workdir" "-m" "1610612736" "--user" "0:0" "--network" "none" "ghcr.io/rust-lang/crates-build-env/linux@sha256:34b6a614d2c27851fe6cbf88fbd1137609cefab8b10d0615aaeb6fd47975d74e" "/opt/rustwide/cargo-home/bin/cargo" "+beta-2021-08-01" "build" "--frozen" "--message-format=json", kill_on_drop: false }`
[INFO] [stdout] 4de9c57a17d0947dbe1cb28ac686ed8963d5c80112d9d109abdf2c2a6cad78e7
[INFO] running `Command { std: "docker" "start" "-a" "4de9c57a17d0947dbe1cb28ac686ed8963d5c80112d9d109abdf2c2a6cad78e7", kill_on_drop: false }`
[INFO] [stderr]    Compiling smap v0.3.0 (/opt/rustwide/workdir)
[INFO] [stderr]     Finished dev [unoptimized + debuginfo] target(s) in 0.54s
[INFO] running `Command { std: "docker" "inspect" "4de9c57a17d0947dbe1cb28ac686ed8963d5c80112d9d109abdf2c2a6cad78e7", kill_on_drop: false }`
[INFO] running `Command { std: "docker" "rm" "-f" "4de9c57a17d0947dbe1cb28ac686ed8963d5c80112d9d109abdf2c2a6cad78e7", kill_on_drop: false }`
[INFO] [stdout] 4de9c57a17d0947dbe1cb28ac686ed8963d5c80112d9d109abdf2c2a6cad78e7
[INFO] running `Command { std: "docker" "create" "-v" "/var/lib/crater-agent-workspace/builds/worker-7/target:/opt/rustwide/target:rw,Z" "-v" "/var/lib/crater-agent-workspace/builds/worker-7/source:/opt/rustwide/workdir:ro,Z" "-v" "/var/lib/crater-agent-workspace/cargo-home:/opt/rustwide/cargo-home:ro,Z" "-v" "/var/lib/crater-agent-workspace/rustup-home:/opt/rustwide/rustup-home:ro,Z" "-e" "SOURCE_DIR=/opt/rustwide/workdir" "-e" "CARGO_TARGET_DIR=/opt/rustwide/target" "-e" "CARGO_INCREMENTAL=0" "-e" "RUST_BACKTRACE=full" "-e" "RUSTFLAGS=--cap-lints=warn" "-e" "CARGO_HOME=/opt/rustwide/cargo-home" "-e" "RUSTUP_HOME=/opt/rustwide/rustup-home" "-w" "/opt/rustwide/workdir" "-m" "1610612736" "--user" "0:0" "--network" "none" "ghcr.io/rust-lang/crates-build-env/linux@sha256:34b6a614d2c27851fe6cbf88fbd1137609cefab8b10d0615aaeb6fd47975d74e" "/opt/rustwide/cargo-home/bin/cargo" "+beta-2021-08-01" "test" "--frozen" "--no-run" "--message-format=json", kill_on_drop: false }`
[INFO] [stdout] bc104d74eb27444e4d3da0c6ea12468803ca62dd9f3f744a2bed0471a15a1194
[INFO] running `Command { std: "docker" "start" "-a" "bc104d74eb27444e4d3da0c6ea12468803ca62dd9f3f744a2bed0471a15a1194", kill_on_drop: false }`
[INFO] [stderr]    Compiling smap v0.3.0 (/opt/rustwide/workdir)
[INFO] [stderr]     Finished test [unoptimized + debuginfo] target(s) in 0.88s
[INFO] running `Command { std: "docker" "inspect" "bc104d74eb27444e4d3da0c6ea12468803ca62dd9f3f744a2bed0471a15a1194", kill_on_drop: false }`
[INFO] running `Command { std: "docker" "rm" "-f" "bc104d74eb27444e4d3da0c6ea12468803ca62dd9f3f744a2bed0471a15a1194", kill_on_drop: false }`
[INFO] [stdout] bc104d74eb27444e4d3da0c6ea12468803ca62dd9f3f744a2bed0471a15a1194
[INFO] running `Command { std: "docker" "create" "-v" "/var/lib/crater-agent-workspace/builds/worker-7/target:/opt/rustwide/target:rw,Z" "-v" "/var/lib/crater-agent-workspace/builds/worker-7/source:/opt/rustwide/workdir:ro,Z" "-v" "/var/lib/crater-agent-workspace/cargo-home:/opt/rustwide/cargo-home:ro,Z" "-v" "/var/lib/crater-agent-workspace/rustup-home:/opt/rustwide/rustup-home:ro,Z" "-e" "SOURCE_DIR=/opt/rustwide/workdir" "-e" "CARGO_TARGET_DIR=/opt/rustwide/target" "-e" "CARGO_INCREMENTAL=0" "-e" "RUST_BACKTRACE=full" "-e" "RUSTFLAGS=--cap-lints=warn" "-e" "CARGO_HOME=/opt/rustwide/cargo-home" "-e" "RUSTUP_HOME=/opt/rustwide/rustup-home" "-w" "/opt/rustwide/workdir" "-m" "1610612736" "--user" "0:0" "--network" "none" "ghcr.io/rust-lang/crates-build-env/linux@sha256:34b6a614d2c27851fe6cbf88fbd1137609cefab8b10d0615aaeb6fd47975d74e" "/opt/rustwide/cargo-home/bin/cargo" "+beta-2021-08-01" "test" "--frozen", kill_on_drop: false }`
[INFO] [stdout] e13357d02b75b7cebc2fee08eeb93481b29bffeb89adc93bc6a4dba8abd08e73
[INFO] running `Command { std: "docker" "start" "-a" "e13357d02b75b7cebc2fee08eeb93481b29bffeb89adc93bc6a4dba8abd08e73", kill_on_drop: false }`
[INFO] [stdout] 
[INFO] [stderr]     Finished test [unoptimized + debuginfo] target(s) in 0.01s
[INFO] [stdout] running 1 test
[INFO] [stderr]      Running unittests (/opt/rustwide/target/debug/deps/smap-301c4fc51c54ea2a)
[INFO] [stdout] test tests::dict_test ... ok
[INFO] [stdout] 
[INFO] [stdout] test result: ok. 1 passed; 0 failed; 0 ignored; 0 measured; 0 filtered out; finished in 0.01s
[INFO] [stdout] 
[INFO] [stderr]    Doc-tests smap
[INFO] [stdout] 
[INFO] [stdout] running 2 tests
[INFO] [stdout] test src/lib.rs - Dict::get (line 25) ... FAILED
[INFO] [stdout] test src/lib.rs - Dict::add (line 16) ... FAILED
[INFO] [stdout] 
[INFO] [stdout] failures:
[INFO] [stdout] 
[INFO] [stdout] ---- src/lib.rs - Dict::get (line 25) stdout ----
[INFO] [stdout] error[E0425]: cannot find value `e2c` in this scope
[INFO] [stdout]  --> src/lib.rs:26:1
[INFO] [stdout]   |
[INFO] [stdout] 3 | e2c.get("snoopy");
[INFO] [stdout]   | ^^^ not found in this scope
[INFO] [stdout] 
[INFO] [stdout] error: aborting due to previous error
[INFO] [stdout] 
[INFO] [stdout] For more information about this error, try `rustc --explain E0425`.
[INFO] [stdout] Couldn't compile the test.
[INFO] [stdout] ---- src/lib.rs - Dict::add (line 16) stdout ----
[INFO] [stdout] error[E0425]: cannot find value `e2c` in this scope
[INFO] [stdout]  --> src/lib.rs:17:1
[INFO] [stdout]   |
[INFO] [stdout] 3 | e2c.add("john", "123");
[INFO] [stdout]   | ^^^ not found in this scope
[INFO] [stdout] 
[INFO] [stdout] error[E0425]: cannot find value `e2c` in this scope
[INFO] [stdout]  --> src/lib.rs:18:1
[INFO] [stdout]   |
[INFO] [stdout] 4 | e2c.add("snoopy", "456");
[INFO] [stdout]   | ^^^ not found in this scope
[INFO] [stdout] 
[INFO] [stdout] error: aborting due to 2 previous errors
[INFO] [stdout] 
[INFO] [stdout] For more information about this error, try `rustc --explain E0425`.
[INFO] [stdout] Couldn't compile the test.
[INFO] [stdout] 
[INFO] [stdout] failures:
[INFO] [stdout]     src/lib.rs - Dict::add (line 16)
[INFO] [stdout]     src/lib.rs - Dict::get (line 25)
[INFO] [stdout] 
[INFO] [stdout] test result: FAILED. 0 passed; 2 failed; 0 ignored; 0 measured; 0 filtered out; finished in 0.17s
[INFO] [stdout] 
[INFO] [stderr] error: test failed, to rerun pass '--doc'
[INFO] running `Command { std: "docker" "inspect" "e13357d02b75b7cebc2fee08eeb93481b29bffeb89adc93bc6a4dba8abd08e73", kill_on_drop: false }`
[INFO] running `Command { std: "docker" "rm" "-f" "e13357d02b75b7cebc2fee08eeb93481b29bffeb89adc93bc6a4dba8abd08e73", kill_on_drop: false }`
[INFO] [stdout] e13357d02b75b7cebc2fee08eeb93481b29bffeb89adc93bc6a4dba8abd08e73
