[INFO] fetching crate sm 0.9.0...
[INFO] testing sm-0.9.0 against 1.54.0 for beta-1.55-1
[INFO] extracting crate sm 0.9.0 into /workspace/builds/worker-4/source
[INFO] validating manifest of crates.io crate sm 0.9.0 on toolchain 1.54.0
[INFO] running `Command { std: "/workspace/cargo-home/bin/cargo" "+1.54.0" "metadata" "--manifest-path" "Cargo.toml" "--no-deps", kill_on_drop: false }`
[INFO] started tweaking crates.io crate sm 0.9.0
[INFO] finished tweaking crates.io crate sm 0.9.0
[INFO] tweaked toml for crates.io crate sm 0.9.0 written to /workspace/builds/worker-4/source/Cargo.toml
[INFO] crate crates.io crate sm 0.9.0 already has a lockfile, it will not be regenerated
[INFO] running `Command { std: "/workspace/cargo-home/bin/cargo" "+1.54.0" "fetch" "--manifest-path" "Cargo.toml", kill_on_drop: false }`
[INFO] [stderr]     Blocking waiting for file lock on package cache
[INFO] running `Command { std: "docker" "create" "-v" "/var/lib/crater-agent-workspace/builds/worker-4/target:/opt/rustwide/target:rw,Z" "-v" "/var/lib/crater-agent-workspace/builds/worker-4/source:/opt/rustwide/workdir:ro,Z" "-v" "/var/lib/crater-agent-workspace/cargo-home:/opt/rustwide/cargo-home:ro,Z" "-v" "/var/lib/crater-agent-workspace/rustup-home:/opt/rustwide/rustup-home:ro,Z" "-e" "SOURCE_DIR=/opt/rustwide/workdir" "-e" "CARGO_TARGET_DIR=/opt/rustwide/target" "-e" "CARGO_HOME=/opt/rustwide/cargo-home" "-e" "RUSTUP_HOME=/opt/rustwide/rustup-home" "-w" "/opt/rustwide/workdir" "-m" "1610612736" "--user" "0:0" "--network" "none" "ghcr.io/rust-lang/crates-build-env/linux@sha256:34b6a614d2c27851fe6cbf88fbd1137609cefab8b10d0615aaeb6fd47975d74e" "/opt/rustwide/cargo-home/bin/cargo" "+1.54.0" "metadata" "--no-deps" "--format-version=1", kill_on_drop: false }`
[INFO] [stdout] 0617ef6a6631679c953abc45b39db269872714ae2aef5ed1d9da0d0487f723bd
[INFO] running `Command { std: "docker" "start" "-a" "0617ef6a6631679c953abc45b39db269872714ae2aef5ed1d9da0d0487f723bd", kill_on_drop: false }`
[INFO] running `Command { std: "docker" "inspect" "0617ef6a6631679c953abc45b39db269872714ae2aef5ed1d9da0d0487f723bd", kill_on_drop: false }`
[INFO] running `Command { std: "docker" "rm" "-f" "0617ef6a6631679c953abc45b39db269872714ae2aef5ed1d9da0d0487f723bd", kill_on_drop: false }`
[INFO] [stdout] 0617ef6a6631679c953abc45b39db269872714ae2aef5ed1d9da0d0487f723bd
[INFO] running `Command { std: "docker" "create" "-v" "/var/lib/crater-agent-workspace/builds/worker-4/target:/opt/rustwide/target:rw,Z" "-v" "/var/lib/crater-agent-workspace/builds/worker-4/source:/opt/rustwide/workdir:ro,Z" "-v" "/var/lib/crater-agent-workspace/cargo-home:/opt/rustwide/cargo-home:ro,Z" "-v" "/var/lib/crater-agent-workspace/rustup-home:/opt/rustwide/rustup-home:ro,Z" "-e" "SOURCE_DIR=/opt/rustwide/workdir" "-e" "CARGO_TARGET_DIR=/opt/rustwide/target" "-e" "CARGO_INCREMENTAL=0" "-e" "RUST_BACKTRACE=full" "-e" "RUSTFLAGS=--cap-lints=warn" "-e" "CARGO_HOME=/opt/rustwide/cargo-home" "-e" "RUSTUP_HOME=/opt/rustwide/rustup-home" "-w" "/opt/rustwide/workdir" "-m" "1610612736" "--user" "0:0" "--network" "none" "ghcr.io/rust-lang/crates-build-env/linux@sha256:34b6a614d2c27851fe6cbf88fbd1137609cefab8b10d0615aaeb6fd47975d74e" "/opt/rustwide/cargo-home/bin/cargo" "+1.54.0" "build" "--frozen" "--message-format=json", kill_on_drop: false }`
[INFO] [stdout] 612385ac8cd9aa00a45f914f2dd5f04d6d8f96064317d5633eca3488df28f48b
[INFO] running `Command { std: "docker" "start" "-a" "612385ac8cd9aa00a45f914f2dd5f04d6d8f96064317d5633eca3488df28f48b", kill_on_drop: false }`
[INFO] [stderr]    Compiling proc-macro2 v0.4.19
[INFO] [stderr]    Compiling quote v0.6.8
[INFO] [stderr]    Compiling syn v0.15.4
[INFO] [stderr]    Compiling sm_macro v0.9.0
[INFO] [stderr]    Compiling sm v0.9.0 (/opt/rustwide/workdir)
[INFO] [stderr]     Finished dev [unoptimized + debuginfo] target(s) in 5.29s
[INFO] running `Command { std: "docker" "inspect" "612385ac8cd9aa00a45f914f2dd5f04d6d8f96064317d5633eca3488df28f48b", kill_on_drop: false }`
[INFO] running `Command { std: "docker" "rm" "-f" "612385ac8cd9aa00a45f914f2dd5f04d6d8f96064317d5633eca3488df28f48b", kill_on_drop: false }`
[INFO] [stdout] 612385ac8cd9aa00a45f914f2dd5f04d6d8f96064317d5633eca3488df28f48b
[INFO] running `Command { std: "docker" "create" "-v" "/var/lib/crater-agent-workspace/builds/worker-4/target:/opt/rustwide/target:rw,Z" "-v" "/var/lib/crater-agent-workspace/builds/worker-4/source:/opt/rustwide/workdir:ro,Z" "-v" "/var/lib/crater-agent-workspace/cargo-home:/opt/rustwide/cargo-home:ro,Z" "-v" "/var/lib/crater-agent-workspace/rustup-home:/opt/rustwide/rustup-home:ro,Z" "-e" "SOURCE_DIR=/opt/rustwide/workdir" "-e" "CARGO_TARGET_DIR=/opt/rustwide/target" "-e" "CARGO_INCREMENTAL=0" "-e" "RUST_BACKTRACE=full" "-e" "RUSTFLAGS=--cap-lints=warn" "-e" "CARGO_HOME=/opt/rustwide/cargo-home" "-e" "RUSTUP_HOME=/opt/rustwide/rustup-home" "-w" "/opt/rustwide/workdir" "-m" "1610612736" "--user" "0:0" "--network" "none" "ghcr.io/rust-lang/crates-build-env/linux@sha256:34b6a614d2c27851fe6cbf88fbd1137609cefab8b10d0615aaeb6fd47975d74e" "/opt/rustwide/cargo-home/bin/cargo" "+1.54.0" "test" "--frozen" "--no-run" "--message-format=json", kill_on_drop: false }`
[INFO] [stdout] c105a81c56d43d8b010cc81a56295fcf73293213a42412ce80115ec9e4c58a3b
[INFO] running `Command { std: "docker" "start" "-a" "c105a81c56d43d8b010cc81a56295fcf73293213a42412ce80115ec9e4c58a3b", kill_on_drop: false }`
[INFO] [stderr]     Blocking waiting for file lock on package cache
[INFO] [stderr]    Compiling libc v0.2.43
[INFO] [stderr]    Compiling num-traits v0.2.5
[INFO] [stderr]    Compiling version_check v0.1.4
[INFO] [stderr]    Compiling cfg-if v0.1.5
[INFO] [stderr]    Compiling serde v1.0.78
[INFO] [stderr]    Compiling cc v1.0.25
[INFO] [stderr]    Compiling ryu v0.2.6
[INFO] [stderr]    Compiling unicode-width v0.1.5
[INFO] [stderr]    Compiling ucd-util v0.1.1
[INFO] [stderr]    Compiling num-integer v0.1.39
[INFO] [stderr]    Compiling unicode-xid v0.0.4
[INFO] [stderr]    Compiling regex v1.0.5
[INFO] [stderr]    Compiling itoa v0.4.3
[INFO] [stderr]    Compiling quote v0.3.15
[INFO] [stderr]    Compiling failure_derive v0.1.2
[INFO] [stderr]    Compiling byteorder v1.2.6
[INFO] [stderr]    Compiling utf8-ranges v1.0.1
[INFO] [stderr]    Compiling either v1.5.0
[INFO] [stderr]    Compiling cast v0.2.2
[INFO] [stderr]    Compiling pest v1.0.6
[INFO] [stderr]    Compiling rustc-demangle v0.1.9
[INFO] [stderr]    Compiling bitflags v1.0.4
[INFO] [stderr]    Compiling same-file v1.0.3
[INFO] [stderr]    Compiling compiletest_rs v0.3.14
[INFO] [stderr]    Compiling diff v0.1.11
[INFO] [stderr]    Compiling syn v0.14.9
[INFO] [stderr]    Compiling serde_derive v1.0.78
[INFO] [stderr]    Compiling log v0.4.5
[INFO] [stderr]    Compiling synom v0.11.3
[INFO] [stderr]    Compiling itertools v0.7.8
[INFO] [stderr]    Compiling getopts v0.2.18
[INFO] [stderr]    Compiling textwrap v0.10.0
[INFO] [stderr]    Compiling regex-syntax v0.6.2
[INFO] [stderr]    Compiling term v0.5.1
[INFO] [stderr]    Compiling walkdir v2.2.5
[INFO] [stderr]    Compiling syn v0.11.11
[INFO] [stderr]    Compiling memchr v2.0.2
[INFO] [stderr]    Compiling time v0.1.40
[INFO] [stderr]    Compiling atty v0.2.11
[INFO] [stderr]    Compiling rand v0.4.3
[INFO] [stderr]    Compiling num_cpus v1.8.0
[INFO] [stderr]    Compiling filetime v0.2.1
[INFO] [stderr]    Compiling rand v0.5.6
[INFO] [stderr]    Compiling lazy_static v1.1.0
[INFO] [stderr]    Compiling aho-corasick v0.6.8
[INFO] [stderr]    Compiling csv-core v0.1.4
[INFO] [stderr]    Compiling criterion-plot v0.2.5
[INFO] [stderr]    Compiling clap v2.32.0
[INFO] [stderr]    Compiling tester v0.4.1
[INFO] [stderr]    Compiling backtrace-sys v0.1.24
[INFO] [stderr]    Compiling thread_local v0.3.6
[INFO] [stderr]    Compiling itertools-num v0.1.2
[INFO] [stderr]    Compiling criterion-stats v0.2.5
[INFO] [stderr]    Compiling chrono v0.4.6
[INFO] [stderr]    Compiling pest_derive v1.0.8
[INFO] [stderr]    Compiling synstructure v0.9.0
[INFO] [stderr]    Compiling simplelog v0.5.2
[INFO] [stderr]    Compiling backtrace v0.3.9
[INFO] [stderr]    Compiling failure v0.1.2
[INFO] [stderr]    Compiling serde_json v1.0.27
[INFO] [stderr]    Compiling csv v1.0.1
[INFO] [stderr]    Compiling handlebars v0.32.4
[INFO] [stderr]    Compiling criterion v0.2.5
[INFO] [stderr]    Compiling sm v0.9.0 (/opt/rustwide/workdir)
[INFO] [stderr]     Finished test [unoptimized + debuginfo] target(s) in 31.00s
[INFO] running `Command { std: "docker" "inspect" "c105a81c56d43d8b010cc81a56295fcf73293213a42412ce80115ec9e4c58a3b", kill_on_drop: false }`
[INFO] running `Command { std: "docker" "rm" "-f" "c105a81c56d43d8b010cc81a56295fcf73293213a42412ce80115ec9e4c58a3b", kill_on_drop: false }`
[INFO] [stdout] c105a81c56d43d8b010cc81a56295fcf73293213a42412ce80115ec9e4c58a3b
[INFO] running `Command { std: "docker" "create" "-v" "/var/lib/crater-agent-workspace/builds/worker-4/target:/opt/rustwide/target:rw,Z" "-v" "/var/lib/crater-agent-workspace/builds/worker-4/source:/opt/rustwide/workdir:ro,Z" "-v" "/var/lib/crater-agent-workspace/cargo-home:/opt/rustwide/cargo-home:ro,Z" "-v" "/var/lib/crater-agent-workspace/rustup-home:/opt/rustwide/rustup-home:ro,Z" "-e" "SOURCE_DIR=/opt/rustwide/workdir" "-e" "CARGO_TARGET_DIR=/opt/rustwide/target" "-e" "CARGO_INCREMENTAL=0" "-e" "RUST_BACKTRACE=full" "-e" "RUSTFLAGS=--cap-lints=warn" "-e" "CARGO_HOME=/opt/rustwide/cargo-home" "-e" "RUSTUP_HOME=/opt/rustwide/rustup-home" "-w" "/opt/rustwide/workdir" "-m" "1610612736" "--user" "0:0" "--network" "none" "ghcr.io/rust-lang/crates-build-env/linux@sha256:34b6a614d2c27851fe6cbf88fbd1137609cefab8b10d0615aaeb6fd47975d74e" "/opt/rustwide/cargo-home/bin/cargo" "+1.54.0" "test" "--frozen", kill_on_drop: false }`
[INFO] [stdout] 754aa8e224e2dee337e8ea59616f5503acc8ce158891b3027736274c34ebcc8d
[INFO] running `Command { std: "docker" "start" "-a" "754aa8e224e2dee337e8ea59616f5503acc8ce158891b3027736274c34ebcc8d", kill_on_drop: false }`
[INFO] [stderr]     Finished test [unoptimized + debuginfo] target(s) in 0.07s
[INFO] [stderr]      Running unittests (/opt/rustwide/target/debug/deps/sm-4b43b86bec404902)
[INFO] [stdout] 
[INFO] [stdout] running 0 tests
[INFO] [stdout] 
[INFO] [stdout] test result: ok. 0 passed; 0 failed; 0 ignored; 0 measured; 0 filtered out; finished in 0.00s
[INFO] [stdout] 
[INFO] [stderr]      Running tests/tests.rs (/opt/rustwide/target/debug/deps/tests-b28758f94a5874b6)
[INFO] [stdout] 
[INFO] [stdout] running 1 test
[INFO] [stdout] 
[INFO] [stdout] running 15 tests
[INFO] [stdout] test [compile-fail] compile-fail/macro-states-none.rs ... ok
[INFO] [stdout] test [compile-fail] compile-fail/macro-states-invalid-name.rs ... ok
[INFO] [stdout] test [compile-fail] compile-fail/macro-states-duplicate.rs ... ok
[INFO] [stdout] test [compile-fail] compile-fail/undefined-state.rs ... ok
[INFO] [stdout] test [compile-fail] compile-fail/event-no-debug.rs ... FAILED
[INFO] [stdout] test [compile-fail] compile-fail/state-no-clone.rs ... FAILED
[INFO] [stdout] test [compile-fail] compile-fail/undefined-transition.rs ... FAILED
[INFO] [stdout] test [compile-fail] compile-fail/state-no-debug.rs ... FAILED
[INFO] [stdout] test [compile-fail] compile-fail/event-no-eq.rs ... FAILED
[INFO] [stdout] test [compile-fail] compile-fail/machine-no-debug.rs ... FAILED
[INFO] [stdout] test [compile-fail] compile-fail/event-no-clone.rs ... FAILED
[INFO] [stdout] test [compile-fail] compile-fail/state-no-eq.rs ... FAILED
[INFO] [stdout] test [compile-fail] compile-fail/machine-no-eq.rs ... FAILED
[INFO] [stdout] test [compile-fail] compile-fail/machine-invalid-type.rs ... ok
[INFO] [stdout] test [compile-fail] compile-fail/undefined-event.rs ... FAILED
[INFO] [stdout] 
[INFO] [stdout] failures:
[INFO] [stdout] 
[INFO] [stdout] failures:
[INFO] [stdout]     [compile-fail] compile-fail/event-no-clone.rs
[INFO] [stdout]     [compile-fail] compile-fail/event-no-debug.rs
[INFO] [stdout]     [compile-fail] compile-fail/event-no-eq.rs
[INFO] [stdout]     [compile-fail] compile-fail/machine-no-debug.rs
[INFO] [stdout]     [compile-fail] compile-fail/machine-no-eq.rs
[INFO] [stdout]     [compile-fail] compile-fail/state-no-clone.rs
[INFO] [stdout]     [compile-fail] compile-fail/state-no-debug.rs
[INFO] [stdout]     [compile-fail] compile-fail/state-no-eq.rs
[INFO] [stdout]     [compile-fail] compile-fail/undefined-event.rs
[INFO] [stdout]     [compile-fail] compile-fail/undefined-transition.rs
[INFO] [stdout] 
[INFO] [stdout] test result: FAILED. 5 passed; 10 failed; 0 ignored; 0 measured; 0 filtered out
[INFO] [stdout] 
[INFO] [stdout] test compile_test ... FAILED
[INFO] [stdout] 
[INFO] [stdout] failures:
[INFO] [stdout] 
[INFO] [stdout] ---- compile_test stdout ----
[INFO] [stdout] 
[INFO] [stdout] error: tests/compile-fail/event-no-debug.rs:5: unexpected error: '5:6: 5:15: `HelloWorld` doesn't implement `Debug` [E0277]'
[INFO] [stdout] 
[INFO] [stdout] error: tests/compile-fail/event-no-debug.rs:5: expected error not found: `HelloWorld` doesn't implement `std::fmt::Debug`
[INFO] [stdout] 
[INFO] [stdout] error: 1 unexpected errors found, 1 expected errors not found
[INFO] [stdout] status: exit status: 1
[INFO] [stdout] command: "rustc" "tests/compile-fail/event-no-debug.rs" "-L" "/tmp" "--target=x86_64-unknown-linux-gnu" "--error-format" "json" "-C" "prefer-dynamic" "-o" "/tmp/event-no-debug.stage-id" "-L" "../target/debug" "-L" "../target/debug/deps" "-L" "/tmp/event-no-debug.stage-id.aux" "-A" "unused"
[INFO] [stdout] unexpected errors (from JSON output): [
[INFO] [stdout]     Error {
[INFO] [stdout]         line_num: 5,
[INFO] [stdout]         kind: Some(
[INFO] [stdout]             Error,
[INFO] [stdout]         ),
[INFO] [stdout]         msg: "5:6: 5:15: `HelloWorld` doesn't implement `Debug` [E0277]",
[INFO] [stdout]     },
[INFO] [stdout] ]
[INFO] [stdout] 
[INFO] [stdout] not found errors (from test file): [
[INFO] [stdout]     Error {
[INFO] [stdout]         line_num: 5,
[INFO] [stdout]         kind: Some(
[INFO] [stdout]             Error,
[INFO] [stdout]         ),
[INFO] [stdout]         msg: "`HelloWorld` doesn't implement `std::fmt::Debug`",
[INFO] [stdout]     },
[INFO] [stdout] ]
[INFO] [stdout] 
[INFO] [stdout] thread '[compile-fail] compile-fail/event-no-debug.rs' panicked at 'explicit panic', /opt/rustwide/cargo-home/registry/src/github.com-1ecc6299db9ec823/compiletest_rs-0.3.14/src/runtest.rs:1095:13
[INFO] [stdout] stack backtrace:
[INFO] [stdout]    0:     0x55b612cf7080 - std::backtrace_rs::backtrace::libunwind::trace::h34055254b57d8e79
[INFO] [stdout]                                at /rustc/a178d0322ce20e33eac124758e837cbd80a6f633/library/std/src/../../backtrace/src/backtrace/libunwind.rs:90:5
[INFO] [stdout]    1:     0x55b612cf7080 - std::backtrace_rs::backtrace::trace_unsynchronized::h8f1e3fbd9afff6ec
[INFO] [stdout]                                at /rustc/a178d0322ce20e33eac124758e837cbd80a6f633/library/std/src/../../backtrace/src/backtrace/mod.rs:66:5
[INFO] [stdout]    2:     0x55b612cf7080 - std::sys_common::backtrace::_print_fmt::h3a99a796b770c360
[INFO] [stdout]                                at /rustc/a178d0322ce20e33eac124758e837cbd80a6f633/library/std/src/sys_common/backtrace.rs:67:5
[INFO] [stdout]    3:     0x55b612cf7080 - <std::sys_common::backtrace::_print::DisplayBacktrace as core::fmt::Display>::fmt::h32d1f94a80615d18
[INFO] [stdout]                                at /rustc/a178d0322ce20e33eac124758e837cbd80a6f633/library/std/src/sys_common/backtrace.rs:46:22
[INFO] [stdout]    4:     0x55b612d1c05c - core::fmt::write::h306731c068f7162c
[INFO] [stdout]                                at /rustc/a178d0322ce20e33eac124758e837cbd80a6f633/library/core/src/fmt/mod.rs:1110:17
[INFO] [stdout]    5:     0x55b612cf3215 - std::io::Write::write_fmt::h87f19b0a2cd190bc
[INFO] [stdout]                                at /rustc/a178d0322ce20e33eac124758e837cbd80a6f633/library/std/src/io/mod.rs:1588:15
[INFO] [stdout]    6:     0x55b612cf9d8b - std::sys_common::backtrace::_print::h5abaa2601a852287
[INFO] [stdout]                                at /rustc/a178d0322ce20e33eac124758e837cbd80a6f633/library/std/src/sys_common/backtrace.rs:49:5
[INFO] [stdout]    7:     0x55b612cf9d8b - std::sys_common::backtrace::print::h8d81445442bb638f
[INFO] [stdout]                                at /rustc/a178d0322ce20e33eac124758e837cbd80a6f633/library/std/src/sys_common/backtrace.rs:36:9
[INFO] [stdout]    8:     0x55b612cf9d8b - std::panicking::default_hook::{{closure}}::hcfe804496a9fa747
[INFO] [stdout]                                at /rustc/a178d0322ce20e33eac124758e837cbd80a6f633/library/std/src/panicking.rs:208:50
[INFO] [stdout]    9:     0x55b612cf989c - std::panicking::default_hook::hbea8e3ccf2ba8901
[INFO] [stdout]                                at /rustc/a178d0322ce20e33eac124758e837cbd80a6f633/library/std/src/panicking.rs:222:9
[INFO] [stdout]   10:     0x55b612cfa454 - std::panicking::rust_panic_with_hook::h7ee9e1a2d0f8975a
[INFO] [stdout]                                at /rustc/a178d0322ce20e33eac124758e837cbd80a6f633/library/std/src/panicking.rs:622:17
[INFO] [stdout]   11:     0x55b612aa7793 - std::panicking::begin_panic::{{closure}}::h13545d0d2d23baa2
[INFO] [stdout]                                at /rustc/a178d0322ce20e33eac124758e837cbd80a6f633/library/std/src/panicking.rs:542:9
[INFO] [stdout]   12:     0x55b612aa7bc9 - std::sys_common::backtrace::__rust_end_short_backtrace::hf7a7989099647f85
[INFO] [stdout]                                at /rustc/a178d0322ce20e33eac124758e837cbd80a6f633/library/std/src/sys_common/backtrace.rs:141:18
[INFO] [stdout]   13:     0x55b612aa76c9 - std::panicking::begin_panic::h51bde57496218264
[INFO] [stdout]                                at /rustc/a178d0322ce20e33eac124758e837cbd80a6f633/library/std/src/panicking.rs:541:12
[INFO] [stdout]   14:     0x55b612a6a749 - compiletest_rs::runtest::TestCx::check_expected_errors::hd8a197cebd5bc3e9
[INFO] [stdout]                                at /opt/rustwide/cargo-home/registry/src/github.com-1ecc6299db9ec823/compiletest_rs-0.3.14/src/runtest.rs:1095:13
[INFO] [stdout]   15:     0x55b612a5e6b1 - compiletest_rs::runtest::TestCx::run_cfail_test::h4e764fe6c0cb061b
[INFO] [stdout]                                at /opt/rustwide/cargo-home/registry/src/github.com-1ecc6299db9ec823/compiletest_rs-0.3.14/src/runtest.rs:176:13
[INFO] [stdout]   16:     0x55b612a5e22e - compiletest_rs::runtest::TestCx::run_revision::h468a69204fa7011d
[INFO] [stdout]                                at /opt/rustwide/cargo-home/registry/src/github.com-1ecc6299db9ec823/compiletest_rs-0.3.14/src/runtest.rs:129:26
[INFO] [stdout]   17:     0x55b612a5deb3 - compiletest_rs::runtest::run::h8abb04229e4b0e0e
[INFO] [stdout]                                at /opt/rustwide/cargo-home/registry/src/github.com-1ecc6299db9ec823/compiletest_rs-0.3.14/src/runtest.rs:81:9
[INFO] [stdout]   18:     0x55b6129f06b2 - compiletest_rs::make_test_closure::{{closure}}::h13470ab17b35ed6d
[INFO] [stdout]                                at /opt/rustwide/cargo-home/registry/src/github.com-1ecc6299db9ec823/compiletest_rs-0.3.14/src/lib.rs:278:9
[INFO] [stdout]   19:     0x55b612c91b66 - <alloc::boxed::Box<F,A> as core::ops::function::FnMut<Args>>::call_mut::h5f154e27b476918c
[INFO] [stdout]                                at /rustc/a178d0322ce20e33eac124758e837cbd80a6f633/library/alloc/src/boxed.rs:1582:9
[INFO] [stdout]   20:     0x55b612c7621e - test::run_test::run_test_inner::{{closure}}::{{closure}}::h4936b979bd3eee65
[INFO] [stdout]                                at /opt/rustwide/cargo-home/registry/src/github.com-1ecc6299db9ec823/tester-0.4.1/src/lib.rs:1435:59
[INFO] [stdout]   21:     0x55b612c53f53 - core::ops::function::FnOnce::call_once::he6f2cb85a53050b7
[INFO] [stdout]                                at /rustc/a178d0322ce20e33eac124758e837cbd80a6f633/library/core/src/ops/function.rs:227:5
[INFO] [stdout]   22:     0x55b612c30a5f - <std::panic::AssertUnwindSafe<F> as core::ops::function::FnOnce<()>>::call_once::h93de3aef1e79f94d
[INFO] [stdout]                                at /rustc/a178d0322ce20e33eac124758e837cbd80a6f633/library/std/src/panic.rs:347:9
[INFO] [stdout]   23:     0x55b612c87efe - std::panicking::try::do_call::h11bbc97d97e2f24d
[INFO] [stdout]                                at /rustc/a178d0322ce20e33eac124758e837cbd80a6f633/library/std/src/panicking.rs:401:40
[INFO] [stdout]   24:     0x55b612c8cf5d - __rust_try
[INFO] [stdout]   25:     0x55b612c87d04 - std::panicking::try::h9baae645baf0a6da
[INFO] [stdout]                                at /rustc/a178d0322ce20e33eac124758e837cbd80a6f633/library/std/src/panicking.rs:365:19
[INFO] [stdout]   26:     0x55b612c31fbf - std::panic::catch_unwind::h554761f2abff35df
[INFO] [stdout]                                at /rustc/a178d0322ce20e33eac124758e837cbd80a6f633/library/std/src/panic.rs:434:14
[INFO] [stdout]   27:     0x55b612c76278 - test::run_test::run_test_inner::{{closure}}::h2bd7a1bae81df229
[INFO] [stdout]                                at /opt/rustwide/cargo-home/registry/src/github.com-1ecc6299db9ec823/tester-0.4.1/src/lib.rs:1435:26
[INFO] [stdout]   28:     0x55b612c53dee - core::ops::function::FnOnce::call_once::h7e4dd1ed23955696
[INFO] [stdout]                                at /rustc/a178d0322ce20e33eac124758e837cbd80a6f633/library/core/src/ops/function.rs:227:5
[INFO] [stdout]   29:     0x55b612c50d83 - std::sys_common::backtrace::__rust_begin_short_backtrace::h80d471128982fbcb
[INFO] [stdout]                                at /rustc/a178d0322ce20e33eac124758e837cbd80a6f633/library/std/src/sys_common/backtrace.rs:125:18
[INFO] [stdout]   30:     0x55b612c671cd - std::thread::Builder::spawn_unchecked::{{closure}}::{{closure}}::h3bfd143ecfca07cf
[INFO] [stdout]                                at /rustc/a178d0322ce20e33eac124758e837cbd80a6f633/library/std/src/thread/mod.rs:481:17
[INFO] [stdout]   31:     0x55b612c30a44 - <std::panic::AssertUnwindSafe<F> as core::ops::function::FnOnce<()>>::call_once::h8431211ecd4bc318
[INFO] [stdout]                                at /rustc/a178d0322ce20e33eac124758e837cbd80a6f633/library/std/src/panic.rs:347:9
[INFO] [stdout]   32:     0x55b612c880c2 - std::panicking::try::do_call::hcf9e60ae266ff104
[INFO] [stdout]                                at /rustc/a178d0322ce20e33eac124758e837cbd80a6f633/library/std/src/panicking.rs:401:40
[INFO] [stdout]   33:     0x55b612c8cf5d - __rust_try
[INFO] [stdout]   34:     0x55b612c87c47 - std::panicking::try::h69ad5f43cbd8bf2e
[INFO] [stdout]                                at /rustc/a178d0322ce20e33eac124758e837cbd80a6f633/library/std/src/panicking.rs:365:19
[INFO] [stdout]   35:     0x55b612c31f94 - std::panic::catch_unwind::h2b7ce0115a1bf7de
[INFO] [stdout]                                at /rustc/a178d0322ce20e33eac124758e837cbd80a6f633/library/std/src/panic.rs:434:14
[INFO] [stdout]   36:     0x55b612c66fd7 - std::thread::Builder::spawn_unchecked::{{closure}}::h3e4f256af8336ef8
[INFO] [stdout]                                at /rustc/a178d0322ce20e33eac124758e837cbd80a6f633/library/std/src/thread/mod.rs:480:30
[INFO] [stdout]   37:     0x55b612c53c9f - core::ops::function::FnOnce::call_once{{vtable.shim}}::hb83bb82de2b349f1
[INFO] [stdout]                                at /rustc/a178d0322ce20e33eac124758e837cbd80a6f633/library/core/src/ops/function.rs:227:5
[INFO] [stdout]   38:     0x55b612d001b7 - <alloc::boxed::Box<F,A> as core::ops::function::FnOnce<Args>>::call_once::h7ece6cfefaff1005
[INFO] [stdout]                                at /rustc/a178d0322ce20e33eac124758e837cbd80a6f633/library/alloc/src/boxed.rs:1575:9
[INFO] [stdout]   39:     0x55b612d001b7 - <alloc::boxed::Box<F,A> as core::ops::function::FnOnce<Args>>::call_once::hb8b48e55c21f193e
[INFO] [stdout]                                at /rustc/a178d0322ce20e33eac124758e837cbd80a6f633/library/alloc/src/boxed.rs:1575:9
[INFO] [stdout]   40:     0x55b612d001b7 - std::sys::unix::thread::Thread::new::thread_start::h8c7c4450dba62914
[INFO] [stdout]                                at /rustc/a178d0322ce20e33eac124758e837cbd80a6f633/library/std/src/sys/unix/thread.rs:71:17
[INFO] [stdout]   41:     0x7f504c969609 - start_thread
[INFO] [stdout]   42:     0x7f504c73b293 - clone
[INFO] [stdout]   43:                0x0 - <unknown>
[INFO] [stdout] 
[INFO] [stdout] error: tests/compile-fail/state-no-clone.rs:5: unexpected error: '5:6: 5:15: the trait bound `HelloWorld: Clone` is not satisfied [E0277]'
[INFO] [stdout] 
[INFO] [stdout] error: tests/compile-fail/event-no-eq.rs:5: unexpected error: '5:6: 5:15: the trait bound `HelloWorld: Eq` is not satisfied [E0277]'
[INFO] [stdout] 
[INFO] [stdout] error: tests/compile-fail/state-no-clone.rs:5: expected error not found: the trait bound `HelloWorld: std::clone::Clone` is not satisfied
[INFO] [stdout] 
[INFO] [stdout] error: 1 unexpected errors found, 1 expected errors not found
[INFO] [stdout] status: exit status: 1
[INFO] [stdout] command: "rustc" "tests/compile-fail/state-no-clone.rs" "-L" "/tmp" "--target=x86_64-unknown-linux-gnu" "--error-format" "json" "-C" "prefer-dynamic" "-o" "/tmp/state-no-clone.stage-id" "-L" "../target/debug" "-L" "../target/debug/deps" "-L" "/tmp/state-no-clone.stage-id.aux" "-A" "unused"
[INFO] [stdout] unexpected errors (from JSON output): [
[INFO] [stdout]     Error {
[INFO] [stdout]         line_num: 5,
[INFO] [stdout]         kind: Some(
[INFO] [stdout]             Error,
[INFO] [stdout]         ),
[INFO] [stdout]         msg: "5:6: 5:15: the trait bound `HelloWorld: Clone` is not satisfied [E0277]",
[INFO] [stdout]     },
[INFO] [stdout] ]
[INFO] [stdout] 
[INFO] [stdout] not found errors (from test file): [
[INFO] [stdout]     Error {
[INFO] [stdout]         line_num: 5,
[INFO] [stdout]         kind: Some(
[INFO] [stdout]             Error,
[INFO] [stdout]         ),
[INFO] [stdout]         msg: "the trait bound `HelloWorld: std::clone::Clone` is not satisfied",
[INFO] [stdout]     },
[INFO] [stdout] ]
[INFO] [stdout] 
[INFO] [stdout] thread '[compile-fail] compile-fail/state-no-clone.rs' panicked at 'explicit panic', /opt/rustwide/cargo-home/registry/src/github.com-1ecc6299db9ec823/compiletest_rs-0.3.14/src/runtest.rs:1095:13
[INFO] [stdout] stack backtrace:
[INFO] [stdout]    0:     0x55b612cf7080 - std::backtrace_rs::backtrace::libunwind::trace::h34055254b57d8e79
[INFO] [stdout]                                at /rustc/a178d0322ce20e33eac124758e837cbd80a6f633/library/std/src/../../backtrace/src/backtrace/libunwind.rs:90:5
[INFO] [stdout]    1:     0x55b612cf7080 - std::backtrace_rs::backtrace::trace_unsynchronized::h8f1e3fbd9afff6ec
[INFO] [stdout]                                at /rustc/a178d0322ce20e33eac124758e837cbd80a6f633/library/std/src/../../backtrace/src/backtrace/mod.rs:66:5
[INFO] [stdout]    2:     0x55b612cf7080 - std::sys_common::backtrace::_print_fmt::h3a99a796b770c360
[INFO] [stdout]                                at /rustc/a178d0322ce20e33eac124758e837cbd80a6f633/library/std/src/sys_common/backtrace.rs:67:5
[INFO] [stdout]    3:     0x55b612cf7080 - <std::sys_common::backtrace::_print::DisplayBacktrace as core::fmt::Display>::fmt::h32d1f94a80615d18
[INFO] [stdout]                                at /rustc/a178d0322ce20e33eac124758e837cbd80a6f633/library/std/src/sys_common/backtrace.rs:46:22
[INFO] [stdout]    4:     0x55b612d1c05c - core::fmt::write::h306731c068f7162c
[INFO] [stdout]                                at /rustc/a178d0322ce20e33eac124758e837cbd80a6f633/library/core/src/fmt/mod.rs:1110:17
[INFO] [stdout]    5:     0x55b612cf3215 - std::io::Write::write_fmt::h87f19b0a2cd190bc
[INFO] [stdout]                                at /rustc/a178d0322ce20e33eac124758e837cbd80a6f633/library/std/src/io/mod.rs:1588:15
[INFO] [stdout]    6:     0x55b612cf9d8b - std::sys_common::backtrace::_print::h5abaa2601a852287
[INFO] [stdout]                                at /rustc/a178d0322ce20e33eac124758e837cbd80a6f633/library/std/src/sys_common/backtrace.rs:49:5
[INFO] [stdout]    7:     0x55b612cf9d8b - std::sys_common::backtrace::print::h8d81445442bb638f
[INFO] [stdout]                                at /rustc/a178d0322ce20e33eac124758e837cbd80a6f633/library/std/src/sys_common/backtrace.rs:36:9
[INFO] [stdout]    8:     0x55b612cf9d8b - std::panicking::default_hook::{{closure}}::hcfe804496a9fa747
[INFO] [stdout]                                at /rustc/a178d0322ce20e33eac124758e837cbd80a6f633/library/std/src/panicking.rs:208:50
[INFO] [stdout]    9:     0x55b612cf989c - std::panicking::default_hook::hbea8e3ccf2ba8901
[INFO] [stdout]                                at /rustc/a178d0322ce20e33eac124758e837cbd80a6f633/library/std/src/panicking.rs:222:9
[INFO] [stdout]   10:     0x55b612cfa454 - std::panicking::rust_panic_with_hook::h7ee9e1a2d0f8975a
[INFO] [stdout]                                at /rustc/a178d0322ce20e33eac124758e837cbd80a6f633/library/std/src/panicking.rs:622:17
[INFO] [stdout]   11:     0x55b612aa7793 - std::panicking::begin_panic::{{closure}}::h13545d0d2d23baa2
[INFO] [stdout]                                at /rustc/a178d0322ce20e33eac124758e837cbd80a6f633/library/std/src/panicking.rs:542:9
[INFO] [stdout]   12:     0x55b612aa7bc9 - std::sys_common::backtrace::__rust_end_short_backtrace::hf7a7989099647f85
[INFO] [stdout]                                at /rustc/a178d0322ce20e33eac124758e837cbd80a6f633/library/std/src/sys_common/backtrace.rs:141:18
[INFO] [stdout]   13:     0x55b612aa76c9 - std::panicking::begin_panic::h51bde57496218264
[INFO] [stdout]                                at /rustc/a178d0322ce20e33eac124758e837cbd80a6f633/library/std/src/panicking.rs:541:12
[INFO] [stdout]   14:     0x55b612a6a749 - compiletest_rs::runtest::TestCx::check_expected_errors::hd8a197cebd5bc3e9
[INFO] [stdout]                                at /opt/rustwide/cargo-home/registry/src/github.com-1ecc6299db9ec823/compiletest_rs-0.3.14/src/runtest.rs:1095:13
[INFO] [stdout]   15:     0x55b612a5e6b1 - compiletest_rs::runtest::TestCx::run_cfail_test::h4e764fe6c0cb061b
[INFO] [stdout]                                at /opt/rustwide/cargo-home/registry/src/github.com-1ecc6299db9ec823/compiletest_rs-0.3.14/src/runtest.rs:176:13
[INFO] [stdout]   16:     0x55b612a5e22e - compiletest_rs::runtest::TestCx::run_revision::h468a69204fa7011d
[INFO] [stdout]                                at /opt/rustwide/cargo-home/registry/src/github.com-1ecc6299db9ec823/compiletest_rs-0.3.14/src/runtest.rs:129:26
[INFO] [stdout]   17:     0x55b612a5deb3 - compiletest_rs::runtest::run::h8abb04229e4b0e0e
[INFO] [stdout]                                at /opt/rustwide/cargo-home/registry/src/github.com-1ecc6299db9ec823/compiletest_rs-0.3.14/src/runtest.rs:81:9
[INFO] [stdout]   18:     0x55b6129f06b2 - compiletest_rs::make_test_closure::{{closure}}::h13470ab17b35ed6d
[INFO] [stdout]                                at /opt/rustwide/cargo-home/registry/src/github.com-1ecc6299db9ec823/compiletest_rs-0.3.14/src/lib.rs:278:9
[INFO] [stdout]   19:     0x55b612c91b66 - <alloc::boxed::Box<F,A> as core::ops::function::FnMut<Args>>::call_mut::h5f154e27b476918c
[INFO] [stdout]                                at /rustc/a178d0322ce20e33eac124758e837cbd80a6f633/library/alloc/src/boxed.rs:1582:9
[INFO] [stdout]   20:     0x55b612c7621e - test::run_test::run_test_inner::{{closure}}::{{closure}}::h4936b979bd3eee65
[INFO] [stdout]                                at /opt/rustwide/cargo-home/registry/src/github.com-1ecc6299db9ec823/tester-0.4.1/src/lib.rs:1435:59
[INFO] [stdout]   21:     0x55b612c53f53 - core::ops::function::FnOnce::call_once::he6f2cb85a53050b7
[INFO] [stdout]                                at /rustc/a178d0322ce20e33eac124758e837cbd80a6f633/library/core/src/ops/function.rs:227:5
[INFO] [stdout]   22:     0x55b612c30a5f - <std::panic::AssertUnwindSafe<F> as core::ops::function::FnOnce<()>>::call_once::h93de3aef1e79f94d
[INFO] [stdout]                                at /rustc/a178d0322ce20e33eac124758e837cbd80a6f633/library/std/src/panic.rs:347:9
[INFO] [stdout]   23:     0x55b612c87efe - std::panicking::try::do_call::h11bbc97d97e2f24d
[INFO] [stdout]                                at /rustc/a178d0322ce20e33eac124758e837cbd80a6f633/library/std/src/panicking.rs:401:40
[INFO] [stdout]   24:     0x55b612c8cf5d - __rust_try
[INFO] [stdout]   25:     0x55b612c87d04 - std::panicking::try::h9baae645baf0a6da
[INFO] [stdout]                                at /rustc/a178d0322ce20e33eac124758e837cbd80a6f633/library/std/src/panicking.rs:365:19
[INFO] [stdout]   26:     0x55b612c31fbf - std::panic::catch_unwind::h554761f2abff35df
[INFO] [stdout]                                at /rustc/a178d0322ce20e33eac124758e837cbd80a6f633/library/std/src/panic.rs:434:14
[INFO] [stdout]   27:     0x55b612c76278 - test::run_test::run_test_inner::{{closure}}::h2bd7a1bae81df229
[INFO] [stdout]                                at /opt/rustwide/cargo-home/registry/src/github.com-1ecc6299db9ec823/tester-0.4.1/src/lib.rs:1435:26
[INFO] [stdout]   28:     0x55b612c53dee - core::ops::function::FnOnce::call_once::h7e4dd1ed23955696
[INFO] [stdout]                                at /rustc/a178d0322ce20e33eac124758e837cbd80a6f633/library/core/src/ops/function.rs:227:5
[INFO] [stdout]   29:     0x55b612c50d83 - std::sys_common::backtrace::__rust_begin_short_backtrace::h80d471128982fbcb
[INFO] [stdout]                                at /rustc/a178d0322ce20e33eac124758e837cbd80a6f633/library/std/src/sys_common/backtrace.rs:125:18
[INFO] [stdout]   30:     0x55b612c671cd - std::thread::Builder::spawn_unchecked::{{closure}}::{{closure}}::h3bfd143ecfca07cf
[INFO] [stdout]                                at /rustc/a178d0322ce20e33eac124758e837cbd80a6f633/library/std/src/thread/mod.rs:481:17
[INFO] [stdout]   31:     0x55b612c30a44 - <std::panic::AssertUnwindSafe<F> as core::ops::function::FnOnce<()>>::call_once::h8431211ecd4bc318
[INFO] [stdout]                                at /rustc/a178d0322ce20e33eac124758e837cbd80a6f633/library/std/src/panic.rs:347:9
[INFO] [stdout]   32:     0x55b612c880c2 - std::panicking::try::do_call::hcf9e60ae266ff104
[INFO] [stdout]                                at /rustc/a178d0322ce20e33eac124758e837cbd80a6f633/library/std/src/panicking.rs:401:40
[INFO] [stdout]   33:     0x55b612c8cf5d - __rust_try
[INFO] [stdout]   34:     0x55b612c87c47 - std::panicking::try::h69ad5f43cbd8bf2e
[INFO] [stdout]                                at /rustc/a178d0322ce20e33eac124758e837cbd80a6f633/library/std/src/panicking.rs:365:19
[INFO] [stdout]   35:     0x55b612c31f94 - std::panic::catch_unwind::h2b7ce0115a1bf7de
[INFO] [stdout]                                at /rustc/a178d0322ce20e33eac124758e837cbd80a6f633/library/std/src/panic.rs:434:14
[INFO] [stdout]   36:     0x55b612c66fd7 - std::thread::Builder::spawn_unchecked::{{closure}}::h3e4f256af8336ef8
[INFO] [stdout]                                at /rustc/a178d0322ce20e33eac124758e837cbd80a6f633/library/std/src/thread/mod.rs:480:30
[INFO] [stdout]   37:     0x55b612c53c9f - core::ops::function::FnOnce::call_once{{vtable.shim}}::hb83bb82de2b349f1
[INFO] [stdout]                                at /rustc/a178d0322ce20e33eac124758e837cbd80a6f633/library/core/src/ops/function.rs:227:5
[INFO] [stdout]   38:     0x55b612d001b7 - <alloc::boxed::Box<F,A> as core::ops::function::FnOnce<Args>>::call_once::h7ece6cfefaff1005
[INFO] [stdout]                                at /rustc/a178d0322ce20e33eac124758e837cbd80a6f633/library/alloc/src/boxed.rs:1575:9
[INFO] [stdout]   39:     0x55b612d001b7 - <alloc::boxed::Box<F,A> as core::ops::function::FnOnce<Args>>::call_once::hb8b48e55c21f193e
[INFO] [stdout]                                at /rustc/a178d0322ce20e33eac124758e837cbd80a6f633/library/alloc/src/boxed.rs:1575:9
[INFO] [stdout]   40:     0x55b612d001b7 - std::sys::unix::thread::Thread::new::thread_start::h8c7c4450dba62914
[INFO] [stdout]                                at /rustc/a178d0322ce20e33eac124758e837cbd80a6f633/library/std/src/sys/unix/thread.rs:71:17
[INFO] [stdout]   41:     0x7f504c969609 - start_thread
[INFO] [stdout]   42:     0x7f504c73b293 - clone
[INFO] [stdout]   43:                0x0 - <unknown>
[INFO] [stdout] 
[INFO] [stdout] error: tests/compile-fail/state-no-debug.rs:5: unexpected error: '5:6: 5:15: `HelloWorld` doesn't implement `Debug` [E0277]'
[INFO] [stdout] 
[INFO] [stdout] error: tests/compile-fail/state-no-debug.rs:5: expected error not found: `HelloWorld` doesn't implement `std::fmt::Debug`
[INFO] [stdout] 
[INFO] [stdout] error: tests/compile-fail/undefined-transition.rs:18: unexpected error: '18:8: 18:18: no method named `transition` found for struct `Lock::Machine` in the current scope [E0599]'
[INFO] [stdout] 
[INFO] [stdout] error: tests/compile-fail/event-no-clone.rs:5: unexpected error: '5:6: 5:15: the trait bound `HelloWorld: Clone` is not satisfied [E0277]'
[INFO] [stdout] 
[INFO] [stdout] error: tests/compile-fail/undefined-transition.rs:18: expected error not found: no method named `transition` found for type `Lock::Machine<Lock::Unlocked, sm::NoneEvent>` in the current scope
[INFO] [stdout] 
[INFO] [stdout] error: 1 unexpected errors found, 1 expected errors not found
[INFO] [stdout] status: exit status: 1
[INFO] [stdout] command: "rustc" "tests/compile-fail/undefined-transition.rs" "-L" "/tmp" "--target=x86_64-unknown-linux-gnu" "--error-format" "json" "-C" "prefer-dynamic" "-o" "/tmp/undefined-transition.stage-id" "-L" "../target/debug" "-L" "../target/debug/deps" "-L" "/tmp/undefined-transition.stage-id.aux" "-A" "unused"
[INFO] [stdout] unexpected errors (from JSON output): [
[INFO] [stdout]     Error {
[INFO] [stdout]         line_num: 18,
[INFO] [stdout]         kind: Some(
[INFO] [stdout]             Error,
[INFO] [stdout]         ),
[INFO] [stdout]         msg: "18:8: 18:18: no method named `transition` found for struct `Lock::Machine` in the current scope [E0599]",
[INFO] [stdout]     },
[INFO] [stdout] ]
[INFO] [stdout] 
[INFO] [stdout] not found errors (from test file): [
[INFO] [stdout]     Error {
[INFO] [stdout]         line_num: 18,
[INFO] [stdout]         kind: Some(
[INFO] [stdout]             Error,
[INFO] [stdout]         ),
[INFO] [stdout]         msg: "no method named `transition` found for type `Lock::Machine<Lock::Unlocked, sm::NoneEvent>` in the current scope",
[INFO] [stdout]     },
[INFO] [stdout] ]
[INFO] [stdout] 
[INFO] [stdout] thread '[compile-fail] compile-fail/undefined-transition.rs' panicked at 'explicit panic', /opt/rustwide/cargo-home/registry/src/github.com-1ecc6299db9ec823/compiletest_rs-0.3.14/src/runtest.rs:1095:13
[INFO] [stdout] stack backtrace:
[INFO] [stdout]    0:     0x55b612cf7080 - std::backtrace_rs::backtrace::libunwind::trace::h34055254b57d8e79
[INFO] [stdout]                                at /rustc/a178d0322ce20e33eac124758e837cbd80a6f633/library/std/src/../../backtrace/src/backtrace/libunwind.rs:90:5
[INFO] [stdout]    1:     0x55b612cf7080 - std::backtrace_rs::backtrace::trace_unsynchronized::h8f1e3fbd9afff6ec
[INFO] [stdout]                                at /rustc/a178d0322ce20e33eac124758e837cbd80a6f633/library/std/src/../../backtrace/src/backtrace/mod.rs:66:5
[INFO] [stdout]    2:     0x55b612cf7080 - std::sys_common::backtrace::_print_fmt::h3a99a796b770c360
[INFO] [stdout]                                at /rustc/a178d0322ce20e33eac124758e837cbd80a6f633/library/std/src/sys_common/backtrace.rs:67:5
[INFO] [stdout]    3:     0x55b612cf7080 - <std::sys_common::backtrace::_print::DisplayBacktrace as core::fmt::Display>::fmt::h32d1f94a80615d18
[INFO] [stdout]                                at /rustc/a178d0322ce20e33eac124758e837cbd80a6f633/library/std/src/sys_common/backtrace.rs:46:22
[INFO] [stdout]    4:     0x55b612d1c05c - core::fmt::write::h306731c068f7162c
[INFO] [stdout]                                at /rustc/a178d0322ce20e33eac124758e837cbd80a6f633/library/core/src/fmt/mod.rs:1110:17
[INFO] [stdout]    5:     0x55b612cf3215 - std::io::Write::write_fmt::h87f19b0a2cd190bc
[INFO] [stdout]                                at /rustc/a178d0322ce20e33eac124758e837cbd80a6f633/library/std/src/io/mod.rs:1588:15
[INFO] [stdout]    6:     0x55b612cf9d8b - std::sys_common::backtrace::_print::h5abaa2601a852287
[INFO] [stdout]                                at /rustc/a178d0322ce20e33eac124758e837cbd80a6f633/library/std/src/sys_common/backtrace.rs:49:5
[INFO] [stdout]    7:     0x55b612cf9d8b - std::sys_common::backtrace::print::h8d81445442bb638f
[INFO] [stdout]                                at /rustc/a178d0322ce20e33eac124758e837cbd80a6f633/library/std/src/sys_common/backtrace.rs:36:9
[INFO] [stdout]    8:     0x55b612cf9d8b - std::panicking::default_hook::{{closure}}::hcfe804496a9fa747
[INFO] [stdout]                                at /rustc/a178d0322ce20e33eac124758e837cbd80a6f633/library/std/src/panicking.rs:208:50
[INFO] [stdout]    9:     0x55b612cf989c - std::panicking::default_hook::hbea8e3ccf2ba8901
[INFO] [stdout]                                at /rustc/a178d0322ce20e33eac124758e837cbd80a6f633/library/std/src/panicking.rs:222:9
[INFO] [stdout]   10:     0x55b612cfa454 - std::panicking::rust_panic_with_hook::h7ee9e1a2d0f8975a
[INFO] [stdout]                                at /rustc/a178d0322ce20e33eac124758e837cbd80a6f633/library/std/src/panicking.rs:622:17
[INFO] [stdout]   11:     0x55b612aa7793 - std::panicking::begin_panic::{{closure}}::h13545d0d2d23baa2
[INFO] [stdout]                                at /rustc/a178d0322ce20e33eac124758e837cbd80a6f633/library/std/src/panicking.rs:542:9
[INFO] [stdout]   12:     0x55b612aa7bc9 - std::sys_common::backtrace::__rust_end_short_backtrace::hf7a7989099647f85
[INFO] [stdout]                                at /rustc/a178d0322ce20e33eac124758e837cbd80a6f633/library/std/src/sys_common/backtrace.rs:141:18
[INFO] [stdout]   13:     0x55b612aa76c9 - std::panicking::begin_panic::h51bde57496218264
[INFO] [stdout]                                at /rustc/a178d0322ce20e33eac124758e837cbd80a6f633/library/std/src/panicking.rs:541:12
[INFO] [stdout]   14:     0x55b612a6a749 - compiletest_rs::runtest::TestCx::check_expected_errors::hd8a197cebd5bc3e9
[INFO] [stdout]                                at /opt/rustwide/cargo-home/registry/src/github.com-1ecc6299db9ec823/compiletest_rs-0.3.14/src/runtest.rs:1095:13
[INFO] [stdout]   15:     0x55b612a5e6b1 - compiletest_rs::runtest::TestCx::run_cfail_test::h4e764fe6c0cb061b
[INFO] [stdout]                                at /opt/rustwide/cargo-home/registry/src/github.com-1ecc6299db9ec823/compiletest_rs-0.3.14/src/runtest.rs:176:13
[INFO] [stdout]   16:     0x55b612a5e22e - compiletest_rs::runtest::TestCx::run_revision::h468a69204fa7011d
[INFO] [stdout]                                at /opt/rustwide/cargo-home/registry/src/github.com-1ecc6299db9ec823/compiletest_rs-0.3.14/src/runtest.rs:129:26
[INFO] [stdout]   17:     0x55b612a5deb3 - compiletest_rs::runtest::run::h8abb04229e4b0e0e
[INFO] [stdout]                                at /opt/rustwide/cargo-home/registry/src/github.com-1ecc6299db9ec823/compiletest_rs-0.3.14/src/runtest.rs:81:9
[INFO] [stdout]   18:     0x55b6129f06b2 - compiletest_rs::make_test_closure::{{closure}}::h13470ab17b35ed6d
[INFO] [stdout]                                at /opt/rustwide/cargo-home/registry/src/github.com-1ecc6299db9ec823/compiletest_rs-0.3.14/src/lib.rs:278:9
[INFO] [stdout]   19:     0x55b612c91b66 - <alloc::boxed::Box<F,A> as core::ops::function::FnMut<Args>>::call_mut::h5f154e27b476918c
[INFO] [stdout]                                at /rustc/a178d0322ce20e33eac124758e837cbd80a6f633/library/alloc/src/boxed.rs:1582:9
[INFO] [stdout]   20:     0x55b612c7621e - test::run_test::run_test_inner::{{closure}}::{{closure}}::h4936b979bd3eee65
[INFO] [stdout]                                at /opt/rustwide/cargo-home/registry/src/github.com-1ecc6299db9ec823/tester-0.4.1/src/lib.rs:1435:59
[INFO] [stdout]   21:     0x55b612c53f53 - core::ops::function::FnOnce::call_once::he6f2cb85a53050b7
[INFO] [stdout]                                at /rustc/a178d0322ce20e33eac124758e837cbd80a6f633/library/core/src/ops/function.rs:227:5
[INFO] [stdout]   22:     0x55b612c30a5f - <std::panic::AssertUnwindSafe<F> as core::ops::function::FnOnce<()>>::call_once::h93de3aef1e79f94d
[INFO] [stdout]                                at /rustc/a178d0322ce20e33eac124758e837cbd80a6f633/library/std/src/panic.rs:347:9
[INFO] [stdout]   23:     0x55b612c87efe - std::panicking::try::do_call::h11bbc97d97e2f24d
[INFO] [stdout]                                at /rustc/a178d0322ce20e33eac124758e837cbd80a6f633/library/std/src/panicking.rs:401:40
[INFO] [stdout]   24:     0x55b612c8cf5d - __rust_try
[INFO] [stdout]   25:     0x55b612c87d04 - std::panicking::try::h9baae645baf0a6da
[INFO] [stdout]                                at /rustc/a178d0322ce20e33eac124758e837cbd80a6f633/library/std/src/panicking.rs:365:19
[INFO] [stdout]   26:     0x55b612c31fbf - std::panic::catch_unwind::h554761f2abff35df
[INFO] [stdout]                                at /rustc/a178d0322ce20e33eac124758e837cbd80a6f633/library/std/src/panic.rs:434:14
[INFO] [stdout]   27:     0x55b612c76278 - test::run_test::run_test_inner::{{closure}}::h2bd7a1bae81df229
[INFO] [stdout]                                at /opt/rustwide/cargo-home/registry/src/github.com-1ecc6299db9ec823/tester-0.4.1/src/lib.rs:1435:26
[INFO] [stdout]   28:     0x55b612c53dee - core::ops::function::FnOnce::call_once::h7e4dd1ed23955696
[INFO] [stdout]                                at /rustc/a178d0322ce20e33eac124758e837cbd80a6f633/library/core/src/ops/function.rs:227:5
[INFO] [stdout]   29:     0x55b612c50d83 - std::sys_common::backtrace::__rust_begin_short_backtrace::h80d471128982fbcb
[INFO] [stdout]                                at /rustc/a178d0322ce20e33eac124758e837cbd80a6f633/library/std/src/sys_common/backtrace.rs:125:18
[INFO] [stdout]   30:     0x55b612c671cd - std::thread::Builder::spawn_unchecked::{{closure}}::{{closure}}::h3bfd143ecfca07cf
[INFO] [stdout]                                at /rustc/a178d0322ce20e33eac124758e837cbd80a6f633/library/std/src/thread/mod.rs:481:17
[INFO] [stdout]   31:     0x55b612c30a44 - <std::panic::AssertUnwindSafe<F> as core::ops::function::FnOnce<()>>::call_once::h8431211ecd4bc318
[INFO] [stdout]                                at /rustc/a178d0322ce20e33eac124758e837cbd80a6f633/library/std/src/panic.rs:347:9
[INFO] [stdout]   32:     0x55b612c880c2 - std::panicking::try::do_call::hcf9e60ae266ff104
[INFO] [stdout]                                at /rustc/a178d0322ce20e33eac124758e837cbd80a6f633/library/std/src/panicking.rs:401:40
[INFO] [stdout]   33:     0x55b612c8cf5d - __rust_try
[INFO] [stdout]   34:     0x55b612c87c47 - std::panicking::try::h69ad5f43cbd8bf2e
[INFO] [stdout]                                at /rustc/a178d0322ce20e33eac124758e837cbd80a6f633/library/std/src/panicking.rs:365:19
[INFO] [stdout]   35:     0x55b612c31f94 - std::panic::catch_unwind::h2b7ce0115a1bf7de
[INFO] [stdout]                                at /rustc/a178d0322ce20e33eac124758e837cbd80a6f633/library/std/src/panic.rs:434:14
[INFO] [stdout]   36:     0x55b612c66fd7 - std::thread::Builder::spawn_unchecked::{{closure}}::h3e4f256af8336ef8
[INFO] [stdout]                                at /rustc/a178d0322ce20e33eac124758e837cbd80a6f633/library/std/src/thread/mod.rs:480:30
[INFO] [stdout]   37:     0x55b612c53c9f - core::ops::function::FnOnce::call_once{{vtable.shim}}::hb83bb82de2b349f1
[INFO] [stdout]                                at /rustc/a178d0322ce20e33eac124758e837cbd80a6f633/library/core/src/ops/function.rs:227:5
[INFO] [stdout]   38:     0x55b612d001b7 - <alloc::boxed::Box<F,A> as core::ops::function::FnOnce<Args>>::call_once::h7ece6cfefaff1005
[INFO] [stdout]                                at /rustc/a178d0322ce20e33eac124758e837cbd80a6f633/library/alloc/src/boxed.rs:1575:9
[INFO] [stdout]   39:     0x55b612d001b7 - <alloc::boxed::Box<F,A> as core::ops::function::FnOnce<Args>>::call_once::hb8b48e55c21f193e
[INFO] [stdout]                                at /rustc/a178d0322ce20e33eac124758e837cbd80a6f633/library/alloc/src/boxed.rs:1575:9
[INFO] [stdout]   40:     0x55b612d001b7 - std::sys::unix::thread::Thread::new::thread_start::h8c7c4450dba62914
[INFO] [stdout]                                at /rustc/a178d0322ce20e33eac124758e837cbd80a6f633/library/std/src/sys/unix/thread.rs:71:17
[INFO] [stdout]   41:     0x7f504c969609 - start_thread
[INFO] [stdout]   42:     0x7f504c73b293 - clone
[INFO] [stdout]   43:                0x0 - <unknown>
[INFO] [stdout] 
[INFO] [stdout] error: 1 unexpected errors found, 1 expected errors not found
[INFO] [stdout] status: exit status: 1
[INFO] [stdout] command: "rustc" "tests/compile-fail/state-no-debug.rs" "-L" "/tmp" "--target=x86_64-unknown-linux-gnu" "--error-format" "json" "-C" "prefer-dynamic" "-o" "/tmp/state-no-debug.stage-id" "-L" "../target/debug" "-L" "../target/debug/deps" "-L" "/tmp/state-no-debug.stage-id.aux" "-A" "unused"
[INFO] [stdout] unexpected errors (from JSON output): [
[INFO] [stdout]     Error {
[INFO] [stdout]         line_num: 5,
[INFO] [stdout]         kind: Some(
[INFO] [stdout]             Error,
[INFO] [stdout]         ),
[INFO] [stdout]         msg: "5:6: 5:15: `HelloWorld` doesn't implement `Debug` [E0277]",
[INFO] [stdout]     },
[INFO] [stdout] ]
[INFO] [stdout] 
[INFO] [stdout] not found errors (from test file): [
[INFO] [stdout]     Error {
[INFO] [stdout]         line_num: 5,
[INFO] [stdout]         kind: Some(
[INFO] [stdout]             Error,
[INFO] [stdout]         ),
[INFO] [stdout]         msg: "`HelloWorld` doesn't implement `std::fmt::Debug`",
[INFO] [stdout]     },
[INFO] [stdout] ]
[INFO] [stdout] 
[INFO] [stdout] thread '[compile-fail] compile-fail/state-no-debug.rs' panicked at 'explicit panic', /opt/rustwide/cargo-home/registry/src/github.com-1ecc6299db9ec823/compiletest_rs-0.3.14/src/runtest.rs:1095:13
[INFO] [stdout] stack backtrace:
[INFO] [stdout]    0:     0x55b612cf7080 - std::backtrace_rs::backtrace::libunwind::trace::h34055254b57d8e79
[INFO] [stdout]                                at /rustc/a178d0322ce20e33eac124758e837cbd80a6f633/library/std/src/../../backtrace/src/backtrace/libunwind.rs:90:5
[INFO] [stdout]    1:     0x55b612cf7080 - std::backtrace_rs::backtrace::trace_unsynchronized::h8f1e3fbd9afff6ec
[INFO] [stdout]                                at /rustc/a178d0322ce20e33eac124758e837cbd80a6f633/library/std/src/../../backtrace/src/backtrace/mod.rs:66:5
[INFO] [stdout]    2:     0x55b612cf7080 - std::sys_common::backtrace::_print_fmt::h3a99a796b770c360
[INFO] [stdout]                                at /rustc/a178d0322ce20e33eac124758e837cbd80a6f633/library/std/src/sys_common/backtrace.rs:67:5
[INFO] [stdout]    3:     0x55b612cf7080 - <std::sys_common::backtrace::_print::DisplayBacktrace as core::fmt::Display>::fmt::h32d1f94a80615d18
[INFO] [stdout]                                at /rustc/a178d0322ce20e33eac124758e837cbd80a6f633/library/std/src/sys_common/backtrace.rs:46:22
[INFO] [stdout]    4:     0x55b612d1c05c - core::fmt::write::h306731c068f7162c
[INFO] [stdout]                                at /rustc/a178d0322ce20e33eac124758e837cbd80a6f633/library/core/src/fmt/mod.rs:1110:17
[INFO] [stdout]    5:     0x55b612cf3215 - std::io::Write::write_fmt::h87f19b0a2cd190bc
[INFO] [stdout]                                at /rustc/a178d0322ce20e33eac124758e837cbd80a6f633/library/std/src/io/mod.rs:1588:15
[INFO] [stdout]    6:     0x55b612cf9d8b - std::sys_common::backtrace::_print::h5abaa2601a852287
[INFO] [stdout]                                at /rustc/a178d0322ce20e33eac124758e837cbd80a6f633/library/std/src/sys_common/backtrace.rs:49:5
[INFO] [stdout]    7:     0x55b612cf9d8b - std::sys_common::backtrace::print::h8d81445442bb638f
[INFO] [stdout]                                at /rustc/a178d0322ce20e33eac124758e837cbd80a6f633/library/std/src/sys_common/backtrace.rs:36:9
[INFO] [stdout]    8:     0x55b612cf9d8b - std::panicking::default_hook::{{closure}}::hcfe804496a9fa747
[INFO] [stdout]                                at /rustc/a178d0322ce20e33eac124758e837cbd80a6f633/library/std/src/panicking.rs:208:50
[INFO] [stdout]    9:     0x55b612cf989c - std::panicking::default_hook::hbea8e3ccf2ba8901
[INFO] [stdout]                                at /rustc/a178d0322ce20e33eac124758e837cbd80a6f633/library/std/src/panicking.rs:222:9
[INFO] [stdout]   10:     0x55b612cfa454 - std::panicking::rust_panic_with_hook::h7ee9e1a2d0f8975a
[INFO] [stdout]                                at /rustc/a178d0322ce20e33eac124758e837cbd80a6f633/library/std/src/panicking.rs:622:17
[INFO] [stdout]   11:     0x55b612aa7793 - std::panicking::begin_panic::{{closure}}::h13545d0d2d23baa2
[INFO] [stdout]                                at /rustc/a178d0322ce20e33eac124758e837cbd80a6f633/library/std/src/panicking.rs:542:9
[INFO] [stdout]   12:     0x55b612aa7bc9 - std::sys_common::backtrace::__rust_end_short_backtrace::hf7a7989099647f85
[INFO] [stdout]                                at /rustc/a178d0322ce20e33eac124758e837cbd80a6f633/library/std/src/sys_common/backtrace.rs:141:18
[INFO] [stdout]   13:     0x55b612aa76c9 - std::panicking::begin_panic::h51bde57496218264
[INFO] [stdout]                                at /rustc/a178d0322ce20e33eac124758e837cbd80a6f633/library/std/src/panicking.rs:541:12
[INFO] [stdout]   14:     0x55b612a6a749 - compiletest_rs::runtest::TestCx::check_expected_errors::hd8a197cebd5bc3e9
[INFO] [stdout]                                at /opt/rustwide/cargo-home/registry/src/github.com-1ecc6299db9ec823/compiletest_rs-0.3.14/src/runtest.rs:1095:13
[INFO] [stdout]   15:     0x55b612a5e6b1 - compiletest_rs::runtest::TestCx::run_cfail_test::h4e764fe6c0cb061b
[INFO] [stdout]                                at /opt/rustwide/cargo-home/registry/src/github.com-1ecc6299db9ec823/compiletest_rs-0.3.14/src/runtest.rs:176:13
[INFO] [stdout]   16:     0x55b612a5e22e - compiletest_rs::runtest::TestCx::run_revision::h468a69204fa7011d
[INFO] [stdout]                                at /opt/rustwide/cargo-home/registry/src/github.com-1ecc6299db9ec823/compiletest_rs-0.3.14/src/runtest.rs:129:26
[INFO] [stdout]   17:     0x55b612a5deb3 - compiletest_rs::runtest::run::h8abb04229e4b0e0e
[INFO] [stdout]                                at /opt/rustwide/cargo-home/registry/src/github.com-1ecc6299db9ec823/compiletest_rs-0.3.14/src/runtest.rs:81:9
[INFO] [stdout]   18:     0x55b6129f06b2 - compiletest_rs::make_test_closure::{{closure}}::h13470ab17b35ed6d
[INFO] [stdout]                                at /opt/rustwide/cargo-home/registry/src/github.com-1ecc6299db9ec823/compiletest_rs-0.3.14/src/lib.rs:278:9
[INFO] [stdout]   19:     0x55b612c91b66 - <alloc::boxed::Box<F,A> as core::ops::function::FnMut<Args>>::call_mut::h5f154e27b476918c
[INFO] [stdout]                                at /rustc/a178d0322ce20e33eac124758e837cbd80a6f633/library/alloc/src/boxed.rs:1582:9
[INFO] [stdout]   20:     0x55b612c7621e - test::run_test::run_test_inner::{{closure}}::{{closure}}::h4936b979bd3eee65
[INFO] [stdout]                                at /opt/rustwide/cargo-home/registry/src/github.com-1ecc6299db9ec823/tester-0.4.1/src/lib.rs:1435:59
[INFO] [stdout]   21:     0x55b612c53f53 - core::ops::function::FnOnce::call_once::he6f2cb85a53050b7
[INFO] [stdout]                                at /rustc/a178d0322ce20e33eac124758e837cbd80a6f633/library/core/src/ops/function.rs:227:5
[INFO] [stdout]   22:     0x55b612c30a5f - <std::panic::AssertUnwindSafe<F> as core::ops::function::FnOnce<()>>::call_once::h93de3aef1e79f94d
[INFO] [stdout]                                at /rustc/a178d0322ce20e33eac124758e837cbd80a6f633/library/std/src/panic.rs:347:9
[INFO] [stdout]   23:     0x55b612c87efe - std::panicking::try::do_call::h11bbc97d97e2f24d
[INFO] [stdout]                                at /rustc/a178d0322ce20e33eac124758e837cbd80a6f633/library/std/src/panicking.rs:401:40
[INFO] [stdout]   24:     0x55b612c8cf5d - __rust_try
[INFO] [stdout]   25:     0x55b612c87d04 - std::panicking::try::h9baae645baf0a6da
[INFO] [stdout]                                at /rustc/a178d0322ce20e33eac124758e837cbd80a6f633/library/std/src/panicking.rs:365:19
[INFO] [stdout]   26:     0x55b612c31fbf - std::panic::catch_unwind::h554761f2abff35df
[INFO] [stdout]                                at /rustc/a178d0322ce20e33eac124758e837cbd80a6f633/library/std/src/panic.rs:434:14
[INFO] [stdout]   27:     0x55b612c76278 - test::run_test::run_test_inner::{{closure}}::h2bd7a1bae81df229
[INFO] [stdout]                                at /opt/rustwide/cargo-home/registry/src/github.com-1ecc6299db9ec823/tester-0.4.1/src/lib.rs:1435:26
[INFO] [stdout]   28:     0x55b612c53dee - core::ops::function::FnOnce::call_once::h7e4dd1ed23955696
[INFO] [stdout]                                at /rustc/a178d0322ce20e33eac124758e837cbd80a6f633/library/core/src/ops/function.rs:227:5
[INFO] [stdout]   29:     0x55b612c50d83 - std::sys_common::backtrace::__rust_begin_short_backtrace::h80d471128982fbcb
[INFO] [stdout]                                at /rustc/a178d0322ce20e33eac124758e837cbd80a6f633/library/std/src/sys_common/backtrace.rs:125:18
[INFO] [stdout]   30:     0x55b612c671cd - std::thread::Builder::spawn_unchecked::{{closure}}::{{closure}}::h3bfd143ecfca07cf
[INFO] [stdout]                                at /rustc/a178d0322ce20e33eac124758e837cbd80a6f633/library/std/src/thread/mod.rs:481:17
[INFO] [stdout]   31:     0x55b612c30a44 - <std::panic::AssertUnwindSafe<F> as core::ops::function::FnOnce<()>>::call_once::h8431211ecd4bc318
[INFO] [stdout]                                at /rustc/a178d0322ce20e33eac124758e837cbd80a6f633/library/std/src/panic.rs:347:9
[INFO] [stdout]   32:     0x55b612c880c2 - std::panicking::try::do_call::hcf9e60ae266ff104
[INFO] [stdout]                                at /rustc/a178d0322ce20e33eac124758e837cbd80a6f633/library/std/src/panicking.rs:401:40
[INFO] [stdout]   33:     0x55b612c8cf5d - __rust_try
[INFO] [stdout]   34:     0x55b612c87c47 - std::panicking::try::h69ad5f43cbd8bf2e
[INFO] [stdout]                                at /rustc/a178d0322ce20e33eac124758e837cbd80a6f633/library/std/src/panicking.rs:365:19
[INFO] [stdout]   35:     0x55b612c31f94 - std::panic::catch_unwind::h2b7ce0115a1bf7de
[INFO] [stdout]                                at /rustc/a178d0322ce20e33eac124758e837cbd80a6f633/library/std/src/panic.rs:434:14
[INFO] [stdout]   36:     0x55b612c66fd7 - std::thread::Builder::spawn_unchecked::{{closure}}::h3e4f256af8336ef8
[INFO] [stdout]                                at /rustc/a178d0322ce20e33eac124758e837cbd80a6f633/library/std/src/thread/mod.rs:480:30
[INFO] [stdout]   37:     0x55b612c53c9f - core::ops::function::FnOnce::call_once{{vtable.shim}}::hb83bb82de2b349f1
[INFO] [stdout]                                at /rustc/a178d0322ce20e33eac124758e837cbd80a6f633/library/core/src/ops/function.rs:227:5
[INFO] [stdout]   38:     0x55b612d001b7 - <alloc::boxed::Box<F,A> as core::ops::function::FnOnce<Args>>::call_once::h7ece6cfefaff1005
[INFO] [stdout]                                at /rustc/a178d0322ce20e33eac124758e837cbd80a6f633/library/alloc/src/boxed.rs:1575:9
[INFO] [stdout]   39:     0x55b612d001b7 - <alloc::boxed::Box<F,A> as core::ops::function::FnOnce<Args>>::call_once::hb8b48e55c21f193e
[INFO] [stdout]                                at /rustc/a178d0322ce20e33eac124758e837cbd80a6f633/library/alloc/src/boxed.rs:1575:9
[INFO] [stdout]   40:     0x55b612d001b7 - std::sys::unix::thread::Thread::new::thread_start::h8c7c4450dba62914
[INFO] [stdout]                                at /rustc/a178d0322ce20e33eac124758e837cbd80a6f633/library/std/src/sys/unix/thread.rs:71:17
[INFO] [stdout]   41:     0x7f504c969609 - start_thread
[INFO] [stdout]   42:     0x7f504c73b293 - clone
[INFO] [stdout]   43:                0x0 - <unknown>
[INFO] [stdout] 
[INFO] [stdout] error: tests/compile-fail/event-no-eq.rs:5: expected error not found: the trait bound `HelloWorld: std::cmp::Eq` is not satisfied
[INFO] [stdout] 
[INFO] [stdout] error: 1 unexpected errors found, 1 expected errors not found
[INFO] [stdout] status: exit status: 1
[INFO] [stdout] command: "rustc" "tests/compile-fail/event-no-eq.rs" "-L" "/tmp" "--target=x86_64-unknown-linux-gnu" "--error-format" "json" "-C" "prefer-dynamic" "-o" "/tmp/event-no-eq.stage-id" "-L" "../target/debug" "-L" "../target/debug/deps" "-L" "/tmp/event-no-eq.stage-id.aux" "-A" "unused"
[INFO] [stdout] unexpected errors (from JSON output): [
[INFO] [stdout]     Error {
[INFO] [stdout]         line_num: 5,
[INFO] [stdout]         kind: Some(
[INFO] [stdout]             Error,
[INFO] [stdout]         ),
[INFO] [stdout]         msg: "5:6: 5:15: the trait bound `HelloWorld: Eq` is not satisfied [E0277]",
[INFO] [stdout]     },
[INFO] [stdout] ]
[INFO] [stdout] 
[INFO] [stdout] not found errors (from test file): [
[INFO] [stdout]     Error {
[INFO] [stdout]         line_num: 5,
[INFO] [stdout]         kind: Some(
[INFO] [stdout]             Error,
[INFO] [stdout]         ),
[INFO] [stdout]         msg: "the trait bound `HelloWorld: std::cmp::Eq` is not satisfied",
[INFO] [stdout]     },
[INFO] [stdout] ]
[INFO] [stdout] 
[INFO] [stdout] thread '[compile-fail] compile-fail/event-no-eq.rs' panicked at 'explicit panic', /opt/rustwide/cargo-home/registry/src/github.com-1ecc6299db9ec823/compiletest_rs-0.3.14/src/runtest.rs:1095:13
[INFO] [stdout] stack backtrace:
[INFO] [stdout]    0:     0x55b612cf7080 - std::backtrace_rs::backtrace::libunwind::trace::h34055254b57d8e79
[INFO] [stdout]                                at /rustc/a178d0322ce20e33eac124758e837cbd80a6f633/library/std/src/../../backtrace/src/backtrace/libunwind.rs:90:5
[INFO] [stdout]    1:     0x55b612cf7080 - std::backtrace_rs::backtrace::trace_unsynchronized::h8f1e3fbd9afff6ec
[INFO] [stdout]                                at /rustc/a178d0322ce20e33eac124758e837cbd80a6f633/library/std/src/../../backtrace/src/backtrace/mod.rs:66:5
[INFO] [stdout]    2:     0x55b612cf7080 - std::sys_common::backtrace::_print_fmt::h3a99a796b770c360
[INFO] [stdout]                                at /rustc/a178d0322ce20e33eac124758e837cbd80a6f633/library/std/src/sys_common/backtrace.rs:67:5
[INFO] [stdout]    3:     0x55b612cf7080 - <std::sys_common::backtrace::_print::DisplayBacktrace as core::fmt::Display>::fmt::h32d1f94a80615d18
[INFO] [stdout]                                at /rustc/a178d0322ce20e33eac124758e837cbd80a6f633/library/std/src/sys_common/backtrace.rs:46:22
[INFO] [stdout]    4:     0x55b612d1c05c - core::fmt::write::h306731c068f7162c
[INFO] [stdout]                                at /rustc/a178d0322ce20e33eac124758e837cbd80a6f633/library/core/src/fmt/mod.rs:1110:17
[INFO] [stdout]    5:     0x55b612cf3215 - std::io::Write::write_fmt::h87f19b0a2cd190bc
[INFO] [stdout]                                at /rustc/a178d0322ce20e33eac124758e837cbd80a6f633/library/std/src/io/mod.rs:1588:15
[INFO] [stdout]    6:     0x55b612cf9d8b - std::sys_common::backtrace::_print::h5abaa2601a852287
[INFO] [stdout]                                at /rustc/a178d0322ce20e33eac124758e837cbd80a6f633/library/std/src/sys_common/backtrace.rs:49:5
[INFO] [stdout]    7:     0x55b612cf9d8b - std::sys_common::backtrace::print::h8d81445442bb638f
[INFO] [stdout]                                at /rustc/a178d0322ce20e33eac124758e837cbd80a6f633/library/std/src/sys_common/backtrace.rs:36:9
[INFO] [stdout]    8:     0x55b612cf9d8b - std::panicking::default_hook::{{closure}}::hcfe804496a9fa747
[INFO] [stdout]                                at /rustc/a178d0322ce20e33eac124758e837cbd80a6f633/library/std/src/panicking.rs:208:50
[INFO] [stdout]    9:     0x55b612cf989c - std::panicking::default_hook::hbea8e3ccf2ba8901
[INFO] [stdout]                                at /rustc/a178d0322ce20e33eac124758e837cbd80a6f633/library/std/src/panicking.rs:222:9
[INFO] [stdout]   10:     0x55b612cfa454 - std::panicking::rust_panic_with_hook::h7ee9e1a2d0f8975a
[INFO] [stdout]                                at /rustc/a178d0322ce20e33eac124758e837cbd80a6f633/library/std/src/panicking.rs:622:17
[INFO] [stdout]   11:     0x55b612aa7793 - std::panicking::begin_panic::{{closure}}::h13545d0d2d23baa2
[INFO] [stdout]                                at /rustc/a178d0322ce20e33eac124758e837cbd80a6f633/library/std/src/panicking.rs:542:9
[INFO] [stdout]   12:     0x55b612aa7bc9 - std::sys_common::backtrace::__rust_end_short_backtrace::hf7a7989099647f85
[INFO] [stdout]                                at /rustc/a178d0322ce20e33eac124758e837cbd80a6f633/library/std/src/sys_common/backtrace.rs:141:18
[INFO] [stdout]   13:     0x55b612aa76c9 - std::panicking::begin_panic::h51bde57496218264
[INFO] [stdout]                                at /rustc/a178d0322ce20e33eac124758e837cbd80a6f633/library/std/src/panicking.rs:541:12
[INFO] [stdout]   14:     0x55b612a6a749 - compiletest_rs::runtest::TestCx::check_expected_errors::hd8a197cebd5bc3e9
[INFO] [stdout]                                at /opt/rustwide/cargo-home/registry/src/github.com-1ecc6299db9ec823/compiletest_rs-0.3.14/src/runtest.rs:1095:13
[INFO] [stdout]   15:     0x55b612a5e6b1 - compiletest_rs::runtest::TestCx::run_cfail_test::h4e764fe6c0cb061b
[INFO] [stdout]                                at /opt/rustwide/cargo-home/registry/src/github.com-1ecc6299db9ec823/compiletest_rs-0.3.14/src/runtest.rs:176:13
[INFO] [stdout]   16:     0x55b612a5e22e - compiletest_rs::runtest::TestCx::run_revision::h468a69204fa7011d
[INFO] [stdout]                                at /opt/rustwide/cargo-home/registry/src/github.com-1ecc6299db9ec823/compiletest_rs-0.3.14/src/runtest.rs:129:26
[INFO] [stdout]   17:     0x55b612a5deb3 - compiletest_rs::runtest::run::h8abb04229e4b0e0e
[INFO] [stdout]                                at /opt/rustwide/cargo-home/registry/src/github.com-1ecc6299db9ec823/compiletest_rs-0.3.14/src/runtest.rs:81:9
[INFO] [stdout]   18:     0x55b6129f06b2 - compiletest_rs::make_test_closure::{{closure}}::h13470ab17b35ed6d
[INFO] [stdout]                                at /opt/rustwide/cargo-home/registry/src/github.com-1ecc6299db9ec823/compiletest_rs-0.3.14/src/lib.rs:278:9
[INFO] [stdout]   19:     0x55b612c91b66 - <alloc::boxed::Box<F,A> as core::ops::function::FnMut<Args>>::call_mut::h5f154e27b476918c
[INFO] [stdout]                                at /rustc/a178d0322ce20e33eac124758e837cbd80a6f633/library/alloc/src/boxed.rs:1582:9
[INFO] [stdout]   20:     0x55b612c7621e - test::run_test::run_test_inner::{{closure}}::{{closure}}::h4936b979bd3eee65
[INFO] [stdout]                                at /opt/rustwide/cargo-home/registry/src/github.com-1ecc6299db9ec823/tester-0.4.1/src/lib.rs:1435:59
[INFO] [stdout]   21:     0x55b612c53f53 - core::ops::function::FnOnce::call_once::he6f2cb85a53050b7
[INFO] [stdout]                                at /rustc/a178d0322ce20e33eac124758e837cbd80a6f633/library/core/src/ops/function.rs:227:5
[INFO] [stdout]   22:     0x55b612c30a5f - <std::panic::AssertUnwindSafe<F> as core::ops::function::FnOnce<()>>::call_once::h93de3aef1e79f94d
[INFO] [stdout]                                at /rustc/a178d0322ce20e33eac124758e837cbd80a6f633/library/std/src/panic.rs:347:9
[INFO] [stdout]   23:     0x55b612c87efe - std::panicking::try::do_call::h11bbc97d97e2f24d
[INFO] [stdout]                                at /rustc/a178d0322ce20e33eac124758e837cbd80a6f633/library/std/src/panicking.rs:401:40
[INFO] [stdout]   24:     0x55b612c8cf5d - __rust_try
[INFO] [stdout]   25:     0x55b612c87d04 - std::panicking::try::h9baae645baf0a6da
[INFO] [stdout]                                at /rustc/a178d0322ce20e33eac124758e837cbd80a6f633/library/std/src/panicking.rs:365:19
[INFO] [stdout]   26:     0x55b612c31fbf - std::panic::catch_unwind::h554761f2abff35df
[INFO] [stdout]                                at /rustc/a178d0322ce20e33eac124758e837cbd80a6f633/library/std/src/panic.rs:434:14
[INFO] [stdout]   27:     0x55b612c76278 - test::run_test::run_test_inner::{{closure}}::h2bd7a1bae81df229
[INFO] [stdout]                                at /opt/rustwide/cargo-home/registry/src/github.com-1ecc6299db9ec823/tester-0.4.1/src/lib.rs:1435:26
[INFO] [stdout]   28:     0x55b612c53dee - core::ops::function::FnOnce::call_once::h7e4dd1ed23955696
[INFO] [stdout]                                at /rustc/a178d0322ce20e33eac124758e837cbd80a6f633/library/core/src/ops/function.rs:227:5
[INFO] [stdout]   29:     0x55b612c50d83 - std::sys_common::backtrace::__rust_begin_short_backtrace::h80d471128982fbcb
[INFO] [stdout]                                at /rustc/a178d0322ce20e33eac124758e837cbd80a6f633/library/std/src/sys_common/backtrace.rs:125:18
[INFO] [stdout]   30:     0x55b612c671cd - std::thread::Builder::spawn_unchecked::{{closure}}::{{closure}}::h3bfd143ecfca07cf
[INFO] [stdout]                                at /rustc/a178d0322ce20e33eac124758e837cbd80a6f633/library/std/src/thread/mod.rs:481:17
[INFO] [stdout]   31:     0x55b612c30a44 - <std::panic::AssertUnwindSafe<F> as core::ops::function::FnOnce<()>>::call_once::h8431211ecd4bc318
[INFO] [stdout]                                at /rustc/a178d0322ce20e33eac124758e837cbd80a6f633/library/std/src/panic.rs:347:9
[INFO] [stdout]   32:     0x55b612c880c2 - std::panicking::try::do_call::hcf9e60ae266ff104
[INFO] [stdout]                                at /rustc/a178d0322ce20e33eac124758e837cbd80a6f633/library/std/src/panicking.rs:401:40
[INFO] [stdout]   33:     0x55b612c8cf5d - __rust_try
[INFO] [stdout]   34:     0x55b612c87c47 - std::panicking::try::h69ad5f43cbd8bf2e
[INFO] [stdout]                                at /rustc/a178d0322ce20e33eac124758e837cbd80a6f633/library/std/src/panicking.rs:365:19
[INFO] [stdout]   35:     0x55b612c31f94 - std::panic::catch_unwind::h2b7ce0115a1bf7de
[INFO] [stdout]                                at /rustc/a178d0322ce20e33eac124758e837cbd80a6f633/library/std/src/panic.rs:434:14
[INFO] [stdout]   36:     0x55b612c66fd7 - std::thread::Builder::spawn_unchecked::{{closure}}::h3e4f256af8336ef8
[INFO] [stdout]                                at /rustc/a178d0322ce20e33eac124758e837cbd80a6f633/library/std/src/thread/mod.rs:480:30
[INFO] [stdout]   37:     0x55b612c53c9f - core::ops::function::FnOnce::call_once{{vtable.shim}}::hb83bb82de2b349f1
[INFO] [stdout]                                at /rustc/a178d0322ce20e33eac124758e837cbd80a6f633/library/core/src/ops/function.rs:227:5
[INFO] [stdout]   38:     0x55b612d001b7 - <alloc::boxed::Box<F,A> as core::ops::function::FnOnce<Args>>::call_once::h7ece6cfefaff1005
[INFO] [stdout]                                at /rustc/a178d0322ce20e33eac124758e837cbd80a6f633/library/alloc/src/boxed.rs:1575:9
[INFO] [stdout]   39:     0x55b612d001b7 - <alloc::boxed::Box<F,A> as core::ops::function::FnOnce<Args>>::call_once::hb8b48e55c21f193e
[INFO] [stdout]                                at /rustc/a178d0322ce20e33eac124758e837cbd80a6f633/library/alloc/src/boxed.rs:1575:9
[INFO] [stdout]   40:     0x55b612d001b7 - std::sys::unix::thread::Thread::new::thread_start::h8c7c4450dba62914
[INFO] [stdout]                                at /rustc/a178d0322ce20e33eac124758e837cbd80a6f633/library/std/src/sys/unix/thread.rs:71:17
[INFO] [stdout]   41:     0x7f504c969609 - start_thread
[INFO] [stdout]   42:     0x7f504c73b293 - clone
[INFO] [stdout]   43:                0x0 - <unknown>
[INFO] [stdout] 
[INFO] [stdout] error: tests/compile-fail/event-no-clone.rs:5: expected error not found: the trait bound `HelloWorld: std::clone::Clone` is not satisfied
[INFO] [stdout] 
[INFO] [stdout] error: 1 unexpected errors found, 1 expected errors not found
[INFO] [stdout] status: exit status: 1
[INFO] [stdout] command: "rustc" "tests/compile-fail/event-no-clone.rs" "-L" "/tmp" "--target=x86_64-unknown-linux-gnu" "--error-format" "json" "-C" "prefer-dynamic" "-o" "/tmp/event-no-clone.stage-id" "-L" "../target/debug" "-L" "../target/debug/deps" "-L" "/tmp/event-no-clone.stage-id.aux" "-A" "unused"
[INFO] [stdout] unexpected errors (from JSON output): [
[INFO] [stdout]     Error {
[INFO] [stdout]         line_num: 5,
[INFO] [stdout]         kind: Some(
[INFO] [stdout]             Error,
[INFO] [stdout]         ),
[INFO] [stdout]         msg: "5:6: 5:15: the trait bound `HelloWorld: Clone` is not satisfied [E0277]",
[INFO] [stdout]     },
[INFO] [stdout] ]
[INFO] [stdout] 
[INFO] [stdout] not found errors (from test file): [
[INFO] [stdout]     Error {
[INFO] [stdout]         line_num: 5,
[INFO] [stdout]         kind: Some(
[INFO] [stdout]             Error,
[INFO] [stdout]         ),
[INFO] [stdout]         msg: "the trait bound `HelloWorld: std::clone::Clone` is not satisfied",
[INFO] [stdout]     },
[INFO] [stdout] ]
[INFO] [stdout] 
[INFO] [stdout] 
[INFO] [stdout] error: tests/compile-fail/machine-no-debug.rs:5: unexpected error: '5:6: 5:17: `HelloWorld` doesn't implement `Debug` [E0277]'
[INFO] [stdout] 
[INFO] [stdout] error: tests/compile-fail/machine-no-debug.rs:5: expected error not found: `HelloWorld` doesn't implement `std::fmt::Debug`
[INFO] [stdout] 
[INFO] [stdout] error: 1 unexpected errors found, 1 expected errors not found
[INFO] [stdout] status: exit status: 1
[INFO] [stdout] command: "rustc" "tests/compile-fail/machine-no-debug.rs" "-L" "/tmp" "--target=x86_64-unknown-linux-gnu" "--error-format" "json" "-C" "prefer-dynamic" "-o" "/tmp/machine-no-debug.stage-id" "-L" "../target/debug" "-L" "../target/debug/deps" "-L" "/tmp/machine-no-debug.stage-id.aux" "-A" "unused"
[INFO] [stdout] unexpected errors (from JSON output): [
[INFO] [stdout]     Error {
[INFO] [stdout]         line_num: 5,
[INFO] [stdout]         kind: Some(
[INFO] [stdout]             Error,
[INFO] [stdout]         ),
[INFO] [stdout]         msg: "5:6: 5:17: `HelloWorld` doesn't implement `Debug` [E0277]",
[INFO] [stdout]     },
[INFO] [stdout] ]
[INFO] [stdout] 
[INFO] [stdout] not found errors (from test file): [
[INFO] [stdout]     Error {
[INFO] [stdout]         line_num: 5,
[INFO] [stdout]         kind: Some(
[INFO] [stdout]             Error,
[INFO] [stdout]         ),
[INFO] [stdout]         msg: "`HelloWorld` doesn't implement `std::fmt::Debug`",
[INFO] [stdout]     },
[INFO] [stdout] ]
[INFO] [stdout] 
[INFO] [stdout] thread '[compile-fail] compile-fail/machine-no-debug.rs' panicked at 'explicit panic', /opt/rustwide/cargo-home/registry/src/github.com-1ecc6299db9ec823/compiletest_rs-0.3.14/src/runtest.rs:1095:13
[INFO] [stdout] stack backtrace:
[INFO] [stdout]    0:     0x55b612cf7080 - std::backtrace_rs::backtrace::libunwind::trace::h34055254b57d8e79
[INFO] [stdout]                                at /rustc/a178d0322ce20e33eac124758e837cbd80a6f633/library/std/src/../../backtrace/src/backtrace/libunwind.rs:90:5
[INFO] [stdout]    1:     0x55b612cf7080 - std::backtrace_rs::backtrace::trace_unsynchronized::h8f1e3fbd9afff6ec
[INFO] [stdout]                                at /rustc/a178d0322ce20e33eac124758e837cbd80a6f633/library/std/src/../../backtrace/src/backtrace/mod.rs:66:5
[INFO] [stdout]    2:     0x55b612cf7080 - std::sys_common::backtrace::_print_fmt::h3a99a796b770c360
[INFO] [stdout]                                at /rustc/a178d0322ce20e33eac124758e837cbd80a6f633/library/std/src/sys_common/backtrace.rs:67:5
[INFO] [stdout]    3:     0x55b612cf7080 - <std::sys_common::backtrace::_print::DisplayBacktrace as core::fmt::Display>::fmt::h32d1f94a80615d18
[INFO] [stdout]                                at /rustc/a178d0322ce20e33eac124758e837cbd80a6f633/library/std/src/sys_common/backtrace.rs:46:22
[INFO] [stdout]    4:     0x55b612d1c05c - core::fmt::write::h306731c068f7162c
[INFO] [stdout]                                at /rustc/a178d0322ce20e33eac124758e837cbd80a6f633/library/core/src/fmt/mod.rs:1110:17
[INFO] [stdout]    5:     0x55b612cf3215 - std::io::Write::write_fmt::h87f19b0a2cd190bc
[INFO] [stdout]                                at /rustc/a178d0322ce20e33eac124758e837cbd80a6f633/library/std/src/io/mod.rs:1588:15
[INFO] [stdout]    6:     0x55b612cf9d8b - std::sys_common::backtrace::_print::h5abaa2601a852287
[INFO] [stdout]                                at /rustc/a178d0322ce20e33eac124758e837cbd80a6f633/library/std/src/sys_common/backtrace.rs:49:5
[INFO] [stdout]    7:     0x55b612cf9d8b - std::sys_common::backtrace::print::h8d81445442bb638f
[INFO] [stdout]                                at /rustc/a178d0322ce20e33eac124758e837cbd80a6f633/library/std/src/sys_common/backtrace.rs:36:9
[INFO] [stdout]    8:     0x55b612cf9d8b - std::panicking::default_hook::{{closure}}::hcfe804496a9fa747
[INFO] [stdout]                                at /rustc/a178d0322ce20e33eac124758e837cbd80a6f633/library/std/src/panicking.rs:208:50
[INFO] [stdout]    9:     0x55b612cf989c - std::panicking::default_hook::hbea8e3ccf2ba8901
[INFO] [stdout]                                at /rustc/a178d0322ce20e33eac124758e837cbd80a6f633/library/std/src/panicking.rs:222:9
[INFO] [stdout]   10:     0x55b612cfa454 - std::panicking::rust_panic_with_hook::h7ee9e1a2d0f8975a
[INFO] [stdout]                                at /rustc/a178d0322ce20e33eac124758e837cbd80a6f633/library/std/src/panicking.rs:622:17
[INFO] [stdout]   11:     0x55b612aa7793 - std::panicking::begin_panic::{{closure}}::h13545d0d2d23baa2
[INFO] [stdout]                                at /rustc/a178d0322ce20e33eac124758e837cbd80a6f633/library/std/src/panicking.rs:542:9
[INFO] [stdout]   12:     0x55b612aa7bc9 - std::sys_common::backtrace::__rust_end_short_backtrace::hf7a7989099647f85
[INFO] [stdout]                                at /rustc/a178d0322ce20e33eac124758e837cbd80a6f633/library/std/src/sys_common/backtrace.rs:141:18
[INFO] [stdout]   13:     0x55b612aa76c9 - std::panicking::begin_panic::h51bde57496218264
[INFO] [stdout]                                at /rustc/a178d0322ce20e33eac124758e837cbd80a6f633/library/std/src/panicking.rs:541:12
[INFO] [stdout]   14:     0x55b612a6a749 - compiletest_rs::runtest::TestCx::check_expected_errors::hd8a197cebd5bc3e9
[INFO] [stdout]                                at /opt/rustwide/cargo-home/registry/src/github.com-1ecc6299db9ec823/compiletest_rs-0.3.14/src/runtest.rs:1095:13
[INFO] [stdout]   15:     0x55b612a5e6b1 - compiletest_rs::runtest::TestCx::run_cfail_test::h4e764fe6c0cb061b
[INFO] [stdout]                                at /opt/rustwide/cargo-home/registry/src/github.com-1ecc6299db9ec823/compiletest_rs-0.3.14/src/runtest.rs:176:13
[INFO] [stdout]   16:     0x55b612a5e22e - compiletest_rs::runtest::TestCx::run_revision::h468a69204fa7011d
[INFO] [stdout]                                at /opt/rustwide/cargo-home/registry/src/github.com-1ecc6299db9ec823/compiletest_rs-0.3.14/src/runtest.rs:129:26
[INFO] [stdout]   17:     0x55b612a5deb3 - compiletest_rs::runtest::run::h8abb04229e4b0e0e
[INFO] [stdout]                                at /opt/rustwide/cargo-home/registry/src/github.com-1ecc6299db9ec823/compiletest_rs-0.3.14/src/runtest.rs:81:9
[INFO] [stdout]   18:     0x55b6129f06b2 - compiletest_rs::make_test_closure::{{closure}}::h13470ab17b35ed6d
[INFO] [stdout]                                at /opt/rustwide/cargo-home/registry/src/github.com-1ecc6299db9ec823/compiletest_rs-0.3.14/src/lib.rs:278:9
[INFO] [stdout]   19:     0x55b612c91b66 - <alloc::boxed::Box<F,A> as core::ops::function::FnMut<Args>>::call_mut::h5f154e27b476918c
[INFO] [stdout]                                at /rustc/a178d0322ce20e33eac124758e837cbd80a6f633/library/alloc/src/boxed.rs:1582:9
[INFO] [stdout]   20:     0x55b612c7621e - test::run_test::run_test_inner::{{closure}}::{{closure}}::h4936b979bd3eee65
[INFO] [stdout]                                at /opt/rustwide/cargo-home/registry/src/github.com-1ecc6299db9ec823/tester-0.4.1/src/lib.rs:1435:59
[INFO] [stdout]   21:     0x55b612c53f53 - core::ops::function::FnOnce::call_once::he6f2cb85a53050b7
[INFO] [stdout]                                at /rustc/a178d0322ce20e33eac124758e837cbd80a6f633/library/core/src/ops/function.rs:227:5
[INFO] [stdout]   22:     0x55b612c30a5f - <std::panic::AssertUnwindSafe<F> as core::ops::function::FnOnce<()>>::call_once::h93de3aef1e79f94d
[INFO] [stdout]                                at /rustc/a178d0322ce20e33eac124758e837cbd80a6f633/library/std/src/panic.rs:347:9
[INFO] [stdout]   23:     0x55b612c87efe - std::panicking::try::do_call::h11bbc97d97e2f24d
[INFO] [stdout]                                at /rustc/a178d0322ce20e33eac124758e837cbd80a6f633/library/std/src/panicking.rs:401:40
[INFO] [stdout]   24:     0x55b612c8cf5d - __rust_try
[INFO] [stdout]   25:     0x55b612c87d04 - std::panicking::try::h9baae645baf0a6da
[INFO] [stdout]                                at /rustc/a178d0322ce20e33eac124758e837cbd80a6f633/library/std/src/panicking.rs:365:19
[INFO] [stdout]   26:     0x55b612c31fbf - std::panic::catch_unwind::h554761f2abff35df
[INFO] [stdout]                                at /rustc/a178d0322ce20e33eac124758e837cbd80a6f633/library/std/src/panic.rs:434:14
[INFO] [stdout]   27:     0x55b612c76278 - test::run_test::run_test_inner::{{closure}}::h2bd7a1bae81df229
[INFO] [stdout]                                at /opt/rustwide/cargo-home/registry/src/github.com-1ecc6299db9ec823/tester-0.4.1/src/lib.rs:1435:26
[INFO] [stdout]   28:     0x55b612c53dee - core::ops::function::FnOnce::call_once::h7e4dd1ed23955696
[INFO] [stdout]                                at /rustc/a178d0322ce20e33eac124758e837cbd80a6f633/library/core/src/ops/function.rs:227:5
[INFO] [stdout]   29:     0x55b612c50d83 - std::sys_common::backtrace::__rust_begin_short_backtrace::h80d471128982fbcb
[INFO] [stdout]                                at /rustc/a178d0322ce20e33eac124758e837cbd80a6f633/library/std/src/sys_common/backtrace.rs:125:18
[INFO] [stdout]   30:     0x55b612c671cd - std::thread::Builder::spawn_unchecked::{{closure}}::{{closure}}::h3bfd143ecfca07cf
[INFO] [stdout]                                at /rustc/a178d0322ce20e33eac124758e837cbd80a6f633/library/std/src/thread/mod.rs:481:17
[INFO] [stdout]   31:     0x55b612c30a44 - <std::panic::AssertUnwindSafe<F> as core::ops::function::FnOnce<()>>::call_once::h8431211ecd4bc318
[INFO] [stdout]                                at /rustc/a178d0322ce20e33eac124758e837cbd80a6f633/library/std/src/panic.rs:347:9
[INFO] [stdout]   32:     0x55b612c880c2 - std::panicking::try::do_call::hcf9e60ae266ff104
[INFO] [stdout]                                at /rustc/a178d0322ce20e33eac124758e837cbd80a6f633/library/std/src/panicking.rs:401:40
[INFO] [stdout]   33:     0x55b612c8cf5d - __rust_try
[INFO] [stdout]   34:     0x55b612c87c47 - std::panicking::try::h69ad5f43cbd8bf2e
[INFO] [stdout]                                at /rustc/a178d0322ce20e33eac124758e837cbd80a6f633/library/std/src/panicking.rs:365:19
[INFO] [stdout]   35:     0x55b612c31f94 - std::panic::catch_unwind::h2b7ce0115a1bf7de
[INFO] [stdout]                                at /rustc/a178d0322ce20e33eac124758e837cbd80a6f633/library/std/src/panic.rs:434:14
[INFO] [stdout]   36:     0x55b612c66fd7 - std::thread::Builder::spawn_unchecked::{{closure}}::h3e4f256af8336ef8
[INFO] [stdout]                                at /rustc/a178d0322ce20e33eac124758e837cbd80a6f633/library/std/src/thread/mod.rs:480:30
[INFO] [stdout]   37:     0x55b612c53c9f - core::ops::function::FnOnce::call_once{{vtable.shim}}::hb83bb82de2b349f1
[INFO] [stdout]                                at /rustc/a178d0322ce20e33eac124758e837cbd80a6f633/library/core/src/ops/function.rs:227:5
[INFO] [stdout]   38:     0x55b612d001b7 - <alloc::boxed::Box<F,A> as core::ops::function::FnOnce<Args>>::call_once::h7ece6cfefaff1005
[INFO] [stdout]                                at /rustc/a178d0322ce20e33eac124758e837cbd80a6f633/library/alloc/src/boxed.rs:1575:9
[INFO] [stdout]   39:     0x55b612d001b7 - <alloc::boxed::Box<F,A> as core::ops::function::FnOnce<Args>>::call_once::hb8b48e55c21f193e
[INFO] [stdout]                                at /rustc/a178d0322ce20e33eac124758e837cbd80a6f633/library/alloc/src/boxed.rs:1575:9
[INFO] [stdout]   40:     0x55b612d001b7 - std::sys::unix::thread::Thread::new::thread_start::h8c7c4450dba62914
[INFO] [stdout]                                at /rustc/a178d0322ce20e33eac124758e837cbd80a6f633/library/std/src/sys/unix/thread.rs:71:17
[INFO] [stdout]   41:     0x7f504c969609 - start_thread
[INFO] [stdout]   42:     0x7f504c73b293 - clone
[INFO] [stdout]   43:                0x0 - <unknown>
[INFO] [stdout] 
[INFO] [stdout] error: tests/compile-fail/state-no-eq.rs:5: unexpected error: '5:6: 5:15: the trait bound `HelloWorld: Eq` is not satisfied [E0277]'
[INFO] [stdout] thread '[compile-fail] compile-fail/event-no-clone.rs' panicked at 'explicit panic', /opt/rustwide/cargo-home/registry/src/github.com-1ecc6299db9ec823/compiletest_rs-0.3.14/src/runtest.rs:1095:13
[INFO] [stdout] stack backtrace:
[INFO] [stdout]    0:     0x55b612cf7080 - std::backtrace_rs::backtrace::libunwind::trace::h34055254b57d8e79
[INFO] [stdout]                                at /rustc/a178d0322ce20e33eac124758e837cbd80a6f633/library/std/src/../../backtrace/src/backtrace/libunwind.rs:90:5
[INFO] [stdout]    1:     0x55b612cf7080 - std::backtrace_rs::backtrace::trace_unsynchronized::h8f1e3fbd9afff6ec
[INFO] [stdout]                                at /rustc/a178d0322ce20e33eac124758e837cbd80a6f633/library/std/src/../../backtrace/src/backtrace/mod.rs:66:5
[INFO] [stdout]    2:     0x55b612cf7080 - std::sys_common::backtrace::_print_fmt::h3a99a796b770c360
[INFO] [stdout]                                at /rustc/a178d0322ce20e33eac124758e837cbd80a6f633/library/std/src/sys_common/backtrace.rs:67:5
[INFO] [stdout]    3:     0x55b612cf7080 - <std::sys_common::backtrace::_print::DisplayBacktrace as core::fmt::Display>::fmt::h32d1f94a80615d18
[INFO] [stdout]                                at /rustc/a178d0322ce20e33eac124758e837cbd80a6f633/library/std/src/sys_common/backtrace.rs:46:22
[INFO] [stdout]    4:     0x55b612d1c05c - core::fmt::write::h306731c068f7162c
[INFO] [stdout]                                at /rustc/a178d0322ce20e33eac124758e837cbd80a6f633/library/core/src/fmt/mod.rs:1110:17
[INFO] [stdout]    5:     0x55b612cf3215 - std::io::Write::write_fmt::h87f19b0a2cd190bc
[INFO] [stdout]                                at /rustc/a178d0322ce20e33eac124758e837cbd80a6f633/library/std/src/io/mod.rs:1588:15
[INFO] [stdout]    6:     0x55b612cf9d8b - std::sys_common::backtrace::_print::h5abaa2601a852287
[INFO] [stdout]                                at /rustc/a178d0322ce20e33eac124758e837cbd80a6f633/library/std/src/sys_common/backtrace.rs:49:5
[INFO] [stdout]    7:     0x55b612cf9d8b - std::sys_common::backtrace::print::h8d81445442bb638f
[INFO] [stdout]                                at /rustc/a178d0322ce20e33eac124758e837cbd80a6f633/library/std/src/sys_common/backtrace.rs:36:9
[INFO] [stdout]    8:     0x55b612cf9d8b - std::panicking::default_hook::{{closure}}::hcfe804496a9fa747
[INFO] [stdout]                                at /rustc/a178d0322ce20e33eac124758e837cbd80a6f633/library/std/src/panicking.rs:208:50
[INFO] [stdout]    9:     0x55b612cf989c - std::panicking::default_hook::hbea8e3ccf2ba8901
[INFO] [stdout]                                at /rustc/a178d0322ce20e33eac124758e837cbd80a6f633/library/std/src/panicking.rs:222:9
[INFO] [stdout]   10:     0x55b612cfa454 - std::panicking::rust_panic_with_hook::h7ee9e1a2d0f8975a
[INFO] [stdout]                                at /rustc/a178d0322ce20e33eac124758e837cbd80a6f633/library/std/src/panicking.rs:622:17
[INFO] [stdout]   11:     0x55b612aa7793 - std::panicking::begin_panic::{{closure}}::h13545d0d2d23baa2
[INFO] [stdout]                                at /rustc/a178d0322ce20e33eac124758e837cbd80a6f633/library/std/src/panicking.rs:542:9
[INFO] [stdout]   12:     0x55b612aa7bc9 - std::sys_common::backtrace::__rust_end_short_backtrace::hf7a7989099647f85
[INFO] [stdout]                                at /rustc/a178d0322ce20e33eac124758e837cbd80a6f633/library/std/src/sys_common/backtrace.rs:141:18
[INFO] [stdout]   13:     0x55b612aa76c9 - std::panicking::begin_panic::h51bde57496218264
[INFO] [stdout]                                at /rustc/a178d0322ce20e33eac124758e837cbd80a6f633/library/std/src/panicking.rs:541:12
[INFO] [stdout]   14:     0x55b612a6a749 - compiletest_rs::runtest::TestCx::check_expected_errors::hd8a197cebd5bc3e9
[INFO] [stdout]                                at /opt/rustwide/cargo-home/registry/src/github.com-1ecc6299db9ec823/compiletest_rs-0.3.14/src/runtest.rs:1095:13
[INFO] [stdout]   15:     0x55b612a5e6b1 - compiletest_rs::runtest::TestCx::run_cfail_test::h4e764fe6c0cb061b
[INFO] [stdout]                                at /opt/rustwide/cargo-home/registry/src/github.com-1ecc6299db9ec823/compiletest_rs-0.3.14/src/runtest.rs:176:13
[INFO] [stdout]   16:     0x55b612a5e22e - compiletest_rs::runtest::TestCx::run_revision::h468a69204fa7011d
[INFO] [stdout]                                at /opt/rustwide/cargo-home/registry/src/github.com-1ecc6299db9ec823/compiletest_rs-0.3.14/src/runtest.rs:129:26
[INFO] [stdout]   17:     0x55b612a5deb3 - compiletest_rs::runtest::run::h8abb04229e4b0e0e
[INFO] [stdout]                                at /opt/rustwide/cargo-home/registry/src/github.com-1ecc6299db9ec823/compiletest_rs-0.3.14/src/runtest.rs:81:9
[INFO] [stdout]   18:     0x55b6129f06b2 - compiletest_rs::make_test_closure::{{closure}}::h13470ab17b35ed6d
[INFO] [stdout]                                at /opt/rustwide/cargo-home/registry/src/github.com-1ecc6299db9ec823/compiletest_rs-0.3.14/src/lib.rs:278:9
[INFO] [stdout]   19:     0x55b612c91b66 - <alloc::boxed::Box<F,A> as core::ops::function::FnMut<Args>>::call_mut::h5f154e27b476918c
[INFO] [stdout]                                at /rustc/a178d0322ce20e33eac124758e837cbd80a6f633/library/alloc/src/boxed.rs:1582:9
[INFO] [stdout]   20:     0x55b612c7621e - test::run_test::run_test_inner::{{closure}}::{{closure}}::h4936b979bd3eee65
[INFO] [stdout]                                at /opt/rustwide/cargo-home/registry/src/github.com-1ecc6299db9ec823/tester-0.4.1/src/lib.rs:1435:59
[INFO] [stdout]   21:     0x55b612c53f53 - core::ops::function::FnOnce::call_once::he6f2cb85a53050b7
[INFO] [stdout]                                at /rustc/a178d0322ce20e33eac124758e837cbd80a6f633/library/core/src/ops/function.rs:227:5
[INFO] [stdout]   22:     0x55b612c30a5f - <std::panic::AssertUnwindSafe<F> as core::ops::function::FnOnce<()>>::call_once::h93de3aef1e79f94d
[INFO] [stdout]                                at /rustc/a178d0322ce20e33eac124758e837cbd80a6f633/library/std/src/panic.rs:347:9
[INFO] [stdout]   23:     0x55b612c87efe - std::panicking::try::do_call::h11bbc97d97e2f24d
[INFO] [stdout]                                at /rustc/a178d0322ce20e33eac124758e837cbd80a6f633/library/std/src/panicking.rs:401:40
[INFO] [stdout]   24:     0x55b612c8cf5d - __rust_try
[INFO] [stdout]   25:     0x55b612c87d04 - std::panicking::try::h9baae645baf0a6da
[INFO] [stdout]                                at /rustc/a178d0322ce20e33eac124758e837cbd80a6f633/library/std/src/panicking.rs:365:19
[INFO] [stdout]   26:     0x55b612c31fbf - std::panic::catch_unwind::h554761f2abff35df
[INFO] [stdout]                                at /rustc/a178d0322ce20e33eac124758e837cbd80a6f633/library/std/src/panic.rs:434:14
[INFO] [stdout]   27:     0x55b612c76278 - test::run_test::run_test_inner::{{closure}}::h2bd7a1bae81df229
[INFO] [stdout]                                at /opt/rustwide/cargo-home/registry/src/github.com-1ecc6299db9ec823/tester-0.4.1/src/lib.rs:1435:26
[INFO] [stdout]   28:     0x55b612c53dee - core::ops::function::FnOnce::call_once::h7e4dd1ed23955696
[INFO] [stdout]                                at /rustc/a178d0322ce20e33eac124758e837cbd80a6f633/library/core/src/ops/function.rs:227:5
[INFO] [stdout]   29:     0x55b612c50d83 - std::sys_common::backtrace::__rust_begin_short_backtrace::h80d471128982fbcb
[INFO] [stdout]                                at /rustc/a178d0322ce20e33eac124758e837cbd80a6f633/library/std/src/sys_common/backtrace.rs:125:18
[INFO] [stdout]   30:     0x55b612c671cd - std::thread::Builder::spawn_unchecked::{{closure}}::{{closure}}::h3bfd143ecfca07cf
[INFO] [stdout]                                at /rustc/a178d0322ce20e33eac124758e837cbd80a6f633/library/std/src/thread/mod.rs:481:17
[INFO] [stdout]   31:     0x55b612c30a44 - <std::panic::AssertUnwindSafe<F> as core::ops::function::FnOnce<()>>::call_once::h8431211ecd4bc318
[INFO] [stdout]                                at /rustc/a178d0322ce20e33eac124758e837cbd80a6f633/library/std/src/panic.rs:347:9
[INFO] [stdout]   32:     0x55b612c880c2 - std::panicking::try::do_call::hcf9e60ae266ff104
[INFO] [stdout]                                at /rustc/a178d0322ce20e33eac124758e837cbd80a6f633/library/std/src/panicking.rs:401:40
[INFO] [stdout]   33:     0x55b612c8cf5d - __rust_try
[INFO] [stdout]   34:     0x55b612c87c47 - std::panicking::try::h69ad5f43cbd8bf2e
[INFO] [stdout]                                at /rustc/a178d0322ce20e33eac124758e837cbd80a6f633/library/std/src/panicking.rs:365:19
[INFO] [stdout]   35:     0x55b612c31f94 - std::panic::catch_unwind::h2b7ce0115a1bf7de
[INFO] [stdout]                                at /rustc/a178d0322ce20e33eac124758e837cbd80a6f633/library/std/src/panic.rs:434:14
[INFO] [stdout]   36:     0x55b612c66fd7 - std::thread::Builder::spawn_unchecked::{{closure}}::h3e4f256af8336ef8
[INFO] [stdout]                                at /rustc/a178d0322ce20e33eac124758e837cbd80a6f633/library/std/src/thread/mod.rs:480:30
[INFO] [stdout]   37:     0x55b612c53c9f - core::ops::function::FnOnce::call_once{{vtable.shim}}::hb83bb82de2b349f1
[INFO] [stdout]                                at /rustc/a178d0322ce20e33eac124758e837cbd80a6f633/library/core/src/ops/function.rs:227:5
[INFO] [stdout]   38:     0x55b612d001b7 - <alloc::boxed::Box<F,A> as core::ops::function::FnOnce<Args>>::call_once::h7ece6cfefaff1005
[INFO] [stdout]                                at /rustc/a178d0322ce20e33eac124758e837cbd80a6f633/library/alloc/src/boxed.rs:1575:9
[INFO] [stdout]   39:     0x55b612d001b7 - <alloc::boxed::Box<F,A> as core::ops::function::FnOnce<Args>>::call_once::hb8b48e55c21f193e
[INFO] [stdout]                                at /rustc/a178d0322ce20e33eac124758e837cbd80a6f633/library/alloc/src/boxed.rs:1575:9
[INFO] [stdout]   40:     0x55b612d001b7 - std::sys::unix::thread::Thread::new::thread_start::h8c7c4450dba62914
[INFO] [stdout]                                at /rustc/a178d0322ce20e33eac124758e837cbd80a6f633/library/std/src/sys/unix/thread.rs:71:17
[INFO] [stdout]   41:     0x7f504c969609 - start_thread
[INFO] [stdout]   42:     0x7f504c73b293 - clone
[INFO] [stdout]   43:                0x0 - <unknown>
[INFO] [stdout] 
[INFO] [stdout] error: tests/compile-fail/state-no-eq.rs:5: expected error not found: the trait bound `HelloWorld: std::cmp::Eq` is not satisfied
[INFO] [stdout] 
[INFO] [stdout] error: 1 unexpected errors found, 1 expected errors not found
[INFO] [stdout] status: exit status: 1
[INFO] [stdout] command: "rustc" "tests/compile-fail/state-no-eq.rs" "-L" "/tmp" "--target=x86_64-unknown-linux-gnu" "--error-format" "json" "-C" "prefer-dynamic" "-o" "/tmp/state-no-eq.stage-id" "-L" "../target/debug" "-L" "../target/debug/deps" "-L" "/tmp/state-no-eq.stage-id.aux" "-A" "unused"
[INFO] [stdout] unexpected errors (from JSON output): [
[INFO] [stdout]     Error {
[INFO] [stdout]         line_num: 5,
[INFO] [stdout]         kind: Some(
[INFO] [stdout]             Error,
[INFO] [stdout]         ),
[INFO] [stdout]         msg: "5:6: 5:15: the trait bound `HelloWorld: Eq` is not satisfied [E0277]",
[INFO] [stdout]     },
[INFO] [stdout] ]
[INFO] [stdout] 
[INFO] [stdout] not found errors (from test file): [
[INFO] [stdout]     Error {
[INFO] [stdout]         line_num: 5,
[INFO] [stdout]         kind: Some(
[INFO] [stdout]             Error,
[INFO] [stdout]         ),
[INFO] [stdout]         msg: "the trait bound `HelloWorld: std::cmp::Eq` is not satisfied",
[INFO] [stdout]     },
[INFO] [stdout] ]
[INFO] [stdout] 
[INFO] [stdout] thread '[compile-fail] compile-fail/state-no-eq.rs' panicked at 'explicit panic', /opt/rustwide/cargo-home/registry/src/github.com-1ecc6299db9ec823/compiletest_rs-0.3.14/src/runtest.rs:1095:13
[INFO] [stdout] stack backtrace:
[INFO] [stdout]    0:     0x55b612cf7080 - std::backtrace_rs::backtrace::libunwind::trace::h34055254b57d8e79
[INFO] [stdout]                                at /rustc/a178d0322ce20e33eac124758e837cbd80a6f633/library/std/src/../../backtrace/src/backtrace/libunwind.rs:90:5
[INFO] [stdout]    1:     0x55b612cf7080 - std::backtrace_rs::backtrace::trace_unsynchronized::h8f1e3fbd9afff6ec
[INFO] [stdout]                                at /rustc/a178d0322ce20e33eac124758e837cbd80a6f633/library/std/src/../../backtrace/src/backtrace/mod.rs:66:5
[INFO] [stdout]    2:     0x55b612cf7080 - std::sys_common::backtrace::_print_fmt::h3a99a796b770c360
[INFO] [stdout]                                at /rustc/a178d0322ce20e33eac124758e837cbd80a6f633/library/std/src/sys_common/backtrace.rs:67:5
[INFO] [stdout]    3:     0x55b612cf7080 - <std::sys_common::backtrace::_print::DisplayBacktrace as core::fmt::Display>::fmt::h32d1f94a80615d18
[INFO] [stdout]                                at /rustc/a178d0322ce20e33eac124758e837cbd80a6f633/library/std/src/sys_common/backtrace.rs:46:22
[INFO] [stdout]    4:     0x55b612d1c05c - core::fmt::write::h306731c068f7162c
[INFO] [stdout]                                at /rustc/a178d0322ce20e33eac124758e837cbd80a6f633/library/core/src/fmt/mod.rs:1110:17
[INFO] [stdout]    5:     0x55b612cf3215 - std::io::Write::write_fmt::h87f19b0a2cd190bc
[INFO] [stdout]                                at /rustc/a178d0322ce20e33eac124758e837cbd80a6f633/library/std/src/io/mod.rs:1588:15
[INFO] [stdout]    6:     0x55b612cf9d8b - std::sys_common::backtrace::_print::h5abaa2601a852287
[INFO] [stdout]                                at /rustc/a178d0322ce20e33eac124758e837cbd80a6f633/library/std/src/sys_common/backtrace.rs:49:5
[INFO] [stdout]    7:     0x55b612cf9d8b - std::sys_common::backtrace::print::h8d81445442bb638f
[INFO] [stdout]                                at /rustc/a178d0322ce20e33eac124758e837cbd80a6f633/library/std/src/sys_common/backtrace.rs:36:9
[INFO] [stdout]    8:     0x55b612cf9d8b - std::panicking::default_hook::{{closure}}::hcfe804496a9fa747
[INFO] [stdout]                                at /rustc/a178d0322ce20e33eac124758e837cbd80a6f633/library/std/src/panicking.rs:208:50
[INFO] [stdout]    9:     0x55b612cf989c - std::panicking::default_hook::hbea8e3ccf2ba8901
[INFO] [stdout]                                at /rustc/a178d0322ce20e33eac124758e837cbd80a6f633/library/std/src/panicking.rs:222:9
[INFO] [stdout]   10:     0x55b612cfa454 - std::panicking::rust_panic_with_hook::h7ee9e1a2d0f8975a
[INFO] [stdout]                                at /rustc/a178d0322ce20e33eac124758e837cbd80a6f633/library/std/src/panicking.rs:622:17
[INFO] [stdout]   11:     0x55b612aa7793 - std::panicking::begin_panic::{{closure}}::h13545d0d2d23baa2
[INFO] [stdout]                                at /rustc/a178d0322ce20e33eac124758e837cbd80a6f633/library/std/src/panicking.rs:542:9
[INFO] [stdout]   12:     0x55b612aa7bc9 - std::sys_common::backtrace::__rust_end_short_backtrace::hf7a7989099647f85
[INFO] [stdout]                                at /rustc/a178d0322ce20e33eac124758e837cbd80a6f633/library/std/src/sys_common/backtrace.rs:141:18
[INFO] [stdout]   13:     0x55b612aa76c9 - std::panicking::begin_panic::h51bde57496218264
[INFO] [stdout]                                at /rustc/a178d0322ce20e33eac124758e837cbd80a6f633/library/std/src/panicking.rs:541:12
[INFO] [stdout]   14:     0x55b612a6a749 - compiletest_rs::runtest::TestCx::check_expected_errors::hd8a197cebd5bc3e9
[INFO] [stdout]                                at /opt/rustwide/cargo-home/registry/src/github.com-1ecc6299db9ec823/compiletest_rs-0.3.14/src/runtest.rs:1095:13
[INFO] [stdout]   15:     0x55b612a5e6b1 - compiletest_rs::runtest::TestCx::run_cfail_test::h4e764fe6c0cb061b
[INFO] [stdout]                                at /opt/rustwide/cargo-home/registry/src/github.com-1ecc6299db9ec823/compiletest_rs-0.3.14/src/runtest.rs:176:13
[INFO] [stdout]   16:     0x55b612a5e22e - compiletest_rs::runtest::TestCx::run_revision::h468a69204fa7011d
[INFO] [stdout]                                at /opt/rustwide/cargo-home/registry/src/github.com-1ecc6299db9ec823/compiletest_rs-0.3.14/src/runtest.rs:129:26
[INFO] [stdout]   17:     0x55b612a5deb3 - compiletest_rs::runtest::run::h8abb04229e4b0e0e
[INFO] [stdout]                                at /opt/rustwide/cargo-home/registry/src/github.com-1ecc6299db9ec823/compiletest_rs-0.3.14/src/runtest.rs:81:9
[INFO] [stdout]   18:     0x55b6129f06b2 - compiletest_rs::make_test_closure::{{closure}}::h13470ab17b35ed6d
[INFO] [stdout]                                at /opt/rustwide/cargo-home/registry/src/github.com-1ecc6299db9ec823/compiletest_rs-0.3.14/src/lib.rs:278:9
[INFO] [stdout]   19:     0x55b612c91b66 - <alloc::boxed::Box<F,A> as core::ops::function::FnMut<Args>>::call_mut::h5f154e27b476918c
[INFO] [stdout]                                at /rustc/a178d0322ce20e33eac124758e837cbd80a6f633/library/alloc/src/boxed.rs:1582:9
[INFO] [stdout]   20:     0x55b612c7621e - test::run_test::run_test_inner::{{closure}}::{{closure}}::h4936b979bd3eee65
[INFO] [stdout]                                at /opt/rustwide/cargo-home/registry/src/github.com-1ecc6299db9ec823/tester-0.4.1/src/lib.rs:1435:59
[INFO] [stdout]   21:     0x55b612c53f53 - core::ops::function::FnOnce::call_once::he6f2cb85a53050b7
[INFO] [stdout]                                at /rustc/a178d0322ce20e33eac124758e837cbd80a6f633/library/core/src/ops/function.rs:227:5
[INFO] [stdout]   22:     0x55b612c30a5f - <std::panic::AssertUnwindSafe<F> as core::ops::function::FnOnce<()>>::call_once::h93de3aef1e79f94d
[INFO] [stdout]                                at /rustc/a178d0322ce20e33eac124758e837cbd80a6f633/library/std/src/panic.rs:347:9
[INFO] [stdout]   23:     0x55b612c87efe - std::panicking::try::do_call::h11bbc97d97e2f24d
[INFO] [stdout]                                at /rustc/a178d0322ce20e33eac124758e837cbd80a6f633/library/std/src/panicking.rs:401:40
[INFO] [stdout]   24:     0x55b612c8cf5d - __rust_try
[INFO] [stdout]   25:     0x55b612c87d04 - std::panicking::try::h9baae645baf0a6da
[INFO] [stdout]                                at /rustc/a178d0322ce20e33eac124758e837cbd80a6f633/library/std/src/panicking.rs:365:19
[INFO] [stdout]   26:     0x55b612c31fbf - std::panic::catch_unwind::h554761f2abff35df
[INFO] [stdout]                                at /rustc/a178d0322ce20e33eac124758e837cbd80a6f633/library/std/src/panic.rs:434:14
[INFO] [stdout]   27:     0x55b612c76278 - test::run_test::run_test_inner::{{closure}}::h2bd7a1bae81df229
[INFO] [stdout]                                at /opt/rustwide/cargo-home/registry/src/github.com-1ecc6299db9ec823/tester-0.4.1/src/lib.rs:1435:26
[INFO] [stdout]   28:     0x55b612c53dee - core::ops::function::FnOnce::call_once::h7e4dd1ed23955696
[INFO] [stdout]                                at /rustc/a178d0322ce20e33eac124758e837cbd80a6f633/library/core/src/ops/function.rs:227:5
[INFO] [stdout]   29:     0x55b612c50d83 - std::sys_common::backtrace::__rust_begin_short_backtrace::h80d471128982fbcb
[INFO] [stdout]                                at /rustc/a178d0322ce20e33eac124758e837cbd80a6f633/library/std/src/sys_common/backtrace.rs:125:18
[INFO] [stdout]   30:     0x55b612c671cd - std::thread::Builder::spawn_unchecked::{{closure}}::{{closure}}::h3bfd143ecfca07cf
[INFO] [stdout]                                at /rustc/a178d0322ce20e33eac124758e837cbd80a6f633/library/std/src/thread/mod.rs:481:17
[INFO] [stdout]   31:     0x55b612c30a44 - <std::panic::AssertUnwindSafe<F> as core::ops::function::FnOnce<()>>::call_once::h8431211ecd4bc318
[INFO] [stdout]                                at /rustc/a178d0322ce20e33eac124758e837cbd80a6f633/library/std/src/panic.rs:347:9
[INFO] [stdout]   32:     0x55b612c880c2 - std::panicking::try::do_call::hcf9e60ae266ff104
[INFO] [stdout]                                at /rustc/a178d0322ce20e33eac124758e837cbd80a6f633/library/std/src/panicking.rs:401:40
[INFO] [stdout]   33:     0x55b612c8cf5d - __rust_try
[INFO] [stdout]   34:     0x55b612c87c47 - std::panicking::try::h69ad5f43cbd8bf2e
[INFO] [stdout]                                at /rustc/a178d0322ce20e33eac124758e837cbd80a6f633/library/std/src/panicking.rs:365:19
[INFO] [stdout]   35:     0x55b612c31f94 - std::panic::catch_unwind::h2b7ce0115a1bf7de
[INFO] [stdout]                                at /rustc/a178d0322ce20e33eac124758e837cbd80a6f633/library/std/src/panic.rs:434:14
[INFO] [stdout]   36:     0x55b612c66fd7 - std::thread::Builder::spawn_unchecked::{{closure}}::h3e4f256af8336ef8
[INFO] [stdout]                                at /rustc/a178d0322ce20e33eac124758e837cbd80a6f633/library/std/src/thread/mod.rs:480:30
[INFO] [stdout]   37:     0x55b612c53c9f - core::ops::function::FnOnce::call_once{{vtable.shim}}::hb83bb82de2b349f1
[INFO] [stdout]                                at /rustc/a178d0322ce20e33eac124758e837cbd80a6f633/library/core/src/ops/function.rs:227:5
[INFO] [stdout]   38:     0x55b612d001b7 - <alloc::boxed::Box<F,A> as core::ops::function::FnOnce<Args>>::call_once::h7ece6cfefaff1005
[INFO] [stdout]                                at /rustc/a178d0322ce20e33eac124758e837cbd80a6f633/library/alloc/src/boxed.rs:1575:9
[INFO] [stdout]   39:     0x55b612d001b7 - <alloc::boxed::Box<F,A> as core::ops::function::FnOnce<Args>>::call_once::hb8b48e55c21f193e
[INFO] [stdout]                                at /rustc/a178d0322ce20e33eac124758e837cbd80a6f633/library/alloc/src/boxed.rs:1575:9
[INFO] [stdout]   40:     0x55b612d001b7 - std::sys::unix::thread::Thread::new::thread_start::h8c7c4450dba62914
[INFO] [stdout]                                at /rustc/a178d0322ce20e33eac124758e837cbd80a6f633/library/std/src/sys/unix/thread.rs:71:17
[INFO] [stdout]   41:     0x7f504c969609 - start_thread
[INFO] [stdout]   42:     0x7f504c73b293 - clone
[INFO] [stdout]   43:                0x0 - <unknown>
[INFO] [stdout] 
[INFO] [stdout] error: tests/compile-fail/machine-no-eq.rs:5: unexpected error: '5:6: 5:17: the trait bound `HelloWorld: Eq` is not satisfied [E0277]'
[INFO] [stdout] 
[INFO] [stdout] error: tests/compile-fail/machine-no-eq.rs:5: expected error not found: the trait bound `HelloWorld: std::cmp::Eq` is not satisfied
[INFO] [stdout] 
[INFO] [stdout] error: 1 unexpected errors found, 1 expected errors not found
[INFO] [stdout] status: exit status: 1
[INFO] [stdout] command: "rustc" "tests/compile-fail/machine-no-eq.rs" "-L" "/tmp" "--target=x86_64-unknown-linux-gnu" "--error-format" "json" "-C" "prefer-dynamic" "-o" "/tmp/machine-no-eq.stage-id" "-L" "../target/debug" "-L" "../target/debug/deps" "-L" "/tmp/machine-no-eq.stage-id.aux" "-A" "unused"
[INFO] [stdout] unexpected errors (from JSON output): [
[INFO] [stdout]     Error {
[INFO] [stdout]         line_num: 5,
[INFO] [stdout]         kind: Some(
[INFO] [stdout]             Error,
[INFO] [stdout]         ),
[INFO] [stdout]         msg: "5:6: 5:17: the trait bound `HelloWorld: Eq` is not satisfied [E0277]",
[INFO] [stdout]     },
[INFO] [stdout] ]
[INFO] [stdout] 
[INFO] [stdout] not found errors (from test file): [
[INFO] [stdout]     Error {
[INFO] [stdout]         line_num: 5,
[INFO] [stdout]         kind: Some(
[INFO] [stdout]             Error,
[INFO] [stdout]         ),
[INFO] [stdout]         msg: "the trait bound `HelloWorld: std::cmp::Eq` is not satisfied",
[INFO] [stdout]     },
[INFO] [stdout] ]
[INFO] [stdout] 
[INFO] [stdout] thread '[compile-fail] compile-fail/machine-no-eq.rs' panicked at 'explicit panic', /opt/rustwide/cargo-home/registry/src/github.com-1ecc6299db9ec823/compiletest_rs-0.3.14/src/runtest.rs:1095:13
[INFO] [stdout] stack backtrace:
[INFO] [stdout]    0:     0x55b612cf7080 - std::backtrace_rs::backtrace::libunwind::trace::h34055254b57d8e79
[INFO] [stdout]                                at /rustc/a178d0322ce20e33eac124758e837cbd80a6f633/library/std/src/../../backtrace/src/backtrace/libunwind.rs:90:5
[INFO] [stdout]    1:     0x55b612cf7080 - std::backtrace_rs::backtrace::trace_unsynchronized::h8f1e3fbd9afff6ec
[INFO] [stdout]                                at /rustc/a178d0322ce20e33eac124758e837cbd80a6f633/library/std/src/../../backtrace/src/backtrace/mod.rs:66:5
[INFO] [stdout]    2:     0x55b612cf7080 - std::sys_common::backtrace::_print_fmt::h3a99a796b770c360
[INFO] [stdout]                                at /rustc/a178d0322ce20e33eac124758e837cbd80a6f633/library/std/src/sys_common/backtrace.rs:67:5
[INFO] [stdout]    3:     0x55b612cf7080 - <std::sys_common::backtrace::_print::DisplayBacktrace as core::fmt::Display>::fmt::h32d1f94a80615d18
[INFO] [stdout]                                at /rustc/a178d0322ce20e33eac124758e837cbd80a6f633/library/std/src/sys_common/backtrace.rs:46:22
[INFO] [stdout]    4:     0x55b612d1c05c - core::fmt::write::h306731c068f7162c
[INFO] [stdout]                                at /rustc/a178d0322ce20e33eac124758e837cbd80a6f633/library/core/src/fmt/mod.rs:1110:17
[INFO] [stdout]    5:     0x55b612cf3215 - std::io::Write::write_fmt::h87f19b0a2cd190bc
[INFO] [stdout]                                at /rustc/a178d0322ce20e33eac124758e837cbd80a6f633/library/std/src/io/mod.rs:1588:15
[INFO] [stdout]    6:     0x55b612cf9d8b - std::sys_common::backtrace::_print::h5abaa2601a852287
[INFO] [stdout]                                at /rustc/a178d0322ce20e33eac124758e837cbd80a6f633/library/std/src/sys_common/backtrace.rs:49:5
[INFO] [stdout]    7:     0x55b612cf9d8b - std::sys_common::backtrace::print::h8d81445442bb638f
[INFO] [stdout]                                at /rustc/a178d0322ce20e33eac124758e837cbd80a6f633/library/std/src/sys_common/backtrace.rs:36:9
[INFO] [stdout]    8:     0x55b612cf9d8b - std::panicking::default_hook::{{closure}}::hcfe804496a9fa747
[INFO] [stdout]                                at /rustc/a178d0322ce20e33eac124758e837cbd80a6f633/library/std/src/panicking.rs:208:50
[INFO] [stdout]    9:     0x55b612cf989c - std::panicking::default_hook::hbea8e3ccf2ba8901
[INFO] [stdout]                                at /rustc/a178d0322ce20e33eac124758e837cbd80a6f633/library/std/src/panicking.rs:222:9
[INFO] [stdout]   10:     0x55b612cfa454 - std::panicking::rust_panic_with_hook::h7ee9e1a2d0f8975a
[INFO] [stdout]                                at /rustc/a178d0322ce20e33eac124758e837cbd80a6f633/library/std/src/panicking.rs:622:17
[INFO] [stdout]   11:     0x55b612aa7793 - std::panicking::begin_panic::{{closure}}::h13545d0d2d23baa2
[INFO] [stdout]                                at /rustc/a178d0322ce20e33eac124758e837cbd80a6f633/library/std/src/panicking.rs:542:9
[INFO] [stdout]   12:     0x55b612aa7bc9 - std::sys_common::backtrace::__rust_end_short_backtrace::hf7a7989099647f85
[INFO] [stdout]                                at /rustc/a178d0322ce20e33eac124758e837cbd80a6f633/library/std/src/sys_common/backtrace.rs:141:18
[INFO] [stdout]   13:     0x55b612aa76c9 - std::panicking::begin_panic::h51bde57496218264
[INFO] [stdout]                                at /rustc/a178d0322ce20e33eac124758e837cbd80a6f633/library/std/src/panicking.rs:541:12
[INFO] [stdout]   14:     0x55b612a6a749 - compiletest_rs::runtest::TestCx::check_expected_errors::hd8a197cebd5bc3e9
[INFO] [stdout]                                at /opt/rustwide/cargo-home/registry/src/github.com-1ecc6299db9ec823/compiletest_rs-0.3.14/src/runtest.rs:1095:13
[INFO] [stdout]   15:     0x55b612a5e6b1 - compiletest_rs::runtest::TestCx::run_cfail_test::h4e764fe6c0cb061b
[INFO] [stdout]                                at /opt/rustwide/cargo-home/registry/src/github.com-1ecc6299db9ec823/compiletest_rs-0.3.14/src/runtest.rs:176:13
[INFO] [stdout]   16:     0x55b612a5e22e - compiletest_rs::runtest::TestCx::run_revision::h468a69204fa7011d
[INFO] [stdout]                                at /opt/rustwide/cargo-home/registry/src/github.com-1ecc6299db9ec823/compiletest_rs-0.3.14/src/runtest.rs:129:26
[INFO] [stdout]   17:     0x55b612a5deb3 - compiletest_rs::runtest::run::h8abb04229e4b0e0e
[INFO] [stdout]                                at /opt/rustwide/cargo-home/registry/src/github.com-1ecc6299db9ec823/compiletest_rs-0.3.14/src/runtest.rs:81:9
[INFO] [stdout]   18:     0x55b6129f06b2 - compiletest_rs::make_test_closure::{{closure}}::h13470ab17b35ed6d
[INFO] [stdout]                                at /opt/rustwide/cargo-home/registry/src/github.com-1ecc6299db9ec823/compiletest_rs-0.3.14/src/lib.rs:278:9
[INFO] [stdout]   19:     0x55b612c91b66 - <alloc::boxed::Box<F,A> as core::ops::function::FnMut<Args>>::call_mut::h5f154e27b476918c
[INFO] [stdout]                                at /rustc/a178d0322ce20e33eac124758e837cbd80a6f633/library/alloc/src/boxed.rs:1582:9
[INFO] [stdout]   20:     0x55b612c7621e - test::run_test::run_test_inner::{{closure}}::{{closure}}::h4936b979bd3eee65
[INFO] [stdout]                                at /opt/rustwide/cargo-home/registry/src/github.com-1ecc6299db9ec823/tester-0.4.1/src/lib.rs:1435:59
[INFO] [stdout]   21:     0x55b612c53f53 - core::ops::function::FnOnce::call_once::he6f2cb85a53050b7
[INFO] [stdout]                                at /rustc/a178d0322ce20e33eac124758e837cbd80a6f633/library/core/src/ops/function.rs:227:5
[INFO] [stdout]   22:     0x55b612c30a5f - <std::panic::AssertUnwindSafe<F> as core::ops::function::FnOnce<()>>::call_once::h93de3aef1e79f94d
[INFO] [stdout]                                at /rustc/a178d0322ce20e33eac124758e837cbd80a6f633/library/std/src/panic.rs:347:9
[INFO] [stdout]   23:     0x55b612c87efe - std::panicking::try::do_call::h11bbc97d97e2f24d
[INFO] [stdout]                                at /rustc/a178d0322ce20e33eac124758e837cbd80a6f633/library/std/src/panicking.rs:401:40
[INFO] [stdout]   24:     0x55b612c8cf5d - __rust_try
[INFO] [stdout]   25:     0x55b612c87d04 - std::panicking::try::h9baae645baf0a6da
[INFO] [stdout]                                at /rustc/a178d0322ce20e33eac124758e837cbd80a6f633/library/std/src/panicking.rs:365:19
[INFO] [stdout]   26:     0x55b612c31fbf - std::panic::catch_unwind::h554761f2abff35df
[INFO] [stdout]                                at /rustc/a178d0322ce20e33eac124758e837cbd80a6f633/library/std/src/panic.rs:434:14
[INFO] [stdout]   27:     0x55b612c76278 - test::run_test::run_test_inner::{{closure}}::h2bd7a1bae81df229
[INFO] [stdout]                                at /opt/rustwide/cargo-home/registry/src/github.com-1ecc6299db9ec823/tester-0.4.1/src/lib.rs:1435:26
[INFO] [stdout]   28:     0x55b612c53dee - core::ops::function::FnOnce::call_once::h7e4dd1ed23955696
[INFO] [stdout]                                at /rustc/a178d0322ce20e33eac124758e837cbd80a6f633/library/core/src/ops/function.rs:227:5
[INFO] [stdout]   29:     0x55b612c50d83 - std::sys_common::backtrace::__rust_begin_short_backtrace::h80d471128982fbcb
[INFO] [stdout]                                at /rustc/a178d0322ce20e33eac124758e837cbd80a6f633/library/std/src/sys_common/backtrace.rs:125:18
[INFO] [stdout]   30:     0x55b612c671cd - std::thread::Builder::spawn_unchecked::{{closure}}::{{closure}}::h3bfd143ecfca07cf
[INFO] [stdout]                                at /rustc/a178d0322ce20e33eac124758e837cbd80a6f633/library/std/src/thread/mod.rs:481:17
[INFO] [stdout]   31:     0x55b612c30a44 - <std::panic::AssertUnwindSafe<F> as core::ops::function::FnOnce<()>>::call_once::h8431211ecd4bc318
[INFO] [stdout]                                at /rustc/a178d0322ce20e33eac124758e837cbd80a6f633/library/std/src/panic.rs:347:9
[INFO] [stdout]   32:     0x55b612c880c2 - std::panicking::try::do_call::hcf9e60ae266ff104
[INFO] [stdout]                                at /rustc/a178d0322ce20e33eac124758e837cbd80a6f633/library/std/src/panicking.rs:401:40
[INFO] [stdout]   33:     0x55b612c8cf5d - __rust_try
[INFO] [stdout]   34:     0x55b612c87c47 - std::panicking::try::h69ad5f43cbd8bf2e
[INFO] [stdout]                                at /rustc/a178d0322ce20e33eac124758e837cbd80a6f633/library/std/src/panicking.rs:365:19
[INFO] [stdout]   35:     0x55b612c31f94 - std::panic::catch_unwind::h2b7ce0115a1bf7de
[INFO] [stdout]                                at /rustc/a178d0322ce20e33eac124758e837cbd80a6f633/library/std/src/panic.rs:434:14
[INFO] [stdout]   36:     0x55b612c66fd7 - std::thread::Builder::spawn_unchecked::{{closure}}::h3e4f256af8336ef8
[INFO] [stdout]                                at /rustc/a178d0322ce20e33eac124758e837cbd80a6f633/library/std/src/thread/mod.rs:480:30
[INFO] [stdout]   37:     0x55b612c53c9f - core::ops::function::FnOnce::call_once{{vtable.shim}}::hb83bb82de2b349f1
[INFO] [stdout]                                at /rustc/a178d0322ce20e33eac124758e837cbd80a6f633/library/core/src/ops/function.rs:227:5
[INFO] [stdout]   38:     0x55b612d001b7 - <alloc::boxed::Box<F,A> as core::ops::function::FnOnce<Args>>::call_once::h7ece6cfefaff1005
[INFO] [stdout]                                at /rustc/a178d0322ce20e33eac124758e837cbd80a6f633/library/alloc/src/boxed.rs:1575:9
[INFO] [stdout]   39:     0x55b612d001b7 - <alloc::boxed::Box<F,A> as core::ops::function::FnOnce<Args>>::call_once::hb8b48e55c21f193e
[INFO] [stdout]                                at /rustc/a178d0322ce20e33eac124758e837cbd80a6f633/library/alloc/src/boxed.rs:1575:9
[INFO] [stdout]   40:     0x55b612d001b7 - std::sys::unix::thread::Thread::new::thread_start::h8c7c4450dba62914
[INFO] [stdout]                                at /rustc/a178d0322ce20e33eac124758e837cbd80a6f633/library/std/src/sys/unix/thread.rs:71:17
[INFO] [stdout]   41:     0x7f504c969609 - start_thread
[INFO] [stdout]   42:     0x7f504c73b293 - clone
[INFO] [stdout]   43:                0x0 - <unknown>
[INFO] [stdout] 
[INFO] [stdout] error: tests/compile-fail/undefined-event.rs:16: unexpected error: '16:8: 16:18: no method named `transition` found for struct `Lock::Machine` in the current scope [E0599]'
[INFO] [stdout] 
[INFO] [stdout] error: tests/compile-fail/undefined-event.rs:16: expected error not found: no method named `transition` found for type `Lock::Machine<Lock::Locked, sm::NoneEvent>` in the current scope
[INFO] [stdout] 
[INFO] [stdout] error: 1 unexpected errors found, 1 expected errors not found
[INFO] [stdout] status: exit status: 1
[INFO] [stdout] command: "rustc" "tests/compile-fail/undefined-event.rs" "-L" "/tmp" "--target=x86_64-unknown-linux-gnu" "--error-format" "json" "-C" "prefer-dynamic" "-o" "/tmp/undefined-event.stage-id" "-L" "../target/debug" "-L" "../target/debug/deps" "-L" "/tmp/undefined-event.stage-id.aux" "-A" "unused"
[INFO] [stdout] unexpected errors (from JSON output): [
[INFO] [stdout]     Error {
[INFO] [stdout]         line_num: 16,
[INFO] [stdout]         kind: Some(
[INFO] [stdout]             Error,
[INFO] [stdout]         ),
[INFO] [stdout]         msg: "16:8: 16:18: no method named `transition` found for struct `Lock::Machine` in the current scope [E0599]",
[INFO] [stdout]     },
[INFO] [stdout] ]
[INFO] [stdout] 
[INFO] [stdout] not found errors (from test file): [
[INFO] [stdout]     Error {
[INFO] [stdout]         line_num: 16,
[INFO] [stdout]         kind: Some(
[INFO] [stdout]             Error,
[INFO] [stdout]         ),
[INFO] [stdout]         msg: "no method named `transition` found for type `Lock::Machine<Lock::Locked, sm::NoneEvent>` in the current scope",
[INFO] [stdout]     },
[INFO] [stdout] ]
[INFO] [stdout] 
[INFO] [stdout] thread '[compile-fail] compile-fail/undefined-event.rs' panicked at 'explicit panic', /opt/rustwide/cargo-home/registry/src/github.com-1ecc6299db9ec823/compiletest_rs-0.3.14/src/runtest.rs:1095:13
[INFO] [stdout] stack backtrace:
[INFO] [stdout]    0:     0x55b612cf7080 - std::backtrace_rs::backtrace::libunwind::trace::h34055254b57d8e79
[INFO] [stdout]                                at /rustc/a178d0322ce20e33eac124758e837cbd80a6f633/library/std/src/../../backtrace/src/backtrace/libunwind.rs:90:5
[INFO] [stdout]    1:     0x55b612cf7080 - std::backtrace_rs::backtrace::trace_unsynchronized::h8f1e3fbd9afff6ec
[INFO] [stdout]                                at /rustc/a178d0322ce20e33eac124758e837cbd80a6f633/library/std/src/../../backtrace/src/backtrace/mod.rs:66:5
[INFO] [stdout]    2:     0x55b612cf7080 - std::sys_common::backtrace::_print_fmt::h3a99a796b770c360
[INFO] [stdout]                                at /rustc/a178d0322ce20e33eac124758e837cbd80a6f633/library/std/src/sys_common/backtrace.rs:67:5
[INFO] [stdout]    3:     0x55b612cf7080 - <std::sys_common::backtrace::_print::DisplayBacktrace as core::fmt::Display>::fmt::h32d1f94a80615d18
[INFO] [stdout]                                at /rustc/a178d0322ce20e33eac124758e837cbd80a6f633/library/std/src/sys_common/backtrace.rs:46:22
[INFO] [stdout]    4:     0x55b612d1c05c - core::fmt::write::h306731c068f7162c
[INFO] [stdout]                                at /rustc/a178d0322ce20e33eac124758e837cbd80a6f633/library/core/src/fmt/mod.rs:1110:17
[INFO] [stdout]    5:     0x55b612cf3215 - std::io::Write::write_fmt::h87f19b0a2cd190bc
[INFO] [stdout]                                at /rustc/a178d0322ce20e33eac124758e837cbd80a6f633/library/std/src/io/mod.rs:1588:15
[INFO] [stdout]    6:     0x55b612cf9d8b - std::sys_common::backtrace::_print::h5abaa2601a852287
[INFO] [stdout]                                at /rustc/a178d0322ce20e33eac124758e837cbd80a6f633/library/std/src/sys_common/backtrace.rs:49:5
[INFO] [stdout]    7:     0x55b612cf9d8b - std::sys_common::backtrace::print::h8d81445442bb638f
[INFO] [stdout]                                at /rustc/a178d0322ce20e33eac124758e837cbd80a6f633/library/std/src/sys_common/backtrace.rs:36:9
[INFO] [stdout]    8:     0x55b612cf9d8b - std::panicking::default_hook::{{closure}}::hcfe804496a9fa747
[INFO] [stdout]                                at /rustc/a178d0322ce20e33eac124758e837cbd80a6f633/library/std/src/panicking.rs:208:50
[INFO] [stdout]    9:     0x55b612cf989c - std::panicking::default_hook::hbea8e3ccf2ba8901
[INFO] [stdout]                                at /rustc/a178d0322ce20e33eac124758e837cbd80a6f633/library/std/src/panicking.rs:222:9
[INFO] [stdout]   10:     0x55b612cfa454 - std::panicking::rust_panic_with_hook::h7ee9e1a2d0f8975a
[INFO] [stdout]                                at /rustc/a178d0322ce20e33eac124758e837cbd80a6f633/library/std/src/panicking.rs:622:17
[INFO] [stdout]   11:     0x55b612aa7793 - std::panicking::begin_panic::{{closure}}::h13545d0d2d23baa2
[INFO] [stdout]                                at /rustc/a178d0322ce20e33eac124758e837cbd80a6f633/library/std/src/panicking.rs:542:9
[INFO] [stdout]   12:     0x55b612aa7bc9 - std::sys_common::backtrace::__rust_end_short_backtrace::hf7a7989099647f85
[INFO] [stdout]                                at /rustc/a178d0322ce20e33eac124758e837cbd80a6f633/library/std/src/sys_common/backtrace.rs:141:18
[INFO] [stdout]   13:     0x55b612aa76c9 - std::panicking::begin_panic::h51bde57496218264
[INFO] [stdout]                                at /rustc/a178d0322ce20e33eac124758e837cbd80a6f633/library/std/src/panicking.rs:541:12
[INFO] [stdout]   14:     0x55b612a6a749 - compiletest_rs::runtest::TestCx::check_expected_errors::hd8a197cebd5bc3e9
[INFO] [stdout]                                at /opt/rustwide/cargo-home/registry/src/github.com-1ecc6299db9ec823/compiletest_rs-0.3.14/src/runtest.rs:1095:13
[INFO] [stdout]   15:     0x55b612a5e6b1 - compiletest_rs::runtest::TestCx::run_cfail_test::h4e764fe6c0cb061b
[INFO] [stdout]                                at /opt/rustwide/cargo-home/registry/src/github.com-1ecc6299db9ec823/compiletest_rs-0.3.14/src/runtest.rs:176:13
[INFO] [stdout]   16:     0x55b612a5e22e - compiletest_rs::runtest::TestCx::run_revision::h468a69204fa7011d
[INFO] [stdout]                                at /opt/rustwide/cargo-home/registry/src/github.com-1ecc6299db9ec823/compiletest_rs-0.3.14/src/runtest.rs:129:26
[INFO] [stdout]   17:     0x55b612a5deb3 - compiletest_rs::runtest::run::h8abb04229e4b0e0e
[INFO] [stdout]                                at /opt/rustwide/cargo-home/registry/src/github.com-1ecc6299db9ec823/compiletest_rs-0.3.14/src/runtest.rs:81:9
[INFO] [stdout]   18:     0x55b6129f06b2 - compiletest_rs::make_test_closure::{{closure}}::h13470ab17b35ed6d
[INFO] [stdout]                                at /opt/rustwide/cargo-home/registry/src/github.com-1ecc6299db9ec823/compiletest_rs-0.3.14/src/lib.rs:278:9
[INFO] [stdout]   19:     0x55b612c91b66 - <alloc::boxed::Box<F,A> as core::ops::function::FnMut<Args>>::call_mut::h5f154e27b476918c
[INFO] [stdout]                                at /rustc/a178d0322ce20e33eac124758e837cbd80a6f633/library/alloc/src/boxed.rs:1582:9
[INFO] [stdout]   20:     0x55b612c7621e - test::run_test::run_test_inner::{{closure}}::{{closure}}::h4936b979bd3eee65
[INFO] [stdout]                                at /opt/rustwide/cargo-home/registry/src/github.com-1ecc6299db9ec823/tester-0.4.1/src/lib.rs:1435:59
[INFO] [stdout]   21:     0x55b612c53f53 - core::ops::function::FnOnce::call_once::he6f2cb85a53050b7
[INFO] [stdout]                                at /rustc/a178d0322ce20e33eac124758e837cbd80a6f633/library/core/src/ops/function.rs:227:5
[INFO] [stdout]   22:     0x55b612c30a5f - <std::panic::AssertUnwindSafe<F> as core::ops::function::FnOnce<()>>::call_once::h93de3aef1e79f94d
[INFO] [stdout]                                at /rustc/a178d0322ce20e33eac124758e837cbd80a6f633/library/std/src/panic.rs:347:9
[INFO] [stdout]   23:     0x55b612c87efe - std::panicking::try::do_call::h11bbc97d97e2f24d
[INFO] [stdout]                                at /rustc/a178d0322ce20e33eac124758e837cbd80a6f633/library/std/src/panicking.rs:401:40
[INFO] [stdout]   24:     0x55b612c8cf5d - __rust_try
[INFO] [stdout]   25:     0x55b612c87d04 - std::panicking::try::h9baae645baf0a6da
[INFO] [stdout]                                at /rustc/a178d0322ce20e33eac124758e837cbd80a6f633/library/std/src/panicking.rs:365:19
[INFO] [stdout]   26:     0x55b612c31fbf - std::panic::catch_unwind::h554761f2abff35df
[INFO] [stdout]                                at /rustc/a178d0322ce20e33eac124758e837cbd80a6f633/library/std/src/panic.rs:434:14
[INFO] [stdout]   27:     0x55b612c76278 - test::run_test::run_test_inner::{{closure}}::h2bd7a1bae81df229
[INFO] [stdout]                                at /opt/rustwide/cargo-home/registry/src/github.com-1ecc6299db9ec823/tester-0.4.1/src/lib.rs:1435:26
[INFO] [stdout]   28:     0x55b612c53dee - core::ops::function::FnOnce::call_once::h7e4dd1ed23955696
[INFO] [stdout]                                at /rustc/a178d0322ce20e33eac124758e837cbd80a6f633/library/core/src/ops/function.rs:227:5
[INFO] [stdout]   29:     0x55b612c50d83 - std::sys_common::backtrace::__rust_begin_short_backtrace::h80d471128982fbcb
[INFO] [stdout]                                at /rustc/a178d0322ce20e33eac124758e837cbd80a6f633/library/std/src/sys_common/backtrace.rs:125:18
[INFO] [stdout]   30:     0x55b612c671cd - std::thread::Builder::spawn_unchecked::{{closure}}::{{closure}}::h3bfd143ecfca07cf
[INFO] [stdout]                                at /rustc/a178d0322ce20e33eac124758e837cbd80a6f633/library/std/src/thread/mod.rs:481:17
[INFO] [stdout]   31:     0x55b612c30a44 - <std::panic::AssertUnwindSafe<F> as core::ops::function::FnOnce<()>>::call_once::h8431211ecd4bc318
[INFO] [stdout]                                at /rustc/a178d0322ce20e33eac124758e837cbd80a6f633/library/std/src/panic.rs:347:9
[INFO] [stdout]   32:     0x55b612c880c2 - std::panicking::try::do_call::hcf9e60ae266ff104
[INFO] [stdout]                                at /rustc/a178d0322ce20e33eac124758e837cbd80a6f633/library/std/src/panicking.rs:401:40
[INFO] [stdout]   33:     0x55b612c8cf5d - __rust_try
[INFO] [stdout]   34:     0x55b612c87c47 - std::panicking::try::h69ad5f43cbd8bf2e
[INFO] [stdout]                                at /rustc/a178d0322ce20e33eac124758e837cbd80a6f633/library/std/src/panicking.rs:365:19
[INFO] [stdout]   35:     0x55b612c31f94 - std::panic::catch_unwind::h2b7ce0115a1bf7de
[INFO] [stdout]                                at /rustc/a178d0322ce20e33eac124758e837cbd80a6f633/library/std/src/panic.rs:434:14
[INFO] [stdout]   36:     0x55b612c66fd7 - std::thread::Builder::spawn_unchecked::{{closure}}::h3e4f256af8336ef8
[INFO] [stdout]                                at /rustc/a178d0322ce20e33eac124758e837cbd80a6f633/library/std/src/thread/mod.rs:480:30
[INFO] [stdout]   37:     0x55b612c53c9f - core::ops::function::FnOnce::call_once{{vtable.shim}}::hb83bb82de2b349f1
[INFO] [stdout]                                at /rustc/a178d0322ce20e33eac124758e837cbd80a6f633/library/core/src/ops/function.rs:227:5
[INFO] [stdout]   38:     0x55b612d001b7 - <alloc::boxed::Box<F,A> as core::ops::function::FnOnce<Args>>::call_once::h7ece6cfefaff1005
[INFO] [stdout]                                at /rustc/a178d0322ce20e33eac124758e837cbd80a6f633/library/alloc/src/boxed.rs:1575:9
[INFO] [stdout]   39:     0x55b612d001b7 - <alloc::boxed::Box<F,A> as core::ops::function::FnOnce<Args>>::call_once::hb8b48e55c21f193e
[INFO] [stdout]                                at /rustc/a178d0322ce20e33eac124758e837cbd80a6f633/library/alloc/src/boxed.rs:1575:9
[INFO] [stdout]   40:     0x55b612d001b7 - std::sys::unix::thread::Thread::new::thread_start::h8c7c4450dba62914
[INFO] [stdout]                                at /rustc/a178d0322ce20e33eac124758e837cbd80a6f633/library/std/src/sys/unix/thread.rs:71:17
[INFO] [stdout]   41:     0x7f504c969609 - start_thread
[INFO] [stdout]   42:     0x7f504c73b293 - clone
[INFO] [stdout]   43:                0x0 - <unknown>
[INFO] [stdout] thread 'compile_test' panicked at 'Some tests failed', /opt/rustwide/cargo-home/registry/src/github.com-1ecc6299db9ec823/compiletest_rs-0.3.14/src/lib.rs:90:22
[INFO] [stdout] stack backtrace:
[INFO] [stdout]    0:     0x55b612cf7080 - std::backtrace_rs::backtrace::libunwind::trace::h34055254b57d8e79
[INFO] [stdout]                                at /rustc/a178d0322ce20e33eac124758e837cbd80a6f633/library/std/src/../../backtrace/src/backtrace/libunwind.rs:90:5
[INFO] [stdout]    1:     0x55b612cf7080 - std::backtrace_rs::backtrace::trace_unsynchronized::h8f1e3fbd9afff6ec
[INFO] [stdout]                                at /rustc/a178d0322ce20e33eac124758e837cbd80a6f633/library/std/src/../../backtrace/src/backtrace/mod.rs:66:5
[INFO] [stdout]    2:     0x55b612cf7080 - std::sys_common::backtrace::_print_fmt::h3a99a796b770c360
[INFO] [stdout]                                at /rustc/a178d0322ce20e33eac124758e837cbd80a6f633/library/std/src/sys_common/backtrace.rs:67:5
[INFO] [stdout]    3:     0x55b612cf7080 - <std::sys_common::backtrace::_print::DisplayBacktrace as core::fmt::Display>::fmt::h32d1f94a80615d18
[INFO] [stdout]                                at /rustc/a178d0322ce20e33eac124758e837cbd80a6f633/library/std/src/sys_common/backtrace.rs:46:22
[INFO] [stdout]    4:     0x55b612d1c05c - core::fmt::write::h306731c068f7162c
[INFO] [stdout]                                at /rustc/a178d0322ce20e33eac124758e837cbd80a6f633/library/core/src/fmt/mod.rs:1110:17
[INFO] [stdout]    5:     0x55b612cf3215 - std::io::Write::write_fmt::h87f19b0a2cd190bc
[INFO] [stdout]                                at /rustc/a178d0322ce20e33eac124758e837cbd80a6f633/library/std/src/io/mod.rs:1588:15
[INFO] [stdout]    6:     0x55b612cf9d8b - std::sys_common::backtrace::_print::h5abaa2601a852287
[INFO] [stdout]                                at /rustc/a178d0322ce20e33eac124758e837cbd80a6f633/library/std/src/sys_common/backtrace.rs:49:5
[INFO] [stdout]    7:     0x55b612cf9d8b - std::sys_common::backtrace::print::h8d81445442bb638f
[INFO] [stdout]                                at /rustc/a178d0322ce20e33eac124758e837cbd80a6f633/library/std/src/sys_common/backtrace.rs:36:9
[INFO] [stdout]    8:     0x55b612cf9d8b - std::panicking::default_hook::{{closure}}::hcfe804496a9fa747
[INFO] [stdout]                                at /rustc/a178d0322ce20e33eac124758e837cbd80a6f633/library/std/src/panicking.rs:208:50
[INFO] [stdout]    9:     0x55b612cf989c - std::panicking::default_hook::hbea8e3ccf2ba8901
[INFO] [stdout]                                at /rustc/a178d0322ce20e33eac124758e837cbd80a6f633/library/std/src/panicking.rs:222:9
[INFO] [stdout]   10:     0x55b612cfa454 - std::panicking::rust_panic_with_hook::h7ee9e1a2d0f8975a
[INFO] [stdout]                                at /rustc/a178d0322ce20e33eac124758e837cbd80a6f633/library/std/src/panicking.rs:622:17
[INFO] [stdout]   11:     0x55b612aa7793 - std::panicking::begin_panic::{{closure}}::h13545d0d2d23baa2
[INFO] [stdout]                                at /rustc/a178d0322ce20e33eac124758e837cbd80a6f633/library/std/src/panicking.rs:542:9
[INFO] [stdout]   12:     0x55b612aa7bc9 - std::sys_common::backtrace::__rust_end_short_backtrace::hf7a7989099647f85
[INFO] [stdout]                                at /rustc/a178d0322ce20e33eac124758e837cbd80a6f633/library/std/src/sys_common/backtrace.rs:141:18
[INFO] [stdout]   13:     0x55b612aa76c9 - std::panicking::begin_panic::h51bde57496218264
[INFO] [stdout]                                at /rustc/a178d0322ce20e33eac124758e837cbd80a6f633/library/std/src/panicking.rs:541:12
[INFO] [stdout]   14:     0x55b6129ed5ca - compiletest_rs::run_tests::h1ba9f14d7972eaa0
[INFO] [stdout]                                at /opt/rustwide/cargo-home/registry/src/github.com-1ecc6299db9ec823/compiletest_rs-0.3.14/src/lib.rs:90:22
[INFO] [stdout]   15:     0x55b6129afd32 - tests::run_mode::h0ce162b128c20eae
[INFO] [stdout]                                at /opt/rustwide/workdir/tests/tests.rs:13:5
[INFO] [stdout]   16:     0x55b6129afd92 - tests::compile_test::h8dbdde8c01162872
[INFO] [stdout]                                at /opt/rustwide/workdir/tests/tests.rs:18:5
[INFO] [stdout]   17:     0x55b6129afd6a - tests::compile_test::{{closure}}::hc732d7dd2655efec
[INFO] [stdout]                                at /opt/rustwide/workdir/tests/tests.rs:17:1
[INFO] [stdout]   18:     0x55b6129af6ae - core::ops::function::FnOnce::call_once::h34ed4869ab4ec2d4
[INFO] [stdout]                                at /rustc/a178d0322ce20e33eac124758e837cbd80a6f633/library/core/src/ops/function.rs:227:5
[INFO] [stdout]   19:     0x55b6129d8013 - core::ops::function::FnOnce::call_once::h152e7e439ff59e19
[INFO] [stdout]                                at /rustc/a178d0322ce20e33eac124758e837cbd80a6f633/library/core/src/ops/function.rs:227:5
[INFO] [stdout]   20:     0x55b6129d8013 - test::__rust_begin_short_backtrace::h0908f3b1fdbb72ab
[INFO] [stdout]                                at /rustc/a178d0322ce20e33eac124758e837cbd80a6f633/library/test/src/lib.rs:577:5
[INFO] [stdout]   21:     0x55b6129d6ad0 - <alloc::boxed::Box<F,A> as core::ops::function::FnOnce<Args>>::call_once::hf6d2a51e5587546c
[INFO] [stdout]                                at /rustc/a178d0322ce20e33eac124758e837cbd80a6f633/library/alloc/src/boxed.rs:1575:9
[INFO] [stdout]   22:     0x55b6129d6ad0 - <std::panic::AssertUnwindSafe<F> as core::ops::function::FnOnce<()>>::call_once::h8af660f3a89ef593
[INFO] [stdout]                                at /rustc/a178d0322ce20e33eac124758e837cbd80a6f633/library/std/src/panic.rs:347:9
[INFO] [stdout]   23:     0x55b6129d6ad0 - std::panicking::try::do_call::hd36aef60f84b6d36
[INFO] [stdout]                                at /rustc/a178d0322ce20e33eac124758e837cbd80a6f633/library/std/src/panicking.rs:401:40
[INFO] [stdout]   24:     0x55b6129d6ad0 - std::panicking::try::h9932b4480e69817c
[INFO] [stdout]                                at /rustc/a178d0322ce20e33eac124758e837cbd80a6f633/library/std/src/panicking.rs:365:19
[INFO] [stdout]   25:     0x55b6129d6ad0 - std::panic::catch_unwind::h6aa177099cfff5f8
[INFO] [stdout]                                at /rustc/a178d0322ce20e33eac124758e837cbd80a6f633/library/std/src/panic.rs:434:14
[INFO] [stdout]   26:     0x55b6129d6ad0 - test::run_test_in_process::h5884d6f2d99e20c3
[INFO] [stdout]                                at /rustc/a178d0322ce20e33eac124758e837cbd80a6f633/library/test/src/lib.rs:600:18
[INFO] [stdout]   27:     0x55b6129d6ad0 - test::run_test::run_test_inner::{{closure}}::h6fdc58c6d5f5b6e3
[INFO] [stdout]                                at /rustc/a178d0322ce20e33eac124758e837cbd80a6f633/library/test/src/lib.rs:492:39
[INFO] [stdout]   28:     0x55b6129b0182 - test::run_test::run_test_inner::{{closure}}::h408365d67a78ade8
[INFO] [stdout]                                at /rustc/a178d0322ce20e33eac124758e837cbd80a6f633/library/test/src/lib.rs:519:37
[INFO] [stdout]   29:     0x55b6129b0182 - std::sys_common::backtrace::__rust_begin_short_backtrace::hb560b77c4f701523
[INFO] [stdout]                                at /rustc/a178d0322ce20e33eac124758e837cbd80a6f633/library/std/src/sys_common/backtrace.rs:125:18
[INFO] [stdout]   30:     0x55b6129b3d38 - std::thread::Builder::spawn_unchecked::{{closure}}::{{closure}}::hf2e7831dad93c597
[INFO] [stdout]                                at /rustc/a178d0322ce20e33eac124758e837cbd80a6f633/library/std/src/thread/mod.rs:481:17
[INFO] [stdout]   31:     0x55b6129b3d38 - <std::panic::AssertUnwindSafe<F> as core::ops::function::FnOnce<()>>::call_once::hd2e08783d8be4d02
[INFO] [stdout]                                at /rustc/a178d0322ce20e33eac124758e837cbd80a6f633/library/std/src/panic.rs:347:9
[INFO] [stdout]   32:     0x55b6129b3d38 - std::panicking::try::do_call::h062597b7acfd6b82
[INFO] [stdout]                                at /rustc/a178d0322ce20e33eac124758e837cbd80a6f633/library/std/src/panicking.rs:401:40
[INFO] [stdout]   33:     0x55b6129b3d38 - std::panicking::try::h0d7b79db04c14552
[INFO] [stdout]                                at /rustc/a178d0322ce20e33eac124758e837cbd80a6f633/library/std/src/panicking.rs:365:19
[INFO] [stdout]   34:     0x55b6129b3d38 - std::panic::catch_unwind::hb01a0b5e7c8cd43b
[INFO] [stdout]                                at /rustc/a178d0322ce20e33eac124758e837cbd80a6f633/library/std/src/panic.rs:434:14
[INFO] [stdout]   35:     0x55b6129b3d38 - std::thread::Builder::spawn_unchecked::{{closure}}::h5bde48cc887e0d1e
[INFO] [stdout]                                at /rustc/a178d0322ce20e33eac124758e837cbd80a6f633/library/std/src/thread/mod.rs:480:30
[INFO] [stdout]   36:     0x55b6129b3d38 - core::ops::function::FnOnce::call_once{{vtable.shim}}::h745ea30807a29e55
[INFO] [stdout]                                at /rustc/a178d0322ce20e33eac124758e837cbd80a6f633/library/core/src/ops/function.rs:227:5
[INFO] [stdout]   37:     0x55b612d001b7 - <alloc::boxed::Box<F,A> as core::ops::function::FnOnce<Args>>::call_once::h7ece6cfefaff1005
[INFO] [stdout]                                at /rustc/a178d0322ce20e33eac124758e837cbd80a6f633/library/alloc/src/boxed.rs:1575:9
[INFO] [stdout]   38:     0x55b612d001b7 - <alloc::boxed::Box<F,A> as core::ops::function::FnOnce<Args>>::call_once::hb8b48e55c21f193e
[INFO] [stdout]                                at /rustc/a178d0322ce20e33eac124758e837cbd80a6f633/library/alloc/src/boxed.rs:1575:9
[INFO] [stdout]   39:     0x55b612d001b7 - std::sys::unix::thread::Thread::new::thread_start::h8c7c4450dba62914
[INFO] [stdout]                                at /rustc/a178d0322ce20e33eac124758e837cbd80a6f633/library/std/src/sys/unix/thread.rs:71:17
[INFO] [stdout]   40:     0x7f504c969609 - start_thread
[INFO] [stdout]   41:     0x7f504c73b293 - clone
[INFO] [stdout]   42:                0x0 - <unknown>
[INFO] [stdout] 
[INFO] [stdout] 
[INFO] [stdout] failures:
[INFO] [stdout]     compile_test
[INFO] [stdout] 
[INFO] [stdout] test result: FAILED. 0 passed; 1 failed; 0 ignored; 0 measured; 0 filtered out; finished in 0.89s
[INFO] [stdout] 
[INFO] [stderr] error: test failed, to rerun pass '--test tests'
[INFO] running `Command { std: "docker" "inspect" "754aa8e224e2dee337e8ea59616f5503acc8ce158891b3027736274c34ebcc8d", kill_on_drop: false }`
[INFO] running `Command { std: "docker" "rm" "-f" "754aa8e224e2dee337e8ea59616f5503acc8ce158891b3027736274c34ebcc8d", kill_on_drop: false }`
[INFO] [stdout] 754aa8e224e2dee337e8ea59616f5503acc8ce158891b3027736274c34ebcc8d
