[INFO] fetching crate sloggers 2.0.1...
[INFO] testing sloggers-2.0.1 against beta-2021-08-01 for beta-1.55-1
[INFO] extracting crate sloggers 2.0.1 into /workspace/builds/worker-6/source
[INFO] validating manifest of crates.io crate sloggers 2.0.1 on toolchain beta-2021-08-01
[INFO] running `Command { std: "/workspace/cargo-home/bin/cargo" "+beta-2021-08-01" "metadata" "--manifest-path" "Cargo.toml" "--no-deps", kill_on_drop: false }`
[INFO] started tweaking crates.io crate sloggers 2.0.1
[INFO] finished tweaking crates.io crate sloggers 2.0.1
[INFO] tweaked toml for crates.io crate sloggers 2.0.1 written to /workspace/builds/worker-6/source/Cargo.toml
[INFO] crate crates.io crate sloggers 2.0.1 already has a lockfile, it will not be regenerated
[INFO] running `Command { std: "/workspace/cargo-home/bin/cargo" "+beta-2021-08-01" "fetch" "--manifest-path" "Cargo.toml", kill_on_drop: false }`
[INFO] [stderr]     Blocking waiting for file lock on package cache
[INFO] [stderr]     Blocking waiting for file lock on package cache
[INFO] [stderr]  Downloading crates ...
[INFO] [stderr]   Downloaded libflate_lz77 v1.1.0
[INFO] [stderr]   Downloaded libflate v1.1.0
[INFO] [stderr]   Downloaded rmp-serde v0.14.4
[INFO] [stderr]   Downloaded slog-kvfilter v0.7.0
[INFO] [stderr]   Downloaded serdeconv v0.4.0
[INFO] [stderr]   Downloaded slog-async v2.6.0
[INFO] running `Command { std: "docker" "create" "-v" "/var/lib/crater-agent-workspace/builds/worker-6/target:/opt/rustwide/target:rw,Z" "-v" "/var/lib/crater-agent-workspace/builds/worker-6/source:/opt/rustwide/workdir:ro,Z" "-v" "/var/lib/crater-agent-workspace/cargo-home:/opt/rustwide/cargo-home:ro,Z" "-v" "/var/lib/crater-agent-workspace/rustup-home:/opt/rustwide/rustup-home:ro,Z" "-e" "SOURCE_DIR=/opt/rustwide/workdir" "-e" "CARGO_TARGET_DIR=/opt/rustwide/target" "-e" "CARGO_HOME=/opt/rustwide/cargo-home" "-e" "RUSTUP_HOME=/opt/rustwide/rustup-home" "-w" "/opt/rustwide/workdir" "-m" "1610612736" "--user" "0:0" "--network" "none" "ghcr.io/rust-lang/crates-build-env/linux@sha256:34b6a614d2c27851fe6cbf88fbd1137609cefab8b10d0615aaeb6fd47975d74e" "/opt/rustwide/cargo-home/bin/cargo" "+beta-2021-08-01" "metadata" "--no-deps" "--format-version=1", kill_on_drop: false }`
[INFO] [stdout] c7234fd19214a78c0958b5028ec0e58c277542128da848b4b34e9cc7675c111b
[INFO] running `Command { std: "docker" "start" "-a" "c7234fd19214a78c0958b5028ec0e58c277542128da848b4b34e9cc7675c111b", kill_on_drop: false }`
[INFO] running `Command { std: "docker" "inspect" "c7234fd19214a78c0958b5028ec0e58c277542128da848b4b34e9cc7675c111b", kill_on_drop: false }`
[INFO] running `Command { std: "docker" "rm" "-f" "c7234fd19214a78c0958b5028ec0e58c277542128da848b4b34e9cc7675c111b", kill_on_drop: false }`
[INFO] [stdout] c7234fd19214a78c0958b5028ec0e58c277542128da848b4b34e9cc7675c111b
[INFO] running `Command { std: "docker" "create" "-v" "/var/lib/crater-agent-workspace/builds/worker-6/target:/opt/rustwide/target:rw,Z" "-v" "/var/lib/crater-agent-workspace/builds/worker-6/source:/opt/rustwide/workdir:ro,Z" "-v" "/var/lib/crater-agent-workspace/cargo-home:/opt/rustwide/cargo-home:ro,Z" "-v" "/var/lib/crater-agent-workspace/rustup-home:/opt/rustwide/rustup-home:ro,Z" "-e" "SOURCE_DIR=/opt/rustwide/workdir" "-e" "CARGO_TARGET_DIR=/opt/rustwide/target" "-e" "CARGO_INCREMENTAL=0" "-e" "RUST_BACKTRACE=full" "-e" "RUSTFLAGS=--cap-lints=warn" "-e" "CARGO_HOME=/opt/rustwide/cargo-home" "-e" "RUSTUP_HOME=/opt/rustwide/rustup-home" "-w" "/opt/rustwide/workdir" "-m" "1610612736" "--user" "0:0" "--network" "none" "ghcr.io/rust-lang/crates-build-env/linux@sha256:34b6a614d2c27851fe6cbf88fbd1137609cefab8b10d0615aaeb6fd47975d74e" "/opt/rustwide/cargo-home/bin/cargo" "+beta-2021-08-01" "build" "--frozen" "--message-format=json", kill_on_drop: false }`
[INFO] [stdout] 915a682d3d2942fb3f46c545c52b8502452b7cafc11e320fa0f3d0cbd7a167bb
[INFO] running `Command { std: "docker" "start" "-a" "915a682d3d2942fb3f46c545c52b8502452b7cafc11e320fa0f3d0cbd7a167bb", kill_on_drop: false }`
[INFO] [stderr]    Compiling libc v0.2.97
[INFO] [stderr]    Compiling slog v2.7.0
[INFO] [stderr]    Compiling syn v1.0.73
[INFO] [stderr]    Compiling rle-decode-fast v1.0.1
[INFO] [stderr]    Compiling take_mut v0.2.2
[INFO] [stderr]    Compiling libflate_lz77 v1.1.0
[INFO] [stderr]    Compiling libflate v1.1.0
[INFO] [stderr]    Compiling slog-scope v4.4.0
[INFO] [stderr]    Compiling slog-async v2.6.0
[INFO] [stderr]    Compiling slog-kvfilter v0.7.0
[INFO] [stderr]    Compiling slog-stdlog v4.1.0
[INFO] [stderr]    Compiling dirs-sys-next v0.1.2
[INFO] [stderr]    Compiling time v0.1.43
[INFO] [stderr]    Compiling atty v0.2.14
[INFO] [stderr]    Compiling dirs-next v2.0.0
[INFO] [stderr]    Compiling chrono v0.4.19
[INFO] [stderr]    Compiling term v0.7.0
[INFO] [stderr]    Compiling slog-term v2.8.0
[INFO] [stderr]    Compiling serde_derive v1.0.126
[INFO] [stderr]    Compiling trackable_derive v1.0.0
[INFO] [stderr]    Compiling trackable v1.2.0
[INFO] [stderr]    Compiling serde v1.0.126
[INFO] [stderr]    Compiling sloggers v2.0.1 (/opt/rustwide/workdir)
[INFO] [stderr]     Finished dev [unoptimized + debuginfo] target(s) in 26.23s
[INFO] running `Command { std: "docker" "inspect" "915a682d3d2942fb3f46c545c52b8502452b7cafc11e320fa0f3d0cbd7a167bb", kill_on_drop: false }`
[INFO] running `Command { std: "docker" "rm" "-f" "915a682d3d2942fb3f46c545c52b8502452b7cafc11e320fa0f3d0cbd7a167bb", kill_on_drop: false }`
[INFO] [stdout] 915a682d3d2942fb3f46c545c52b8502452b7cafc11e320fa0f3d0cbd7a167bb
[INFO] running `Command { std: "docker" "create" "-v" "/var/lib/crater-agent-workspace/builds/worker-6/target:/opt/rustwide/target:rw,Z" "-v" "/var/lib/crater-agent-workspace/builds/worker-6/source:/opt/rustwide/workdir:ro,Z" "-v" "/var/lib/crater-agent-workspace/cargo-home:/opt/rustwide/cargo-home:ro,Z" "-v" "/var/lib/crater-agent-workspace/rustup-home:/opt/rustwide/rustup-home:ro,Z" "-e" "SOURCE_DIR=/opt/rustwide/workdir" "-e" "CARGO_TARGET_DIR=/opt/rustwide/target" "-e" "CARGO_INCREMENTAL=0" "-e" "RUST_BACKTRACE=full" "-e" "RUSTFLAGS=--cap-lints=warn" "-e" "CARGO_HOME=/opt/rustwide/cargo-home" "-e" "RUSTUP_HOME=/opt/rustwide/rustup-home" "-w" "/opt/rustwide/workdir" "-m" "1610612736" "--user" "0:0" "--network" "none" "ghcr.io/rust-lang/crates-build-env/linux@sha256:34b6a614d2c27851fe6cbf88fbd1137609cefab8b10d0615aaeb6fd47975d74e" "/opt/rustwide/cargo-home/bin/cargo" "+beta-2021-08-01" "test" "--frozen" "--no-run" "--message-format=json", kill_on_drop: false }`
[INFO] [stdout] 5d36600bec997a6d582034a0553476e26bc318b36d9900211c553b5007fe1fd1
[INFO] running `Command { std: "docker" "start" "-a" "5d36600bec997a6d582034a0553476e26bc318b36d9900211c553b5007fe1fd1", kill_on_drop: false }`
[INFO] [stderr]    Compiling getrandom v0.2.3
[INFO] [stderr]    Compiling clap v2.33.3
[INFO] [stderr]    Compiling rmp-serde v0.14.4
[INFO] [stderr]    Compiling toml v0.5.8
[INFO] [stderr]    Compiling serde_json v1.0.64
[INFO] [stderr]    Compiling rand_core v0.6.3
[INFO] [stderr]    Compiling rand_chacha v0.3.1
[INFO] [stderr]    Compiling rand v0.8.4
[INFO] [stderr]    Compiling serdeconv v0.4.0
[INFO] [stderr]    Compiling tempfile v3.2.0
[INFO] [stderr]    Compiling sloggers v2.0.1 (/opt/rustwide/workdir)
[INFO] [stderr]     Finished test [unoptimized + debuginfo] target(s) in 16.05s
[INFO] running `Command { std: "docker" "inspect" "5d36600bec997a6d582034a0553476e26bc318b36d9900211c553b5007fe1fd1", kill_on_drop: false }`
[INFO] running `Command { std: "docker" "rm" "-f" "5d36600bec997a6d582034a0553476e26bc318b36d9900211c553b5007fe1fd1", kill_on_drop: false }`
[INFO] [stdout] 5d36600bec997a6d582034a0553476e26bc318b36d9900211c553b5007fe1fd1
[INFO] running `Command { std: "docker" "create" "-v" "/var/lib/crater-agent-workspace/builds/worker-6/target:/opt/rustwide/target:rw,Z" "-v" "/var/lib/crater-agent-workspace/builds/worker-6/source:/opt/rustwide/workdir:ro,Z" "-v" "/var/lib/crater-agent-workspace/cargo-home:/opt/rustwide/cargo-home:ro,Z" "-v" "/var/lib/crater-agent-workspace/rustup-home:/opt/rustwide/rustup-home:ro,Z" "-e" "SOURCE_DIR=/opt/rustwide/workdir" "-e" "CARGO_TARGET_DIR=/opt/rustwide/target" "-e" "CARGO_INCREMENTAL=0" "-e" "RUST_BACKTRACE=full" "-e" "RUSTFLAGS=--cap-lints=warn" "-e" "CARGO_HOME=/opt/rustwide/cargo-home" "-e" "RUSTUP_HOME=/opt/rustwide/rustup-home" "-w" "/opt/rustwide/workdir" "-m" "1610612736" "--user" "0:0" "--network" "none" "ghcr.io/rust-lang/crates-build-env/linux@sha256:34b6a614d2c27851fe6cbf88fbd1137609cefab8b10d0615aaeb6fd47975d74e" "/opt/rustwide/cargo-home/bin/cargo" "+beta-2021-08-01" "test" "--frozen", kill_on_drop: false }`
[INFO] [stdout] 54f15f1199f003268889416d6187091ff02b528c939204c3f3281842fdb4d749
[INFO] running `Command { std: "docker" "start" "-a" "54f15f1199f003268889416d6187091ff02b528c939204c3f3281842fdb4d749", kill_on_drop: false }`
[INFO] [stdout] 
[INFO] [stderr]     Finished test [unoptimized + debuginfo] target(s) in 0.05s
[INFO] [stdout] running 8 tests
[INFO] [stderr]      Running unittests (/opt/rustwide/target/debug/deps/sloggers-cb6260dad3946b88)
[INFO] [stdout] test syslog::facility::test_facility_from_str ... ok
[INFO] [stdout] test syslog::format::test_default_msg_format ... ok
[INFO] [stdout] test syslog::format::test_rfc_5424_like_value_escaper ... ok
[INFO] [stdout] test syslog::tests::test_log ... ok
[INFO] [stdout] test file::tests::test_path_template_to_path ... ok
[INFO] [stdout] test file::tests::file_gzip_rotation_works ... ok
[INFO] [stdout] test file::tests::file_rotation_works ... ok
[INFO] [stderr]    Doc-tests sloggers
[INFO] [stdout] test file::tests::test_reopen_if_needed ... ok
[INFO] [stdout] 
[INFO] [stdout] test result: ok. 8 passed; 0 failed; 0 ignored; 0 measured; 0 filtered out; finished in 1.21s
[INFO] [stdout] 
[INFO] [stdout] 
[INFO] [stdout] running 21 tests
[INFO] [stdout] test src/types.rs - types::KVFilterParameters (line 102) - compile fail ... ok
[INFO] [stdout] test src/config.rs - config::LoggerConfig (line 35) ... FAILED
[INFO] [stdout] test src/config.rs - config::LoggerConfig (line 49) ... FAILED
[INFO] [stdout] test src/config.rs - config::LoggerConfig (line 80) ... FAILED
[INFO] [stderr] error: test failed, to rerun pass '--doc'
[INFO] [stderr] 
[INFO] [stderr] Caused by:
[INFO] [stderr]   process didn't exit successfully: `rustdoc --edition=2018 --crate-type lib --crate-name sloggers --test /opt/rustwide/workdir/src/lib.rs -L dependency=/opt/rustwide/target/debug/deps -L dependency=/opt/rustwide/target/debug/deps --extern chrono=/opt/rustwide/target/debug/deps/libchrono-4c476268880f16ca.rlib --extern clap=/opt/rustwide/target/debug/deps/libclap-e43b5d7e466912e5.rlib --extern libc=/opt/rustwide/target/debug/deps/liblibc-6ec214199c1da149.rlib --extern libflate=/opt/rustwide/target/debug/deps/liblibflate-98316f10059971c1.rlib --extern once_cell=/opt/rustwide/target/debug/deps/libonce_cell-9cf59def09207496.rlib --extern regex=/opt/rustwide/target/debug/deps/libregex-a3872ea1c1199fca.rlib --extern serde=/opt/rustwide/target/debug/deps/libserde-12c1e06abdc73d9f.rlib --extern serdeconv=/opt/rustwide/target/debug/deps/libserdeconv-fe63e02441fb7c9d.rlib --extern slog=/opt/rustwide/target/debug/deps/libslog-19257c9839b860aa.rlib --extern slog_async=/opt/rustwide/target/debug/deps/libslog_async-341e10034dc72a46.rlib --extern slog_kvfilter=/opt/rustwide/target/debug/deps/libslog_kvfilter-b769a72699a0cec6.rlib --extern slog_scope=/opt/rustwide/target/debug/deps/libslog_scope-3af3d1601f2fe575.rlib --extern slog_stdlog=/opt/rustwide/target/debug/deps/libslog_stdlog-b9b58167ecc521e4.rlib --extern slog_term=/opt/rustwide/target/debug/deps/libslog_term-7706808eca9a1239.rlib --extern sloggers=/opt/rustwide/target/debug/deps/libsloggers-d67ff6852049960a.rlib --extern tempfile=/opt/rustwide/target/debug/deps/libtempfile-8a6d189580657edf.rlib --extern trackable=/opt/rustwide/target/debug/deps/libtrackable-7102aef38911d952.rlib -C embed-bitcode=no --cfg 'feature="default"' --cfg 'feature="libflate"' --cfg 'feature="slog-kvfilter"' --error-format human` (signal: 9, SIGKILL: kill)
[INFO] running `Command { std: "docker" "inspect" "54f15f1199f003268889416d6187091ff02b528c939204c3f3281842fdb4d749", kill_on_drop: false }`
[INFO] running `Command { std: "docker" "rm" "-f" "54f15f1199f003268889416d6187091ff02b528c939204c3f3281842fdb4d749", kill_on_drop: false }`
[INFO] [stdout] 54f15f1199f003268889416d6187091ff02b528c939204c3f3281842fdb4d749
