[INFO] fetching crate sled-extensions 0.2.0...
[INFO] testing sled-extensions-0.2.0 against beta-2021-08-01 for beta-1.55-1
[INFO] extracting crate sled-extensions 0.2.0 into /workspace/builds/worker-0/source
[INFO] validating manifest of crates.io crate sled-extensions 0.2.0 on toolchain beta-2021-08-01
[INFO] running `Command { std: "/workspace/cargo-home/bin/cargo" "+beta-2021-08-01" "metadata" "--manifest-path" "Cargo.toml" "--no-deps", kill_on_drop: false }`
[INFO] started tweaking crates.io crate sled-extensions 0.2.0
[INFO] finished tweaking crates.io crate sled-extensions 0.2.0
[INFO] tweaked toml for crates.io crate sled-extensions 0.2.0 written to /workspace/builds/worker-0/source/Cargo.toml
[INFO] running `Command { std: "/workspace/cargo-home/bin/cargo" "+beta-2021-08-01" "generate-lockfile" "--manifest-path" "Cargo.toml" "-Zno-index-update", kill_on_drop: false }`
[INFO] [stderr]     Blocking waiting for file lock on package cache
[INFO] running `Command { std: "/workspace/cargo-home/bin/cargo" "+beta-2021-08-01" "fetch" "--manifest-path" "Cargo.toml", kill_on_drop: false }`
[INFO] [stderr]     Blocking waiting for file lock on package cache
[INFO] [stderr]     Blocking waiting for file lock on package cache
[INFO] [stderr]  Downloading crates ...
[INFO] [stderr]   Downloaded serde_cbor v0.10.2
[INFO] [stderr]   Downloaded sled v0.29.2
[INFO] running `Command { std: "docker" "create" "-v" "/var/lib/crater-agent-workspace/builds/worker-0/target:/opt/rustwide/target:rw,Z" "-v" "/var/lib/crater-agent-workspace/builds/worker-0/source:/opt/rustwide/workdir:ro,Z" "-v" "/var/lib/crater-agent-workspace/cargo-home:/opt/rustwide/cargo-home:ro,Z" "-v" "/var/lib/crater-agent-workspace/rustup-home:/opt/rustwide/rustup-home:ro,Z" "-e" "SOURCE_DIR=/opt/rustwide/workdir" "-e" "CARGO_TARGET_DIR=/opt/rustwide/target" "-e" "CARGO_HOME=/opt/rustwide/cargo-home" "-e" "RUSTUP_HOME=/opt/rustwide/rustup-home" "-w" "/opt/rustwide/workdir" "-m" "1610612736" "--user" "0:0" "--network" "none" "ghcr.io/rust-lang/crates-build-env/linux@sha256:34b6a614d2c27851fe6cbf88fbd1137609cefab8b10d0615aaeb6fd47975d74e" "/opt/rustwide/cargo-home/bin/cargo" "+beta-2021-08-01" "metadata" "--no-deps" "--format-version=1", kill_on_drop: false }`
[INFO] [stdout] c82305d89051ce9fbd0c4573efb8b1a206d269c42a177e706aa21409a5392f3f
[INFO] running `Command { std: "docker" "start" "-a" "c82305d89051ce9fbd0c4573efb8b1a206d269c42a177e706aa21409a5392f3f", kill_on_drop: false }`
[INFO] running `Command { std: "docker" "inspect" "c82305d89051ce9fbd0c4573efb8b1a206d269c42a177e706aa21409a5392f3f", kill_on_drop: false }`
[INFO] running `Command { std: "docker" "rm" "-f" "c82305d89051ce9fbd0c4573efb8b1a206d269c42a177e706aa21409a5392f3f", kill_on_drop: false }`
[INFO] [stdout] c82305d89051ce9fbd0c4573efb8b1a206d269c42a177e706aa21409a5392f3f
[INFO] running `Command { std: "docker" "create" "-v" "/var/lib/crater-agent-workspace/builds/worker-0/target:/opt/rustwide/target:rw,Z" "-v" "/var/lib/crater-agent-workspace/builds/worker-0/source:/opt/rustwide/workdir:ro,Z" "-v" "/var/lib/crater-agent-workspace/cargo-home:/opt/rustwide/cargo-home:ro,Z" "-v" "/var/lib/crater-agent-workspace/rustup-home:/opt/rustwide/rustup-home:ro,Z" "-e" "SOURCE_DIR=/opt/rustwide/workdir" "-e" "CARGO_TARGET_DIR=/opt/rustwide/target" "-e" "CARGO_INCREMENTAL=0" "-e" "RUST_BACKTRACE=full" "-e" "RUSTFLAGS=--cap-lints=warn" "-e" "CARGO_HOME=/opt/rustwide/cargo-home" "-e" "RUSTUP_HOME=/opt/rustwide/rustup-home" "-w" "/opt/rustwide/workdir" "-m" "1610612736" "--user" "0:0" "--network" "none" "ghcr.io/rust-lang/crates-build-env/linux@sha256:34b6a614d2c27851fe6cbf88fbd1137609cefab8b10d0615aaeb6fd47975d74e" "/opt/rustwide/cargo-home/bin/cargo" "+beta-2021-08-01" "build" "--frozen" "--message-format=json", kill_on_drop: false }`
[INFO] [stdout] c2a447ce8662d8770fbe94ed2066426ae02c079f4df4a01bfafc0f94c62d96b0
[INFO] running `Command { std: "docker" "start" "-a" "c2a447ce8662d8770fbe94ed2066426ae02c079f4df4a01bfafc0f94c62d96b0", kill_on_drop: false }`
[INFO] [stderr]    Compiling semver-parser v0.7.0
[INFO] [stderr]    Compiling syn v1.0.74
[INFO] [stderr]    Compiling maybe-uninit v2.0.0
[INFO] [stderr]    Compiling arrayvec v0.4.12
[INFO] [stderr]    Compiling nodrop v0.1.14
[INFO] [stderr]    Compiling crc32fast v1.2.1
[INFO] [stderr]    Compiling log v0.4.14
[INFO] [stderr]    Compiling byteorder v1.4.3
[INFO] [stderr]    Compiling num-traits v0.2.14
[INFO] [stderr]    Compiling memoffset v0.5.6
[INFO] [stderr]    Compiling num-integer v0.1.44
[INFO] [stderr]    Compiling crossbeam-utils v0.6.6
[INFO] [stderr]    Compiling fs2 v0.4.3
[INFO] [stderr]    Compiling time v0.1.44
[INFO] [stderr]    Compiling semver v0.9.0
[INFO] [stderr]    Compiling crossbeam-channel v0.3.9
[INFO] [stderr]    Compiling fxhash v0.2.1
[INFO] [stderr]    Compiling rustc_version v0.2.3
[INFO] [stderr]    Compiling smallvec v0.6.14
[INFO] [stderr]    Compiling crossbeam-epoch v0.7.2
[INFO] [stderr]    Compiling parking_lot_core v0.6.2
[INFO] [stderr]    Compiling parking_lot v0.9.0
[INFO] [stderr]    Compiling serde_derive v1.0.127
[INFO] [stderr]    Compiling serde v1.0.127
[INFO] [stderr]    Compiling serde_bytes v0.11.5
[INFO] [stderr]    Compiling bincode v1.3.3
[INFO] [stderr]    Compiling chrono v0.4.19
[INFO] [stderr]    Compiling sled v0.29.2
[INFO] [stderr]    Compiling sled-extensions v0.2.0 (/opt/rustwide/workdir)
[INFO] [stdout] warning: use of deprecated associated function `std::error::Error::description`: use the Display impl or to_string()
[INFO] [stdout]    --> src/error.rs:117:39
[INFO] [stdout]     |
[INFO] [stdout] 117 |             Error::Custom(ref e) => e.description(),
[INFO] [stdout]     |                                       ^^^^^^^^^^^
[INFO] [stdout]     |
[INFO] [stdout]     = note: `#[warn(deprecated)]` on by default
[INFO] [stdout] 
[INFO] [stdout] 
[INFO] [stdout] warning: use of deprecated associated function `std::error::Error::description`: use the Display impl or to_string()
[INFO] [stdout]    --> src/error.rs:118:37
[INFO] [stdout]     |
[INFO] [stdout] 118 |             Error::Sled(ref e) => e.description(),
[INFO] [stdout]     |                                     ^^^^^^^^^^^
[INFO] [stdout] 
[INFO] [stdout] 
[INFO] [stdout] warning: 2 warnings emitted
[INFO] [stdout] 
[INFO] [stdout] 
[INFO] [stderr]     Finished dev [unoptimized + debuginfo] target(s) in 30.75s
[INFO] running `Command { std: "docker" "inspect" "c2a447ce8662d8770fbe94ed2066426ae02c079f4df4a01bfafc0f94c62d96b0", kill_on_drop: false }`
[INFO] running `Command { std: "docker" "rm" "-f" "c2a447ce8662d8770fbe94ed2066426ae02c079f4df4a01bfafc0f94c62d96b0", kill_on_drop: false }`
[INFO] [stdout] c2a447ce8662d8770fbe94ed2066426ae02c079f4df4a01bfafc0f94c62d96b0
[INFO] running `Command { std: "docker" "create" "-v" "/var/lib/crater-agent-workspace/builds/worker-0/target:/opt/rustwide/target:rw,Z" "-v" "/var/lib/crater-agent-workspace/builds/worker-0/source:/opt/rustwide/workdir:ro,Z" "-v" "/var/lib/crater-agent-workspace/cargo-home:/opt/rustwide/cargo-home:ro,Z" "-v" "/var/lib/crater-agent-workspace/rustup-home:/opt/rustwide/rustup-home:ro,Z" "-e" "SOURCE_DIR=/opt/rustwide/workdir" "-e" "CARGO_TARGET_DIR=/opt/rustwide/target" "-e" "CARGO_INCREMENTAL=0" "-e" "RUST_BACKTRACE=full" "-e" "RUSTFLAGS=--cap-lints=warn" "-e" "CARGO_HOME=/opt/rustwide/cargo-home" "-e" "RUSTUP_HOME=/opt/rustwide/rustup-home" "-w" "/opt/rustwide/workdir" "-m" "1610612736" "--user" "0:0" "--network" "none" "ghcr.io/rust-lang/crates-build-env/linux@sha256:34b6a614d2c27851fe6cbf88fbd1137609cefab8b10d0615aaeb6fd47975d74e" "/opt/rustwide/cargo-home/bin/cargo" "+beta-2021-08-01" "test" "--frozen" "--no-run" "--message-format=json", kill_on_drop: false }`
[INFO] [stdout] ba1727289855fff991a0ba4f8dd73d693189d8200e43d85b2781c8ff7ccc626d
[INFO] running `Command { std: "docker" "start" "-a" "ba1727289855fff991a0ba4f8dd73d693189d8200e43d85b2781c8ff7ccc626d", kill_on_drop: false }`
[INFO] [stderr]     Blocking waiting for file lock on package cache
[INFO] [stderr]    Compiling sled-extensions v0.2.0 (/opt/rustwide/workdir)
[INFO] [stdout] warning: use of deprecated associated function `std::error::Error::description`: use the Display impl or to_string()
[INFO] [stdout]    --> src/error.rs:117:39
[INFO] [stdout]     |
[INFO] [stdout] 117 |             Error::Custom(ref e) => e.description(),
[INFO] [stdout]     |                                       ^^^^^^^^^^^
[INFO] [stdout]     |
[INFO] [stdout]     = note: `#[warn(deprecated)]` on by default
[INFO] [stdout] 
[INFO] [stdout] 
[INFO] [stdout] warning: use of deprecated associated function `std::error::Error::description`: use the Display impl or to_string()
[INFO] [stdout]    --> src/error.rs:118:37
[INFO] [stdout]     |
[INFO] [stdout] 118 |             Error::Sled(ref e) => e.description(),
[INFO] [stdout]     |                                     ^^^^^^^^^^^
[INFO] [stdout] 
[INFO] [stdout] 
[INFO] [stdout] warning: 2 warnings emitted
[INFO] [stdout] 
[INFO] [stdout] 
[INFO] [stdout] warning: use of deprecated associated function `std::error::Error::description`: use the Display impl or to_string()
[INFO] [stdout]    --> src/error.rs:117:39
[INFO] [stdout]     |
[INFO] [stdout] 117 |             Error::Custom(ref e) => e.description(),
[INFO] [stdout]     |                                       ^^^^^^^^^^^
[INFO] [stdout]     |
[INFO] [stdout]     = note: `#[warn(deprecated)]` on by default
[INFO] [stdout] 
[INFO] [stdout] 
[INFO] [stdout] warning: use of deprecated associated function `std::error::Error::description`: use the Display impl or to_string()
[INFO] [stdout]    --> src/error.rs:118:37
[INFO] [stdout]     |
[INFO] [stdout] 118 |             Error::Sled(ref e) => e.description(),
[INFO] [stdout]     |                                     ^^^^^^^^^^^
[INFO] [stdout] 
[INFO] [stdout] 
[INFO] [stdout] warning: 2 warnings emitted
[INFO] [stdout] 
[INFO] [stdout] 
[INFO] [stderr]     Finished test [unoptimized + debuginfo] target(s) in 2.23s
[INFO] running `Command { std: "docker" "inspect" "ba1727289855fff991a0ba4f8dd73d693189d8200e43d85b2781c8ff7ccc626d", kill_on_drop: false }`
[INFO] running `Command { std: "docker" "rm" "-f" "ba1727289855fff991a0ba4f8dd73d693189d8200e43d85b2781c8ff7ccc626d", kill_on_drop: false }`
[INFO] [stdout] ba1727289855fff991a0ba4f8dd73d693189d8200e43d85b2781c8ff7ccc626d
[INFO] running `Command { std: "docker" "create" "-v" "/var/lib/crater-agent-workspace/builds/worker-0/target:/opt/rustwide/target:rw,Z" "-v" "/var/lib/crater-agent-workspace/builds/worker-0/source:/opt/rustwide/workdir:ro,Z" "-v" "/var/lib/crater-agent-workspace/cargo-home:/opt/rustwide/cargo-home:ro,Z" "-v" "/var/lib/crater-agent-workspace/rustup-home:/opt/rustwide/rustup-home:ro,Z" "-e" "SOURCE_DIR=/opt/rustwide/workdir" "-e" "CARGO_TARGET_DIR=/opt/rustwide/target" "-e" "CARGO_INCREMENTAL=0" "-e" "RUST_BACKTRACE=full" "-e" "RUSTFLAGS=--cap-lints=warn" "-e" "CARGO_HOME=/opt/rustwide/cargo-home" "-e" "RUSTUP_HOME=/opt/rustwide/rustup-home" "-w" "/opt/rustwide/workdir" "-m" "1610612736" "--user" "0:0" "--network" "none" "ghcr.io/rust-lang/crates-build-env/linux@sha256:34b6a614d2c27851fe6cbf88fbd1137609cefab8b10d0615aaeb6fd47975d74e" "/opt/rustwide/cargo-home/bin/cargo" "+beta-2021-08-01" "test" "--frozen", kill_on_drop: false }`
[INFO] [stdout] 073a06565811b6ec358a27f00c5281214be542d93c7ea2078f84c23fb7b3e221
[INFO] running `Command { std: "docker" "start" "-a" "073a06565811b6ec358a27f00c5281214be542d93c7ea2078f84c23fb7b3e221", kill_on_drop: false }`
[INFO] [stderr]     Blocking waiting for file lock on package cache
[INFO] [stderr] warning: use of deprecated associated function `std::error::Error::description`: use the Display impl or to_string()
[INFO] [stderr]    --> src/error.rs:117:39
[INFO] [stderr]     |
[INFO] [stderr] 117 |             Error::Custom(ref e) => e.description(),
[INFO] [stderr]     |                                       ^^^^^^^^^^^
[INFO] [stderr]     |
[INFO] [stderr]     = note: `#[warn(deprecated)]` on by default
[INFO] [stderr] 
[INFO] [stderr] warning: use of deprecated associated function `std::error::Error::description`: use the Display impl or to_string()
[INFO] [stderr]    --> src/error.rs:118:37
[INFO] [stderr]     |
[INFO] [stderr] 118 |             Error::Sled(ref e) => e.description(),
[INFO] [stderr]     |                                     ^^^^^^^^^^^
[INFO] [stderr] 
[INFO] [stderr] warning: `sled-extensions` (lib) generated 2 warnings
[INFO] [stderr] warning: `sled-extensions` (lib test) generated 2 warnings (2 duplicates)
[INFO] [stderr]     Finished test [unoptimized + debuginfo] target(s) in 0.75s
[INFO] [stderr]      Running unittests (/opt/rustwide/target/debug/deps/sled_extensions-8d6c4df4125be16e)
[INFO] [stdout] 
[INFO] [stdout] running 0 tests
[INFO] [stdout] 
[INFO] [stdout] test result: ok. 0 passed; 0 failed; 0 ignored; 0 measured; 0 filtered out; finished in 0.00s
[INFO] [stdout] 
[INFO] [stderr]    Doc-tests sled-extensions
[INFO] [stdout] 
[INFO] [stdout] running 4 tests
[INFO] [stdout] test src/db.rs - db::DbExt::open_structured_tree (line 53) ... FAILED
[INFO] [stdout] test src/db.rs - db::DbExt::open_expiring_tree (line 29) ... FAILED
[INFO] [stdout] test src/db.rs - db::DbExt (line 12) ... FAILED
[INFO] [stdout] test src/lib.rs - (line 11) ... FAILED
[INFO] [stdout] 
[INFO] [stdout] failures:
[INFO] [stdout] 
[INFO] [stdout] ---- src/db.rs - db::DbExt::open_structured_tree (line 53) stdout ----
[INFO] [stdout] error[E0432]: unresolved imports `sled_extensions::bincode`, `sled_extensions::cbor`, `sled_extensions::json`
[INFO] [stdout]  --> src/db.rs:54:38
[INFO] [stdout]   |
[INFO] [stdout] 3 | use sled_extensions::{Config, DbExt, bincode, cbor, json};
[INFO] [stdout]   |                                      ^^^^^^^  ^^^^  ^^^^ no `json` in the root
[INFO] [stdout]   |                                      |        |
[INFO] [stdout]   |                                      |        no `cbor` in the root
[INFO] [stdout]   |                                      no `bincode` in the root
[INFO] [stdout] 
[INFO] [stdout] error: aborting due to previous error
[INFO] [stdout] 
[INFO] [stdout] For more information about this error, try `rustc --explain E0432`.
[INFO] [stdout] Couldn't compile the test.
[INFO] [stdout] ---- src/db.rs - db::DbExt::open_expiring_tree (line 29) stdout ----
[INFO] [stdout] error[E0432]: unresolved imports `sled_extensions::bincode`, `sled_extensions::cbor`, `sled_extensions::json`
[INFO] [stdout]  --> src/db.rs:30:38
[INFO] [stdout]   |
[INFO] [stdout] 3 | use sled_extensions::{Config, DbExt, bincode, cbor, json};
[INFO] [stdout]   |                                      ^^^^^^^  ^^^^  ^^^^ no `json` in the root
[INFO] [stdout]   |                                      |        |
[INFO] [stdout]   |                                      |        no `cbor` in the root
[INFO] [stdout]   |                                      no `bincode` in the root
[INFO] [stdout] 
[INFO] [stdout] error: aborting due to previous error
[INFO] [stdout] 
[INFO] [stdout] For more information about this error, try `rustc --explain E0432`.
[INFO] [stdout] Couldn't compile the test.
[INFO] [stdout] ---- src/db.rs - db::DbExt (line 12) stdout ----
[INFO] [stdout] error[E0599]: no method named `open_json_tree` found for struct `Db` in the current scope
[INFO] [stdout]  --> src/db.rs:17:15
[INFO] [stdout]   |
[INFO] [stdout] 7 | let tree = db.open_json_tree::<()>("json-tree")?;
[INFO] [stdout]   |               ^^^^^^^^^^^^^^ method not found in `Db`
[INFO] [stdout] 
[INFO] [stdout] error: aborting due to previous error
[INFO] [stdout] 
[INFO] [stdout] For more information about this error, try `rustc --explain E0599`.
[INFO] [stdout] Couldn't compile the test.
[INFO] [stdout] ---- src/lib.rs - (line 11) stdout ----
[INFO] [stdout] error[E0599]: no method named `open_json_tree` found for struct `Db` in the current scope
[INFO] [stdout]  --> src/lib.rs:16:15
[INFO] [stdout]   |
[INFO] [stdout] 7 | let tree = db.open_json_tree::<usize>("json-tree")?;
[INFO] [stdout]   |               ^^^^^^^^^^^^^^ method not found in `Db`
[INFO] [stdout] 
[INFO] [stdout] error: aborting due to previous error
[INFO] [stdout] 
[INFO] [stdout] For more information about this error, try `rustc --explain E0599`.
[INFO] [stdout] Couldn't compile the test.
[INFO] [stdout] 
[INFO] [stdout] failures:
[INFO] [stdout]     src/db.rs - db::DbExt (line 12)
[INFO] [stdout]     src/db.rs - db::DbExt::open_expiring_tree (line 29)
[INFO] [stdout]     src/db.rs - db::DbExt::open_structured_tree (line 53)
[INFO] [stdout]     src/lib.rs - (line 11)
[INFO] [stdout] 
[INFO] [stdout] test result: FAILED. 0 passed; 4 failed; 0 ignored; 0 measured; 0 filtered out; finished in 0.46s
[INFO] [stdout] 
[INFO] [stderr] error: test failed, to rerun pass '--doc'
[INFO] running `Command { std: "docker" "inspect" "073a06565811b6ec358a27f00c5281214be542d93c7ea2078f84c23fb7b3e221", kill_on_drop: false }`
[INFO] running `Command { std: "docker" "rm" "-f" "073a06565811b6ec358a27f00c5281214be542d93c7ea2078f84c23fb7b3e221", kill_on_drop: false }`
[INFO] [stdout] 073a06565811b6ec358a27f00c5281214be542d93c7ea2078f84c23fb7b3e221
