[INFO] fetching crate skytable 0.4.0...
[INFO] testing skytable-0.4.0 against 1.54.0 for beta-1.55-1
[INFO] extracting crate skytable 0.4.0 into /workspace/builds/worker-27/source
[INFO] validating manifest of crates.io crate skytable 0.4.0 on toolchain 1.54.0
[INFO] running `Command { std: "/workspace/cargo-home/bin/cargo" "+1.54.0" "metadata" "--manifest-path" "Cargo.toml" "--no-deps", kill_on_drop: false }`
[INFO] started tweaking crates.io crate skytable 0.4.0
[INFO] finished tweaking crates.io crate skytable 0.4.0
[INFO] tweaked toml for crates.io crate skytable 0.4.0 written to /workspace/builds/worker-27/source/Cargo.toml
[INFO] running `Command { std: "/workspace/cargo-home/bin/cargo" "+1.54.0" "generate-lockfile" "--manifest-path" "Cargo.toml" "-Zno-index-update", kill_on_drop: false }`
[INFO] running `Command { std: "/workspace/cargo-home/bin/cargo" "+1.54.0" "fetch" "--manifest-path" "Cargo.toml", kill_on_drop: false }`
[INFO] [stderr]     Blocking waiting for file lock on package cache
[INFO] [stderr]  Downloading crates ...
[INFO] [stderr]   Downloaded tokio-openssl v0.6.2
[INFO] running `Command { std: "docker" "create" "-v" "/var/lib/crater-agent-workspace/builds/worker-27/target:/opt/rustwide/target:rw,Z" "-v" "/var/lib/crater-agent-workspace/builds/worker-27/source:/opt/rustwide/workdir:ro,Z" "-v" "/var/lib/crater-agent-workspace/cargo-home:/opt/rustwide/cargo-home:ro,Z" "-v" "/var/lib/crater-agent-workspace/rustup-home:/opt/rustwide/rustup-home:ro,Z" "-e" "SOURCE_DIR=/opt/rustwide/workdir" "-e" "CARGO_TARGET_DIR=/opt/rustwide/target" "-e" "CARGO_HOME=/opt/rustwide/cargo-home" "-e" "RUSTUP_HOME=/opt/rustwide/rustup-home" "-w" "/opt/rustwide/workdir" "-m" "1610612736" "--user" "0:0" "--network" "none" "ghcr.io/rust-lang/crates-build-env/linux@sha256:34b6a614d2c27851fe6cbf88fbd1137609cefab8b10d0615aaeb6fd47975d74e" "/opt/rustwide/cargo-home/bin/cargo" "+1.54.0" "metadata" "--no-deps" "--format-version=1", kill_on_drop: false }`
[INFO] [stdout] de81652a344ebc1e0130dee4eff821d4447a1c647c438b393803c1b8b77559f2
[INFO] running `Command { std: "docker" "start" "-a" "de81652a344ebc1e0130dee4eff821d4447a1c647c438b393803c1b8b77559f2", kill_on_drop: false }`
[INFO] running `Command { std: "docker" "inspect" "de81652a344ebc1e0130dee4eff821d4447a1c647c438b393803c1b8b77559f2", kill_on_drop: false }`
[INFO] running `Command { std: "docker" "rm" "-f" "de81652a344ebc1e0130dee4eff821d4447a1c647c438b393803c1b8b77559f2", kill_on_drop: false }`
[INFO] [stdout] de81652a344ebc1e0130dee4eff821d4447a1c647c438b393803c1b8b77559f2
[INFO] running `Command { std: "docker" "create" "-v" "/var/lib/crater-agent-workspace/builds/worker-27/target:/opt/rustwide/target:rw,Z" "-v" "/var/lib/crater-agent-workspace/builds/worker-27/source:/opt/rustwide/workdir:ro,Z" "-v" "/var/lib/crater-agent-workspace/cargo-home:/opt/rustwide/cargo-home:ro,Z" "-v" "/var/lib/crater-agent-workspace/rustup-home:/opt/rustwide/rustup-home:ro,Z" "-e" "SOURCE_DIR=/opt/rustwide/workdir" "-e" "CARGO_TARGET_DIR=/opt/rustwide/target" "-e" "CARGO_INCREMENTAL=0" "-e" "RUST_BACKTRACE=full" "-e" "RUSTFLAGS=--cap-lints=warn" "-e" "CARGO_HOME=/opt/rustwide/cargo-home" "-e" "RUSTUP_HOME=/opt/rustwide/rustup-home" "-w" "/opt/rustwide/workdir" "-m" "1610612736" "--user" "0:0" "--network" "none" "ghcr.io/rust-lang/crates-build-env/linux@sha256:34b6a614d2c27851fe6cbf88fbd1137609cefab8b10d0615aaeb6fd47975d74e" "/opt/rustwide/cargo-home/bin/cargo" "+1.54.0" "build" "--frozen" "--message-format=json", kill_on_drop: false }`
[INFO] [stdout] 062883bd968d388fba41e8450dc5a5409dcf0da317c6d606b0e3b810054b0b22
[INFO] running `Command { std: "docker" "start" "-a" "062883bd968d388fba41e8450dc5a5409dcf0da317c6d606b0e3b810054b0b22", kill_on_drop: false }`
[INFO] [stderr]     Blocking waiting for file lock on package cache
[INFO] [stderr]    Compiling skytable v0.4.0 (/opt/rustwide/workdir)
[INFO] [stderr]     Finished dev [unoptimized + debuginfo] target(s) in 2.41s
[INFO] running `Command { std: "docker" "inspect" "062883bd968d388fba41e8450dc5a5409dcf0da317c6d606b0e3b810054b0b22", kill_on_drop: false }`
[INFO] running `Command { std: "docker" "rm" "-f" "062883bd968d388fba41e8450dc5a5409dcf0da317c6d606b0e3b810054b0b22", kill_on_drop: false }`
[INFO] [stdout] 062883bd968d388fba41e8450dc5a5409dcf0da317c6d606b0e3b810054b0b22
[INFO] running `Command { std: "docker" "create" "-v" "/var/lib/crater-agent-workspace/builds/worker-27/target:/opt/rustwide/target:rw,Z" "-v" "/var/lib/crater-agent-workspace/builds/worker-27/source:/opt/rustwide/workdir:ro,Z" "-v" "/var/lib/crater-agent-workspace/cargo-home:/opt/rustwide/cargo-home:ro,Z" "-v" "/var/lib/crater-agent-workspace/rustup-home:/opt/rustwide/rustup-home:ro,Z" "-e" "SOURCE_DIR=/opt/rustwide/workdir" "-e" "CARGO_TARGET_DIR=/opt/rustwide/target" "-e" "CARGO_INCREMENTAL=0" "-e" "RUST_BACKTRACE=full" "-e" "RUSTFLAGS=--cap-lints=warn" "-e" "CARGO_HOME=/opt/rustwide/cargo-home" "-e" "RUSTUP_HOME=/opt/rustwide/rustup-home" "-w" "/opt/rustwide/workdir" "-m" "1610612736" "--user" "0:0" "--network" "none" "ghcr.io/rust-lang/crates-build-env/linux@sha256:34b6a614d2c27851fe6cbf88fbd1137609cefab8b10d0615aaeb6fd47975d74e" "/opt/rustwide/cargo-home/bin/cargo" "+1.54.0" "test" "--frozen" "--no-run" "--message-format=json", kill_on_drop: false }`
[INFO] [stdout] dbf3db2714288b367ac934e304e2d13299cfaa5d1024573deeecdf41f07d91a3
[INFO] running `Command { std: "docker" "start" "-a" "dbf3db2714288b367ac934e304e2d13299cfaa5d1024573deeecdf41f07d91a3", kill_on_drop: false }`
[INFO] [stderr]    Compiling skytable v0.4.0 (/opt/rustwide/workdir)
[INFO] [stderr]     Finished test [unoptimized + debuginfo] target(s) in 1.86s
[INFO] running `Command { std: "docker" "inspect" "dbf3db2714288b367ac934e304e2d13299cfaa5d1024573deeecdf41f07d91a3", kill_on_drop: false }`
[INFO] running `Command { std: "docker" "rm" "-f" "dbf3db2714288b367ac934e304e2d13299cfaa5d1024573deeecdf41f07d91a3", kill_on_drop: false }`
[INFO] [stdout] dbf3db2714288b367ac934e304e2d13299cfaa5d1024573deeecdf41f07d91a3
[INFO] running `Command { std: "docker" "create" "-v" "/var/lib/crater-agent-workspace/builds/worker-27/target:/opt/rustwide/target:rw,Z" "-v" "/var/lib/crater-agent-workspace/builds/worker-27/source:/opt/rustwide/workdir:ro,Z" "-v" "/var/lib/crater-agent-workspace/cargo-home:/opt/rustwide/cargo-home:ro,Z" "-v" "/var/lib/crater-agent-workspace/rustup-home:/opt/rustwide/rustup-home:ro,Z" "-e" "SOURCE_DIR=/opt/rustwide/workdir" "-e" "CARGO_TARGET_DIR=/opt/rustwide/target" "-e" "CARGO_INCREMENTAL=0" "-e" "RUST_BACKTRACE=full" "-e" "RUSTFLAGS=--cap-lints=warn" "-e" "CARGO_HOME=/opt/rustwide/cargo-home" "-e" "RUSTUP_HOME=/opt/rustwide/rustup-home" "-w" "/opt/rustwide/workdir" "-m" "1610612736" "--user" "0:0" "--network" "none" "ghcr.io/rust-lang/crates-build-env/linux@sha256:34b6a614d2c27851fe6cbf88fbd1137609cefab8b10d0615aaeb6fd47975d74e" "/opt/rustwide/cargo-home/bin/cargo" "+1.54.0" "test" "--frozen", kill_on_drop: false }`
[INFO] [stdout] c8634f14633dcea6a45389a107a404a8eafeb2c780da176c776501fd8f8fe741
[INFO] running `Command { std: "docker" "start" "-a" "c8634f14633dcea6a45389a107a404a8eafeb2c780da176c776501fd8f8fe741", kill_on_drop: false }`
[INFO] [stderr]     Finished test [unoptimized + debuginfo] target(s) in 0.17s
[INFO] [stderr]      Running unittests (/opt/rustwide/target/debug/deps/skytable-5436a6bbcba3a7da)
[INFO] [stdout] 
[INFO] [stderr]    Doc-tests skytable
[INFO] [stdout] running 0 tests
[INFO] [stdout] 
[INFO] [stdout] test result: ok. 0 passed; 0 failed; 0 ignored; 0 measured; 0 filtered out; finished in 0.00s
[INFO] [stdout] 
[INFO] [stdout] 
[INFO] [stdout] running 13 tests
[INFO] [stdout] test src/actions.rs - actions (line 28) ... FAILED
[INFO] [stdout] test src/lib.rs - (line 45) - compile ... ok
[INFO] [stdout] test src/lib.rs - (line 54) - compile ... ok
[INFO] [stdout] test src/actions.rs - actions (line 34) - compile ... ok
[INFO] [stdout] test src/lib.rs - Query (line 178) ... FAILED
[INFO] [stdout] test src/actions.rs - actions (line 23) ... ok
[INFO] [stdout] test src/types.rs - types::IntoSkyhashBytes (line 87) ... ok
[INFO] [stdout] test src/lib.rs - Query (line 171) ... ok
[INFO] [stdout] test src/types.rs - types::IntoSkyhashAction (line 128) ... ok
[INFO] [stdout] test src/lib.rs - query (line 151) ... ok
[INFO] [stdout] test src/lib.rs - query (line 156) ... ok
[INFO] [stdout] test src/types.rs - types (line 28) ... ok
[INFO] [stdout] test src/lib.rs - Query (line 186) ... ok
[INFO] [stdout] 
[INFO] [stdout] failures:
[INFO] [stdout] 
[INFO] [stdout] ---- src/actions.rs - actions (line 28) stdout ----
[INFO] [stdout] error[E0432]: unresolved import `skytable::actions::AsyncActions`
[INFO] [stdout]  --> src/actions.rs:29:5
[INFO] [stdout]   |
[INFO] [stdout] 4 | use skytable::actions::AsyncActions;
[INFO] [stdout]   |     ^^^^^^^^^^^^^^^^^^^^^^^^^^^^^^^ no `AsyncActions` in `actions`
[INFO] [stdout] 
[INFO] [stdout] error: aborting due to previous error
[INFO] [stdout] 
[INFO] [stdout] For more information about this error, try `rustc --explain E0432`.
[INFO] [stdout] Couldn't compile the test.
[INFO] [stdout] ---- src/lib.rs - Query (line 178) stdout ----
[INFO] [stdout] error[E0277]: the trait bound `[&str; 4]: IntoSkyhashBytes` is not satisfied
[INFO] [stdout]  --> src/lib.rs:181:22
[INFO] [stdout]   |
[INFO] [stdout] 6 | let q1 = Query::from(["mget", "x", "y", "z"]);
[INFO] [stdout]   |                      ^^^^^^^^^^^^^^^^^^^^^^^ the trait `IntoSkyhashBytes` is not implemented for `[&str; 4]`
[INFO] [stdout]   |
[INFO] [stdout]   = note: required because of the requirements on the impl of `IntoSkyhashAction` for `[&str; 4]`
[INFO] [stdout]   = note: required because of the requirements on the impl of `From<[&str; 4]>` for `Query`
[INFO] [stdout]   = note: required by `from`
[INFO] [stdout] 
[INFO] [stdout] error: aborting due to previous error
[INFO] [stdout] 
[INFO] [stdout] For more information about this error, try `rustc --explain E0277`.
[INFO] [stdout] Couldn't compile the test.
[INFO] [stdout] 
[INFO] [stdout] failures:
[INFO] [stdout]     src/actions.rs - actions (line 28)
[INFO] [stdout]     src/lib.rs - Query (line 178)
[INFO] [stdout] 
[INFO] [stdout] test result: FAILED. 11 passed; 2 failed; 0 ignored; 0 measured; 0 filtered out; finished in 1.22s
[INFO] [stdout] 
[INFO] [stderr] error: test failed, to rerun pass '--doc'
[INFO] running `Command { std: "docker" "inspect" "c8634f14633dcea6a45389a107a404a8eafeb2c780da176c776501fd8f8fe741", kill_on_drop: false }`
[INFO] running `Command { std: "docker" "rm" "-f" "c8634f14633dcea6a45389a107a404a8eafeb2c780da176c776501fd8f8fe741", kill_on_drop: false }`
[INFO] [stdout] c8634f14633dcea6a45389a107a404a8eafeb2c780da176c776501fd8f8fe741
