[INFO] fetching crate siodb_driver 0.6.5...
[INFO] testing siodb_driver-0.6.5 against 1.54.0 for beta-1.55-1
[INFO] extracting crate siodb_driver 0.6.5 into /workspace/builds/worker-45/source
[INFO] validating manifest of crates.io crate siodb_driver 0.6.5 on toolchain 1.54.0
[INFO] running `Command { std: "/workspace/cargo-home/bin/cargo" "+1.54.0" "metadata" "--manifest-path" "Cargo.toml" "--no-deps", kill_on_drop: false }`
[INFO] started tweaking crates.io crate siodb_driver 0.6.5
[INFO] finished tweaking crates.io crate siodb_driver 0.6.5
[INFO] tweaked toml for crates.io crate siodb_driver 0.6.5 written to /workspace/builds/worker-45/source/Cargo.toml
[INFO] crate crates.io crate siodb_driver 0.6.5 already has a lockfile, it will not be regenerated
[INFO] running `Command { std: "/workspace/cargo-home/bin/cargo" "+1.54.0" "fetch" "--manifest-path" "Cargo.toml", kill_on_drop: false }`
[INFO] [stderr]     Blocking waiting for file lock on package cache
[INFO] [stderr]     Blocking waiting for file lock on package cache
[INFO] running `Command { std: "docker" "create" "-v" "/var/lib/crater-agent-workspace/builds/worker-45/target:/opt/rustwide/target:rw,Z" "-v" "/var/lib/crater-agent-workspace/builds/worker-45/source:/opt/rustwide/workdir:ro,Z" "-v" "/var/lib/crater-agent-workspace/cargo-home:/opt/rustwide/cargo-home:ro,Z" "-v" "/var/lib/crater-agent-workspace/rustup-home:/opt/rustwide/rustup-home:ro,Z" "-e" "SOURCE_DIR=/opt/rustwide/workdir" "-e" "CARGO_TARGET_DIR=/opt/rustwide/target" "-e" "CARGO_HOME=/opt/rustwide/cargo-home" "-e" "RUSTUP_HOME=/opt/rustwide/rustup-home" "-w" "/opt/rustwide/workdir" "-m" "1610612736" "--user" "0:0" "--network" "none" "ghcr.io/rust-lang/crates-build-env/linux@sha256:34b6a614d2c27851fe6cbf88fbd1137609cefab8b10d0615aaeb6fd47975d74e" "/opt/rustwide/cargo-home/bin/cargo" "+1.54.0" "metadata" "--no-deps" "--format-version=1", kill_on_drop: false }`
[INFO] [stdout] 84168a69a6b3c49fe012546e2a5e9a3bb8192e991008ea15da01224d79cbced8
[INFO] running `Command { std: "docker" "start" "-a" "84168a69a6b3c49fe012546e2a5e9a3bb8192e991008ea15da01224d79cbced8", kill_on_drop: false }`
[INFO] running `Command { std: "docker" "inspect" "84168a69a6b3c49fe012546e2a5e9a3bb8192e991008ea15da01224d79cbced8", kill_on_drop: false }`
[INFO] running `Command { std: "docker" "rm" "-f" "84168a69a6b3c49fe012546e2a5e9a3bb8192e991008ea15da01224d79cbced8", kill_on_drop: false }`
[INFO] [stdout] 84168a69a6b3c49fe012546e2a5e9a3bb8192e991008ea15da01224d79cbced8
[INFO] running `Command { std: "docker" "create" "-v" "/var/lib/crater-agent-workspace/builds/worker-45/target:/opt/rustwide/target:rw,Z" "-v" "/var/lib/crater-agent-workspace/builds/worker-45/source:/opt/rustwide/workdir:ro,Z" "-v" "/var/lib/crater-agent-workspace/cargo-home:/opt/rustwide/cargo-home:ro,Z" "-v" "/var/lib/crater-agent-workspace/rustup-home:/opt/rustwide/rustup-home:ro,Z" "-e" "SOURCE_DIR=/opt/rustwide/workdir" "-e" "CARGO_TARGET_DIR=/opt/rustwide/target" "-e" "CARGO_INCREMENTAL=0" "-e" "RUST_BACKTRACE=full" "-e" "RUSTFLAGS=--cap-lints=warn" "-e" "CARGO_HOME=/opt/rustwide/cargo-home" "-e" "RUSTUP_HOME=/opt/rustwide/rustup-home" "-w" "/opt/rustwide/workdir" "-m" "1610612736" "--user" "0:0" "--network" "none" "ghcr.io/rust-lang/crates-build-env/linux@sha256:34b6a614d2c27851fe6cbf88fbd1137609cefab8b10d0615aaeb6fd47975d74e" "/opt/rustwide/cargo-home/bin/cargo" "+1.54.0" "build" "--frozen" "--message-format=json", kill_on_drop: false }`
[INFO] [stdout] 8e742eff4c6c99737700114cdfe9f712deaf1a4d1d8e489ac1f38efcdb507a3f
[INFO] running `Command { std: "docker" "start" "-a" "8e742eff4c6c99737700114cdfe9f712deaf1a4d1d8e489ac1f38efcdb507a3f", kill_on_drop: false }`
[INFO] [stderr]     Blocking waiting for file lock on package cache
[INFO] [stderr]    Compiling autocfg v1.0.0
[INFO] [stderr]    Compiling libc v0.2.68
[INFO] [stderr]    Compiling cfg-if v0.1.10
[INFO] [stderr]    Compiling getrandom v0.1.14
[INFO] [stderr]    Compiling pkg-config v0.3.17
[INFO] [stderr]    Compiling cc v1.0.50
[INFO] [stderr]    Compiling log v0.4.8
[INFO] [stderr]    Compiling protobuf v2.12.0
[INFO] [stderr]    Compiling ppv-lite86 v0.2.6
[INFO] [stderr]    Compiling bitflags v1.2.1
[INFO] [stderr]    Compiling matches v0.1.8
[INFO] [stderr]    Compiling smallvec v1.3.0
[INFO] [stderr]    Compiling foreign-types-shared v0.1.1
[INFO] [stderr]    Compiling openssl v0.10.28
[INFO] [stderr]    Compiling lazy_static v1.4.0
[INFO] [stderr]    Compiling byteorder v1.3.4
[INFO] [stderr]    Compiling native-tls v0.2.4
[INFO] [stderr]    Compiling remove_dir_all v0.5.2
[INFO] [stderr]    Compiling itoa v0.4.5
[INFO] [stderr]    Compiling openssl-probe v0.1.2
[INFO] [stderr]    Compiling percent-encoding v2.1.0
[INFO] [stderr]    Compiling fnv v1.0.6
[INFO] [stderr]    Compiling bit_utils v0.1.1
[INFO] [stderr]    Compiling bytes v0.5.4
[INFO] [stderr]    Compiling bufstream v0.1.4
[INFO] [stderr]    Compiling unicode-bidi v0.3.4
[INFO] [stderr]    Compiling foreign-types v0.3.2
[INFO] [stderr]    Compiling varint v0.9.0
[INFO] [stderr]    Compiling unicode-normalization v0.1.12
[INFO] [stderr]    Compiling num-traits v0.2.11
[INFO] [stderr]    Compiling num-integer v0.1.42
[INFO] [stderr]    Compiling http v0.2.1
[INFO] [stderr]    Compiling protoc v2.12.0
[INFO] [stderr]    Compiling openssl-sys v0.9.54
[INFO] [stderr]    Compiling time v0.1.42
[INFO] [stderr]    Compiling idna v0.2.0
[INFO] [stderr]    Compiling rand_core v0.5.1
[INFO] [stderr]    Compiling rand_chacha v0.2.2
[INFO] [stderr]    Compiling zigzag v0.1.0
[INFO] [stderr]    Compiling rand v0.7.3
[INFO] [stderr]    Compiling url v2.1.1
[INFO] [stderr]    Compiling chrono v0.4.11
[INFO] [stderr]    Compiling tempfile v3.1.0
[INFO] [stderr]    Compiling protobuf-codegen v2.12.0
[INFO] [stderr]    Compiling protoc-rust v2.12.0
[INFO] [stderr]    Compiling siodb_driver v0.6.5 (/opt/rustwide/workdir)
[INFO] [stderr]     Finished dev [unoptimized + debuginfo] target(s) in 13.73s
[INFO] running `Command { std: "docker" "inspect" "8e742eff4c6c99737700114cdfe9f712deaf1a4d1d8e489ac1f38efcdb507a3f", kill_on_drop: false }`
[INFO] running `Command { std: "docker" "rm" "-f" "8e742eff4c6c99737700114cdfe9f712deaf1a4d1d8e489ac1f38efcdb507a3f", kill_on_drop: false }`
[INFO] [stdout] 8e742eff4c6c99737700114cdfe9f712deaf1a4d1d8e489ac1f38efcdb507a3f
[INFO] running `Command { std: "docker" "create" "-v" "/var/lib/crater-agent-workspace/builds/worker-45/target:/opt/rustwide/target:rw,Z" "-v" "/var/lib/crater-agent-workspace/builds/worker-45/source:/opt/rustwide/workdir:ro,Z" "-v" "/var/lib/crater-agent-workspace/cargo-home:/opt/rustwide/cargo-home:ro,Z" "-v" "/var/lib/crater-agent-workspace/rustup-home:/opt/rustwide/rustup-home:ro,Z" "-e" "SOURCE_DIR=/opt/rustwide/workdir" "-e" "CARGO_TARGET_DIR=/opt/rustwide/target" "-e" "CARGO_INCREMENTAL=0" "-e" "RUST_BACKTRACE=full" "-e" "RUSTFLAGS=--cap-lints=warn" "-e" "CARGO_HOME=/opt/rustwide/cargo-home" "-e" "RUSTUP_HOME=/opt/rustwide/rustup-home" "-w" "/opt/rustwide/workdir" "-m" "1610612736" "--user" "0:0" "--network" "none" "ghcr.io/rust-lang/crates-build-env/linux@sha256:34b6a614d2c27851fe6cbf88fbd1137609cefab8b10d0615aaeb6fd47975d74e" "/opt/rustwide/cargo-home/bin/cargo" "+1.54.0" "test" "--frozen" "--no-run" "--message-format=json", kill_on_drop: false }`
[INFO] [stdout] c810e83e58793cb9056edd733ae81cbc9dd137b1d88cc514cce65e7c676d6aae
[INFO] running `Command { std: "docker" "start" "-a" "c810e83e58793cb9056edd733ae81cbc9dd137b1d88cc514cce65e7c676d6aae", kill_on_drop: false }`
[INFO] [stderr]    Compiling siodb_driver v0.6.5 (/opt/rustwide/workdir)
[INFO] [stderr]     Finished test [unoptimized + debuginfo] target(s) in 1.26s
[INFO] running `Command { std: "docker" "inspect" "c810e83e58793cb9056edd733ae81cbc9dd137b1d88cc514cce65e7c676d6aae", kill_on_drop: false }`
[INFO] running `Command { std: "docker" "rm" "-f" "c810e83e58793cb9056edd733ae81cbc9dd137b1d88cc514cce65e7c676d6aae", kill_on_drop: false }`
[INFO] [stdout] c810e83e58793cb9056edd733ae81cbc9dd137b1d88cc514cce65e7c676d6aae
[INFO] running `Command { std: "docker" "create" "-v" "/var/lib/crater-agent-workspace/builds/worker-45/target:/opt/rustwide/target:rw,Z" "-v" "/var/lib/crater-agent-workspace/builds/worker-45/source:/opt/rustwide/workdir:ro,Z" "-v" "/var/lib/crater-agent-workspace/cargo-home:/opt/rustwide/cargo-home:ro,Z" "-v" "/var/lib/crater-agent-workspace/rustup-home:/opt/rustwide/rustup-home:ro,Z" "-e" "SOURCE_DIR=/opt/rustwide/workdir" "-e" "CARGO_TARGET_DIR=/opt/rustwide/target" "-e" "CARGO_INCREMENTAL=0" "-e" "RUST_BACKTRACE=full" "-e" "RUSTFLAGS=--cap-lints=warn" "-e" "CARGO_HOME=/opt/rustwide/cargo-home" "-e" "RUSTUP_HOME=/opt/rustwide/rustup-home" "-w" "/opt/rustwide/workdir" "-m" "1610612736" "--user" "0:0" "--network" "none" "ghcr.io/rust-lang/crates-build-env/linux@sha256:34b6a614d2c27851fe6cbf88fbd1137609cefab8b10d0615aaeb6fd47975d74e" "/opt/rustwide/cargo-home/bin/cargo" "+1.54.0" "test" "--frozen", kill_on_drop: false }`
[INFO] [stdout] f0c7ce8dd2caf8da4668e040a81cc92e809957d70af79f6d6f810a17fab72141
[INFO] running `Command { std: "docker" "start" "-a" "f0c7ce8dd2caf8da4668e040a81cc92e809957d70af79f6d6f810a17fab72141", kill_on_drop: false }`
[INFO] [stderr]     Finished test [unoptimized + debuginfo] target(s) in 0.12s
[INFO] [stderr]      Running unittests (/opt/rustwide/target/debug/deps/siodb_driver-f671460cedba1af5)
[INFO] [stdout] 
[INFO] [stderr]      Running unittests (/opt/rustwide/target/debug/deps/siodb_driver-a2a120a51a628c55)
[INFO] [stdout] running 0 tests
[INFO] [stdout] 
[INFO] [stdout] test result: ok. 0 passed; 0 failed; 0 ignored; 0 measured; 0 filtered out; finished in 0.00s
[INFO] [stdout] 
[INFO] [stdout] 
[INFO] [stdout] running 0 tests
[INFO] [stdout] 
[INFO] [stdout] test result: ok. 0 passed; 0 failed; 0 ignored; 0 measured; 0 filtered out; finished in 0.00s
[INFO] [stdout] 
[INFO] [stderr]    Doc-tests siodb_driver
[INFO] [stdout] 
[INFO] [stdout] running 1 test
[INFO] [stdout] test src/siodb/mod.rs - siodb::SiodbConn (line 123) ... FAILED
[INFO] [stdout] 
[INFO] [stdout] failures:
[INFO] [stdout] 
[INFO] [stdout] ---- src/siodb/mod.rs - siodb::SiodbConn (line 123) stdout ----
[INFO] [stdout] error[E0433]: failed to resolve: use of undeclared type `SiodbConn`
[INFO] [stdout]  --> src/siodb/mod.rs:125:24
[INFO] [stdout]   |
[INFO] [stdout] 4 |   let mut siodb_conn = SiodbConn::new(&uri).expect(&format!("Error connecting to URI '{}'", uri));
[INFO] [stdout]   |                        ^^^^^^^^^ not found in this scope
[INFO] [stdout]   |
[INFO] [stdout] help: consider importing this struct
[INFO] [stdout]   |
[INFO] [stdout] 2 | use siodb_driver::SiodbConn;
[INFO] [stdout]   |
[INFO] [stdout] 
[INFO] [stdout] error: aborting due to previous error
[INFO] [stdout] 
[INFO] [stdout] For more information about this error, try `rustc --explain E0433`.
[INFO] [stdout] Couldn't compile the test.
[INFO] [stdout] 
[INFO] [stdout] failures:
[INFO] [stdout]     src/siodb/mod.rs - siodb::SiodbConn (line 123)
[INFO] [stdout] 
[INFO] [stdout] test result: FAILED. 0 passed; 1 failed; 0 ignored; 0 measured; 0 filtered out; finished in 0.11s
[INFO] [stdout] 
[INFO] [stderr] error: test failed, to rerun pass '--doc'
[INFO] running `Command { std: "docker" "inspect" "f0c7ce8dd2caf8da4668e040a81cc92e809957d70af79f6d6f810a17fab72141", kill_on_drop: false }`
[INFO] running `Command { std: "docker" "rm" "-f" "f0c7ce8dd2caf8da4668e040a81cc92e809957d70af79f6d6f810a17fab72141", kill_on_drop: false }`
[INFO] [stdout] f0c7ce8dd2caf8da4668e040a81cc92e809957d70af79f6d6f810a17fab72141
