[INFO] fetching crate single_byte_hashmap 0.1.2...
[INFO] testing single_byte_hashmap-0.1.2 against beta-2021-08-01 for beta-1.55-1
[INFO] extracting crate single_byte_hashmap 0.1.2 into /workspace/builds/worker-50/source
[INFO] validating manifest of crates.io crate single_byte_hashmap 0.1.2 on toolchain beta-2021-08-01
[INFO] running `Command { std: "/workspace/cargo-home/bin/cargo" "+beta-2021-08-01" "metadata" "--manifest-path" "Cargo.toml" "--no-deps", kill_on_drop: false }`
[INFO] started tweaking crates.io crate single_byte_hashmap 0.1.2
[INFO] finished tweaking crates.io crate single_byte_hashmap 0.1.2
[INFO] tweaked toml for crates.io crate single_byte_hashmap 0.1.2 written to /workspace/builds/worker-50/source/Cargo.toml
[INFO] running `Command { std: "/workspace/cargo-home/bin/cargo" "+beta-2021-08-01" "generate-lockfile" "--manifest-path" "Cargo.toml" "-Zno-index-update", kill_on_drop: false }`
[INFO] [stderr]     Blocking waiting for file lock on package cache
[INFO] running `Command { std: "/workspace/cargo-home/bin/cargo" "+beta-2021-08-01" "fetch" "--manifest-path" "Cargo.toml", kill_on_drop: false }`
[INFO] [stderr]     Blocking waiting for file lock on package cache
[INFO] [stderr]     Blocking waiting for file lock on package cache
[INFO] running `Command { std: "docker" "create" "-v" "/var/lib/crater-agent-workspace/builds/worker-50/target:/opt/rustwide/target:rw,Z" "-v" "/var/lib/crater-agent-workspace/builds/worker-50/source:/opt/rustwide/workdir:ro,Z" "-v" "/var/lib/crater-agent-workspace/cargo-home:/opt/rustwide/cargo-home:ro,Z" "-v" "/var/lib/crater-agent-workspace/rustup-home:/opt/rustwide/rustup-home:ro,Z" "-e" "SOURCE_DIR=/opt/rustwide/workdir" "-e" "CARGO_TARGET_DIR=/opt/rustwide/target" "-e" "CARGO_HOME=/opt/rustwide/cargo-home" "-e" "RUSTUP_HOME=/opt/rustwide/rustup-home" "-w" "/opt/rustwide/workdir" "-m" "1610612736" "--user" "0:0" "--network" "none" "ghcr.io/rust-lang/crates-build-env/linux@sha256:34b6a614d2c27851fe6cbf88fbd1137609cefab8b10d0615aaeb6fd47975d74e" "/opt/rustwide/cargo-home/bin/cargo" "+beta-2021-08-01" "metadata" "--no-deps" "--format-version=1", kill_on_drop: false }`
[INFO] [stdout] c1096959b7fcf603a61ac22f8c65b9d754aaba58ba38b7c1ffee59a4c696870a
[INFO] running `Command { std: "docker" "start" "-a" "c1096959b7fcf603a61ac22f8c65b9d754aaba58ba38b7c1ffee59a4c696870a", kill_on_drop: false }`
[INFO] running `Command { std: "docker" "inspect" "c1096959b7fcf603a61ac22f8c65b9d754aaba58ba38b7c1ffee59a4c696870a", kill_on_drop: false }`
[INFO] running `Command { std: "docker" "rm" "-f" "c1096959b7fcf603a61ac22f8c65b9d754aaba58ba38b7c1ffee59a4c696870a", kill_on_drop: false }`
[INFO] [stdout] c1096959b7fcf603a61ac22f8c65b9d754aaba58ba38b7c1ffee59a4c696870a
[INFO] running `Command { std: "docker" "create" "-v" "/var/lib/crater-agent-workspace/builds/worker-50/target:/opt/rustwide/target:rw,Z" "-v" "/var/lib/crater-agent-workspace/builds/worker-50/source:/opt/rustwide/workdir:ro,Z" "-v" "/var/lib/crater-agent-workspace/cargo-home:/opt/rustwide/cargo-home:ro,Z" "-v" "/var/lib/crater-agent-workspace/rustup-home:/opt/rustwide/rustup-home:ro,Z" "-e" "SOURCE_DIR=/opt/rustwide/workdir" "-e" "CARGO_TARGET_DIR=/opt/rustwide/target" "-e" "CARGO_INCREMENTAL=0" "-e" "RUST_BACKTRACE=full" "-e" "RUSTFLAGS=--cap-lints=warn" "-e" "CARGO_HOME=/opt/rustwide/cargo-home" "-e" "RUSTUP_HOME=/opt/rustwide/rustup-home" "-w" "/opt/rustwide/workdir" "-m" "1610612736" "--user" "0:0" "--network" "none" "ghcr.io/rust-lang/crates-build-env/linux@sha256:34b6a614d2c27851fe6cbf88fbd1137609cefab8b10d0615aaeb6fd47975d74e" "/opt/rustwide/cargo-home/bin/cargo" "+beta-2021-08-01" "build" "--frozen" "--message-format=json", kill_on_drop: false }`
[INFO] [stdout] 9bbd063a7d71c476dba28cabd392646249a32d1f801b85cb69b0ca20c9f58726
[INFO] running `Command { std: "docker" "start" "-a" "9bbd063a7d71c476dba28cabd392646249a32d1f801b85cb69b0ca20c9f58726", kill_on_drop: false }`
[INFO] [stderr]    Compiling hashbrown v0.11.2
[INFO] [stderr]    Compiling single_byte_hashmap v0.1.2 (/opt/rustwide/workdir)
[INFO] [stderr]     Finished dev [unoptimized + debuginfo] target(s) in 1.74s
[INFO] running `Command { std: "docker" "inspect" "9bbd063a7d71c476dba28cabd392646249a32d1f801b85cb69b0ca20c9f58726", kill_on_drop: false }`
[INFO] running `Command { std: "docker" "rm" "-f" "9bbd063a7d71c476dba28cabd392646249a32d1f801b85cb69b0ca20c9f58726", kill_on_drop: false }`
[INFO] [stdout] 9bbd063a7d71c476dba28cabd392646249a32d1f801b85cb69b0ca20c9f58726
[INFO] running `Command { std: "docker" "create" "-v" "/var/lib/crater-agent-workspace/builds/worker-50/target:/opt/rustwide/target:rw,Z" "-v" "/var/lib/crater-agent-workspace/builds/worker-50/source:/opt/rustwide/workdir:ro,Z" "-v" "/var/lib/crater-agent-workspace/cargo-home:/opt/rustwide/cargo-home:ro,Z" "-v" "/var/lib/crater-agent-workspace/rustup-home:/opt/rustwide/rustup-home:ro,Z" "-e" "SOURCE_DIR=/opt/rustwide/workdir" "-e" "CARGO_TARGET_DIR=/opt/rustwide/target" "-e" "CARGO_INCREMENTAL=0" "-e" "RUST_BACKTRACE=full" "-e" "RUSTFLAGS=--cap-lints=warn" "-e" "CARGO_HOME=/opt/rustwide/cargo-home" "-e" "RUSTUP_HOME=/opt/rustwide/rustup-home" "-w" "/opt/rustwide/workdir" "-m" "1610612736" "--user" "0:0" "--network" "none" "ghcr.io/rust-lang/crates-build-env/linux@sha256:34b6a614d2c27851fe6cbf88fbd1137609cefab8b10d0615aaeb6fd47975d74e" "/opt/rustwide/cargo-home/bin/cargo" "+beta-2021-08-01" "test" "--frozen" "--no-run" "--message-format=json", kill_on_drop: false }`
[INFO] [stdout] 195f94f90267a70f0df74252f0393dcc7a618dc78d355ebe5dc94222aa84aa37
[INFO] running `Command { std: "docker" "start" "-a" "195f94f90267a70f0df74252f0393dcc7a618dc78d355ebe5dc94222aa84aa37", kill_on_drop: false }`
[INFO] [stderr]    Compiling single_byte_hashmap v0.1.2 (/opt/rustwide/workdir)
[INFO] [stderr]     Finished test [unoptimized + debuginfo] target(s) in 0.82s
[INFO] running `Command { std: "docker" "inspect" "195f94f90267a70f0df74252f0393dcc7a618dc78d355ebe5dc94222aa84aa37", kill_on_drop: false }`
[INFO] running `Command { std: "docker" "rm" "-f" "195f94f90267a70f0df74252f0393dcc7a618dc78d355ebe5dc94222aa84aa37", kill_on_drop: false }`
[INFO] [stdout] 195f94f90267a70f0df74252f0393dcc7a618dc78d355ebe5dc94222aa84aa37
[INFO] running `Command { std: "docker" "create" "-v" "/var/lib/crater-agent-workspace/builds/worker-50/target:/opt/rustwide/target:rw,Z" "-v" "/var/lib/crater-agent-workspace/builds/worker-50/source:/opt/rustwide/workdir:ro,Z" "-v" "/var/lib/crater-agent-workspace/cargo-home:/opt/rustwide/cargo-home:ro,Z" "-v" "/var/lib/crater-agent-workspace/rustup-home:/opt/rustwide/rustup-home:ro,Z" "-e" "SOURCE_DIR=/opt/rustwide/workdir" "-e" "CARGO_TARGET_DIR=/opt/rustwide/target" "-e" "CARGO_INCREMENTAL=0" "-e" "RUST_BACKTRACE=full" "-e" "RUSTFLAGS=--cap-lints=warn" "-e" "CARGO_HOME=/opt/rustwide/cargo-home" "-e" "RUSTUP_HOME=/opt/rustwide/rustup-home" "-w" "/opt/rustwide/workdir" "-m" "1610612736" "--user" "0:0" "--network" "none" "ghcr.io/rust-lang/crates-build-env/linux@sha256:34b6a614d2c27851fe6cbf88fbd1137609cefab8b10d0615aaeb6fd47975d74e" "/opt/rustwide/cargo-home/bin/cargo" "+beta-2021-08-01" "test" "--frozen", kill_on_drop: false }`
[INFO] [stdout] b2044256a3ad33d434efd6525af4406627f4de48456c8e6b8a8e3ce008571dd3
[INFO] running `Command { std: "docker" "start" "-a" "b2044256a3ad33d434efd6525af4406627f4de48456c8e6b8a8e3ce008571dd3", kill_on_drop: false }`
[INFO] [stderr]     Finished test [unoptimized + debuginfo] target(s) in 0.04s
[INFO] [stderr]      Running unittests (/opt/rustwide/target/debug/deps/single_byte_hashmap-7f258ce55e76f172)
[INFO] [stdout] 
[INFO] [stdout] running 0 tests
[INFO] [stdout] 
[INFO] [stdout] test result: ok. 0 passed; 0 failed; 0 ignored; 0 measured; 0 filtered out; finished in 0.00s
[INFO] [stdout] 
[INFO] [stderr]    Doc-tests single_byte_hashmap
[INFO] [stdout] 
[INFO] [stdout] running 1 test
[INFO] [stdout] test src/lib.rs - (line 12) ... FAILED
[INFO] [stdout] 
[INFO] [stdout] failures:
[INFO] [stdout] 
[INFO] [stdout] ---- src/lib.rs - (line 12) stdout ----
[INFO] [stdout] error[E0596]: cannot borrow `player_score` as mutable, as it is not declared as mutable
[INFO] [stdout]  --> src/lib.rs:16:1
[INFO] [stdout]   |
[INFO] [stdout] 6 | let player_score: HashMap<u8, u16> = HashMap::with_capacity_and_hasher(256, BuildHasher::default());
[INFO] [stdout]   |     ------------ help: consider changing this to be mutable: `mut player_score`
[INFO] [stdout] 7 | player_score.insert(0, 2000);
[INFO] [stdout]   | ^^^^^^^^^^^^ cannot borrow as mutable
[INFO] [stdout] 
[INFO] [stdout] error[E0596]: cannot borrow `player_score` as mutable, as it is not declared as mutable
[INFO] [stdout]  --> src/lib.rs:17:1
[INFO] [stdout]   |
[INFO] [stdout] 6 | let player_score: HashMap<u8, u16> = HashMap::with_capacity_and_hasher(256, BuildHasher::default());
[INFO] [stdout]   |     ------------ help: consider changing this to be mutable: `mut player_score`
[INFO] [stdout] 7 | player_score.insert(0, 2000);
[INFO] [stdout] 8 | player_score.insert(1, 3000);
[INFO] [stdout]   | ^^^^^^^^^^^^ cannot borrow as mutable
[INFO] [stdout] 
[INFO] [stdout] error: aborting due to 2 previous errors
[INFO] [stdout] 
[INFO] [stdout] For more information about this error, try `rustc --explain E0596`.
[INFO] [stdout] Couldn't compile the test.
[INFO] [stdout] 
[INFO] [stdout] failures:
[INFO] [stdout]     src/lib.rs - (line 12)
[INFO] [stdout] 
[INFO] [stdout] test result: FAILED. 0 passed; 1 failed; 0 ignored; 0 measured; 0 filtered out; finished in 0.09s
[INFO] [stdout] 
[INFO] [stderr] error: test failed, to rerun pass '--doc'
[INFO] running `Command { std: "docker" "inspect" "b2044256a3ad33d434efd6525af4406627f4de48456c8e6b8a8e3ce008571dd3", kill_on_drop: false }`
[INFO] running `Command { std: "docker" "rm" "-f" "b2044256a3ad33d434efd6525af4406627f4de48456c8e6b8a8e3ce008571dd3", kill_on_drop: false }`
[INFO] [stdout] b2044256a3ad33d434efd6525af4406627f4de48456c8e6b8a8e3ce008571dd3
