[INFO] fetching crate sincere 0.7.0-alpha.1...
[INFO] testing sincere-0.7.0-alpha.1 against beta-2021-08-01 for beta-1.55-1
[INFO] extracting crate sincere 0.7.0-alpha.1 into /workspace/builds/worker-78/source
[INFO] validating manifest of crates.io crate sincere 0.7.0-alpha.1 on toolchain beta-2021-08-01
[INFO] running `Command { std: "/workspace/cargo-home/bin/cargo" "+beta-2021-08-01" "metadata" "--manifest-path" "Cargo.toml" "--no-deps", kill_on_drop: false }`
[INFO] started tweaking crates.io crate sincere 0.7.0-alpha.1
[INFO] finished tweaking crates.io crate sincere 0.7.0-alpha.1
[INFO] tweaked toml for crates.io crate sincere 0.7.0-alpha.1 written to /workspace/builds/worker-78/source/Cargo.toml
[INFO] crate crates.io crate sincere 0.7.0-alpha.1 already has a lockfile, it will not be regenerated
[INFO] running `Command { std: "/workspace/cargo-home/bin/cargo" "+beta-2021-08-01" "fetch" "--manifest-path" "Cargo.toml", kill_on_drop: false }`
[INFO] [stderr]  Downloading crates ...
[INFO] [stderr]   Downloaded http-body v0.3.0
[INFO] [stderr]   Downloaded hyper v0.13.0
[INFO] [stderr]   Downloaded serde_bytes v0.11.3
[INFO] [stderr]   Downloaded queen-log v0.2.0
[INFO] [stderr]   Downloaded nson v0.3.6
[INFO] running `Command { std: "docker" "create" "-v" "/var/lib/crater-agent-workspace/builds/worker-78/target:/opt/rustwide/target:rw,Z" "-v" "/var/lib/crater-agent-workspace/builds/worker-78/source:/opt/rustwide/workdir:ro,Z" "-v" "/var/lib/crater-agent-workspace/cargo-home:/opt/rustwide/cargo-home:ro,Z" "-v" "/var/lib/crater-agent-workspace/rustup-home:/opt/rustwide/rustup-home:ro,Z" "-e" "SOURCE_DIR=/opt/rustwide/workdir" "-e" "CARGO_TARGET_DIR=/opt/rustwide/target" "-e" "CARGO_HOME=/opt/rustwide/cargo-home" "-e" "RUSTUP_HOME=/opt/rustwide/rustup-home" "-w" "/opt/rustwide/workdir" "-m" "1610612736" "--user" "0:0" "--network" "none" "ghcr.io/rust-lang/crates-build-env/linux@sha256:34b6a614d2c27851fe6cbf88fbd1137609cefab8b10d0615aaeb6fd47975d74e" "/opt/rustwide/cargo-home/bin/cargo" "+beta-2021-08-01" "metadata" "--no-deps" "--format-version=1", kill_on_drop: false }`
[INFO] [stdout] 665ec9548fc71d1c2a8beb0c0c7be47fd21d7394f2a7afaf47ed2cae8e4d4415
[INFO] running `Command { std: "docker" "start" "-a" "665ec9548fc71d1c2a8beb0c0c7be47fd21d7394f2a7afaf47ed2cae8e4d4415", kill_on_drop: false }`
[INFO] running `Command { std: "docker" "inspect" "665ec9548fc71d1c2a8beb0c0c7be47fd21d7394f2a7afaf47ed2cae8e4d4415", kill_on_drop: false }`
[INFO] running `Command { std: "docker" "rm" "-f" "665ec9548fc71d1c2a8beb0c0c7be47fd21d7394f2a7afaf47ed2cae8e4d4415", kill_on_drop: false }`
[INFO] [stdout] 665ec9548fc71d1c2a8beb0c0c7be47fd21d7394f2a7afaf47ed2cae8e4d4415
[INFO] running `Command { std: "docker" "create" "-v" "/var/lib/crater-agent-workspace/builds/worker-78/target:/opt/rustwide/target:rw,Z" "-v" "/var/lib/crater-agent-workspace/builds/worker-78/source:/opt/rustwide/workdir:ro,Z" "-v" "/var/lib/crater-agent-workspace/cargo-home:/opt/rustwide/cargo-home:ro,Z" "-v" "/var/lib/crater-agent-workspace/rustup-home:/opt/rustwide/rustup-home:ro,Z" "-e" "SOURCE_DIR=/opt/rustwide/workdir" "-e" "CARGO_TARGET_DIR=/opt/rustwide/target" "-e" "CARGO_INCREMENTAL=0" "-e" "RUST_BACKTRACE=full" "-e" "RUSTFLAGS=--cap-lints=warn" "-e" "CARGO_HOME=/opt/rustwide/cargo-home" "-e" "RUSTUP_HOME=/opt/rustwide/rustup-home" "-w" "/opt/rustwide/workdir" "-m" "1610612736" "--user" "0:0" "--network" "none" "ghcr.io/rust-lang/crates-build-env/linux@sha256:34b6a614d2c27851fe6cbf88fbd1137609cefab8b10d0615aaeb6fd47975d74e" "/opt/rustwide/cargo-home/bin/cargo" "+beta-2021-08-01" "build" "--frozen" "--message-format=json", kill_on_drop: false }`
[INFO] [stdout] 9a9aa7926678aefdd2a8465454a19b6800085a5308341255ffd3d0e50a797054
[INFO] running `Command { std: "docker" "start" "-a" "9a9aa7926678aefdd2a8465454a19b6800085a5308341255ffd3d0e50a797054", kill_on_drop: false }`
[INFO] [stderr]    Compiling libc v0.2.66
[INFO] [stderr]    Compiling autocfg v0.1.7
[INFO] [stderr]    Compiling proc-macro2 v1.0.6
[INFO] [stderr]    Compiling log v0.4.8
[INFO] [stderr]    Compiling syn v1.0.11
[INFO] [stderr]    Compiling bytes v0.5.3
[INFO] [stderr]    Compiling getrandom v0.1.13
[INFO] [stderr]    Compiling version_check v0.9.1
[INFO] [stderr]    Compiling itoa v0.4.4
[INFO] [stderr]    Compiling slab v0.4.2
[INFO] [stderr]    Compiling futures-core v0.3.1
[INFO] [stderr]    Compiling fnv v1.0.6
[INFO] [stderr]    Compiling arc-swap v0.4.4
[INFO] [stderr]    Compiling serde v1.0.103
[INFO] [stderr]    Compiling pin-project-lite v0.1.1
[INFO] [stderr]    Compiling ryu v1.0.2
[INFO] [stderr]    Compiling ppv-lite86 v0.2.6
[INFO] [stderr]    Compiling matches v0.1.8
[INFO] [stderr]    Compiling httparse v1.3.4
[INFO] [stderr]    Compiling futures-sink v0.3.1
[INFO] [stderr]    Compiling byteorder v1.3.2
[INFO] [stderr]    Compiling smallvec v1.0.0
[INFO] [stderr]    Compiling futures-task v0.3.1
[INFO] [stderr]    Compiling pin-utils v0.1.0-alpha.4
[INFO] [stderr]    Compiling quick-error v1.2.2
[INFO] [stderr]    Compiling try-lock v0.2.2
[INFO] [stderr]    Compiling termcolor v1.0.5
[INFO] [stderr]    Compiling tower-service v0.3.0
[INFO] [stderr]    Compiling mime v0.3.14
[INFO] [stderr]    Compiling percent-encoding v2.1.0
[INFO] [stderr]    Compiling unchecked-index v0.2.2
[INFO] [stderr]    Compiling humantime v1.3.0
[INFO] [stderr]    Compiling twoway v0.2.1
[INFO] [stderr]    Compiling unicode-bidi v0.3.4
[INFO] [stderr]    Compiling futures-util v0.3.1
[INFO] [stderr]    Compiling futures-channel v0.3.1
[INFO] [stderr]    Compiling unicode-normalization v0.1.11
[INFO] [stderr]    Compiling num-traits v0.2.10
[INFO] [stderr]    Compiling num-integer v0.1.41
[INFO] [stderr]    Compiling indexmap v1.3.0
[INFO] [stderr]    Compiling unicase v2.6.0
[INFO] [stderr]    Compiling c2-chacha v0.2.3
[INFO] [stderr]    Compiling http v0.2.0
[INFO] [stderr]    Compiling want v0.3.0
[INFO] [stderr]    Compiling quote v1.0.2
[INFO] [stderr]    Compiling idna v0.2.0
[INFO] [stderr]    Compiling net2 v0.2.33
[INFO] [stderr]    Compiling iovec v0.1.4
[INFO] [stderr]    Compiling time v0.1.42
[INFO] [stderr]    Compiling signal-hook-registry v1.2.0
[INFO] [stderr]    Compiling num_cpus v1.11.1
[INFO] [stderr]    Compiling atty v0.2.13
[INFO] [stderr]    Compiling env_logger v0.6.2
[INFO] [stderr]    Compiling rand_core v0.5.1
[INFO] [stderr]    Compiling mio v0.6.21
[INFO] [stderr]    Compiling url v2.1.0
[INFO] [stderr]    Compiling rand_chacha v0.2.1
[INFO] [stderr]    Compiling mime_guess v2.0.1
[INFO] [stderr]    Compiling rand v0.7.2
[INFO] [stderr]    Compiling chrono v0.4.10
[INFO] [stderr]    Compiling mio-uds v0.6.7
[INFO] [stderr]    Compiling http-body v0.3.0
[INFO] [stderr]    Compiling queen-log v0.2.0
[INFO] [stderr]    Compiling serde_bytes v0.11.3
[INFO] [stderr]    Compiling serde_json v1.0.44
[INFO] [stderr]    Compiling tokio-macros v0.2.0
[INFO] [stderr]    Compiling pin-project-internal v0.4.6
[INFO] [stderr]    Compiling serde_derive v1.0.103
[INFO] [stderr]    Compiling tokio v0.2.4
[INFO] [stderr]    Compiling pin-project v0.4.6
[INFO] [stderr]    Compiling tokio-util v0.2.0
[INFO] [stderr]    Compiling h2 v0.2.1
[INFO] [stderr]    Compiling nson v0.3.6
[INFO] [stderr]    Compiling hyper v0.13.0
[INFO] [stderr]    Compiling sincere v0.7.0-alpha.1 (/opt/rustwide/workdir)
[INFO] [stdout] warning: use of deprecated associated function `std::error::Error::description`: use the Display impl or to_string()
[INFO] [stdout]   --> src/error.rs:90:44
[INFO] [stdout]    |
[INFO] [stdout] 90 |             Error::IoError(ref err) => err.description(),
[INFO] [stdout]    |                                            ^^^^^^^^^^^
[INFO] [stdout]    |
[INFO] [stdout]    = note: `#[warn(deprecated)]` on by default
[INFO] [stdout] 
[INFO] [stdout] 
[INFO] [stdout] warning: use of deprecated associated function `std::error::Error::description`: use the Display impl or to_string()
[INFO] [stdout]   --> src/error.rs:91:46
[INFO] [stdout]    |
[INFO] [stdout] 91 |             Error::JsonError(ref err) => err.description(),
[INFO] [stdout]    |                                              ^^^^^^^^^^^
[INFO] [stdout] 
[INFO] [stdout] 
[INFO] [stdout] warning: use of deprecated associated function `std::error::Error::description`: use the Display impl or to_string()
[INFO] [stdout]   --> src/error.rs:92:55
[INFO] [stdout]    |
[INFO] [stdout] 92 |             Error::ReceiveSocketError(ref err) => err.description(),
[INFO] [stdout]    |                                                       ^^^^^^^^^^^
[INFO] [stdout] 
[INFO] [stdout] 
[INFO] [stdout] warning: use of deprecated associated function `std::error::Error::description`: use the Display impl or to_string()
[INFO] [stdout]   --> src/error.rs:93:50
[INFO] [stdout]    |
[INFO] [stdout] 93 |             Error::FromUtf8Error(ref err) => err.description(),
[INFO] [stdout]    |                                                  ^^^^^^^^^^^
[INFO] [stdout] 
[INFO] [stdout] 
[INFO] [stdout] warning: use of deprecated associated function `std::error::Error::description`: use the Display impl or to_string()
[INFO] [stdout]   --> src/error.rs:94:51
[INFO] [stdout]    |
[INFO] [stdout] 94 |             Error::HttpParseError(ref err) => err.description(),
[INFO] [stdout]    |                                                   ^^^^^^^^^^^
[INFO] [stdout] 
[INFO] [stdout] 
[INFO] [stdout] warning: use of deprecated associated function `std::error::Error::description`: use the Display impl or to_string()
[INFO] [stdout]   --> src/error.rs:95:50
[INFO] [stdout]    |
[INFO] [stdout] 95 |             Error::ParseIntError(ref err) => err.description(),
[INFO] [stdout]    |                                                  ^^^^^^^^^^^
[INFO] [stdout] 
[INFO] [stdout] 
[INFO] [stdout] warning: use of deprecated associated function `std::error::Error::description`: use the Display impl or to_string()
[INFO] [stdout]   --> src/error.rs:96:47
[INFO] [stdout]    |
[INFO] [stdout] 96 |             Error::HyperError(ref err) => err.description(),
[INFO] [stdout]    |                                               ^^^^^^^^^^^
[INFO] [stdout] 
[INFO] [stdout] 
[INFO] [stdout] warning: use of deprecated associated function `std::error::Error::description`: use the Display impl or to_string()
[INFO] [stdout]   --> src/error.rs:97:50
[INFO] [stdout]    |
[INFO] [stdout] 97 |             Error::UrlParseError(ref err) => err.description(),
[INFO] [stdout]    |                                                  ^^^^^^^^^^^
[INFO] [stdout] 
[INFO] [stdout] 
[INFO] [stdout] warning: 8 warnings emitted
[INFO] [stdout] 
[INFO] [stdout] 
[INFO] [stderr]     Finished dev [unoptimized + debuginfo] target(s) in 21.95s
[INFO] running `Command { std: "docker" "inspect" "9a9aa7926678aefdd2a8465454a19b6800085a5308341255ffd3d0e50a797054", kill_on_drop: false }`
[INFO] running `Command { std: "docker" "rm" "-f" "9a9aa7926678aefdd2a8465454a19b6800085a5308341255ffd3d0e50a797054", kill_on_drop: false }`
[INFO] [stdout] 9a9aa7926678aefdd2a8465454a19b6800085a5308341255ffd3d0e50a797054
[INFO] running `Command { std: "docker" "create" "-v" "/var/lib/crater-agent-workspace/builds/worker-78/target:/opt/rustwide/target:rw,Z" "-v" "/var/lib/crater-agent-workspace/builds/worker-78/source:/opt/rustwide/workdir:ro,Z" "-v" "/var/lib/crater-agent-workspace/cargo-home:/opt/rustwide/cargo-home:ro,Z" "-v" "/var/lib/crater-agent-workspace/rustup-home:/opt/rustwide/rustup-home:ro,Z" "-e" "SOURCE_DIR=/opt/rustwide/workdir" "-e" "CARGO_TARGET_DIR=/opt/rustwide/target" "-e" "CARGO_INCREMENTAL=0" "-e" "RUST_BACKTRACE=full" "-e" "RUSTFLAGS=--cap-lints=warn" "-e" "CARGO_HOME=/opt/rustwide/cargo-home" "-e" "RUSTUP_HOME=/opt/rustwide/rustup-home" "-w" "/opt/rustwide/workdir" "-m" "1610612736" "--user" "0:0" "--network" "none" "ghcr.io/rust-lang/crates-build-env/linux@sha256:34b6a614d2c27851fe6cbf88fbd1137609cefab8b10d0615aaeb6fd47975d74e" "/opt/rustwide/cargo-home/bin/cargo" "+beta-2021-08-01" "test" "--frozen" "--no-run" "--message-format=json", kill_on_drop: false }`
[INFO] [stdout] 504d79fba77fcd40e4c1f437f5dc34d5fbefab7cf667317767c064f62a412959
[INFO] running `Command { std: "docker" "start" "-a" "504d79fba77fcd40e4c1f437f5dc34d5fbefab7cf667317767c064f62a412959", kill_on_drop: false }`
[INFO] [stderr]    Compiling sincere v0.7.0-alpha.1 (/opt/rustwide/workdir)
[INFO] [stdout] warning: use of deprecated associated function `std::error::Error::description`: use the Display impl or to_string()
[INFO] [stdout]   --> src/error.rs:90:44
[INFO] [stdout]    |
[INFO] [stdout] 90 |             Error::IoError(ref err) => err.description(),
[INFO] [stdout]    |                                            ^^^^^^^^^^^
[INFO] [stdout]    |
[INFO] [stdout]    = note: `#[warn(deprecated)]` on by default
[INFO] [stdout] 
[INFO] [stdout] 
[INFO] [stdout] warning: use of deprecated associated function `std::error::Error::description`: use the Display impl or to_string()
[INFO] [stdout]   --> src/error.rs:91:46
[INFO] [stdout]    |
[INFO] [stdout] 91 |             Error::JsonError(ref err) => err.description(),
[INFO] [stdout]    |                                              ^^^^^^^^^^^
[INFO] [stdout] 
[INFO] [stdout] 
[INFO] [stdout] warning: use of deprecated associated function `std::error::Error::description`: use the Display impl or to_string()
[INFO] [stdout]   --> src/error.rs:92:55
[INFO] [stdout]    |
[INFO] [stdout] 92 |             Error::ReceiveSocketError(ref err) => err.description(),
[INFO] [stdout]    |                                                       ^^^^^^^^^^^
[INFO] [stdout] 
[INFO] [stdout] 
[INFO] [stdout] warning: use of deprecated associated function `std::error::Error::description`: use the Display impl or to_string()
[INFO] [stdout]   --> src/error.rs:93:50
[INFO] [stdout]    |
[INFO] [stdout] 93 |             Error::FromUtf8Error(ref err) => err.description(),
[INFO] [stdout]    |                                                  ^^^^^^^^^^^
[INFO] [stdout] 
[INFO] [stdout] 
[INFO] [stdout] warning: use of deprecated associated function `std::error::Error::description`: use the Display impl or to_string()
[INFO] [stdout]   --> src/error.rs:94:51
[INFO] [stdout]    |
[INFO] [stdout] 94 |             Error::HttpParseError(ref err) => err.description(),
[INFO] [stdout]    |                                                   ^^^^^^^^^^^
[INFO] [stdout] 
[INFO] [stdout] 
[INFO] [stdout] warning: use of deprecated associated function `std::error::Error::description`: use the Display impl or to_string()
[INFO] [stdout]   --> src/error.rs:95:50
[INFO] [stdout]    |
[INFO] [stdout] 95 |             Error::ParseIntError(ref err) => err.description(),
[INFO] [stdout]    |                                                  ^^^^^^^^^^^
[INFO] [stdout] 
[INFO] [stdout] 
[INFO] [stdout] warning: use of deprecated associated function `std::error::Error::description`: use the Display impl or to_string()
[INFO] [stdout]   --> src/error.rs:96:47
[INFO] [stdout]    |
[INFO] [stdout] 96 |             Error::HyperError(ref err) => err.description(),
[INFO] [stdout]    |                                               ^^^^^^^^^^^
[INFO] [stdout] 
[INFO] [stdout] 
[INFO] [stdout] warning: use of deprecated associated function `std::error::Error::description`: use the Display impl or to_string()
[INFO] [stdout]   --> src/error.rs:97:50
[INFO] [stdout]    |
[INFO] [stdout] 97 |             Error::UrlParseError(ref err) => err.description(),
[INFO] [stdout]    |                                                  ^^^^^^^^^^^
[INFO] [stdout] 
[INFO] [stdout] 
[INFO] [stdout] warning: 8 warnings emitted
[INFO] [stdout] 
[INFO] [stdout] 
[INFO] [stdout] warning: use of deprecated associated function `std::error::Error::description`: use the Display impl or to_string()
[INFO] [stdout]   --> src/error.rs:90:44
[INFO] [stdout]    |
[INFO] [stdout] 90 |             Error::IoError(ref err) => err.description(),
[INFO] [stdout]    |                                            ^^^^^^^^^^^
[INFO] [stdout]    |
[INFO] [stdout]    = note: `#[warn(deprecated)]` on by default
[INFO] [stdout] 
[INFO] [stdout] 
[INFO] [stdout] warning: use of deprecated associated function `std::error::Error::description`: use the Display impl or to_string()
[INFO] [stdout]   --> src/error.rs:91:46
[INFO] [stdout]    |
[INFO] [stdout] 91 |             Error::JsonError(ref err) => err.description(),
[INFO] [stdout]    |                                              ^^^^^^^^^^^
[INFO] [stdout] 
[INFO] [stdout] 
[INFO] [stdout] warning: use of deprecated associated function `std::error::Error::description`: use the Display impl or to_string()
[INFO] [stdout]   --> src/error.rs:92:55
[INFO] [stdout]    |
[INFO] [stdout] 92 |             Error::ReceiveSocketError(ref err) => err.description(),
[INFO] [stdout]    |                                                       ^^^^^^^^^^^
[INFO] [stdout] 
[INFO] [stdout] 
[INFO] [stdout] warning: use of deprecated associated function `std::error::Error::description`: use the Display impl or to_string()
[INFO] [stdout]   --> src/error.rs:93:50
[INFO] [stdout]    |
[INFO] [stdout] 93 |             Error::FromUtf8Error(ref err) => err.description(),
[INFO] [stdout]    |                                                  ^^^^^^^^^^^
[INFO] [stdout] 
[INFO] [stdout] 
[INFO] [stdout] warning: use of deprecated associated function `std::error::Error::description`: use the Display impl or to_string()
[INFO] [stdout]   --> src/error.rs:94:51
[INFO] [stdout]    |
[INFO] [stdout] 94 |             Error::HttpParseError(ref err) => err.description(),
[INFO] [stdout]    |                                                   ^^^^^^^^^^^
[INFO] [stdout] 
[INFO] [stdout] 
[INFO] [stdout] warning: use of deprecated associated function `std::error::Error::description`: use the Display impl or to_string()
[INFO] [stdout]   --> src/error.rs:95:50
[INFO] [stdout]    |
[INFO] [stdout] 95 |             Error::ParseIntError(ref err) => err.description(),
[INFO] [stdout]    |                                                  ^^^^^^^^^^^
[INFO] [stdout] 
[INFO] [stdout] 
[INFO] [stdout] warning: use of deprecated associated function `std::error::Error::description`: use the Display impl or to_string()
[INFO] [stdout]   --> src/error.rs:96:47
[INFO] [stdout]    |
[INFO] [stdout] 96 |             Error::HyperError(ref err) => err.description(),
[INFO] [stdout]    |                                               ^^^^^^^^^^^
[INFO] [stdout] 
[INFO] [stdout] 
[INFO] [stdout] warning: use of deprecated associated function `std::error::Error::description`: use the Display impl or to_string()
[INFO] [stdout]   --> src/error.rs:97:50
[INFO] [stdout]    |
[INFO] [stdout] 97 |             Error::UrlParseError(ref err) => err.description(),
[INFO] [stdout]    |                                                  ^^^^^^^^^^^
[INFO] [stdout] 
[INFO] [stdout] 
[INFO] [stdout] warning: 8 warnings emitted
[INFO] [stdout] 
[INFO] [stdout] 
[INFO] [stderr]     Finished test [unoptimized + debuginfo] target(s) in 4.98s
[INFO] running `Command { std: "docker" "inspect" "504d79fba77fcd40e4c1f437f5dc34d5fbefab7cf667317767c064f62a412959", kill_on_drop: false }`
[INFO] running `Command { std: "docker" "rm" "-f" "504d79fba77fcd40e4c1f437f5dc34d5fbefab7cf667317767c064f62a412959", kill_on_drop: false }`
[INFO] [stdout] 504d79fba77fcd40e4c1f437f5dc34d5fbefab7cf667317767c064f62a412959
[INFO] running `Command { std: "docker" "create" "-v" "/var/lib/crater-agent-workspace/builds/worker-78/target:/opt/rustwide/target:rw,Z" "-v" "/var/lib/crater-agent-workspace/builds/worker-78/source:/opt/rustwide/workdir:ro,Z" "-v" "/var/lib/crater-agent-workspace/cargo-home:/opt/rustwide/cargo-home:ro,Z" "-v" "/var/lib/crater-agent-workspace/rustup-home:/opt/rustwide/rustup-home:ro,Z" "-e" "SOURCE_DIR=/opt/rustwide/workdir" "-e" "CARGO_TARGET_DIR=/opt/rustwide/target" "-e" "CARGO_INCREMENTAL=0" "-e" "RUST_BACKTRACE=full" "-e" "RUSTFLAGS=--cap-lints=warn" "-e" "CARGO_HOME=/opt/rustwide/cargo-home" "-e" "RUSTUP_HOME=/opt/rustwide/rustup-home" "-w" "/opt/rustwide/workdir" "-m" "1610612736" "--user" "0:0" "--network" "none" "ghcr.io/rust-lang/crates-build-env/linux@sha256:34b6a614d2c27851fe6cbf88fbd1137609cefab8b10d0615aaeb6fd47975d74e" "/opt/rustwide/cargo-home/bin/cargo" "+beta-2021-08-01" "test" "--frozen", kill_on_drop: false }`
[INFO] [stdout] ffb2f0c15e5edc1c1c2deaa376807777adad67323d3e7214c56786537e5aea5d
[INFO] running `Command { std: "docker" "start" "-a" "ffb2f0c15e5edc1c1c2deaa376807777adad67323d3e7214c56786537e5aea5d", kill_on_drop: false }`
[INFO] [stderr]     Blocking waiting for file lock on package cache
[INFO] [stderr]     Blocking waiting for file lock on package cache
[INFO] [stderr] warning: use of deprecated associated function `std::error::Error::description`: use the Display impl or to_string()
[INFO] [stderr]   --> src/error.rs:90:44
[INFO] [stderr]    |
[INFO] [stderr] 90 |             Error::IoError(ref err) => err.description(),
[INFO] [stderr]    |                                            ^^^^^^^^^^^
[INFO] [stderr]    |
[INFO] [stderr]    = note: `#[warn(deprecated)]` on by default
[INFO] [stderr] 
[INFO] [stderr] warning: use of deprecated associated function `std::error::Error::description`: use the Display impl or to_string()
[INFO] [stderr]   --> src/error.rs:91:46
[INFO] [stderr]    |
[INFO] [stderr] 91 |             Error::JsonError(ref err) => err.description(),
[INFO] [stderr]    |                                              ^^^^^^^^^^^
[INFO] [stderr] 
[INFO] [stderr] warning: use of deprecated associated function `std::error::Error::description`: use the Display impl or to_string()
[INFO] [stderr]   --> src/error.rs:92:55
[INFO] [stderr]    |
[INFO] [stderr] 92 |             Error::ReceiveSocketError(ref err) => err.description(),
[INFO] [stderr]    |                                                       ^^^^^^^^^^^
[INFO] [stderr] 
[INFO] [stderr] warning: use of deprecated associated function `std::error::Error::description`: use the Display impl or to_string()
[INFO] [stderr]   --> src/error.rs:93:50
[INFO] [stderr]    |
[INFO] [stderr] 93 |             Error::FromUtf8Error(ref err) => err.description(),
[INFO] [stderr]    |                                                  ^^^^^^^^^^^
[INFO] [stderr] 
[INFO] [stderr] warning: use of deprecated associated function `std::error::Error::description`: use the Display impl or to_string()
[INFO] [stderr]   --> src/error.rs:94:51
[INFO] [stderr]    |
[INFO] [stderr] 94 |             Error::HttpParseError(ref err) => err.description(),
[INFO] [stderr]    |                                                   ^^^^^^^^^^^
[INFO] [stderr] 
[INFO] [stderr] warning: use of deprecated associated function `std::error::Error::description`: use the Display impl or to_string()
[INFO] [stderr]   --> src/error.rs:95:50
[INFO] [stderr]    |
[INFO] [stderr] 95 |             Error::ParseIntError(ref err) => err.description(),
[INFO] [stderr]    |                                                  ^^^^^^^^^^^
[INFO] [stderr] 
[INFO] [stderr] warning: use of deprecated associated function `std::error::Error::description`: use the Display impl or to_string()
[INFO] [stderr]   --> src/error.rs:96:47
[INFO] [stderr]    |
[INFO] [stderr] 96 |             Error::HyperError(ref err) => err.description(),
[INFO] [stderr]    |                                               ^^^^^^^^^^^
[INFO] [stderr] 
[INFO] [stderr] warning: use of deprecated associated function `std::error::Error::description`: use the Display impl or to_string()
[INFO] [stderr]   --> src/error.rs:97:50
[INFO] [stderr]    |
[INFO] [stderr] 97 |             Error::UrlParseError(ref err) => err.description(),
[INFO] [stderr]    |                                                  ^^^^^^^^^^^
[INFO] [stderr] 
[INFO] [stderr] warning: `sincere` (lib) generated 8 warnings
[INFO] [stderr] warning: `sincere` (lib test) generated 8 warnings (8 duplicates)
[INFO] [stderr]     Finished test [unoptimized + debuginfo] target(s) in 1.49s
[INFO] [stdout] 
[INFO] [stderr]      Running unittests (/opt/rustwide/target/debug/deps/sincere-67fc3a6072669490)
[INFO] [stdout] running 7 tests
[INFO] [stdout] test util::buf_read_ext::tests::stream_until_token ... ok
[INFO] [stdout] test app::route::compile ... ok
[INFO] [stdout] test util::buf_read_ext::tests::stream_until_token_complex_test ... ok
[INFO] [stdout] test util::buf_read_ext::tests::stream_until_token_double_straddle_test ... ok
[INFO] [stderr]    Doc-tests sincere
[INFO] [stdout] test util::buf_read_ext::tests::stream_until_token_multiple_prefix_test ... ok
[INFO] [stdout] test util::buf_read_ext::tests::stream_until_token_large_token_test ... ok
[INFO] [stdout] test util::buf_read_ext::tests::stream_until_token_straddle_test ... ok
[INFO] [stdout] 
[INFO] [stdout] test result: ok. 7 passed; 0 failed; 0 ignored; 0 measured; 0 filtered out; finished in 0.07s
[INFO] [stdout] 
[INFO] [stdout] 
[INFO] [stdout] running 44 tests
[INFO] [stdout] test src/app/context.rs - app::context::Context::stop (line 42) - compile ... ok
[INFO] [stdout] test src/app/mod.rs - app::App (line 28) - compile ... ok
[INFO] [stdout] test src/app/mod.rs - app::App::run (line 530) - compile ... ok
[INFO] [stdout] test src/app/mod.rs - app::App::head (line 152) ... FAILED
[INFO] [stdout] test src/app/mod.rs - app::App::put (line 116) ... FAILED
[INFO] [stdout] test src/app/group.rs - app::group::Group::patch (line 180) ... FAILED
[INFO] [stdout] test src/app/group.rs - app::group::Group::options (line 231) ... FAILED
[INFO] [stdout] test src/app/mod.rs - app::App::patch (line 171) ... FAILED
[INFO] [stdout] test src/http/plus/client/multipart.rs - http::plus::client::multipart::Multipart::convert (line 153) ... FAILED
[INFO] [stdout] test src/app/mod.rs - app::App::mount_group (line 293) ... FAILED
[INFO] [stdout] test src/http/plus/client/multipart.rs - http::plus::client::multipart::Multipart::add_text (line 60) ... FAILED
[INFO] [stdout] test src/app/mod.rs - app::App::post (line 134) ... FAILED
[INFO] [stdout] test src/app/mod.rs - app::App::connect (line 243) ... FAILED
[INFO] [stdout] test src/app/mod.rs - app::App::get (line 98) ... FAILED
[INFO] [stdout] test src/app/mod.rs - app::App::new (line 57) ... FAILED
[INFO] [stdout] test src/lib.rs - (line 23) ... FAILED
[INFO] [stdout] test src/app/group.rs - app::group::Group::get (line 112) ... FAILED
[INFO] [stdout] test src/http/plus/client/multipart.rs - http::plus::client::multipart::Multipart (line 25) ... FAILED
[INFO] [stdout] test src/app/group.rs - app::group::Group::connect (line 248) ... FAILED
[INFO] [stdout] test src/app/group.rs - app::group::Group (line 15) ... FAILED
[INFO] [stdout] test src/app/mod.rs - app::App::trace (line 189) ... FAILED
[INFO] [stdout] test src/app/mod.rs - app::App::options (line 225) ... FAILED
[INFO] [stdout] test src/app/group.rs - app::group::Group::after (line 282) ... FAILED
[INFO] [stdout] test src/app/group.rs - app::group::Group::post (line 146) ... FAILED
[INFO] [stdout] test src/app/group.rs - app::group::Group::head (line 163) ... FAILED
[INFO] [stdout] test src/app/mod.rs - app::App::delete (line 207) ... FAILED
[INFO] [stdout] test src/app/group.rs - app::group::Group (line 35) ... FAILED
[INFO] [stdout] test src/app/group.rs - app::group::Group::delete (line 214) ... FAILED
[INFO] [stdout] test src/app/group.rs - app::group::Group::put (line 129) ... FAILED
[INFO] [stdout] test src/app/group.rs - app::group::Group::trace (line 197) ... FAILED
[INFO] [stdout] test src/app/mod.rs - app::App::add (line 78) ... FAILED
[INFO] [stdout] test src/app/group.rs - app::group::Group::add (line 83) ... FAILED
[INFO] [stdout] test src/app/mod.rs - app::App::mount (line 261) ... FAILED
[INFO] [stdout] test src/http/plus/client/multipart.rs - http::plus::client::multipart::Multipart::add_stream (line 113) ... FAILED
[INFO] [stdout] test src/app/group.rs - app::group::Group::before (line 265) ... FAILED
[INFO] [stdout] test src/app/mod.rs - app::App::after (line 354) ... FAILED
[INFO] [stdout] test src/app/mod.rs - app::App::not_found (line 416) ... FAILED
[INFO] [stdout] test src/app/mod.rs - app::App::finish (line 371) ... FAILED
[INFO] [stdout] test src/app/group.rs - app::group::Group::new (line 64) ... FAILED
[INFO] [stdout] test src/app/mod.rs - app::App::before (line 337) ... FAILED
[INFO] [stdout] test src/app/mod.rs - app::App::begin (line 320) ... FAILED
[INFO] [stdout] test src/lib.rs - (line 18) ... ok
[INFO] [stdout] test src/app/mod.rs - app::App::middleware (line 388) ... ok
[INFO] [stdout] test src/http/plus/client/multipart.rs - http::plus::client::multipart::Multipart::new (line 46) ... ok
[INFO] [stdout] 
[INFO] [stdout] failures:
[INFO] [stdout] 
[INFO] [stdout] ---- src/app/mod.rs - app::App::head (line 152) stdout ----
[INFO] [stdout] Couldn't compile the test.
[INFO] [stdout] ---- src/app/mod.rs - app::App::put (line 116) stdout ----
[INFO] [stdout] Couldn't compile the test.
[INFO] [stdout] ---- src/app/group.rs - app::group::Group::patch (line 180) stdout ----
[INFO] [stdout] Couldn't compile the test.
[INFO] [stdout] ---- src/app/group.rs - app::group::Group::options (line 231) stdout ----
[INFO] [stdout] Couldn't compile the test.
[INFO] [stdout] ---- src/app/mod.rs - app::App::patch (line 171) stdout ----
[INFO] [stdout] Couldn't compile the test.
[INFO] [stdout] ---- src/http/plus/client/multipart.rs - http::plus::client::multipart::Multipart::convert (line 153) stdout ----
[INFO] [stdout] Couldn't compile the test.
[INFO] [stdout] ---- src/app/mod.rs - app::App::mount_group (line 293) stdout ----
[INFO] [stdout] Couldn't compile the test.
[INFO] [stdout] ---- src/http/plus/client/multipart.rs - http::plus::client::multipart::Multipart::add_text (line 60) stdout ----
[INFO] [stdout] Couldn't compile the test.
[INFO] [stdout] ---- src/app/mod.rs - app::App::post (line 134) stdout ----
[INFO] [stdout] Couldn't compile the test.
[INFO] [stdout] ---- src/app/mod.rs - app::App::connect (line 243) stdout ----
[INFO] [stdout] Couldn't compile the test.
[INFO] [stdout] ---- src/app/mod.rs - app::App::get (line 98) stdout ----
[INFO] [stdout] Couldn't compile the test.
[INFO] [stdout] ---- src/app/mod.rs - app::App::new (line 57) stdout ----
[INFO] [stdout] Couldn't compile the test.
[INFO] [stdout] ---- src/lib.rs - (line 23) stdout ----
[INFO] [stdout] Couldn't compile the test.
[INFO] [stdout] ---- src/app/group.rs - app::group::Group::get (line 112) stdout ----
[INFO] [stdout] Couldn't compile the test.
[INFO] [stdout] ---- src/http/plus/client/multipart.rs - http::plus::client::multipart::Multipart (line 25) stdout ----
[INFO] [stdout] Couldn't compile the test.
[INFO] [stdout] ---- src/app/group.rs - app::group::Group::connect (line 248) stdout ----
[INFO] [stdout] Couldn't compile the test.
[INFO] [stdout] ---- src/app/group.rs - app::group::Group (line 15) stdout ----
[INFO] [stdout] Couldn't compile the test.
[INFO] [stdout] ---- src/app/mod.rs - app::App::trace (line 189) stdout ----
[INFO] [stdout] Couldn't compile the test.
[INFO] [stdout] ---- src/app/mod.rs - app::App::options (line 225) stdout ----
[INFO] [stdout] Couldn't compile the test.
[INFO] [stdout] ---- src/app/group.rs - app::group::Group::after (line 282) stdout ----
[INFO] [stdout] error: linking with `cc` failed: exit status: 1
[INFO] [stdout]   |
[INFO] [stdout]   = note: "cc" "-m64" "/tmp/rustdoctestBIW8CB/rust_out.rust_out.1376475e-cgu.0.rcgu.o" "/tmp/rustdoctestBIW8CB/rust_out.3oi7hjnjienb8flc.rcgu.o" "-Wl,--as-needed" "-L" "/opt/rustwide/target/debug/deps" "-L" "/opt/rustwide/target/debug/deps" "-L" "/opt/rustwide/rustup-home/toolchains/beta-2021-08-01-x86_64-unknown-linux-gnu/lib/rustlib/x86_64-unknown-linux-gnu/lib" "-Wl,-Bstatic" "/opt/rustwide/target/debug/deps/libsincere-c6eafc14bd8b8187.rlib" "/opt/rustwide/target/debug/deps/libnson-141fa9634ae4e865.rlib" "/opt/rustwide/target/debug/deps/libbyteorder-8e4f11aee85214a8.rlib" "/opt/rustwide/target/debug/deps/libmime_guess-45be3f3522a42977.rlib" "/opt/rustwide/target/debug/deps/libunicase-46f5448c9317bfc2.rlib" "/opt/rustwide/target/debug/deps/libmime-4a49b89fd5bcc009.rlib" "/opt/rustwide/target/debug/deps/libqueen_log-89adb1ca88a159b3.rlib" "/opt/rustwide/target/debug/deps/libenv_logger-0f6e5083ebdc03ed.rlib" "/opt/rustwide/target/debug/deps/libatty-586c7fd4f59ce7db.rlib" "/opt/rustwide/target/debug/deps/libhumantime-4048aaa6e84546cc.rlib" "/opt/rustwide/target/debug/deps/libquick_error-772b9cd56e16b2f8.rlib" "/opt/rustwide/target/debug/deps/libtermcolor-7ea9319eac1240b9.rlib" "/opt/rustwide/target/debug/deps/libhyper-c771ebd27b13bbd9.rlib" "/opt/rustwide/target/debug/deps/libwant-b559ad2d4aaf4d3e.rlib" "/opt/rustwide/target/debug/deps/libtry_lock-c9284efc70b5710c.rlib" "/opt/rustwide/target/debug/deps/libh2-cd4394e2980eaada.rlib" "/opt/rustwide/target/debug/deps/libindexmap-c0de990cd721feb6.rlib" "/opt/rustwide/target/debug/deps/libtokio_util-27fdcf68a5dfd14b.rlib" "/opt/rustwide/target/debug/deps/libfutures_sink-c2283b8fa65b9ed6.rlib" "/opt/rustwide/target/debug/deps/libtower_service-c947f102bbfcbd85.rlib" "/opt/rustwide/target/debug/deps/libfutures_util-1406b81f1ee1daea.rlib" "/opt/rustwide/target/debug/deps/libfutures_task-377457767d1680f7.rlib" "/opt/rustwide/target/debug/deps/libpin_utils-b19c8ccbdc1ee0a9.rlib" "/opt/rustwide/target/debug/deps/libfutures_channel-4c199a45122a41aa.rlib" "/opt/rustwide/target/debug/deps/libhttp_body-7fb0755f9f433220.rlib" "/opt/rustwide/target/debug/deps/libtokio-2095d744d71f1e8e.rlib" "/opt/rustwide/target/debug/deps/libsignal_hook_registry-a7b974cdfc428572.rlib" "/opt/rustwide/target/debug/deps/libarc_swap-b6089f0a21824a0a.rlib" "/opt/rustwide/target/debug/deps/libfutures_core-bd9f8d1768614d4e.rlib" "/opt/rustwide/target/debug/deps/libmio_uds-c06ee1c9d10ef52b.rlib" "/opt/rustwide/target/debug/deps/libmio-1871f8193f41e05e.rlib" "/opt/rustwide/target/debug/deps/libslab-19bed823898320f8.rlib" "/opt/rustwide/target/debug/deps/libiovec-4904d2c9eceaa921.rlib" "/opt/rustwide/target/debug/deps/libnet2-0199e73dc09168a2.rlib" "/opt/rustwide/target/debug/deps/libpin_project_lite-edf80a7236aa801a.rlib" "/opt/rustwide/target/debug/deps/libpin_project-b819c1050af7e386.rlib" "/opt/rustwide/target/debug/deps/libhttp-6e597040d34d1f08.rlib" "/opt/rustwide/target/debug/deps/libbytes-907fc6d91fca99d7.rlib" "/opt/rustwide/target/debug/deps/libfnv-4051482eb6a94926.rlib" "/opt/rustwide/target/debug/deps/liblog-e2d234598b8f32eb.rlib" "/opt/rustwide/target/debug/deps/liburl-87374d458f26bbd1.rlib" "/opt/rustwide/target/debug/deps/libpercent_encoding-f9199a68e8c135fc.rlib" "/opt/rustwide/target/debug/deps/libidna-e7c5dd20d7fe9860.rlib" "/opt/rustwide/target/debug/deps/libunicode_normalization-ed15454b3c581ae4.rlib" "/opt/rustwide/target/debug/deps/libsmallvec-9aec0b60b4b2641f.rlib" "/opt/rustwide/target/debug/deps/libunicode_bidi-f649dd84372809b8.rlib" "/opt/rustwide/target/debug/deps/libmatches-9cfb84f2ef24c6e0.rlib" "/opt/rustwide/target/debug/deps/libtwoway-1ad40cf8cf268683.rlib" "/opt/rustwide/target/debug/deps/libunchecked_index-367c62d692909516.rlib" "/opt/rustwide/target/debug/deps/libserde_json-66a68f198b35bf58.rlib" "/opt/rustwide/target/debug/deps/libryu-e8565a8e55486f5c.rlib" "/opt/rustwide/target/debug/deps/libitoa-7dcb2f7665383233.rlib" "/opt/rustwide/target/debug/deps/librand-ac78eaaf45f0ad6b.rlib" "/opt/rustwide/target/debug/deps/librand_chacha-1adaa5c59926aa69.rlib" "/opt/rustwide/target/debug/deps/libc2_chacha-98be03b4c637150d.rlib" "/opt/rustwide/target/debug/deps/libppv_lite86-738bd86a482cf07f.rlib" "/opt/rustwide/target/debug/deps/librand_core-742c3a80f6c8895e.rlib" "/opt/rustwide/target/debug/deps/libgetrandom-56742d3ef448afa2.rlib" "/opt/rustwide/target/debug/deps/libcfg_if-ffb7f11ad1437080.rlib" "/opt/rustwide/target/debug/deps/libnum_cpus-f58b9aeb3ffb720f.rlib" "/opt/rustwide/target/debug/deps/libhttparse-d8040f65969a670a.rlib" "/opt/rustwide/target/debug/deps/libserde-3a8a441cc106ad5f.rlib" "/opt/rustwide/target/debug/deps/libregex-15c8c3359a7e2d3a.rlib" "/opt/rustwide/target/debug/deps/libthread_local-b4ea3733d5b8609e.rlib" "/opt/rustwide/target/debug/deps/liblazy_static-e92083d5a39a8b50.rlib" "/opt/rustwide/target/debug/deps/libregex_syntax-3b0840db0afde07c.rlib" "/opt/rustwide/target/debug/deps/libaho_corasick-38cdc4e7347207a2.rlib" "/opt/rustwide/target/debug/deps/libmemchr-286c98db2c193874.rlib" "/opt/rustwide/target/debug/deps/libchrono-2d91ad5fea873fc2.rlib" "/opt/rustwide/target/debug/deps/libnum_integer-6fb99dac7513de82.rlib" "/opt/rustwide/target/debug/deps/libnum_traits-eccbd4484f876f20.rlib" "/opt/rustwide/target/debug/deps/libtime-2fca42bab51276ed.rlib" "/opt/rustwide/target/debug/deps/liblibc-7aefa2a5f5d37715.rlib" "-Wl,--start-group" "/opt/rustwide/rustup-home/toolchains/beta-2021-08-01-x86_64-unknown-linux-gnu/lib/rustlib/x86_64-unknown-linux-gnu/lib/libstd-197d933f09d9a590.rlib" "/opt/rustwide/rustup-home/toolchains/beta-2021-08-01-x86_64-unknown-linux-gnu/lib/rustlib/x86_64-unknown-linux-gnu/lib/libpanic_unwind-46a006cddfd334f0.rlib" "/opt/rustwide/rustup-home/toolchains/beta-2021-08-01-x86_64-unknown-linux-gnu/lib/rustlib/x86_64-unknown-linux-gnu/lib/libminiz_oxide-5b9870310e470b38.rlib" "/opt/rustwide/rustup-home/toolchains/beta-2021-08-01-x86_64-unknown-linux-gnu/lib/rustlib/x86_64-unknown-linux-gnu/lib/libadler-260022ba8f1ab4ee.rlib" "/opt/rustwide/rustup-home/toolchains/beta-2021-08-01-x86_64-unknown-linux-gnu/lib/rustlib/x86_64-unknown-linux-gnu/lib/libobject-71377435a799394f.rlib" "/opt/rustwide/rustup-home/toolchains/beta-2021-08-01-x86_64-unknown-linux-gnu/lib/rustlib/x86_64-unknown-linux-gnu/lib/libaddr2line-658ee5924fde57cd.rlib" "/opt/rustwide/rustup-home/toolchains/beta-2021-08-01-x86_64-unknown-linux-gnu/lib/rustlib/x86_64-unknown-linux-gnu/lib/libgimli-9e8627da6bd1b94a.rlib" "/opt/rustwide/rustup-home/toolchains/beta-2021-08-01-x86_64-unknown-linux-gnu/lib/rustlib/x86_64-unknown-linux-gnu/lib/libstd_detect-19fdaac49f59be84.rlib" "/opt/rustwide/rustup-home/toolchains/beta-2021-08-01-x86_64-unknown-linux-gnu/lib/rustlib/x86_64-unknown-linux-gnu/lib/librustc_demangle-cb00e2691ea45905.rlib" "/opt/rustwide/rustup-home/toolchains/beta-2021-08-01-x86_64-unknown-linux-gnu/lib/rustlib/x86_64-unknown-linux-gnu/lib/libhashbrown-50f6726defae5ae1.rlib" "/opt/rustwide/rustup-home/toolchains/beta-2021-08-01-x86_64-unknown-linux-gnu/lib/rustlib/x86_64-unknown-linux-gnu/lib/librustc_std_workspace_alloc-2afc16311deea26e.rlib" "/opt/rustwide/rustup-home/toolchains/beta-2021-08-01-x86_64-unknown-linux-gnu/lib/rustlib/x86_64-unknown-linux-gnu/lib/libunwind-bb5cb0fe086ee8cf.rlib" "/opt/rustwide/rustup-home/toolchains/beta-2021-08-01-x86_64-unknown-linux-gnu/lib/rustlib/x86_64-unknown-linux-gnu/lib/libcfg_if-896053247b5dfd0b.rlib" "/opt/rustwide/rustup-home/toolchains/beta-2021-08-01-x86_64-unknown-linux-gnu/lib/rustlib/x86_64-unknown-linux-gnu/lib/liblibc-735e1f2ac3cf23be.rlib" "/opt/rustwide/rustup-home/toolchains/beta-2021-08-01-x86_64-unknown-linux-gnu/lib/rustlib/x86_64-unknown-linux-gnu/lib/liballoc-9dfb6622644c732c.rlib" "/opt/rustwide/rustup-home/toolchains/beta-2021-08-01-x86_64-unknown-linux-gnu/lib/rustlib/x86_64-unknown-linux-gnu/lib/librustc_std_workspace_core-beea7d9617fe25c5.rlib" "/opt/rustwide/rustup-home/toolchains/beta-2021-08-01-x86_64-unknown-linux-gnu/lib/rustlib/x86_64-unknown-linux-gnu/lib/libcore-8ef7dd43fc671f88.rlib" "-Wl,--end-group" "/opt/rustwide/rustup-home/toolchains/beta-2021-08-01-x86_64-unknown-linux-gnu/lib/rustlib/x86_64-unknown-linux-gnu/lib/libcompiler_builtins-a9a3b2ad67977f47.rlib" "-Wl,-Bdynamic" "-lutil" "-lgcc_s" "-lutil" "-lrt" "-lpthread" "-lm" "-ldl" "-lc" "-Wl,--eh-frame-hdr" "-Wl,-znoexecstack" "-L" "/opt/rustwide/rustup-home/toolchains/beta-2021-08-01-x86_64-unknown-linux-gnu/lib/rustlib/x86_64-unknown-linux-gnu/lib" "-o" "/tmp/rustdoctestBIW8CB/rust_out" "-Wl,--gc-sections" "-pie" "-Wl,-zrelro" "-Wl,-znow" "-nodefaultlibs"
[INFO] [stdout]   = note: collect2: fatal error: ld terminated with signal 9 [Killed]
[INFO] [stdout]           compilation terminated.
[INFO] [stdout]           
[INFO] [stdout] 
[INFO] [stdout] error: aborting due to previous error
[INFO] [stdout] 
[INFO] [stdout] Couldn't compile the test.
[INFO] [stdout] ---- src/app/group.rs - app::group::Group::post (line 146) stdout ----
[INFO] [stdout] Couldn't compile the test.
[INFO] [stdout] ---- src/app/group.rs - app::group::Group::head (line 163) stdout ----
[INFO] [stdout] Couldn't compile the test.
[INFO] [stdout] ---- src/app/mod.rs - app::App::delete (line 207) stdout ----
[INFO] [stdout] Couldn't compile the test.
[INFO] [stdout] ---- src/app/group.rs - app::group::Group (line 35) stdout ----
[INFO] [stdout] Couldn't compile the test.
[INFO] [stdout] ---- src/app/group.rs - app::group::Group::delete (line 214) stdout ----
[INFO] [stdout] Couldn't compile the test.
[INFO] [stdout] ---- src/app/group.rs - app::group::Group::put (line 129) stdout ----
[INFO] [stdout] Couldn't compile the test.
[INFO] [stdout] ---- src/app/group.rs - app::group::Group::trace (line 197) stdout ----
[INFO] [stdout] Couldn't compile the test.
[INFO] [stdout] ---- src/app/mod.rs - app::App::add (line 78) stdout ----
[INFO] [stdout] Couldn't compile the test.
[INFO] [stdout] ---- src/app/group.rs - app::group::Group::add (line 83) stdout ----
[INFO] [stdout] Couldn't compile the test.
[INFO] [stdout] ---- src/app/mod.rs - app::App::mount (line 261) stdout ----
[INFO] [stdout] Couldn't compile the test.
[INFO] [stdout] ---- src/http/plus/client/multipart.rs - http::plus::client::multipart::Multipart::add_stream (line 113) stdout ----
[INFO] [stdout] Couldn't compile the test.
[INFO] [stdout] ---- src/app/group.rs - app::group::Group::before (line 265) stdout ----
[INFO] [stdout] Couldn't compile the test.
[INFO] [stdout] ---- src/app/mod.rs - app::App::after (line 354) stdout ----
[INFO] [stdout] Couldn't compile the test.
[INFO] [stdout] ---- src/app/mod.rs - app::App::not_found (line 416) stdout ----
[INFO] [stdout] error: linking with `cc` failed: exit status: 1
[INFO] [stdout]   |
[INFO] [stdout]   = note: "cc" "-m64" "/tmp/rustdoctesto4m2ya/rust_out.rust_out.1376475e-cgu.0.rcgu.o" "/tmp/rustdoctesto4m2ya/rust_out.3oi7hjnjienb8flc.rcgu.o" "-Wl,--as-needed" "-L" "/opt/rustwide/target/debug/deps" "-L" "/opt/rustwide/target/debug/deps" "-L" "/opt/rustwide/rustup-home/toolchains/beta-2021-08-01-x86_64-unknown-linux-gnu/lib/rustlib/x86_64-unknown-linux-gnu/lib" "-Wl,-Bstatic" "/opt/rustwide/target/debug/deps/libsincere-c6eafc14bd8b8187.rlib" "/opt/rustwide/target/debug/deps/libnson-141fa9634ae4e865.rlib" "/opt/rustwide/target/debug/deps/libbyteorder-8e4f11aee85214a8.rlib" "/opt/rustwide/target/debug/deps/libmime_guess-45be3f3522a42977.rlib" "/opt/rustwide/target/debug/deps/libunicase-46f5448c9317bfc2.rlib" "/opt/rustwide/target/debug/deps/libmime-4a49b89fd5bcc009.rlib" "/opt/rustwide/target/debug/deps/libqueen_log-89adb1ca88a159b3.rlib" "/opt/rustwide/target/debug/deps/libenv_logger-0f6e5083ebdc03ed.rlib" "/opt/rustwide/target/debug/deps/libatty-586c7fd4f59ce7db.rlib" "/opt/rustwide/target/debug/deps/libhumantime-4048aaa6e84546cc.rlib" "/opt/rustwide/target/debug/deps/libquick_error-772b9cd56e16b2f8.rlib" "/opt/rustwide/target/debug/deps/libtermcolor-7ea9319eac1240b9.rlib" "/opt/rustwide/target/debug/deps/libhyper-c771ebd27b13bbd9.rlib" "/opt/rustwide/target/debug/deps/libwant-b559ad2d4aaf4d3e.rlib" "/opt/rustwide/target/debug/deps/libtry_lock-c9284efc70b5710c.rlib" "/opt/rustwide/target/debug/deps/libh2-cd4394e2980eaada.rlib" "/opt/rustwide/target/debug/deps/libindexmap-c0de990cd721feb6.rlib" "/opt/rustwide/target/debug/deps/libtokio_util-27fdcf68a5dfd14b.rlib" "/opt/rustwide/target/debug/deps/libfutures_sink-c2283b8fa65b9ed6.rlib" "/opt/rustwide/target/debug/deps/libtower_service-c947f102bbfcbd85.rlib" "/opt/rustwide/target/debug/deps/libfutures_util-1406b81f1ee1daea.rlib" "/opt/rustwide/target/debug/deps/libfutures_task-377457767d1680f7.rlib" "/opt/rustwide/target/debug/deps/libpin_utils-b19c8ccbdc1ee0a9.rlib" "/opt/rustwide/target/debug/deps/libfutures_channel-4c199a45122a41aa.rlib" "/opt/rustwide/target/debug/deps/libhttp_body-7fb0755f9f433220.rlib" "/opt/rustwide/target/debug/deps/libtokio-2095d744d71f1e8e.rlib" "/opt/rustwide/target/debug/deps/libsignal_hook_registry-a7b974cdfc428572.rlib" "/opt/rustwide/target/debug/deps/libarc_swap-b6089f0a21824a0a.rlib" "/opt/rustwide/target/debug/deps/libfutures_core-bd9f8d1768614d4e.rlib" "/opt/rustwide/target/debug/deps/libmio_uds-c06ee1c9d10ef52b.rlib" "/opt/rustwide/target/debug/deps/libmio-1871f8193f41e05e.rlib" "/opt/rustwide/target/debug/deps/libslab-19bed823898320f8.rlib" "/opt/rustwide/target/debug/deps/libiovec-4904d2c9eceaa921.rlib" "/opt/rustwide/target/debug/deps/libnet2-0199e73dc09168a2.rlib" "/opt/rustwide/target/debug/deps/libpin_project_lite-edf80a7236aa801a.rlib" "/opt/rustwide/target/debug/deps/libpin_project-b819c1050af7e386.rlib" "/opt/rustwide/target/debug/deps/libhttp-6e597040d34d1f08.rlib" "/opt/rustwide/target/debug/deps/libbytes-907fc6d91fca99d7.rlib" "/opt/rustwide/target/debug/deps/libfnv-4051482eb6a94926.rlib" "/opt/rustwide/target/debug/deps/liblog-e2d234598b8f32eb.rlib" "/opt/rustwide/target/debug/deps/liburl-87374d458f26bbd1.rlib" "/opt/rustwide/target/debug/deps/libpercent_encoding-f9199a68e8c135fc.rlib" "/opt/rustwide/target/debug/deps/libidna-e7c5dd20d7fe9860.rlib" "/opt/rustwide/target/debug/deps/libunicode_normalization-ed15454b3c581ae4.rlib" "/opt/rustwide/target/debug/deps/libsmallvec-9aec0b60b4b2641f.rlib" "/opt/rustwide/target/debug/deps/libunicode_bidi-f649dd84372809b8.rlib" "/opt/rustwide/target/debug/deps/libmatches-9cfb84f2ef24c6e0.rlib" "/opt/rustwide/target/debug/deps/libtwoway-1ad40cf8cf268683.rlib" "/opt/rustwide/target/debug/deps/libunchecked_index-367c62d692909516.rlib" "/opt/rustwide/target/debug/deps/libserde_json-66a68f198b35bf58.rlib" "/opt/rustwide/target/debug/deps/libryu-e8565a8e55486f5c.rlib" "/opt/rustwide/target/debug/deps/libitoa-7dcb2f7665383233.rlib" "/opt/rustwide/target/debug/deps/librand-ac78eaaf45f0ad6b.rlib" "/opt/rustwide/target/debug/deps/librand_chacha-1adaa5c59926aa69.rlib" "/opt/rustwide/target/debug/deps/libc2_chacha-98be03b4c637150d.rlib" "/opt/rustwide/target/debug/deps/libppv_lite86-738bd86a482cf07f.rlib" "/opt/rustwide/target/debug/deps/librand_core-742c3a80f6c8895e.rlib" "/opt/rustwide/target/debug/deps/libgetrandom-56742d3ef448afa2.rlib" "/opt/rustwide/target/debug/deps/libcfg_if-ffb7f11ad1437080.rlib" "/opt/rustwide/target/debug/deps/libnum_cpus-f58b9aeb3ffb720f.rlib" "/opt/rustwide/target/debug/deps/libhttparse-d8040f65969a670a.rlib" "/opt/rustwide/target/debug/deps/libserde-3a8a441cc106ad5f.rlib" "/opt/rustwide/target/debug/deps/libregex-15c8c3359a7e2d3a.rlib" "/opt/rustwide/target/debug/deps/libthread_local-b4ea3733d5b8609e.rlib" "/opt/rustwide/target/debug/deps/liblazy_static-e92083d5a39a8b50.rlib" "/opt/rustwide/target/debug/deps/libregex_syntax-3b0840db0afde07c.rlib" "/opt/rustwide/target/debug/deps/libaho_corasick-38cdc4e7347207a2.rlib" "/opt/rustwide/target/debug/deps/libmemchr-286c98db2c193874.rlib" "/opt/rustwide/target/debug/deps/libchrono-2d91ad5fea873fc2.rlib" "/opt/rustwide/target/debug/deps/libnum_integer-6fb99dac7513de82.rlib" "/opt/rustwide/target/debug/deps/libnum_traits-eccbd4484f876f20.rlib" "/opt/rustwide/target/debug/deps/libtime-2fca42bab51276ed.rlib" "/opt/rustwide/target/debug/deps/liblibc-7aefa2a5f5d37715.rlib" "-Wl,--start-group" "/opt/rustwide/rustup-home/toolchains/beta-2021-08-01-x86_64-unknown-linux-gnu/lib/rustlib/x86_64-unknown-linux-gnu/lib/libstd-197d933f09d9a590.rlib" "/opt/rustwide/rustup-home/toolchains/beta-2021-08-01-x86_64-unknown-linux-gnu/lib/rustlib/x86_64-unknown-linux-gnu/lib/libpanic_unwind-46a006cddfd334f0.rlib" "/opt/rustwide/rustup-home/toolchains/beta-2021-08-01-x86_64-unknown-linux-gnu/lib/rustlib/x86_64-unknown-linux-gnu/lib/libminiz_oxide-5b9870310e470b38.rlib" "/opt/rustwide/rustup-home/toolchains/beta-2021-08-01-x86_64-unknown-linux-gnu/lib/rustlib/x86_64-unknown-linux-gnu/lib/libadler-260022ba8f1ab4ee.rlib" "/opt/rustwide/rustup-home/toolchains/beta-2021-08-01-x86_64-unknown-linux-gnu/lib/rustlib/x86_64-unknown-linux-gnu/lib/libobject-71377435a799394f.rlib" "/opt/rustwide/rustup-home/toolchains/beta-2021-08-01-x86_64-unknown-linux-gnu/lib/rustlib/x86_64-unknown-linux-gnu/lib/libaddr2line-658ee5924fde57cd.rlib" "/opt/rustwide/rustup-home/toolchains/beta-2021-08-01-x86_64-unknown-linux-gnu/lib/rustlib/x86_64-unknown-linux-gnu/lib/libgimli-9e8627da6bd1b94a.rlib" "/opt/rustwide/rustup-home/toolchains/beta-2021-08-01-x86_64-unknown-linux-gnu/lib/rustlib/x86_64-unknown-linux-gnu/lib/libstd_detect-19fdaac49f59be84.rlib" "/opt/rustwide/rustup-home/toolchains/beta-2021-08-01-x86_64-unknown-linux-gnu/lib/rustlib/x86_64-unknown-linux-gnu/lib/librustc_demangle-cb00e2691ea45905.rlib" "/opt/rustwide/rustup-home/toolchains/beta-2021-08-01-x86_64-unknown-linux-gnu/lib/rustlib/x86_64-unknown-linux-gnu/lib/libhashbrown-50f6726defae5ae1.rlib" "/opt/rustwide/rustup-home/toolchains/beta-2021-08-01-x86_64-unknown-linux-gnu/lib/rustlib/x86_64-unknown-linux-gnu/lib/librustc_std_workspace_alloc-2afc16311deea26e.rlib" "/opt/rustwide/rustup-home/toolchains/beta-2021-08-01-x86_64-unknown-linux-gnu/lib/rustlib/x86_64-unknown-linux-gnu/lib/libunwind-bb5cb0fe086ee8cf.rlib" "/opt/rustwide/rustup-home/toolchains/beta-2021-08-01-x86_64-unknown-linux-gnu/lib/rustlib/x86_64-unknown-linux-gnu/lib/libcfg_if-896053247b5dfd0b.rlib" "/opt/rustwide/rustup-home/toolchains/beta-2021-08-01-x86_64-unknown-linux-gnu/lib/rustlib/x86_64-unknown-linux-gnu/lib/liblibc-735e1f2ac3cf23be.rlib" "/opt/rustwide/rustup-home/toolchains/beta-2021-08-01-x86_64-unknown-linux-gnu/lib/rustlib/x86_64-unknown-linux-gnu/lib/liballoc-9dfb6622644c732c.rlib" "/opt/rustwide/rustup-home/toolchains/beta-2021-08-01-x86_64-unknown-linux-gnu/lib/rustlib/x86_64-unknown-linux-gnu/lib/librustc_std_workspace_core-beea7d9617fe25c5.rlib" "/opt/rustwide/rustup-home/toolchains/beta-2021-08-01-x86_64-unknown-linux-gnu/lib/rustlib/x86_64-unknown-linux-gnu/lib/libcore-8ef7dd43fc671f88.rlib" "-Wl,--end-group" "/opt/rustwide/rustup-home/toolchains/beta-2021-08-01-x86_64-unknown-linux-gnu/lib/rustlib/x86_64-unknown-linux-gnu/lib/libcompiler_builtins-a9a3b2ad67977f47.rlib" "-Wl,-Bdynamic" "-lutil" "-lgcc_s" "-lutil" "-lrt" "-lpthread" "-lm" "-ldl" "-lc" "-Wl,--eh-frame-hdr" "-Wl,-znoexecstack" "-L" "/opt/rustwide/rustup-home/toolchains/beta-2021-08-01-x86_64-unknown-linux-gnu/lib/rustlib/x86_64-unknown-linux-gnu/lib" "-o" "/tmp/rustdoctesto4m2ya/rust_out" "-Wl,--gc-sections" "-pie" "-Wl,-zrelro" "-Wl,-znow" "-nodefaultlibs"
[INFO] [stdout]   = note: collect2: fatal error: ld terminated with signal 9 [Killed]
[INFO] [stdout]           compilation terminated.
[INFO] [stdout]           
[INFO] [stdout] 
[INFO] [stdout] Couldn't compile the test.
[INFO] [stdout] ---- src/app/mod.rs - app::App::finish (line 371) stdout ----
[INFO] [stdout] Couldn't compile the test.
[INFO] [stdout] ---- src/app/group.rs - app::group::Group::new (line 64) stdout ----
[INFO] [stdout] error: linking with `cc` failed: exit status: 1
[INFO] [stdout]   |
[INFO] [stdout]   = note: "cc" "-m64" "/tmp/rustdoctestuNd2Hg/rust_out.rust_out.1376475e-cgu.0.rcgu.o" "/tmp/rustdoctestuNd2Hg/rust_out.3oi7hjnjienb8flc.rcgu.o" "-Wl,--as-needed" "-L" "/opt/rustwide/target/debug/deps" "-L" "/opt/rustwide/target/debug/deps" "-L" "/opt/rustwide/rustup-home/toolchains/beta-2021-08-01-x86_64-unknown-linux-gnu/lib/rustlib/x86_64-unknown-linux-gnu/lib" "-Wl,-Bstatic" "/opt/rustwide/target/debug/deps/libsincere-c6eafc14bd8b8187.rlib" "/opt/rustwide/target/debug/deps/libnson-141fa9634ae4e865.rlib" "/opt/rustwide/target/debug/deps/libbyteorder-8e4f11aee85214a8.rlib" "/opt/rustwide/target/debug/deps/libmime_guess-45be3f3522a42977.rlib" "/opt/rustwide/target/debug/deps/libunicase-46f5448c9317bfc2.rlib" "/opt/rustwide/target/debug/deps/libmime-4a49b89fd5bcc009.rlib" "/opt/rustwide/target/debug/deps/libqueen_log-89adb1ca88a159b3.rlib" "/opt/rustwide/target/debug/deps/libenv_logger-0f6e5083ebdc03ed.rlib" "/opt/rustwide/target/debug/deps/libatty-586c7fd4f59ce7db.rlib" "/opt/rustwide/target/debug/deps/libhumantime-4048aaa6e84546cc.rlib" "/opt/rustwide/target/debug/deps/libquick_error-772b9cd56e16b2f8.rlib" "/opt/rustwide/target/debug/deps/libtermcolor-7ea9319eac1240b9.rlib" "/opt/rustwide/target/debug/deps/libhyper-c771ebd27b13bbd9.rlib" "/opt/rustwide/target/debug/deps/libwant-b559ad2d4aaf4d3e.rlib" "/opt/rustwide/target/debug/deps/libtry_lock-c9284efc70b5710c.rlib" "/opt/rustwide/target/debug/deps/libh2-cd4394e2980eaada.rlib" "/opt/rustwide/target/debug/deps/libindexmap-c0de990cd721feb6.rlib" "/opt/rustwide/target/debug/deps/libtokio_util-27fdcf68a5dfd14b.rlib" "/opt/rustwide/target/debug/deps/libfutures_sink-c2283b8fa65b9ed6.rlib" "/opt/rustwide/target/debug/deps/libtower_service-c947f102bbfcbd85.rlib" "/opt/rustwide/target/debug/deps/libfutures_util-1406b81f1ee1daea.rlib" "/opt/rustwide/target/debug/deps/libfutures_task-377457767d1680f7.rlib" "/opt/rustwide/target/debug/deps/libpin_utils-b19c8ccbdc1ee0a9.rlib" "/opt/rustwide/target/debug/deps/libfutures_channel-4c199a45122a41aa.rlib" "/opt/rustwide/target/debug/deps/libhttp_body-7fb0755f9f433220.rlib" "/opt/rustwide/target/debug/deps/libtokio-2095d744d71f1e8e.rlib" "/opt/rustwide/target/debug/deps/libsignal_hook_registry-a7b974cdfc428572.rlib" "/opt/rustwide/target/debug/deps/libarc_swap-b6089f0a21824a0a.rlib" "/opt/rustwide/target/debug/deps/libfutures_core-bd9f8d1768614d4e.rlib" "/opt/rustwide/target/debug/deps/libmio_uds-c06ee1c9d10ef52b.rlib" "/opt/rustwide/target/debug/deps/libmio-1871f8193f41e05e.rlib" "/opt/rustwide/target/debug/deps/libslab-19bed823898320f8.rlib" "/opt/rustwide/target/debug/deps/libiovec-4904d2c9eceaa921.rlib" "/opt/rustwide/target/debug/deps/libnet2-0199e73dc09168a2.rlib" "/opt/rustwide/target/debug/deps/libpin_project_lite-edf80a7236aa801a.rlib" "/opt/rustwide/target/debug/deps/libpin_project-b819c1050af7e386.rlib" "/opt/rustwide/target/debug/deps/libhttp-6e597040d34d1f08.rlib" "/opt/rustwide/target/debug/deps/libbytes-907fc6d91fca99d7.rlib" "/opt/rustwide/target/debug/deps/libfnv-4051482eb6a94926.rlib" "/opt/rustwide/target/debug/deps/liblog-e2d234598b8f32eb.rlib" "/opt/rustwide/target/debug/deps/liburl-87374d458f26bbd1.rlib" "/opt/rustwide/target/debug/deps/libpercent_encoding-f9199a68e8c135fc.rlib" "/opt/rustwide/target/debug/deps/libidna-e7c5dd20d7fe9860.rlib" "/opt/rustwide/target/debug/deps/libunicode_normalization-ed15454b3c581ae4.rlib" "/opt/rustwide/target/debug/deps/libsmallvec-9aec0b60b4b2641f.rlib" "/opt/rustwide/target/debug/deps/libunicode_bidi-f649dd84372809b8.rlib" "/opt/rustwide/target/debug/deps/libmatches-9cfb84f2ef24c6e0.rlib" "/opt/rustwide/target/debug/deps/libtwoway-1ad40cf8cf268683.rlib" "/opt/rustwide/target/debug/deps/libunchecked_index-367c62d692909516.rlib" "/opt/rustwide/target/debug/deps/libserde_json-66a68f198b35bf58.rlib" "/opt/rustwide/target/debug/deps/libryu-e8565a8e55486f5c.rlib" "/opt/rustwide/target/debug/deps/libitoa-7dcb2f7665383233.rlib" "/opt/rustwide/target/debug/deps/librand-ac78eaaf45f0ad6b.rlib" "/opt/rustwide/target/debug/deps/librand_chacha-1adaa5c59926aa69.rlib" "/opt/rustwide/target/debug/deps/libc2_chacha-98be03b4c637150d.rlib" "/opt/rustwide/target/debug/deps/libppv_lite86-738bd86a482cf07f.rlib" "/opt/rustwide/target/debug/deps/librand_core-742c3a80f6c8895e.rlib" "/opt/rustwide/target/debug/deps/libgetrandom-56742d3ef448afa2.rlib" "/opt/rustwide/target/debug/deps/libcfg_if-ffb7f11ad1437080.rlib" "/opt/rustwide/target/debug/deps/libnum_cpus-f58b9aeb3ffb720f.rlib" "/opt/rustwide/target/debug/deps/libhttparse-d8040f65969a670a.rlib" "/opt/rustwide/target/debug/deps/libserde-3a8a441cc106ad5f.rlib" "/opt/rustwide/target/debug/deps/libregex-15c8c3359a7e2d3a.rlib" "/opt/rustwide/target/debug/deps/libthread_local-b4ea3733d5b8609e.rlib" "/opt/rustwide/target/debug/deps/liblazy_static-e92083d5a39a8b50.rlib" "/opt/rustwide/target/debug/deps/libregex_syntax-3b0840db0afde07c.rlib" "/opt/rustwide/target/debug/deps/libaho_corasick-38cdc4e7347207a2.rlib" "/opt/rustwide/target/debug/deps/libmemchr-286c98db2c193874.rlib" "/opt/rustwide/target/debug/deps/libchrono-2d91ad5fea873fc2.rlib" "/opt/rustwide/target/debug/deps/libnum_integer-6fb99dac7513de82.rlib" "/opt/rustwide/target/debug/deps/libnum_traits-eccbd4484f876f20.rlib" "/opt/rustwide/target/debug/deps/libtime-2fca42bab51276ed.rlib" "/opt/rustwide/target/debug/deps/liblibc-7aefa2a5f5d37715.rlib" "-Wl,--start-group" "/opt/rustwide/rustup-home/toolchains/beta-2021-08-01-x86_64-unknown-linux-gnu/lib/rustlib/x86_64-unknown-linux-gnu/lib/libstd-197d933f09d9a590.rlib" "/opt/rustwide/rustup-home/toolchains/beta-2021-08-01-x86_64-unknown-linux-gnu/lib/rustlib/x86_64-unknown-linux-gnu/lib/libpanic_unwind-46a006cddfd334f0.rlib" "/opt/rustwide/rustup-home/toolchains/beta-2021-08-01-x86_64-unknown-linux-gnu/lib/rustlib/x86_64-unknown-linux-gnu/lib/libminiz_oxide-5b9870310e470b38.rlib" "/opt/rustwide/rustup-home/toolchains/beta-2021-08-01-x86_64-unknown-linux-gnu/lib/rustlib/x86_64-unknown-linux-gnu/lib/libadler-260022ba8f1ab4ee.rlib" "/opt/rustwide/rustup-home/toolchains/beta-2021-08-01-x86_64-unknown-linux-gnu/lib/rustlib/x86_64-unknown-linux-gnu/lib/libobject-71377435a799394f.rlib" "/opt/rustwide/rustup-home/toolchains/beta-2021-08-01-x86_64-unknown-linux-gnu/lib/rustlib/x86_64-unknown-linux-gnu/lib/libaddr2line-658ee5924fde57cd.rlib" "/opt/rustwide/rustup-home/toolchains/beta-2021-08-01-x86_64-unknown-linux-gnu/lib/rustlib/x86_64-unknown-linux-gnu/lib/libgimli-9e8627da6bd1b94a.rlib" "/opt/rustwide/rustup-home/toolchains/beta-2021-08-01-x86_64-unknown-linux-gnu/lib/rustlib/x86_64-unknown-linux-gnu/lib/libstd_detect-19fdaac49f59be84.rlib" "/opt/rustwide/rustup-home/toolchains/beta-2021-08-01-x86_64-unknown-linux-gnu/lib/rustlib/x86_64-unknown-linux-gnu/lib/librustc_demangle-cb00e2691ea45905.rlib" "/opt/rustwide/rustup-home/toolchains/beta-2021-08-01-x86_64-unknown-linux-gnu/lib/rustlib/x86_64-unknown-linux-gnu/lib/libhashbrown-50f6726defae5ae1.rlib" "/opt/rustwide/rustup-home/toolchains/beta-2021-08-01-x86_64-unknown-linux-gnu/lib/rustlib/x86_64-unknown-linux-gnu/lib/librustc_std_workspace_alloc-2afc16311deea26e.rlib" "/opt/rustwide/rustup-home/toolchains/beta-2021-08-01-x86_64-unknown-linux-gnu/lib/rustlib/x86_64-unknown-linux-gnu/lib/libunwind-bb5cb0fe086ee8cf.rlib" "/opt/rustwide/rustup-home/toolchains/beta-2021-08-01-x86_64-unknown-linux-gnu/lib/rustlib/x86_64-unknown-linux-gnu/lib/libcfg_if-896053247b5dfd0b.rlib" "/opt/rustwide/rustup-home/toolchains/beta-2021-08-01-x86_64-unknown-linux-gnu/lib/rustlib/x86_64-unknown-linux-gnu/lib/liblibc-735e1f2ac3cf23be.rlib" "/opt/rustwide/rustup-home/toolchains/beta-2021-08-01-x86_64-unknown-linux-gnu/lib/rustlib/x86_64-unknown-linux-gnu/lib/liballoc-9dfb6622644c732c.rlib" "/opt/rustwide/rustup-home/toolchains/beta-2021-08-01-x86_64-unknown-linux-gnu/lib/rustlib/x86_64-unknown-linux-gnu/lib/librustc_std_workspace_core-beea7d9617fe25c5.rlib" "/opt/rustwide/rustup-home/toolchains/beta-2021-08-01-x86_64-unknown-linux-gnu/lib/rustlib/x86_64-unknown-linux-gnu/lib/libcore-8ef7dd43fc671f88.rlib" "-Wl,--end-group" "/opt/rustwide/rustup-home/toolchains/beta-2021-08-01-x86_64-unknown-linux-gnu/lib/rustlib/x86_64-unknown-linux-gnu/lib/libcompiler_builtins-a9a3b2ad67977f47.rlib" "-Wl,-Bdynamic" "-lutil" "-lgcc_s" "-lutil" "-lrt" "-lpthread" "-lm" "-ldl" "-lc" "-Wl,--eh-frame-hdr" "-Wl,-znoexecstack" "-L" "/opt/rustwide/rustup-home/toolchains/beta-2021-08-01-x86_64-unknown-linux-gnu/lib/rustlib/x86_64-unknown-linux-gnu/lib" "-o" "/tmp/rustdoctestuNd2Hg/rust_out" "-Wl,--gc-sections" "-pie" "-Wl,-zrelro" "-Wl,-znow" "-nodefaultlibs"
[INFO] [stdout]   = note: collect2: fatal error: ld terminated with signal 9 [Killed]
[INFO] [stdout]           compilation terminated.
[INFO] [stdout]           
[INFO] [stdout] 
[INFO] [stdout] error: aborting due to previous error
[INFO] [stdout] 
[INFO] [stdout] Couldn't compile the test.
[INFO] [stdout] ---- src/app/mod.rs - app::App::before (line 337) stdout ----
[INFO] [stdout] Couldn't compile the test.
[INFO] [stdout] ---- src/app/mod.rs - app::App::begin (line 320) stdout ----
[INFO] [stdout] error: linking with `cc` failed: exit status: 1
[INFO] [stdout]   |
[INFO] [stdout]   = note: "cc" "-m64" "/tmp/rustdoctestRujlJ6/rust_out.rust_out.1376475e-cgu.0.rcgu.o" "/tmp/rustdoctestRujlJ6/rust_out.3oi7hjnjienb8flc.rcgu.o" "-Wl,--as-needed" "-L" "/opt/rustwide/target/debug/deps" "-L" "/opt/rustwide/target/debug/deps" "-L" "/opt/rustwide/rustup-home/toolchains/beta-2021-08-01-x86_64-unknown-linux-gnu/lib/rustlib/x86_64-unknown-linux-gnu/lib" "-Wl,-Bstatic" "/opt/rustwide/target/debug/deps/libsincere-c6eafc14bd8b8187.rlib" "/opt/rustwide/target/debug/deps/libnson-141fa9634ae4e865.rlib" "/opt/rustwide/target/debug/deps/libbyteorder-8e4f11aee85214a8.rlib" "/opt/rustwide/target/debug/deps/libmime_guess-45be3f3522a42977.rlib" "/opt/rustwide/target/debug/deps/libunicase-46f5448c9317bfc2.rlib" "/opt/rustwide/target/debug/deps/libmime-4a49b89fd5bcc009.rlib" "/opt/rustwide/target/debug/deps/libqueen_log-89adb1ca88a159b3.rlib" "/opt/rustwide/target/debug/deps/libenv_logger-0f6e5083ebdc03ed.rlib" "/opt/rustwide/target/debug/deps/libatty-586c7fd4f59ce7db.rlib" "/opt/rustwide/target/debug/deps/libhumantime-4048aaa6e84546cc.rlib" "/opt/rustwide/target/debug/deps/libquick_error-772b9cd56e16b2f8.rlib" "/opt/rustwide/target/debug/deps/libtermcolor-7ea9319eac1240b9.rlib" "/opt/rustwide/target/debug/deps/libhyper-c771ebd27b13bbd9.rlib" "/opt/rustwide/target/debug/deps/libwant-b559ad2d4aaf4d3e.rlib" "/opt/rustwide/target/debug/deps/libtry_lock-c9284efc70b5710c.rlib" "/opt/rustwide/target/debug/deps/libh2-cd4394e2980eaada.rlib" "/opt/rustwide/target/debug/deps/libindexmap-c0de990cd721feb6.rlib" "/opt/rustwide/target/debug/deps/libtokio_util-27fdcf68a5dfd14b.rlib" "/opt/rustwide/target/debug/deps/libfutures_sink-c2283b8fa65b9ed6.rlib" "/opt/rustwide/target/debug/deps/libtower_service-c947f102bbfcbd85.rlib" "/opt/rustwide/target/debug/deps/libfutures_util-1406b81f1ee1daea.rlib" "/opt/rustwide/target/debug/deps/libfutures_task-377457767d1680f7.rlib" "/opt/rustwide/target/debug/deps/libpin_utils-b19c8ccbdc1ee0a9.rlib" "/opt/rustwide/target/debug/deps/libfutures_channel-4c199a45122a41aa.rlib" "/opt/rustwide/target/debug/deps/libhttp_body-7fb0755f9f433220.rlib" "/opt/rustwide/target/debug/deps/libtokio-2095d744d71f1e8e.rlib" "/opt/rustwide/target/debug/deps/libsignal_hook_registry-a7b974cdfc428572.rlib" "/opt/rustwide/target/debug/deps/libarc_swap-b6089f0a21824a0a.rlib" "/opt/rustwide/target/debug/deps/libfutures_core-bd9f8d1768614d4e.rlib" "/opt/rustwide/target/debug/deps/libmio_uds-c06ee1c9d10ef52b.rlib" "/opt/rustwide/target/debug/deps/libmio-1871f8193f41e05e.rlib" "/opt/rustwide/target/debug/deps/libslab-19bed823898320f8.rlib" "/opt/rustwide/target/debug/deps/libiovec-4904d2c9eceaa921.rlib" "/opt/rustwide/target/debug/deps/libnet2-0199e73dc09168a2.rlib" "/opt/rustwide/target/debug/deps/libpin_project_lite-edf80a7236aa801a.rlib" "/opt/rustwide/target/debug/deps/libpin_project-b819c1050af7e386.rlib" "/opt/rustwide/target/debug/deps/libhttp-6e597040d34d1f08.rlib" "/opt/rustwide/target/debug/deps/libbytes-907fc6d91fca99d7.rlib" "/opt/rustwide/target/debug/deps/libfnv-4051482eb6a94926.rlib" "/opt/rustwide/target/debug/deps/liblog-e2d234598b8f32eb.rlib" "/opt/rustwide/target/debug/deps/liburl-87374d458f26bbd1.rlib" "/opt/rustwide/target/debug/deps/libpercent_encoding-f9199a68e8c135fc.rlib" "/opt/rustwide/target/debug/deps/libidna-e7c5dd20d7fe9860.rlib" "/opt/rustwide/target/debug/deps/libunicode_normalization-ed15454b3c581ae4.rlib" "/opt/rustwide/target/debug/deps/libsmallvec-9aec0b60b4b2641f.rlib" "/opt/rustwide/target/debug/deps/libunicode_bidi-f649dd84372809b8.rlib" "/opt/rustwide/target/debug/deps/libmatches-9cfb84f2ef24c6e0.rlib" "/opt/rustwide/target/debug/deps/libtwoway-1ad40cf8cf268683.rlib" "/opt/rustwide/target/debug/deps/libunchecked_index-367c62d692909516.rlib" "/opt/rustwide/target/debug/deps/libserde_json-66a68f198b35bf58.rlib" "/opt/rustwide/target/debug/deps/libryu-e8565a8e55486f5c.rlib" "/opt/rustwide/target/debug/deps/libitoa-7dcb2f7665383233.rlib" "/opt/rustwide/target/debug/deps/librand-ac78eaaf45f0ad6b.rlib" "/opt/rustwide/target/debug/deps/librand_chacha-1adaa5c59926aa69.rlib" "/opt/rustwide/target/debug/deps/libc2_chacha-98be03b4c637150d.rlib" "/opt/rustwide/target/debug/deps/libppv_lite86-738bd86a482cf07f.rlib" "/opt/rustwide/target/debug/deps/librand_core-742c3a80f6c8895e.rlib" "/opt/rustwide/target/debug/deps/libgetrandom-56742d3ef448afa2.rlib" "/opt/rustwide/target/debug/deps/libcfg_if-ffb7f11ad1437080.rlib" "/opt/rustwide/target/debug/deps/libnum_cpus-f58b9aeb3ffb720f.rlib" "/opt/rustwide/target/debug/deps/libhttparse-d8040f65969a670a.rlib" "/opt/rustwide/target/debug/deps/libserde-3a8a441cc106ad5f.rlib" "/opt/rustwide/target/debug/deps/libregex-15c8c3359a7e2d3a.rlib" "/opt/rustwide/target/debug/deps/libthread_local-b4ea3733d5b8609e.rlib" "/opt/rustwide/target/debug/deps/liblazy_static-e92083d5a39a8b50.rlib" "/opt/rustwide/target/debug/deps/libregex_syntax-3b0840db0afde07c.rlib" "/opt/rustwide/target/debug/deps/libaho_corasick-38cdc4e7347207a2.rlib" "/opt/rustwide/target/debug/deps/libmemchr-286c98db2c193874.rlib" "/opt/rustwide/target/debug/deps/libchrono-2d91ad5fea873fc2.rlib" "/opt/rustwide/target/debug/deps/libnum_integer-6fb99dac7513de82.rlib" "/opt/rustwide/target/debug/deps/libnum_traits-eccbd4484f876f20.rlib" "/opt/rustwide/target/debug/deps/libtime-2fca42bab51276ed.rlib" "/opt/rustwide/target/debug/deps/liblibc-7aefa2a5f5d37715.rlib" "-Wl,--start-group" "/opt/rustwide/rustup-home/toolchains/beta-2021-08-01-x86_64-unknown-linux-gnu/lib/rustlib/x86_64-unknown-linux-gnu/lib/libstd-197d933f09d9a590.rlib" "/opt/rustwide/rustup-home/toolchains/beta-2021-08-01-x86_64-unknown-linux-gnu/lib/rustlib/x86_64-unknown-linux-gnu/lib/libpanic_unwind-46a006cddfd334f0.rlib" "/opt/rustwide/rustup-home/toolchains/beta-2021-08-01-x86_64-unknown-linux-gnu/lib/rustlib/x86_64-unknown-linux-gnu/lib/libminiz_oxide-5b9870310e470b38.rlib" "/opt/rustwide/rustup-home/toolchains/beta-2021-08-01-x86_64-unknown-linux-gnu/lib/rustlib/x86_64-unknown-linux-gnu/lib/libadler-260022ba8f1ab4ee.rlib" "/opt/rustwide/rustup-home/toolchains/beta-2021-08-01-x86_64-unknown-linux-gnu/lib/rustlib/x86_64-unknown-linux-gnu/lib/libobject-71377435a799394f.rlib" "/opt/rustwide/rustup-home/toolchains/beta-2021-08-01-x86_64-unknown-linux-gnu/lib/rustlib/x86_64-unknown-linux-gnu/lib/libaddr2line-658ee5924fde57cd.rlib" "/opt/rustwide/rustup-home/toolchains/beta-2021-08-01-x86_64-unknown-linux-gnu/lib/rustlib/x86_64-unknown-linux-gnu/lib/libgimli-9e8627da6bd1b94a.rlib" "/opt/rustwide/rustup-home/toolchains/beta-2021-08-01-x86_64-unknown-linux-gnu/lib/rustlib/x86_64-unknown-linux-gnu/lib/libstd_detect-19fdaac49f59be84.rlib" "/opt/rustwide/rustup-home/toolchains/beta-2021-08-01-x86_64-unknown-linux-gnu/lib/rustlib/x86_64-unknown-linux-gnu/lib/librustc_demangle-cb00e2691ea45905.rlib" "/opt/rustwide/rustup-home/toolchains/beta-2021-08-01-x86_64-unknown-linux-gnu/lib/rustlib/x86_64-unknown-linux-gnu/lib/libhashbrown-50f6726defae5ae1.rlib" "/opt/rustwide/rustup-home/toolchains/beta-2021-08-01-x86_64-unknown-linux-gnu/lib/rustlib/x86_64-unknown-linux-gnu/lib/librustc_std_workspace_alloc-2afc16311deea26e.rlib" "/opt/rustwide/rustup-home/toolchains/beta-2021-08-01-x86_64-unknown-linux-gnu/lib/rustlib/x86_64-unknown-linux-gnu/lib/libunwind-bb5cb0fe086ee8cf.rlib" "/opt/rustwide/rustup-home/toolchains/beta-2021-08-01-x86_64-unknown-linux-gnu/lib/rustlib/x86_64-unknown-linux-gnu/lib/libcfg_if-896053247b5dfd0b.rlib" "/opt/rustwide/rustup-home/toolchains/beta-2021-08-01-x86_64-unknown-linux-gnu/lib/rustlib/x86_64-unknown-linux-gnu/lib/liblibc-735e1f2ac3cf23be.rlib" "/opt/rustwide/rustup-home/toolchains/beta-2021-08-01-x86_64-unknown-linux-gnu/lib/rustlib/x86_64-unknown-linux-gnu/lib/liballoc-9dfb6622644c732c.rlib" "/opt/rustwide/rustup-home/toolchains/beta-2021-08-01-x86_64-unknown-linux-gnu/lib/rustlib/x86_64-unknown-linux-gnu/lib/librustc_std_workspace_core-beea7d9617fe25c5.rlib" "/opt/rustwide/rustup-home/toolchains/beta-2021-08-01-x86_64-unknown-linux-gnu/lib/rustlib/x86_64-unknown-linux-gnu/lib/libcore-8ef7dd43fc671f88.rlib" "-Wl,--end-group" "/opt/rustwide/rustup-home/toolchains/beta-2021-08-01-x86_64-unknown-linux-gnu/lib/rustlib/x86_64-unknown-linux-gnu/lib/libcompiler_builtins-a9a3b2ad67977f47.rlib" "-Wl,-Bdynamic" "-lutil" "-lgcc_s" "-lutil" "-lrt" "-lpthread" "-lm" "-ldl" "-lc" "-Wl,--eh-frame-hdr" "-Wl,-znoexecstack" "-L" "/opt/rustwide/rustup-home/toolchains/beta-2021-08-01-x86_64-unknown-linux-gnu/lib/rustlib/x86_64-unknown-linux-gnu/lib" "-o" "/tmp/rustdoctestRujlJ6/rust_out" "-Wl,--gc-sections" "-pie" "-Wl,-zrelro" "-Wl,-znow" "-nodefaultlibs"
[INFO] [stdout]   = note: collect2: fatal error: ld terminated with signal 9 [Killed]
[INFO] [stdout]           compilation terminated.
[INFO] [stdout]           
[INFO] [stdout] 
[INFO] [stdout] error: aborting due to previous error
[INFO] [stdout] 
[INFO] [stdout] Couldn't compile the test.
[INFO] [stdout] 
[INFO] [stdout] failures:
[INFO] [stdout]     src/app/group.rs - app::group::Group (line 15)
[INFO] [stdout]     src/app/group.rs - app::group::Group (line 35)
[INFO] [stdout]     src/app/group.rs - app::group::Group::add (line 83)
[INFO] [stdout]     src/app/group.rs - app::group::Group::after (line 282)
[INFO] [stdout]     src/app/group.rs - app::group::Group::before (line 265)
[INFO] [stdout]     src/app/group.rs - app::group::Group::connect (line 248)
[INFO] [stdout]     src/app/group.rs - app::group::Group::delete (line 214)
[INFO] [stdout]     src/app/group.rs - app::group::Group::get (line 112)
[INFO] [stdout]     src/app/group.rs - app::group::Group::head (line 163)
[INFO] [stdout]     src/app/group.rs - app::group::Group::new (line 64)
[INFO] [stdout]     src/app/group.rs - app::group::Group::options (line 231)
[INFO] [stdout]     src/app/group.rs - app::group::Group::patch (line 180)
[INFO] [stdout]     src/app/group.rs - app::group::Group::post (line 146)
[INFO] [stdout]     src/app/group.rs - app::group::Group::put (line 129)
[INFO] [stdout]     src/app/group.rs - app::group::Group::trace (line 197)
[INFO] [stdout]     src/app/mod.rs - app::App::add (line 78)
[INFO] [stdout]     src/app/mod.rs - app::App::after (line 354)
[INFO] [stdout]     src/app/mod.rs - app::App::before (line 337)
[INFO] [stdout]     src/app/mod.rs - app::App::begin (line 320)
[INFO] [stdout]     src/app/mod.rs - app::App::connect (line 243)
[INFO] [stdout]     src/app/mod.rs - app::App::delete (line 207)
[INFO] [stdout]     src/app/mod.rs - app::App::finish (line 371)
[INFO] [stdout]     src/app/mod.rs - app::App::get (line 98)
[INFO] [stdout]     src/app/mod.rs - app::App::head (line 152)
[INFO] [stdout]     src/app/mod.rs - app::App::mount (line 261)
[INFO] [stdout]     src/app/mod.rs - app::App::mount_group (line 293)
[INFO] [stdout]     src/app/mod.rs - app::App::new (line 57)
[INFO] [stdout]     src/app/mod.rs - app::App::not_found (line 416)
[INFO] [stdout]     src/app/mod.rs - app::App::options (line 225)
[INFO] [stdout]     src/app/mod.rs - app::App::patch (line 171)
[INFO] [stdout]     src/app/mod.rs - app::App::post (line 134)
[INFO] [stdout]     src/app/mod.rs - app::App::put (line 116)
[INFO] [stdout]     src/app/mod.rs - app::App::trace (line 189)
[INFO] [stdout]     src/http/plus/client/multipart.rs - http::plus::client::multipart::Multipart (line 25)
[INFO] [stdout]     src/http/plus/client/multipart.rs - http::plus::client::multipart::Multipart::add_stream (line 113)
[INFO] [stdout]     src/http/plus/client/multipart.rs - http::plus::client::multipart::Multipart::add_text (line 60)
[INFO] [stdout]     src/http/plus/client/multipart.rs - http::plus::client::multipart::Multipart::convert (line 153)
[INFO] [stdout]     src/lib.rs - (line 23)
[INFO] [stdout] 
[INFO] [stdout] test result: FAILED. 6 passed; 38 failed; 0 ignored; 0 measured; 0 filtered out; finished in 6.87s
[INFO] [stdout] 
[INFO] [stderr] error: test failed, to rerun pass '--doc'
[INFO] running `Command { std: "docker" "inspect" "ffb2f0c15e5edc1c1c2deaa376807777adad67323d3e7214c56786537e5aea5d", kill_on_drop: false }`
[INFO] running `Command { std: "docker" "rm" "-f" "ffb2f0c15e5edc1c1c2deaa376807777adad67323d3e7214c56786537e5aea5d", kill_on_drop: false }`
[INFO] [stdout] ffb2f0c15e5edc1c1c2deaa376807777adad67323d3e7214c56786537e5aea5d
