[INFO] fetching crate simpleterm 0.2.5...
[INFO] testing simpleterm-0.2.5 against 1.54.0 for beta-1.55-1
[INFO] extracting crate simpleterm 0.2.5 into /workspace/builds/worker-2/source
[INFO] validating manifest of crates.io crate simpleterm 0.2.5 on toolchain 1.54.0
[INFO] running `Command { std: "/workspace/cargo-home/bin/cargo" "+1.54.0" "metadata" "--manifest-path" "Cargo.toml" "--no-deps", kill_on_drop: false }`
[INFO] started tweaking crates.io crate simpleterm 0.2.5
[INFO] finished tweaking crates.io crate simpleterm 0.2.5
[INFO] tweaked toml for crates.io crate simpleterm 0.2.5 written to /workspace/builds/worker-2/source/Cargo.toml
[INFO] crate crates.io crate simpleterm 0.2.5 already has a lockfile, it will not be regenerated
[INFO] running `Command { std: "/workspace/cargo-home/bin/cargo" "+1.54.0" "fetch" "--manifest-path" "Cargo.toml", kill_on_drop: false }`
[INFO] [stderr]     Blocking waiting for file lock on package cache
[INFO] running `Command { std: "docker" "create" "-v" "/var/lib/crater-agent-workspace/builds/worker-2/target:/opt/rustwide/target:rw,Z" "-v" "/var/lib/crater-agent-workspace/builds/worker-2/source:/opt/rustwide/workdir:ro,Z" "-v" "/var/lib/crater-agent-workspace/cargo-home:/opt/rustwide/cargo-home:ro,Z" "-v" "/var/lib/crater-agent-workspace/rustup-home:/opt/rustwide/rustup-home:ro,Z" "-e" "SOURCE_DIR=/opt/rustwide/workdir" "-e" "CARGO_TARGET_DIR=/opt/rustwide/target" "-e" "CARGO_HOME=/opt/rustwide/cargo-home" "-e" "RUSTUP_HOME=/opt/rustwide/rustup-home" "-w" "/opt/rustwide/workdir" "-m" "1610612736" "--user" "0:0" "--network" "none" "ghcr.io/rust-lang/crates-build-env/linux@sha256:34b6a614d2c27851fe6cbf88fbd1137609cefab8b10d0615aaeb6fd47975d74e" "/opt/rustwide/cargo-home/bin/cargo" "+1.54.0" "metadata" "--no-deps" "--format-version=1", kill_on_drop: false }`
[INFO] [stdout] 39af255514f44827255dd12d191fc8a3cbcffff592f6b30aa1fb1af86b018438
[INFO] running `Command { std: "docker" "start" "-a" "39af255514f44827255dd12d191fc8a3cbcffff592f6b30aa1fb1af86b018438", kill_on_drop: false }`
[INFO] running `Command { std: "docker" "inspect" "39af255514f44827255dd12d191fc8a3cbcffff592f6b30aa1fb1af86b018438", kill_on_drop: false }`
[INFO] running `Command { std: "docker" "rm" "-f" "39af255514f44827255dd12d191fc8a3cbcffff592f6b30aa1fb1af86b018438", kill_on_drop: false }`
[INFO] [stdout] 39af255514f44827255dd12d191fc8a3cbcffff592f6b30aa1fb1af86b018438
[INFO] running `Command { std: "docker" "create" "-v" "/var/lib/crater-agent-workspace/builds/worker-2/target:/opt/rustwide/target:rw,Z" "-v" "/var/lib/crater-agent-workspace/builds/worker-2/source:/opt/rustwide/workdir:ro,Z" "-v" "/var/lib/crater-agent-workspace/cargo-home:/opt/rustwide/cargo-home:ro,Z" "-v" "/var/lib/crater-agent-workspace/rustup-home:/opt/rustwide/rustup-home:ro,Z" "-e" "SOURCE_DIR=/opt/rustwide/workdir" "-e" "CARGO_TARGET_DIR=/opt/rustwide/target" "-e" "CARGO_INCREMENTAL=0" "-e" "RUST_BACKTRACE=full" "-e" "RUSTFLAGS=--cap-lints=warn" "-e" "CARGO_HOME=/opt/rustwide/cargo-home" "-e" "RUSTUP_HOME=/opt/rustwide/rustup-home" "-w" "/opt/rustwide/workdir" "-m" "1610612736" "--user" "0:0" "--network" "none" "ghcr.io/rust-lang/crates-build-env/linux@sha256:34b6a614d2c27851fe6cbf88fbd1137609cefab8b10d0615aaeb6fd47975d74e" "/opt/rustwide/cargo-home/bin/cargo" "+1.54.0" "build" "--frozen" "--message-format=json", kill_on_drop: false }`
[INFO] [stdout] d712ef8eef2221da71c4a01cb72409c5003324715f1b09ad4eb69cce8265b6d5
[INFO] running `Command { std: "docker" "start" "-a" "d712ef8eef2221da71c4a01cb72409c5003324715f1b09ad4eb69cce8265b6d5", kill_on_drop: false }`
[INFO] [stderr]    Compiling autocfg v1.0.0
[INFO] [stderr]    Compiling xml-rs v0.8.3
[INFO] [stderr]    Compiling libc v0.2.71
[INFO] [stderr]    Compiling log v0.4.8
[INFO] [stderr]    Compiling khronos_api v3.1.0
[INFO] [stderr]    Compiling byteorder v1.3.4
[INFO] [stderr]    Compiling proc-macro2 v0.4.30
[INFO] [stderr]    Compiling scopeguard v1.1.0
[INFO] [stderr]    Compiling unicode-xid v0.1.0
[INFO] [stderr]    Compiling libloading v0.6.2
[INFO] [stderr]    Compiling proc-macro2 v1.0.18
[INFO] [stderr]    Compiling nix v0.14.1
[INFO] [stderr]    Compiling piston-float v1.0.0
[INFO] [stderr]    Compiling syn v1.0.33
[INFO] [stderr]    Compiling rayon-core v1.7.1
[INFO] [stderr]    Compiling void v1.0.2
[INFO] [stderr]    Compiling serde v1.0.114
[INFO] [stderr]    Compiling serde_derive v1.0.114
[INFO] [stderr]    Compiling adler32 v1.1.0
[INFO] [stderr]    Compiling pkg-config v0.3.17
[INFO] [stderr]    Compiling piston-graphics_api_version v0.2.0
[INFO] [stderr]    Compiling crc32fast v1.2.0
[INFO] [stderr]    Compiling downcast-rs v1.2.0
[INFO] [stderr]    Compiling same-file v1.0.6
[INFO] [stderr]    Compiling cc v1.0.56
[INFO] [stderr]    Compiling xdg v2.2.0
[INFO] [stderr]    Compiling either v1.5.3
[INFO] [stderr]    Compiling lzw v0.10.0
[INFO] [stderr]    Compiling color_quant v1.0.1
[INFO] [stderr]    Compiling scoped_threadpool v0.1.9
[INFO] [stderr]    Compiling bytemuck v1.2.0
[INFO] [stderr]    Compiling piston-texture v0.8.0
[INFO] [stderr]    Compiling read_color v1.0.0
[INFO] [stderr]    Compiling interpolation v0.2.0
[INFO] [stderr]    Compiling piston-shaders_graphics2d v0.3.1
[INFO] [stderr]    Compiling maybe-uninit v2.0.0
[INFO] [stderr]    Compiling parking_lot_core v0.6.2
[INFO] [stderr]    Compiling parking_lot v0.9.0
[INFO] [stderr]    Compiling draw_state v0.8.0
[INFO] [stderr]    Compiling piston-viewport v1.0.0
[INFO] [stderr]    Compiling vecmath v1.0.0
[INFO] [stderr]    Compiling lock_api v0.3.4
[INFO] [stderr]    Compiling miniz_oxide v0.3.7
[INFO] [stderr]    Compiling shader_version v0.6.0
[INFO] [stderr]    Compiling smallvec v0.6.13
[INFO] [stderr]    Compiling walkdir v2.3.1
[INFO] [stderr]    Compiling num-traits v0.2.12
[INFO] [stderr]    Compiling crossbeam-utils v0.7.2
[INFO] [stderr]    Compiling memoffset v0.5.4
[INFO] [stderr]    Compiling crossbeam-epoch v0.8.2
[INFO] [stderr]    Compiling num-integer v0.1.43
[INFO] [stderr]    Compiling rayon v1.3.1
[INFO] [stderr]    Compiling num-iter v0.1.41
[INFO] [stderr]    Compiling num-rational v0.3.0
[INFO] [stderr]    Compiling gif v0.10.3
[INFO] [stderr]    Compiling x11-dl v2.18.5
[INFO] [stderr]    Compiling dlib v0.4.2
[INFO] [stderr]    Compiling stb_truetype v0.3.1
[INFO] [stderr]    Compiling deflate v0.8.4
[INFO] [stderr]    Compiling tiff v0.5.0
[INFO] [stderr]    Compiling gfx_core v0.9.2
[INFO] [stderr]    Compiling wayland-sys v0.21.13
[INFO] [stderr]    Compiling libloading v0.5.2
[INFO] [stderr]    Compiling gl_generator v0.13.1
[INFO] [stderr]    Compiling gl_generator v0.10.0
[INFO] [stderr]    Compiling gl_generator v0.14.0
[INFO] [stderr]    Compiling quote v0.6.13
[INFO] [stderr]    Compiling quote v1.0.7
[INFO] [stderr]    Compiling png v0.16.6
[INFO] [stderr]    Compiling num_cpus v1.13.0
[INFO] [stderr]    Compiling memmap v0.7.0
[INFO] [stderr]    Compiling raw-window-handle v0.3.3
[INFO] [stderr]    Compiling shared_library v0.1.9
[INFO] [stderr]    Compiling wayland-scanner v0.21.13
[INFO] [stderr]    Compiling osmesa-sys v0.1.2
[INFO] [stderr]    Compiling approx v0.3.2
[INFO] [stderr]    Compiling ordered-float v1.1.0
[INFO] [stderr]    Compiling line_drawing v0.7.0
[INFO] [stderr]    Compiling crossbeam-queue v0.2.3
[INFO] [stderr]    Compiling gfx v0.18.2
[INFO] [stderr]    Compiling rusttype v0.8.3
[INFO] [stderr]    Compiling crossbeam-deque v0.7.3
[INFO] [stderr]    Compiling gfx_gl v0.6.1
[INFO] [stderr]    Compiling gl v0.11.0
[INFO] [stderr]    Compiling glutin_egl_sys v0.1.4
[INFO] [stderr]    Compiling glutin_glx_sys v0.1.6
[INFO] [stderr]    Compiling rusttype v0.7.9
[INFO] [stderr]    Compiling piston2d-graphics v0.36.0
[INFO] [stderr]    Compiling andrew v0.2.1
[INFO] [stderr]    Compiling wayland-client v0.21.13
[INFO] [stderr]    Compiling wayland-protocols v0.21.13
[INFO] [stderr]    Compiling wayland-commons v0.21.13
[INFO] [stderr]    Compiling jpeg-decoder v0.1.19
[INFO] [stderr]    Compiling image v0.23.6
[INFO] [stderr]    Compiling gfx_device_gl v0.16.2
[INFO] [stderr]    Compiling piston-gfx_texture v0.41.0
[INFO] [stderr]    Compiling piston2d-gfx_graphics v0.68.0
[INFO] [stderr]    Compiling pistoncore-input v0.28.1
[INFO] [stderr]    Compiling pistoncore-window v0.45.0
[INFO] [stderr]    Compiling pistoncore-event_loop v0.50.0
[INFO] [stderr]    Compiling piston v0.50.0
[INFO] [stderr]    Compiling smithay-client-toolkit v0.4.6
[INFO] [stderr]    Compiling winit v0.19.5
[INFO] [stderr]    Compiling glutin v0.21.2
[INFO] [stderr]    Compiling pistoncore-glutin_window v0.64.0
[INFO] [stderr]    Compiling piston_window v0.109.0
[INFO] [stderr]    Compiling simpleterm v0.2.5 (/opt/rustwide/workdir)
[INFO] [stderr]     Finished dev [unoptimized + debuginfo] target(s) in 1m 13s
[INFO] running `Command { std: "docker" "inspect" "d712ef8eef2221da71c4a01cb72409c5003324715f1b09ad4eb69cce8265b6d5", kill_on_drop: false }`
[INFO] running `Command { std: "docker" "rm" "-f" "d712ef8eef2221da71c4a01cb72409c5003324715f1b09ad4eb69cce8265b6d5", kill_on_drop: false }`
[INFO] [stdout] d712ef8eef2221da71c4a01cb72409c5003324715f1b09ad4eb69cce8265b6d5
[INFO] running `Command { std: "docker" "create" "-v" "/var/lib/crater-agent-workspace/builds/worker-2/target:/opt/rustwide/target:rw,Z" "-v" "/var/lib/crater-agent-workspace/builds/worker-2/source:/opt/rustwide/workdir:ro,Z" "-v" "/var/lib/crater-agent-workspace/cargo-home:/opt/rustwide/cargo-home:ro,Z" "-v" "/var/lib/crater-agent-workspace/rustup-home:/opt/rustwide/rustup-home:ro,Z" "-e" "SOURCE_DIR=/opt/rustwide/workdir" "-e" "CARGO_TARGET_DIR=/opt/rustwide/target" "-e" "CARGO_INCREMENTAL=0" "-e" "RUST_BACKTRACE=full" "-e" "RUSTFLAGS=--cap-lints=warn" "-e" "CARGO_HOME=/opt/rustwide/cargo-home" "-e" "RUSTUP_HOME=/opt/rustwide/rustup-home" "-w" "/opt/rustwide/workdir" "-m" "1610612736" "--user" "0:0" "--network" "none" "ghcr.io/rust-lang/crates-build-env/linux@sha256:34b6a614d2c27851fe6cbf88fbd1137609cefab8b10d0615aaeb6fd47975d74e" "/opt/rustwide/cargo-home/bin/cargo" "+1.54.0" "test" "--frozen" "--no-run" "--message-format=json", kill_on_drop: false }`
[INFO] [stdout] d7fd996df2e89d4b0f4b4697b6e77205fce0b86ffe3599e7943ac3971969109b
[INFO] running `Command { std: "docker" "start" "-a" "d7fd996df2e89d4b0f4b4697b6e77205fce0b86ffe3599e7943ac3971969109b", kill_on_drop: false }`
[INFO] [stderr]    Compiling simpleterm v0.2.5 (/opt/rustwide/workdir)
[INFO] [stderr]     Finished test [unoptimized + debuginfo] target(s) in 1.24s
[INFO] running `Command { std: "docker" "inspect" "d7fd996df2e89d4b0f4b4697b6e77205fce0b86ffe3599e7943ac3971969109b", kill_on_drop: false }`
[INFO] running `Command { std: "docker" "rm" "-f" "d7fd996df2e89d4b0f4b4697b6e77205fce0b86ffe3599e7943ac3971969109b", kill_on_drop: false }`
[INFO] [stdout] d7fd996df2e89d4b0f4b4697b6e77205fce0b86ffe3599e7943ac3971969109b
[INFO] running `Command { std: "docker" "create" "-v" "/var/lib/crater-agent-workspace/builds/worker-2/target:/opt/rustwide/target:rw,Z" "-v" "/var/lib/crater-agent-workspace/builds/worker-2/source:/opt/rustwide/workdir:ro,Z" "-v" "/var/lib/crater-agent-workspace/cargo-home:/opt/rustwide/cargo-home:ro,Z" "-v" "/var/lib/crater-agent-workspace/rustup-home:/opt/rustwide/rustup-home:ro,Z" "-e" "SOURCE_DIR=/opt/rustwide/workdir" "-e" "CARGO_TARGET_DIR=/opt/rustwide/target" "-e" "CARGO_INCREMENTAL=0" "-e" "RUST_BACKTRACE=full" "-e" "RUSTFLAGS=--cap-lints=warn" "-e" "CARGO_HOME=/opt/rustwide/cargo-home" "-e" "RUSTUP_HOME=/opt/rustwide/rustup-home" "-w" "/opt/rustwide/workdir" "-m" "1610612736" "--user" "0:0" "--network" "none" "ghcr.io/rust-lang/crates-build-env/linux@sha256:34b6a614d2c27851fe6cbf88fbd1137609cefab8b10d0615aaeb6fd47975d74e" "/opt/rustwide/cargo-home/bin/cargo" "+1.54.0" "test" "--frozen", kill_on_drop: false }`
[INFO] [stdout] 773c433dff9afbed8d7ce2b1599c4a7416aced854efbc590911290a37d41dff9
[INFO] running `Command { std: "docker" "start" "-a" "773c433dff9afbed8d7ce2b1599c4a7416aced854efbc590911290a37d41dff9", kill_on_drop: false }`
[INFO] [stderr]     Finished test [unoptimized + debuginfo] target(s) in 0.25s
[INFO] [stderr]      Running unittests (/opt/rustwide/target/debug/deps/simpleterm-3b45bf8e78159e18)
[INFO] [stdout] 
[INFO] [stderr]      Running unittests (/opt/rustwide/target/debug/deps/simpleterm-229a550d2829fc86)
[INFO] [stdout] running 0 tests
[INFO] [stdout] 
[INFO] [stdout] test result: ok. 0 passed; 0 failed; 0 ignored; 0 measured; 0 filtered out; finished in 0.00s
[INFO] [stdout] 
[INFO] [stderr]    Doc-tests simpleterm
[INFO] [stdout] 
[INFO] [stdout] running 0 tests
[INFO] [stdout] 
[INFO] [stdout] test result: ok. 0 passed; 0 failed; 0 ignored; 0 measured; 0 filtered out; finished in 0.00s
[INFO] [stdout] 
[INFO] [stdout] 
[INFO] [stdout] running 14 tests
[INFO] [stdout] test src/terminal.rs - terminal::Terminal::show (line 109) - compile ... ok
[INFO] [stdout] test src/terminal.rs - terminal::Terminal::set_art_font (line 185) - compile ... ok
[INFO] [stdout] test src/terminal.rs - terminal::Terminal::set_font (line 166) - compile ... ok
[INFO] [stdout] test src/terminal.rs - terminal::Terminal::new (line 34) - compile ... ok
[INFO] [stdout] test src/terminal.rs - terminal::Terminal::tell (line 130) - compile ... ok
[INFO] [stdout] test src/terminal.rs - terminal::Terminal::ask (line 64) - compile ... ok
[INFO] [stdout] test src/terminal.rs - terminal::Terminal::set_colors (line 201) - compile ... ok
[INFO] [stdout] test src/terminal.rs - terminal::Terminal::display_art (line 87) - compile ... ok
[INFO] [stdout] test src/terminal.rs - terminal::Terminal::resize (line 151) - compile ... ok
[INFO] [stdout] test src/text.rs - text::place_art (line 133) ... FAILED
[INFO] [stdout] test src/text.rs - text::TermColor::brighter_than (line 40) ... ok
[INFO] [stdout] test src/text.rs - text::TermColor::brightness (line 33) ... ok
[INFO] [stdout] test src/text.rs - text::split_word (line 70) ... ok
[INFO] [stdout] test src/text.rs - text::check_flash (line 115) ... ok
[INFO] [stdout] 
[INFO] [stdout] failures:
[INFO] [stdout] 
[INFO] [stdout] ---- src/text.rs - text::place_art (line 133) stdout ----
[INFO] [stdout] error: linking with `cc` failed: exit status: 1
[INFO] [stdout]   |
[INFO] [stdout]   = note: "cc" "-m64" "/tmp/rustdoctestMSOxyF/rust_out.rust_out.7rcbfp3g-cgu.0.rcgu.o" "/tmp/rustdoctestMSOxyF/rust_out.33dyzt1ekirinwy8.rcgu.o" "-Wl,--as-needed" "-L" "/opt/rustwide/target/debug/deps" "-L" "/opt/rustwide/target/debug/deps" "-L" "/opt/rustwide/target/debug/build/libloading-5a1e3b20c7fb2b43/out" "-L" "/opt/rustwide/rustup-home/toolchains/1.54.0-x86_64-unknown-linux-gnu/lib/rustlib/x86_64-unknown-linux-gnu/lib" "-Wl,-Bstatic" "/opt/rustwide/target/debug/deps/libsimpleterm-860d3dfaa7b14c4a.rlib" "/opt/rustwide/target/debug/deps/libpiston_window-8c72be2357a556c9.rlib" "/opt/rustwide/target/debug/deps/libglutin_window-79f5cad90090847a.rlib" "/opt/rustwide/target/debug/deps/libgl-8f7a5bf5b74b741a.rlib" "/opt/rustwide/target/debug/deps/libglutin-5e98cd6e58ce3075.rlib" "/opt/rustwide/target/debug/deps/libosmesa_sys-8d9565ac2cb7b549.rlib" "/opt/rustwide/target/debug/deps/libshared_library-679e0c4b04e6f4af.rlib" "/opt/rustwide/target/debug/deps/liblibloading-42365b1234255f17.rlib" "/opt/rustwide/target/debug/deps/libwinit-3bef22b53550c594.rlib" "/opt/rustwide/target/debug/deps/libraw_window_handle-a437ff591c64a854.rlib" "/opt/rustwide/target/debug/deps/libsmithay_client_toolkit-c2d1f4b9a51ec656.rlib" "/opt/rustwide/target/debug/deps/libwayland_protocols-31304e521e316243.rlib" "/opt/rustwide/target/debug/deps/libwayland_client-f6a803869df9f1e3.rlib" "/opt/rustwide/target/debug/deps/libwayland_commons-490f1584891bf82c.rlib" "/opt/rustwide/target/debug/deps/libwayland_sys-3a31634195fd3bc7.rlib" "/opt/rustwide/target/debug/deps/libnix-978576c4567945c4.rlib" "/opt/rustwide/target/debug/deps/libvoid-c3f770d6ee2d2f2c.rlib" "/opt/rustwide/target/debug/deps/libmemmap-909d065d19cad236.rlib" "/opt/rustwide/target/debug/deps/libandrew-0d1316fd4b5c0f9a.rlib" "/opt/rustwide/target/debug/deps/libxml-f0211806b299c0ce.rlib" "/opt/rustwide/target/debug/deps/libxdg-647441c92ee2915e.rlib" "/opt/rustwide/target/debug/deps/libwalkdir-d3d1a098ed37f0d0.rlib" "/opt/rustwide/target/debug/deps/libsame_file-6c7da3b22554f6bc.rlib" "/opt/rustwide/target/debug/deps/librusttype-cf5a1e2a0f10ff9c.rlib" "/opt/rustwide/target/debug/deps/libline_drawing-9032eded8cb7a20a.rlib" "/opt/rustwide/target/debug/deps/libdlib-a9002c522f012d5c.rlib" "/opt/rustwide/target/debug/deps/liblibloading-b25631cf0ea5c145.rlib" "/opt/rustwide/target/debug/deps/libpercent_encoding-549c334c22432c49.rlib" "/opt/rustwide/target/debug/deps/libparking_lot-a9783f8a730d4141.rlib" "/opt/rustwide/target/debug/deps/libparking_lot_core-0debbc38323284f9.rlib" "/opt/rustwide/target/debug/deps/libsmallvec-f9ef1d4c68b9c609.rlib" "/opt/rustwide/target/debug/deps/liblock_api-dc263642307a5f06.rlib" "/opt/rustwide/target/debug/deps/libglutin_glx_sys-78238ac15ff5007f.rlib" "/opt/rustwide/target/debug/deps/libx11_dl-13ba7fd0ca62d42a.rlib" "/opt/rustwide/target/debug/deps/libglutin_egl_sys-26b3eb8662627043.rlib" "/opt/rustwide/target/debug/deps/libpiston-7a60dceacc504bc8.rlib" "/opt/rustwide/target/debug/deps/libevent_loop-c2a279b21f1b4ba7.rlib" "/opt/rustwide/target/debug/deps/libwindow-e0cd253977d7d92f.rlib" "/opt/rustwide/target/debug/deps/libinput-15ffe5c1e6af0db7.rlib" "/opt/rustwide/target/debug/deps/libserde-da57cd2829a60867.rlib" "/opt/rustwide/target/debug/deps/libgfx_graphics-26798231cd1d9b24.rlib" "/opt/rustwide/target/debug/deps/libshader_version-283e1a4d4f37733a.rlib" "/opt/rustwide/target/debug/deps/libgraphics_api_version-74301e53a2eaa1b0.rlib" "/opt/rustwide/target/debug/deps/libshaders_graphics2d-043dae3b627b98a5.rlib" "/opt/rustwide/target/debug/deps/libgraphics-fd75cacda0dbd5ff.rlib" "/opt/rustwide/target/debug/deps/libfnv-56e05e18a5751d51.rlib" "/opt/rustwide/target/debug/deps/librusttype-b3edfe0ca5e01586.rlib" "/opt/rustwide/target/debug/deps/libstb_truetype-b7aff6df981e7295.rlib" "/opt/rustwide/target/debug/deps/libordered_float-f6f332d7a0604cfb.rlib" "/opt/rustwide/target/debug/deps/libapprox-6b3b512d1f479d6d.rlib" "/opt/rustwide/target/debug/deps/libviewport-4d40f3548e65377e.rlib" "/opt/rustwide/target/debug/deps/libinterpolation-753bde8eba5bafd7.rlib" "/opt/rustwide/target/debug/deps/libread_color-63f1f6bb6db3e5c3.rlib" "/opt/rustwide/target/debug/deps/libvecmath-ba32c6e85f613d8b.rlib" "/opt/rustwide/target/debug/deps/libfloat-339f801a668fbb3f.rlib" "/opt/rustwide/target/debug/deps/libgfx_texture-f794fae1cc839ecd.rlib" "/opt/rustwide/target/debug/deps/libimage-30b35a879786216e.rlib" "/opt/rustwide/target/debug/deps/libbytemuck-1e0a6f7c51d43701.rlib" "/opt/rustwide/target/debug/deps/libpng-03ac5650075f2b4b.rlib" "/opt/rustwide/target/debug/deps/libcrc32fast-e2919975640cb346.rlib" "/opt/rustwide/target/debug/deps/libdeflate-e800301c93c8cf0a.rlib" "/opt/rustwide/target/debug/deps/libnum_iter-19ed4121499e5d84.rlib" "/opt/rustwide/target/debug/deps/libjpeg_decoder-bb8d98a801968c4c.rlib" "/opt/rustwide/target/debug/deps/librayon-f9a65ead0a0e7596.rlib" "/opt/rustwide/target/debug/deps/librayon_core-b9d218708f91b796.rlib" "/opt/rustwide/target/debug/deps/libnum_cpus-f45ef279d9937958.rlib" "/opt/rustwide/target/debug/deps/liblibc-f14f9a5269b59615.rlib" "/opt/rustwide/target/debug/deps/libcrossbeam_deque-0485da07e3e3923b.rlib" "/opt/rustwide/target/debug/deps/libcrossbeam_epoch-73233397b0f7d32c.rlib" "/opt/rustwide/target/debug/deps/libscopeguard-7a1710762e6687e9.rlib" "/opt/rustwide/target/debug/deps/libmemoffset-a2c65ee0dcf5f84c.rlib" "/opt/rustwide/target/debug/deps/libcrossbeam_queue-338209f51768f162.rlib" "/opt/rustwide/target/debug/deps/libcrossbeam_utils-79c2bd225d0d7f75.rlib" "/opt/rustwide/target/debug/deps/liblazy_static-5c53d641eb010a81.rlib" "/opt/rustwide/target/debug/deps/libmaybe_uninit-17ac005437abed86.rlib" "/opt/rustwide/target/debug/deps/libeither-16520a65cfe89184.rlib" "/opt/rustwide/target/debug/deps/libscoped_threadpool-b57ca677d8d780cf.rlib" "/opt/rustwide/target/debug/deps/libnum_rational-d09732d943ffb609.rlib" "/opt/rustwide/target/debug/deps/libnum_integer-3277b01383929e16.rlib" "/opt/rustwide/target/debug/deps/libgif-74e64bddc1e08a86.rlib" "/opt/rustwide/target/debug/deps/libcolor_quant-c1085f86cbd02ea9.rlib" "/opt/rustwide/target/debug/deps/libnum_traits-7556661857fcb1c6.rlib" "/opt/rustwide/target/debug/deps/libtiff-7d6f8fd74fc576fa.rlib" "/opt/rustwide/target/debug/deps/libminiz_oxide-e55111efea241dcf.rlib" "/opt/rustwide/target/debug/deps/libadler32-b1755fb70c87ed68.rlib" "/opt/rustwide/target/debug/deps/liblzw-297107eb927d29ad.rlib" "/opt/rustwide/target/debug/deps/libbyteorder-d836ba3e41654e24.rlib" "/opt/rustwide/target/debug/deps/libtexture-99ec4e1e757294cf.rlib" "/opt/rustwide/target/debug/deps/libgfx_device_gl-dc9924042c77fcdc.rlib" "/opt/rustwide/target/debug/deps/libgfx_gl-aefa17759dbbde11.rlib" "/opt/rustwide/target/debug/deps/libgfx-cfed948904fa6d82.rlib" "/opt/rustwide/target/debug/deps/libgfx_core-128aedeea5b40ee7.rlib" "/opt/rustwide/target/debug/deps/libdraw_state-211b780614b6122b.rlib" "/opt/rustwide/target/debug/deps/libbitflags-f89ae4b715176e2d.rlib" "/opt/rustwide/target/debug/deps/liblog-5b2a258a36d50712.rlib" "/opt/rustwide/target/debug/deps/libcfg_if-e7a28af79b261e75.rlib" "-Wl,--start-group" "/opt/rustwide/rustup-home/toolchains/1.54.0-x86_64-unknown-linux-gnu/lib/rustlib/x86_64-unknown-linux-gnu/lib/libstd-2420485b9e5ef5e1.rlib" "/opt/rustwide/rustup-home/toolchains/1.54.0-x86_64-unknown-linux-gnu/lib/rustlib/x86_64-unknown-linux-gnu/lib/libpanic_unwind-785e3cb61c4b1960.rlib" "/opt/rustwide/rustup-home/toolchains/1.54.0-x86_64-unknown-linux-gnu/lib/rustlib/x86_64-unknown-linux-gnu/lib/libminiz_oxide-087191a88bdaa22d.rlib" "/opt/rustwide/rustup-home/toolchains/1.54.0-x86_64-unknown-linux-gnu/lib/rustlib/x86_64-unknown-linux-gnu/lib/libadler-9981842c02975178.rlib" "/opt/rustwide/rustup-home/toolchains/1.54.0-x86_64-unknown-linux-gnu/lib/rustlib/x86_64-unknown-linux-gnu/lib/libobject-6fb405869b015fde.rlib" "/opt/rustwide/rustup-home/toolchains/1.54.0-x86_64-unknown-linux-gnu/lib/rustlib/x86_64-unknown-linux-gnu/lib/libaddr2line-d05c5c3c56004b7b.rlib" "/opt/rustwide/rustup-home/toolchains/1.54.0-x86_64-unknown-linux-gnu/lib/rustlib/x86_64-unknown-linux-gnu/lib/libgimli-42d74d2097528b38.rlib" "/opt/rustwide/rustup-home/toolchains/1.54.0-x86_64-unknown-linux-gnu/lib/rustlib/x86_64-unknown-linux-gnu/lib/libstd_detect-fb36534c113d2209.rlib" "/opt/rustwide/rustup-home/toolchains/1.54.0-x86_64-unknown-linux-gnu/lib/rustlib/x86_64-unknown-linux-gnu/lib/librustc_demangle-b56b9042c12b6535.rlib" "/opt/rustwide/rustup-home/toolchains/1.54.0-x86_64-unknown-linux-gnu/lib/rustlib/x86_64-unknown-linux-gnu/lib/libhashbrown-491902d6cb3e76df.rlib" "/opt/rustwide/rustup-home/toolchains/1.54.0-x86_64-unknown-linux-gnu/lib/rustlib/x86_64-unknown-linux-gnu/lib/librustc_std_workspace_alloc-61834e0981b8c367.rlib" "/opt/rustwide/rustup-home/toolchains/1.54.0-x86_64-unknown-linux-gnu/lib/rustlib/x86_64-unknown-linux-gnu/lib/libunwind-f78aa99d613a55bc.rlib" "/opt/rustwide/rustup-home/toolchains/1.54.0-x86_64-unknown-linux-gnu/lib/rustlib/x86_64-unknown-linux-gnu/lib/libcfg_if-53ee54cd7fed2c57.rlib" "/opt/rustwide/rustup-home/toolchains/1.54.0-x86_64-unknown-linux-gnu/lib/rustlib/x86_64-unknown-linux-gnu/lib/liblibc-544ecdbd6cda3c58.rlib" "/opt/rustwide/rustup-home/toolchains/1.54.0-x86_64-unknown-linux-gnu/lib/rustlib/x86_64-unknown-linux-gnu/lib/liballoc-379cc252b6943a79.rlib" "/opt/rustwide/rustup-home/toolchains/1.54.0-x86_64-unknown-linux-gnu/lib/rustlib/x86_64-unknown-linux-gnu/lib/librustc_std_workspace_core-8063eea38dcc5e62.rlib" "/opt/rustwide/rustup-home/toolchains/1.54.0-x86_64-unknown-linux-gnu/lib/rustlib/x86_64-unknown-linux-gnu/lib/libcore-5b228734afae15ee.rlib" "-Wl,--end-group" "/opt/rustwide/rustup-home/toolchains/1.54.0-x86_64-unknown-linux-gnu/lib/rustlib/x86_64-unknown-linux-gnu/lib/libcompiler_builtins-d6c7a399d95d173f.rlib" "-Wl,-Bdynamic" "-ldl" "-ldl" "-lutil" "-ldl" "-lutil" "-lgcc_s" "-lutil" "-lrt" "-lpthread" "-lm" "-ldl" "-lc" "-Wl,--eh-frame-hdr" "-Wl,-znoexecstack" "-L" "/opt/rustwide/rustup-home/toolchains/1.54.0-x86_64-unknown-linux-gnu/lib/rustlib/x86_64-unknown-linux-gnu/lib" "-o" "/tmp/rustdoctestMSOxyF/rust_out" "-Wl,--gc-sections" "-pie" "-Wl,-zrelro" "-Wl,-znow" "-nodefaultlibs"
[INFO] [stdout]   = note: collect2: fatal error: ld terminated with signal 9 [Killed]
[INFO] [stdout]           compilation terminated.
[INFO] [stdout]           
[INFO] [stdout] 
[INFO] [stdout] error: aborting due to previous error
[INFO] [stdout] 
[INFO] [stdout] Couldn't compile the test.
[INFO] [stdout] 
[INFO] [stdout] failures:
[INFO] [stdout]     src/text.rs - text::place_art (line 133)
[INFO] [stdout] 
[INFO] [stdout] test result: FAILED. 13 passed; 1 failed; 0 ignored; 0 measured; 0 filtered out; finished in 4.61s
[INFO] [stdout] 
[INFO] [stderr] error: test failed, to rerun pass '--doc'
[INFO] running `Command { std: "docker" "inspect" "773c433dff9afbed8d7ce2b1599c4a7416aced854efbc590911290a37d41dff9", kill_on_drop: false }`
[INFO] running `Command { std: "docker" "rm" "-f" "773c433dff9afbed8d7ce2b1599c4a7416aced854efbc590911290a37d41dff9", kill_on_drop: false }`
[INFO] [stdout] 773c433dff9afbed8d7ce2b1599c4a7416aced854efbc590911290a37d41dff9
