[INFO] fetching crate simplecss 0.2.1...
[INFO] testing simplecss-0.2.1 against 1.54.0 for beta-1.55-1
[INFO] extracting crate simplecss 0.2.1 into /workspace/builds/worker-108/source
[INFO] validating manifest of crates.io crate simplecss 0.2.1 on toolchain 1.54.0
[INFO] running `Command { std: "/workspace/cargo-home/bin/cargo" "+1.54.0" "metadata" "--manifest-path" "Cargo.toml" "--no-deps", kill_on_drop: false }`
[INFO] started tweaking crates.io crate simplecss 0.2.1
[INFO] finished tweaking crates.io crate simplecss 0.2.1
[INFO] tweaked toml for crates.io crate simplecss 0.2.1 written to /workspace/builds/worker-108/source/Cargo.toml
[INFO] crate crates.io crate simplecss 0.2.1 already has a lockfile, it will not be regenerated
[INFO] running `Command { std: "/workspace/cargo-home/bin/cargo" "+1.54.0" "fetch" "--manifest-path" "Cargo.toml", kill_on_drop: false }`
[INFO] [stderr]     Blocking waiting for file lock on package cache
[INFO] running `Command { std: "docker" "create" "-v" "/var/lib/crater-agent-workspace/builds/worker-108/target:/opt/rustwide/target:rw,Z" "-v" "/var/lib/crater-agent-workspace/builds/worker-108/source:/opt/rustwide/workdir:ro,Z" "-v" "/var/lib/crater-agent-workspace/cargo-home:/opt/rustwide/cargo-home:ro,Z" "-v" "/var/lib/crater-agent-workspace/rustup-home:/opt/rustwide/rustup-home:ro,Z" "-e" "SOURCE_DIR=/opt/rustwide/workdir" "-e" "CARGO_TARGET_DIR=/opt/rustwide/target" "-e" "CARGO_HOME=/opt/rustwide/cargo-home" "-e" "RUSTUP_HOME=/opt/rustwide/rustup-home" "-w" "/opt/rustwide/workdir" "-m" "1610612736" "--user" "0:0" "--network" "none" "ghcr.io/rust-lang/crates-build-env/linux@sha256:34b6a614d2c27851fe6cbf88fbd1137609cefab8b10d0615aaeb6fd47975d74e" "/opt/rustwide/cargo-home/bin/cargo" "+1.54.0" "metadata" "--no-deps" "--format-version=1", kill_on_drop: false }`
[INFO] [stdout] d1e991e332254fb43ff436a4993c2a01255667b4f7c3fd0db44fc01b563d22d7
[INFO] running `Command { std: "docker" "start" "-a" "d1e991e332254fb43ff436a4993c2a01255667b4f7c3fd0db44fc01b563d22d7", kill_on_drop: false }`
[INFO] running `Command { std: "docker" "inspect" "d1e991e332254fb43ff436a4993c2a01255667b4f7c3fd0db44fc01b563d22d7", kill_on_drop: false }`
[INFO] running `Command { std: "docker" "rm" "-f" "d1e991e332254fb43ff436a4993c2a01255667b4f7c3fd0db44fc01b563d22d7", kill_on_drop: false }`
[INFO] [stdout] d1e991e332254fb43ff436a4993c2a01255667b4f7c3fd0db44fc01b563d22d7
[INFO] running `Command { std: "docker" "create" "-v" "/var/lib/crater-agent-workspace/builds/worker-108/target:/opt/rustwide/target:rw,Z" "-v" "/var/lib/crater-agent-workspace/builds/worker-108/source:/opt/rustwide/workdir:ro,Z" "-v" "/var/lib/crater-agent-workspace/cargo-home:/opt/rustwide/cargo-home:ro,Z" "-v" "/var/lib/crater-agent-workspace/rustup-home:/opt/rustwide/rustup-home:ro,Z" "-e" "SOURCE_DIR=/opt/rustwide/workdir" "-e" "CARGO_TARGET_DIR=/opt/rustwide/target" "-e" "CARGO_INCREMENTAL=0" "-e" "RUST_BACKTRACE=full" "-e" "RUSTFLAGS=--cap-lints=warn" "-e" "CARGO_HOME=/opt/rustwide/cargo-home" "-e" "RUSTUP_HOME=/opt/rustwide/rustup-home" "-w" "/opt/rustwide/workdir" "-m" "1610612736" "--user" "0:0" "--network" "none" "ghcr.io/rust-lang/crates-build-env/linux@sha256:34b6a614d2c27851fe6cbf88fbd1137609cefab8b10d0615aaeb6fd47975d74e" "/opt/rustwide/cargo-home/bin/cargo" "+1.54.0" "build" "--frozen" "--message-format=json", kill_on_drop: false }`
[INFO] [stdout] 91ec225ac7070e0a8d54fa1d4eda7aa4f8df0cd7f0a326a11ad9c63fe11f7661
[INFO] running `Command { std: "docker" "start" "-a" "91ec225ac7070e0a8d54fa1d4eda7aa4f8df0cd7f0a326a11ad9c63fe11f7661", kill_on_drop: false }`
[INFO] [stderr]     Blocking waiting for file lock on package cache
[INFO] [stderr]    Compiling log v0.4.14
[INFO] [stderr]    Compiling simplecss v0.2.1 (/opt/rustwide/workdir)
[INFO] [stderr]     Finished dev [unoptimized + debuginfo] target(s) in 3.40s
[INFO] running `Command { std: "docker" "inspect" "91ec225ac7070e0a8d54fa1d4eda7aa4f8df0cd7f0a326a11ad9c63fe11f7661", kill_on_drop: false }`
[INFO] running `Command { std: "docker" "rm" "-f" "91ec225ac7070e0a8d54fa1d4eda7aa4f8df0cd7f0a326a11ad9c63fe11f7661", kill_on_drop: false }`
[INFO] [stdout] 91ec225ac7070e0a8d54fa1d4eda7aa4f8df0cd7f0a326a11ad9c63fe11f7661
[INFO] running `Command { std: "docker" "create" "-v" "/var/lib/crater-agent-workspace/builds/worker-108/target:/opt/rustwide/target:rw,Z" "-v" "/var/lib/crater-agent-workspace/builds/worker-108/source:/opt/rustwide/workdir:ro,Z" "-v" "/var/lib/crater-agent-workspace/cargo-home:/opt/rustwide/cargo-home:ro,Z" "-v" "/var/lib/crater-agent-workspace/rustup-home:/opt/rustwide/rustup-home:ro,Z" "-e" "SOURCE_DIR=/opt/rustwide/workdir" "-e" "CARGO_TARGET_DIR=/opt/rustwide/target" "-e" "CARGO_INCREMENTAL=0" "-e" "RUST_BACKTRACE=full" "-e" "RUSTFLAGS=--cap-lints=warn" "-e" "CARGO_HOME=/opt/rustwide/cargo-home" "-e" "RUSTUP_HOME=/opt/rustwide/rustup-home" "-w" "/opt/rustwide/workdir" "-m" "1610612736" "--user" "0:0" "--network" "none" "ghcr.io/rust-lang/crates-build-env/linux@sha256:34b6a614d2c27851fe6cbf88fbd1137609cefab8b10d0615aaeb6fd47975d74e" "/opt/rustwide/cargo-home/bin/cargo" "+1.54.0" "test" "--frozen" "--no-run" "--message-format=json", kill_on_drop: false }`
[INFO] [stdout] 1866f5a877d294417c74b74120ff5e5bd01760da1292ac08796d712a71faf582
[INFO] running `Command { std: "docker" "start" "-a" "1866f5a877d294417c74b74120ff5e5bd01760da1292ac08796d712a71faf582", kill_on_drop: false }`
[INFO] [stderr]    Compiling xmlparser v0.10.0
[INFO] [stderr]    Compiling env_logger v0.6.2
[INFO] [stderr]    Compiling roxmltree v0.7.3
[INFO] [stderr]    Compiling simplecss v0.2.1 (/opt/rustwide/workdir)
[INFO] [stderr]     Finished test [unoptimized + debuginfo] target(s) in 2.05s
[INFO] running `Command { std: "docker" "inspect" "1866f5a877d294417c74b74120ff5e5bd01760da1292ac08796d712a71faf582", kill_on_drop: false }`
[INFO] running `Command { std: "docker" "rm" "-f" "1866f5a877d294417c74b74120ff5e5bd01760da1292ac08796d712a71faf582", kill_on_drop: false }`
[INFO] [stdout] 1866f5a877d294417c74b74120ff5e5bd01760da1292ac08796d712a71faf582
[INFO] running `Command { std: "docker" "create" "-v" "/var/lib/crater-agent-workspace/builds/worker-108/target:/opt/rustwide/target:rw,Z" "-v" "/var/lib/crater-agent-workspace/builds/worker-108/source:/opt/rustwide/workdir:ro,Z" "-v" "/var/lib/crater-agent-workspace/cargo-home:/opt/rustwide/cargo-home:ro,Z" "-v" "/var/lib/crater-agent-workspace/rustup-home:/opt/rustwide/rustup-home:ro,Z" "-e" "SOURCE_DIR=/opt/rustwide/workdir" "-e" "CARGO_TARGET_DIR=/opt/rustwide/target" "-e" "CARGO_INCREMENTAL=0" "-e" "RUST_BACKTRACE=full" "-e" "RUSTFLAGS=--cap-lints=warn" "-e" "CARGO_HOME=/opt/rustwide/cargo-home" "-e" "RUSTUP_HOME=/opt/rustwide/rustup-home" "-w" "/opt/rustwide/workdir" "-m" "1610612736" "--user" "0:0" "--network" "none" "ghcr.io/rust-lang/crates-build-env/linux@sha256:34b6a614d2c27851fe6cbf88fbd1137609cefab8b10d0615aaeb6fd47975d74e" "/opt/rustwide/cargo-home/bin/cargo" "+1.54.0" "test" "--frozen", kill_on_drop: false }`
[INFO] [stdout] 2dfecc33ba2adc37627dc8afacff547f2c929a4b421e6e7095036e1e203b6a15
[INFO] running `Command { std: "docker" "start" "-a" "2dfecc33ba2adc37627dc8afacff547f2c929a4b421e6e7095036e1e203b6a15", kill_on_drop: false }`
[INFO] [stderr]     Blocking waiting for file lock on package cache
[INFO] [stderr]     Finished test [unoptimized + debuginfo] target(s) in 0.42s
[INFO] [stderr]      Running unittests (/opt/rustwide/target/debug/deps/simplecss-bcfcc3e21490ad46)
[INFO] [stdout] 
[INFO] [stderr]      Running tests/declaration_tokenizer.rs (/opt/rustwide/target/debug/deps/declaration_tokenizer-bdd1eb075070b0f2)
[INFO] [stdout] running 0 tests
[INFO] [stdout] 
[INFO] [stdout] test result: ok. 0 passed; 0 failed; 0 ignored; 0 measured; 0 filtered out; finished in 0.00s
[INFO] [stdout] 
[INFO] [stdout] 
[INFO] [stdout] running 34 tests
[INFO] [stdout] test tokenize_01 ... ok
[INFO] [stdout] test tokenize_02 ... ok
[INFO] [stdout] test tokenize_03 ... ok
[INFO] [stdout] test tokenize_04 ... ok
[INFO] [stdout] test tokenize_05 ... ok
[INFO] [stdout] test tokenize_06 ... ok
[INFO] [stdout] test tokenize_07 ... ok
[INFO] [stdout] test tokenize_08 ... ok
[INFO] [stdout] test tokenize_13 ... ok
[INFO] [stdout] test tokenize_14 ... ok
[INFO] [stdout] test tokenize_16 ... ok
[INFO] [stdout] test tokenize_17 ... ok
[INFO] [stdout] test tokenize_09 ... ok
[INFO] [stdout] test tokenize_19 ... ok
[INFO] [stdout] test tokenize_20 ... ok
[INFO] [stdout] test tokenize_21 ... ok
[INFO] [stdout] test tokenize_22 ... ok
[INFO] [stdout] test tokenize_23 ... ok
[INFO] [stdout] test tokenize_24 ... ok
[INFO] [stdout] test tokenize_27 ... ok
[INFO] [stdout] test tokenize_30 ... ok
[INFO] [stdout] test tokenize_31 ... ok
[INFO] [stdout] test tokenize_26 ... ok
[INFO] [stdout] test tokenize_33 ... ok
[INFO] [stdout] test tokenize_34 ... ok
[INFO] [stderr]      Running tests/select.rs (/opt/rustwide/target/debug/deps/select-e1319b923e5b970e)
[INFO] [stdout] test tokenize_11 ... ok
[INFO] [stdout] test tokenize_18 ... ok
[INFO] [stdout] test tokenize_10 ... ok
[INFO] [stdout] test tokenize_12 ... ok
[INFO] [stdout] test tokenize_15 ... ok
[INFO] [stdout] test tokenize_28 ... ok
[INFO] [stdout] test tokenize_32 ... ok
[INFO] [stdout] test tokenize_25 ... ok
[INFO] [stdout] test tokenize_29 ... ok
[INFO] [stdout] 
[INFO] [stdout] test result: ok. 34 passed; 0 failed; 0 ignored; 0 measured; 0 filtered out; finished in 0.04s
[INFO] [stdout] 
[INFO] [stdout] 
[INFO] [stdout] running 31 tests
[INFO] [stdout] test select_01 ... ok
[INFO] [stdout] test select_05 ... ok
[INFO] [stdout] test select_06 ... ok
[INFO] [stdout] test select_03 ... ok
[INFO] [stdout] test select_02 ... ok
[INFO] [stdout] test select_04 ... ok
[INFO] [stdout] test select_07 ... ok
[INFO] [stdout] test select_13 ... ok
[INFO] [stdout] test select_09 ... ok
[INFO] [stdout] test select_15 ... ok
[INFO] [stdout] test select_12 ... ok
[INFO] [stdout] test select_14 ... ok
[INFO] [stdout] test select_10 ... ok
[INFO] [stdout] test select_08 ... ok
[INFO] [stdout] test select_11 ... ok
[INFO] [stdout] test select_19 ... ok
[INFO] [stdout] test select_16 ... ok
[INFO] [stdout] test select_17 ... ok
[INFO] [stdout] test select_18 ... ok
[INFO] [stdout] test select_20 ... ok
[INFO] [stdout] test select_23 ... ok
[INFO] [stdout] test select_21 ... ok
[INFO] [stdout] test select_27 ... ok
[INFO] [stdout] test select_25 ... ok
[INFO] [stdout] test select_22 ... ok
[INFO] [stdout] test select_24 ... ok
[INFO] [stdout] test select_26 ... ok
[INFO] [stdout] test select_29 ... ok
[INFO] [stdout] test select_30 ... ok
[INFO] [stdout] test to_string ... ok
[INFO] [stdout] test select_28 ... ok
[INFO] [stdout] 
[INFO] [stdout] test result: ok. 31 passed; 0 failed; 0 ignored; 0 measured; 0 filtered out; finished in 0.03s
[INFO] [stdout] 
[INFO] [stderr]      Running tests/selector_tokenizer.rs (/opt/rustwide/target/debug/deps/selector_tokenizer-204c58775492596a)
[INFO] [stdout] 
[INFO] [stdout] running 74 tests
[INFO] [stdout] test comment_01 ... ok
[INFO] [stdout] test comment_03 ... ok
[INFO] [stdout] test comment_02 ... ok
[INFO] [stdout] test comment_06 ... ok
[INFO] [stdout] test comment_08 ... ok
[INFO] [stdout] test comment_05 ... ok
[INFO] [stdout] test comment_04 ... ok
[INFO] [stdout] test comment_10 ... ok
[INFO] [stdout] test comment_09 ... ok
[INFO] [stdout] test comment_12 ... ok
[INFO] [stdout] test comment_11 ... ok
[INFO] [stdout] test malformed_02 ... ok
[INFO] [stdout] test malformed_01 ... ok
[INFO] [stdout] test malformed_03 ... ok
[INFO] [stdout] test malformed_04 ... ok
[INFO] [stdout] test malformed_05 ... ok
[INFO] [stdout] test malformed_06 ... ok
[INFO] [stdout] test malformed_07 ... ok
[INFO] [stdout] test malformed_09 ... ok
[INFO] [stdout] test malformed_10 ... ok
[INFO] [stdout] test malformed_11 ... ok
[INFO] [stdout] test malformed_08 ... ok
[INFO] [stdout] test malformed_12 ... ok
[INFO] [stdout] test malformed_13 ... ok
[INFO] [stdout] test malformed_14 ... ok
[INFO] [stdout] test malformed_15 ... ok
[INFO] [stdout] test malformed_16 ... ok
[INFO] [stdout] test malformed_17 ... ok
[INFO] [stdout] test malformed_18 ... ok
[INFO] [stdout] test tokenize_01 ... ok
[INFO] [stdout] test tokenize_02 ... ok
[INFO] [stdout] test tokenize_03 ... ok
[INFO] [stdout] test tokenize_04 ... ok
[INFO] [stdout] test tokenize_05 ... ok
[INFO] [stdout] test tokenize_06 ... ok
[INFO] [stdout] test tokenize_07 ... ok
[INFO] [stdout] test tokenize_08 ... ok
[INFO] [stdout] test tokenize_09 ... ok
[INFO] [stdout] test tokenize_10 ... ok
[INFO] [stdout] test tokenize_11 ... ok
[INFO] [stdout] test tokenize_12 ... ok
[INFO] [stdout] test tokenize_13 ... ok
[INFO] [stdout] test tokenize_14 ... ok
[INFO] [stdout] test tokenize_15 ... ok
[INFO] [stdout] test tokenize_17 ... ok
[INFO] [stdout] test tokenize_18 ... ok
[INFO] [stdout] test tokenize_16 ... ok
[INFO] [stdout] test tokenize_19 ... ok
[INFO] [stdout] test tokenize_21 ... ok
[INFO] [stdout] test tokenize_22 ... ok
[INFO] [stdout] test tokenize_20 ... ok
[INFO] [stdout] test tokenize_24 ... ok
[INFO] [stdout] test tokenize_23 ... ok
[INFO] [stdout] test tokenize_25 ... ok
[INFO] [stdout] test tokenize_26 ... ok
[INFO] [stdout] test tokenize_27 ... ok
[INFO] [stdout] test tokenize_28 ... ok
[INFO] [stdout] test tokenize_29 ... ok
[INFO] [stdout] test tokenize_30 ... ok
[INFO] [stdout] test tokenize_31 ... ok
[INFO] [stdout] test tokenize_32 ... ok
[INFO] [stdout] test tokenize_33 ... ok
[INFO] [stdout] test tokenize_34 ... ok
[INFO] [stdout] test tokenize_35 ... ok
[INFO] [stdout] test tokenize_36 ... ok
[INFO] [stdout] test tokenize_38 ... ok
[INFO] [stdout] test tokenize_37 ... ok
[INFO] [stdout] test tokenize_39 ... ok
[INFO] [stdout] test tokenize_40 ... ok
[INFO] [stdout] test tokenize_41 ... ok
[INFO] [stdout] test tokenize_42 ... ok
[INFO] [stdout] test tokenize_43 ... ok
[INFO] [stdout] test tokenize_44 ... ok
[INFO] [stdout] test tokenize_45 ... ok
[INFO] [stdout] 
[INFO] [stdout] test result: ok. 74 passed; 0 failed; 0 ignored; 0 measured; 0 filtered out; finished in 0.03s
[INFO] [stdout] 
[INFO] [stderr]      Running tests/specificity.rs (/opt/rustwide/target/debug/deps/specificity-06109fcee71aff66)
[INFO] [stdout] 
[INFO] [stdout] running 8 tests
[INFO] [stdout] test spec_01 ... ok
[INFO] [stdout] test spec_04 ... ok
[INFO] [stdout] test spec_02 ... ok
[INFO] [stdout] test spec_07 ... ok
[INFO] [stdout] test spec_03 ... ok
[INFO] [stdout] test spec_08 ... ok
[INFO] [stdout] test spec_06 ... ok
[INFO] [stdout] test spec_05 ... ok
[INFO] [stdout] 
[INFO] [stdout] test result: ok. 8 passed; 0 failed; 0 ignored; 0 measured; 0 filtered out; finished in 0.00s
[INFO] [stdout] 
[INFO] [stderr]      Running tests/stylesheet.rs (/opt/rustwide/target/debug/deps/stylesheet-2dbaebe9a5e785b1)
[INFO] [stdout] 
[INFO] [stdout] running 21 tests
[INFO] [stdout] test style_01 ... ok
[INFO] [stdout] test style_02 ... ok
[INFO] [stdout] test style_05 ... ok
[INFO] [stdout] test style_06 ... ok
[INFO] [stdout] test style_08 ... ok
[INFO] [stdout] test style_04 ... ok
[INFO] [stdout] test style_03 ... ok
[INFO] [stdout] test style_12 ... ok
[INFO] [stdout] test style_11 ... ok
[INFO] [stdout] test style_13 ... ok
[INFO] [stdout] test style_10 ... ok
[INFO] [stdout] test style_07 ... ok
[INFO] [stdout] test style_09 ... ok
[INFO] [stdout] test style_14 ... ok
[INFO] [stdout] test style_16 ... ok
[INFO] [stdout] test style_15 ... ok
[INFO] [stdout] test style_18 ... ok
[INFO] [stdout] test style_17 ... ok
[INFO] [stdout] test style_19 ... ok
[INFO] [stdout] test style_20 ... ok
[INFO] [stdout] test style_21 ... ok
[INFO] [stdout] 
[INFO] [stdout] test result: ok. 21 passed; 0 failed; 0 ignored; 0 measured; 0 filtered out; finished in 0.03s
[INFO] [stdout] 
[INFO] [stderr]      Running tests/warnings.rs (/opt/rustwide/target/debug/deps/warnings-714733673d02ea8c)
[INFO] [stdout] 
[INFO] [stdout] running 2 tests
[INFO] [stdout] test style_01 ... FAILED
[INFO] [stdout] test style_02 ... FAILED
[INFO] [stdout] 
[INFO] [stdout] failures:
[INFO] [stdout] 
[INFO] [stdout] ---- style_01 stdout ----
[INFO] [stdout] thread 'style_01' panicked at 'called `Result::unwrap()` on an `Err` value: Os { code: 2, kind: NotFound, message: "No such file or directory" }', tests/warnings.rs:11:10
[INFO] [stdout] stack backtrace:
[INFO] [stdout]    0:     0x55d5f78af3c0 - std::backtrace_rs::backtrace::libunwind::trace::h34055254b57d8e79
[INFO] [stdout]                                at /rustc/a178d0322ce20e33eac124758e837cbd80a6f633/library/std/src/../../backtrace/src/backtrace/libunwind.rs:90:5
[INFO] [stdout]    1:     0x55d5f78af3c0 - std::backtrace_rs::backtrace::trace_unsynchronized::h8f1e3fbd9afff6ec
[INFO] [stdout]                                at /rustc/a178d0322ce20e33eac124758e837cbd80a6f633/library/std/src/../../backtrace/src/backtrace/mod.rs:66:5
[INFO] [stdout]    2:     0x55d5f78af3c0 - std::sys_common::backtrace::_print_fmt::h3a99a796b770c360
[INFO] [stdout]                                at /rustc/a178d0322ce20e33eac124758e837cbd80a6f633/library/std/src/sys_common/backtrace.rs:67:5
[INFO] [stdout]    3:     0x55d5f78af3c0 - <std::sys_common::backtrace::_print::DisplayBacktrace as core::fmt::Display>::fmt::h32d1f94a80615d18
[INFO] [stdout]                                at /rustc/a178d0322ce20e33eac124758e837cbd80a6f633/library/std/src/sys_common/backtrace.rs:46:22
[INFO] [stdout]    4:     0x55d5f78d1e9c - core::fmt::write::h306731c068f7162c
[INFO] [stdout]                                at /rustc/a178d0322ce20e33eac124758e837cbd80a6f633/library/core/src/fmt/mod.rs:1110:17
[INFO] [stdout]    5:     0x55d5f78ac205 - std::io::Write::write_fmt::h87f19b0a2cd190bc
[INFO] [stdout]                                at /rustc/a178d0322ce20e33eac124758e837cbd80a6f633/library/std/src/io/mod.rs:1588:15
[INFO] [stdout]    6:     0x55d5f78b152b - std::sys_common::backtrace::_print::h5abaa2601a852287
[INFO] [stdout]                                at /rustc/a178d0322ce20e33eac124758e837cbd80a6f633/library/std/src/sys_common/backtrace.rs:49:5
[INFO] [stdout]    7:     0x55d5f78b152b - std::sys_common::backtrace::print::h8d81445442bb638f
[INFO] [stdout]                                at /rustc/a178d0322ce20e33eac124758e837cbd80a6f633/library/std/src/sys_common/backtrace.rs:36:9
[INFO] [stdout]    8:     0x55d5f78b152b - std::panicking::default_hook::{{closure}}::hcfe804496a9fa747
[INFO] [stdout]                                at /rustc/a178d0322ce20e33eac124758e837cbd80a6f633/library/std/src/panicking.rs:208:50
[INFO] [stdout]    9:     0x55d5f78b103c - std::panicking::default_hook::hbea8e3ccf2ba8901
[INFO] [stdout]                                at /rustc/a178d0322ce20e33eac124758e837cbd80a6f633/library/std/src/panicking.rs:222:9
[INFO] [stdout]   10:     0x55d5f78b1bf4 - std::panicking::rust_panic_with_hook::h7ee9e1a2d0f8975a
[INFO] [stdout]                                at /rustc/a178d0322ce20e33eac124758e837cbd80a6f633/library/std/src/panicking.rs:622:17
[INFO] [stdout]   11:     0x55d5f78b16d7 - std::panicking::begin_panic_handler::{{closure}}::h8ab3b4491718b2c7
[INFO] [stdout]                                at /rustc/a178d0322ce20e33eac124758e837cbd80a6f633/library/std/src/panicking.rs:519:13
[INFO] [stdout]   12:     0x55d5f78af8bc - std::sys_common::backtrace::__rust_end_short_backtrace::hd489062ffa586a9f
[INFO] [stdout]                                at /rustc/a178d0322ce20e33eac124758e837cbd80a6f633/library/std/src/sys_common/backtrace.rs:141:18
[INFO] [stdout]   13:     0x55d5f78b1639 - rust_begin_unwind
[INFO] [stdout]                                at /rustc/a178d0322ce20e33eac124758e837cbd80a6f633/library/std/src/panicking.rs:515:5
[INFO] [stdout]   14:     0x55d5f7857641 - core::panicking::panic_fmt::hca6330e3e14086b4
[INFO] [stdout]                                at /rustc/a178d0322ce20e33eac124758e837cbd80a6f633/library/core/src/panicking.rs:92:14
[INFO] [stdout]   15:     0x55d5f7857733 - core::result::unwrap_failed::h6160d2b4bfbb0e87
[INFO] [stdout]                                at /rustc/a178d0322ce20e33eac124758e837cbd80a6f633/library/core/src/result.rs:1355:5
[INFO] [stdout]   16:     0x55d5f7859af3 - core::result::Result<T,E>::unwrap::h9d1cb626e9785c0f
[INFO] [stdout]                                at /rustc/a178d0322ce20e33eac124758e837cbd80a6f633/library/core/src/result.rs:1037:23
[INFO] [stdout]   17:     0x55d5f785b0ba - warnings::run_process::h111ebc66a4364c4d
[INFO] [stdout]                                at /opt/rustwide/workdir/tests/warnings.rs:5:21
[INFO] [stdout]   18:     0x55d5f785b34d - warnings::style_01::h34d8cf4ea056fcee
[INFO] [stdout]                                at /opt/rustwide/workdir/tests/warnings.rs:21:16
[INFO] [stdout]   19:     0x55d5f785b31a - warnings::style_01::{{closure}}::h81e07b144f615d19
[INFO] [stdout]                                at /opt/rustwide/workdir/tests/warnings.rs:20:1
[INFO] [stdout]   20:     0x55d5f7859c2e - core::ops::function::FnOnce::call_once::h81a2ebbfc3cc1e02
[INFO] [stdout]                                at /rustc/a178d0322ce20e33eac124758e837cbd80a6f633/library/core/src/ops/function.rs:227:5
[INFO] [stdout]   21:     0x55d5f78867e3 - core::ops::function::FnOnce::call_once::h152e7e439ff59e19
[INFO] [stdout]                                at /rustc/a178d0322ce20e33eac124758e837cbd80a6f633/library/core/src/ops/function.rs:227:5
[INFO] [stdout]   22:     0x55d5f78867e3 - test::__rust_begin_short_backtrace::h0908f3b1fdbb72ab
[INFO] [stdout]                                at /rustc/a178d0322ce20e33eac124758e837cbd80a6f633/library/test/src/lib.rs:577:5
[INFO] [stdout]   23:     0x55d5f78852a0 - <alloc::boxed::Box<F,A> as core::ops::function::FnOnce<Args>>::call_once::hf6d2a51e5587546c
[INFO] [stdout]                                at /rustc/a178d0322ce20e33eac124758e837cbd80a6f633/library/alloc/src/boxed.rs:1575:9
[INFO] [stdout]   24:     0x55d5f78852a0 - <std::panic::AssertUnwindSafe<F> as core::ops::function::FnOnce<()>>::call_once::h8af660f3a89ef593
[INFO] [stdout]                                at /rustc/a178d0322ce20e33eac124758e837cbd80a6f633/library/std/src/panic.rs:347:9
[INFO] [stdout]   25:     0x55d5f78852a0 - std::panicking::try::do_call::hd36aef60f84b6d36
[INFO] [stdout]                                at /rustc/a178d0322ce20e33eac124758e837cbd80a6f633/library/std/src/panicking.rs:401:40
[INFO] [stdout]   26:     0x55d5f78852a0 - std::panicking::try::h9932b4480e69817c
[INFO] [stdout]                                at /rustc/a178d0322ce20e33eac124758e837cbd80a6f633/library/std/src/panicking.rs:365:19
[INFO] [stdout]   27:     0x55d5f78852a0 - std::panic::catch_unwind::h6aa177099cfff5f8
[INFO] [stdout]                                at /rustc/a178d0322ce20e33eac124758e837cbd80a6f633/library/std/src/panic.rs:434:14
[INFO] [stdout]   28:     0x55d5f78852a0 - test::run_test_in_process::h5884d6f2d99e20c3
[INFO] [stdout]                                at /rustc/a178d0322ce20e33eac124758e837cbd80a6f633/library/test/src/lib.rs:600:18
[INFO] [stdout]   29:     0x55d5f78852a0 - test::run_test::run_test_inner::{{closure}}::h6fdc58c6d5f5b6e3
[INFO] [stdout]                                at /rustc/a178d0322ce20e33eac124758e837cbd80a6f633/library/test/src/lib.rs:492:39
[INFO] [stdout]   30:     0x55d5f785e952 - test::run_test::run_test_inner::{{closure}}::h408365d67a78ade8
[INFO] [stdout]                                at /rustc/a178d0322ce20e33eac124758e837cbd80a6f633/library/test/src/lib.rs:519:37
[INFO] [stdout]   31:     0x55d5f785e952 - std::sys_common::backtrace::__rust_begin_short_backtrace::hb560b77c4f701523
[INFO] [stdout]                                at /rustc/a178d0322ce20e33eac124758e837cbd80a6f633/library/std/src/sys_common/backtrace.rs:125:18
[INFO] [stdout]   32:     0x55d5f7862508 - std::thread::Builder::spawn_unchecked::{{closure}}::{{closure}}::hf2e7831dad93c597
[INFO] [stdout]                                at /rustc/a178d0322ce20e33eac124758e837cbd80a6f633/library/std/src/thread/mod.rs:481:17
[INFO] [stdout]   33:     0x55d5f7862508 - <std::panic::AssertUnwindSafe<F> as core::ops::function::FnOnce<()>>::call_once::hd2e08783d8be4d02
[INFO] [stdout]                                at /rustc/a178d0322ce20e33eac124758e837cbd80a6f633/library/std/src/panic.rs:347:9
[INFO] [stdout]   34:     0x55d5f7862508 - std::panicking::try::do_call::h062597b7acfd6b82
[INFO] [stdout]                                at /rustc/a178d0322ce20e33eac124758e837cbd80a6f633/library/std/src/panicking.rs:401:40
[INFO] [stdout]   35:     0x55d5f7862508 - std::panicking::try::h0d7b79db04c14552
[INFO] [stdout]                                at /rustc/a178d0322ce20e33eac124758e837cbd80a6f633/library/std/src/panicking.rs:365:19
[INFO] [stdout]   36:     0x55d5f7862508 - std::panic::catch_unwind::hb01a0b5e7c8cd43b
[INFO] [stdout]                                at /rustc/a178d0322ce20e33eac124758e837cbd80a6f633/library/std/src/panic.rs:434:14
[INFO] [stdout]   37:     0x55d5f7862508 - std::thread::Builder::spawn_unchecked::{{closure}}::h5bde48cc887e0d1e
[INFO] [stdout]                                at /rustc/a178d0322ce20e33eac124758e837cbd80a6f633/library/std/src/thread/mod.rs:480:30
[INFO] [stdout]   38:     0x55d5f7862508 - core::ops::function::FnOnce::call_once{{vtable.shim}}::h745ea30807a29e55
[INFO] [stdout]                                at /rustc/a178d0322ce20e33eac124758e837cbd80a6f633/library/core/src/ops/function.rs:227:5
[INFO] [stdout]   39:     0x55d5f78b67e7 - <alloc::boxed::Box<F,A> as core::ops::function::FnOnce<Args>>::call_once::h7ece6cfefaff1005
[INFO] [stdout]                                at /rustc/a178d0322ce20e33eac124758e837cbd80a6f633/library/alloc/src/boxed.rs:1575:9
[INFO] [stdout]   40:     0x55d5f78b67e7 - <alloc::boxed::Box<F,A> as core::ops::function::FnOnce<Args>>::call_once::hb8b48e55c21f193e
[INFO] [stdout]                                at /rustc/a178d0322ce20e33eac124758e837cbd80a6f633/library/alloc/src/boxed.rs:1575:9
[INFO] [stdout]   41:     0x55d5f78b67e7 - std::sys::unix::thread::Thread::new::thread_start::h8c7c4450dba62914
[INFO] [stdout]                                at /rustc/a178d0322ce20e33eac124758e837cbd80a6f633/library/std/src/sys/unix/thread.rs:71:17
[INFO] [stdout]   42:     0x7f37b5ff2609 - start_thread
[INFO] [stdout]   43:     0x7f37b5dc4293 - clone
[INFO] [stdout]   44:                0x0 - <unknown>
[INFO] [stdout] 
[INFO] [stdout] ---- style_02 stdout ----
[INFO] [stdout] thread 'style_02' panicked at 'called `Result::unwrap()` on an `Err` value: Os { code: 2, kind: NotFound, message: "No such file or directory" }', tests/warnings.rs:11:10
[INFO] [stdout] stack backtrace:
[INFO] [stdout]    0:     0x55d5f78af3c0 - std::backtrace_rs::backtrace::libunwind::trace::h34055254b57d8e79
[INFO] [stdout]                                at /rustc/a178d0322ce20e33eac124758e837cbd80a6f633/library/std/src/../../backtrace/src/backtrace/libunwind.rs:90:5
[INFO] [stdout]    1:     0x55d5f78af3c0 - std::backtrace_rs::backtrace::trace_unsynchronized::h8f1e3fbd9afff6ec
[INFO] [stdout]                                at /rustc/a178d0322ce20e33eac124758e837cbd80a6f633/library/std/src/../../backtrace/src/backtrace/mod.rs:66:5
[INFO] [stdout]    2:     0x55d5f78af3c0 - std::sys_common::backtrace::_print_fmt::h3a99a796b770c360
[INFO] [stdout]                                at /rustc/a178d0322ce20e33eac124758e837cbd80a6f633/library/std/src/sys_common/backtrace.rs:67:5
[INFO] [stdout]    3:     0x55d5f78af3c0 - <std::sys_common::backtrace::_print::DisplayBacktrace as core::fmt::Display>::fmt::h32d1f94a80615d18
[INFO] [stdout]                                at /rustc/a178d0322ce20e33eac124758e837cbd80a6f633/library/std/src/sys_common/backtrace.rs:46:22
[INFO] [stdout]    4:     0x55d5f78d1e9c - core::fmt::write::h306731c068f7162c
[INFO] [stdout]                                at /rustc/a178d0322ce20e33eac124758e837cbd80a6f633/library/core/src/fmt/mod.rs:1110:17
[INFO] [stdout]    5:     0x55d5f78ac205 - std::io::Write::write_fmt::h87f19b0a2cd190bc
[INFO] [stdout]                                at /rustc/a178d0322ce20e33eac124758e837cbd80a6f633/library/std/src/io/mod.rs:1588:15
[INFO] [stdout]    6:     0x55d5f78b152b - std::sys_common::backtrace::_print::h5abaa2601a852287
[INFO] [stdout]                                at /rustc/a178d0322ce20e33eac124758e837cbd80a6f633/library/std/src/sys_common/backtrace.rs:49:5
[INFO] [stdout]    7:     0x55d5f78b152b - std::sys_common::backtrace::print::h8d81445442bb638f
[INFO] [stdout]                                at /rustc/a178d0322ce20e33eac124758e837cbd80a6f633/library/std/src/sys_common/backtrace.rs:36:9
[INFO] [stdout]    8:     0x55d5f78b152b - std::panicking::default_hook::{{closure}}::hcfe804496a9fa747
[INFO] [stdout]                                at /rustc/a178d0322ce20e33eac124758e837cbd80a6f633/library/std/src/panicking.rs:208:50
[INFO] [stdout]    9:     0x55d5f78b103c - std::panicking::default_hook::hbea8e3ccf2ba8901
[INFO] [stdout]                                at /rustc/a178d0322ce20e33eac124758e837cbd80a6f633/library/std/src/panicking.rs:222:9
[INFO] [stdout]   10:     0x55d5f78b1bf4 - std::panicking::rust_panic_with_hook::h7ee9e1a2d0f8975a
[INFO] [stdout]                                at /rustc/a178d0322ce20e33eac124758e837cbd80a6f633/library/std/src/panicking.rs:622:17
[INFO] [stdout]   11:     0x55d5f78b16d7 - std::panicking::begin_panic_handler::{{closure}}::h8ab3b4491718b2c7
[INFO] [stdout]                                at /rustc/a178d0322ce20e33eac124758e837cbd80a6f633/library/std/src/panicking.rs:519:13
[INFO] [stdout]   12:     0x55d5f78af8bc - std::sys_common::backtrace::__rust_end_short_backtrace::hd489062ffa586a9f
[INFO] [stdout]                                at /rustc/a178d0322ce20e33eac124758e837cbd80a6f633/library/std/src/sys_common/backtrace.rs:141:18
[INFO] [stdout]   13:     0x55d5f78b1639 - rust_begin_unwind
[INFO] [stdout]                                at /rustc/a178d0322ce20e33eac124758e837cbd80a6f633/library/std/src/panicking.rs:515:5
[INFO] [stdout]   14:     0x55d5f7857641 - core::panicking::panic_fmt::hca6330e3e14086b4
[INFO] [stdout]                                at /rustc/a178d0322ce20e33eac124758e837cbd80a6f633/library/core/src/panicking.rs:92:14
[INFO] [stdout]   15:     0x55d5f7857733 - core::result::unwrap_failed::h6160d2b4bfbb0e87
[INFO] [stdout]                                at /rustc/a178d0322ce20e33eac124758e837cbd80a6f633/library/core/src/result.rs:1355:5
[INFO] [stdout]   16:     0x55d5f7859af3 - core::result::Result<T,E>::unwrap::h9d1cb626e9785c0f
[INFO] [stdout]                                at /rustc/a178d0322ce20e33eac124758e837cbd80a6f633/library/core/src/result.rs:1037:23
[INFO] [stdout]   17:     0x55d5f785b0ba - warnings::run_process::h111ebc66a4364c4d
[INFO] [stdout]                                at /opt/rustwide/workdir/tests/warnings.rs:5:21
[INFO] [stdout]   18:     0x55d5f785b44d - warnings::style_02::h2a710eaccfc7f781
[INFO] [stdout]                                at /opt/rustwide/workdir/tests/warnings.rs:27:16
[INFO] [stdout]   19:     0x55d5f785b41a - warnings::style_02::{{closure}}::h6899f9e044bfdb4a
[INFO] [stdout]                                at /opt/rustwide/workdir/tests/warnings.rs:26:1
[INFO] [stdout]   20:     0x55d5f7859c6e - core::ops::function::FnOnce::call_once::h8d0300cf556649ce
[INFO] [stdout]                                at /rustc/a178d0322ce20e33eac124758e837cbd80a6f633/library/core/src/ops/function.rs:227:5
[INFO] [stdout]   21:     0x55d5f78867e3 - core::ops::function::FnOnce::call_once::h152e7e439ff59e19
[INFO] [stdout]                                at /rustc/a178d0322ce20e33eac124758e837cbd80a6f633/library/core/src/ops/function.rs:227:5
[INFO] [stdout]   22:     0x55d5f78867e3 - test::__rust_begin_short_backtrace::h0908f3b1fdbb72ab
[INFO] [stdout]                                at /rustc/a178d0322ce20e33eac124758e837cbd80a6f633/library/test/src/lib.rs:577:5
[INFO] [stdout]   23:     0x55d5f78852a0 - <alloc::boxed::Box<F,A> as core::ops::function::FnOnce<Args>>::call_once::hf6d2a51e5587546c
[INFO] [stdout]                                at /rustc/a178d0322ce20e33eac124758e837cbd80a6f633/library/alloc/src/boxed.rs:1575:9
[INFO] [stdout]   24:     0x55d5f78852a0 - <std::panic::AssertUnwindSafe<F> as core::ops::function::FnOnce<()>>::call_once::h8af660f3a89ef593
[INFO] [stdout]                                at /rustc/a178d0322ce20e33eac124758e837cbd80a6f633/library/std/src/panic.rs:347:9
[INFO] [stdout]   25:     0x55d5f78852a0 - std::panicking::try::do_call::hd36aef60f84b6d36
[INFO] [stdout]                                at /rustc/a178d0322ce20e33eac124758e837cbd80a6f633/library/std/src/panicking.rs:401:40
[INFO] [stdout]   26:     0x55d5f78852a0 - std::panicking::try::h9932b4480e69817c
[INFO] [stdout]                                at /rustc/a178d0322ce20e33eac124758e837cbd80a6f633/library/std/src/panicking.rs:365:19
[INFO] [stdout]   27:     0x55d5f78852a0 - std::panic::catch_unwind::h6aa177099cfff5f8
[INFO] [stdout]                                at /rustc/a178d0322ce20e33eac124758e837cbd80a6f633/library/std/src/panic.rs:434:14
[INFO] [stdout]   28:     0x55d5f78852a0 - test::run_test_in_process::h5884d6f2d99e20c3
[INFO] [stdout]                                at /rustc/a178d0322ce20e33eac124758e837cbd80a6f633/library/test/src/lib.rs:600:18
[INFO] [stdout]   29:     0x55d5f78852a0 - test::run_test::run_test_inner::{{closure}}::h6fdc58c6d5f5b6e3
[INFO] [stdout]                                at /rustc/a178d0322ce20e33eac124758e837cbd80a6f633/library/test/src/lib.rs:492:39
[INFO] [stdout]   30:     0x55d5f785e952 - test::run_test::run_test_inner::{{closure}}::h408365d67a78ade8
[INFO] [stdout]                                at /rustc/a178d0322ce20e33eac124758e837cbd80a6f633/library/test/src/lib.rs:519:37
[INFO] [stdout]   31:     0x55d5f785e952 - std::sys_common::backtrace::__rust_begin_short_backtrace::hb560b77c4f701523
[INFO] [stdout]                                at /rustc/a178d0322ce20e33eac124758e837cbd80a6f633/library/std/src/sys_common/backtrace.rs:125:18
[INFO] [stdout]   32:     0x55d5f7862508 - std::thread::Builder::spawn_unchecked::{{closure}}::{{closure}}::hf2e7831dad93c597
[INFO] [stdout]                                at /rustc/a178d0322ce20e33eac124758e837cbd80a6f633/library/std/src/thread/mod.rs:481:17
[INFO] [stdout]   33:     0x55d5f7862508 - <std::panic::AssertUnwindSafe<F> as core::ops::function::FnOnce<()>>::call_once::hd2e08783d8be4d02
[INFO] [stdout]                                at /rustc/a178d0322ce20e33eac124758e837cbd80a6f633/library/std/src/panic.rs:347:9
[INFO] [stdout]   34:     0x55d5f7862508 - std::panicking::try::do_call::h062597b7acfd6b82
[INFO] [stdout]                                at /rustc/a178d0322ce20e33eac124758e837cbd80a6f633/library/std/src/panicking.rs:401:40
[INFO] [stdout]   35:     0x55d5f7862508 - std::panicking::try::h0d7b79db04c14552
[INFO] [stdout]                                at /rustc/a178d0322ce20e33eac124758e837cbd80a6f633/library/std/src/panicking.rs:365:19
[INFO] [stdout]   36:     0x55d5f7862508 - std::panic::catch_unwind::hb01a0b5e7c8cd43b
[INFO] [stdout]                                at /rustc/a178d0322ce20e33eac124758e837cbd80a6f633/library/std/src/panic.rs:434:14
[INFO] [stdout]   37:     0x55d5f7862508 - std::thread::Builder::spawn_unchecked::{{closure}}::h5bde48cc887e0d1e
[INFO] [stdout]                                at /rustc/a178d0322ce20e33eac124758e837cbd80a6f633/library/std/src/thread/mod.rs:480:30
[INFO] [stdout]   38:     0x55d5f7862508 - core::ops::function::FnOnce::call_once{{vtable.shim}}::h745ea30807a29e55
[INFO] [stdout]                                at /rustc/a178d0322ce20e33eac124758e837cbd80a6f633/library/core/src/ops/function.rs:227:5
[INFO] [stdout]   39:     0x55d5f78b67e7 - <alloc::boxed::Box<F,A> as core::ops::function::FnOnce<Args>>::call_once::h7ece6cfefaff1005
[INFO] [stdout]                                at /rustc/a178d0322ce20e33eac124758e837cbd80a6f633/library/alloc/src/boxed.rs:1575:9
[INFO] [stdout]   40:     0x55d5f78b67e7 - <alloc::boxed::Box<F,A> as core::ops::function::FnOnce<Args>>::call_once::hb8b48e55c21f193e
[INFO] [stdout]                                at /rustc/a178d0322ce20e33eac124758e837cbd80a6f633/library/alloc/src/boxed.rs:1575:9
[INFO] [stdout]   41:     0x55d5f78b67e7 - std::sys::unix::thread::Thread::new::thread_start::h8c7c4450dba62914
[INFO] [stdout]                                at /rustc/a178d0322ce20e33eac124758e837cbd80a6f633/library/std/src/sys/unix/thread.rs:71:17
[INFO] [stdout]   42:     0x7f37b5ff2609 - start_thread
[INFO] [stdout]   43:     0x7f37b5dc4293 - clone
[INFO] [stdout]   44:                0x0 - <unknown>
[INFO] [stdout] 
[INFO] [stdout] 
[INFO] [stdout] failures:
[INFO] [stdout]     style_01
[INFO] [stdout]     style_02
[INFO] [stdout] 
[INFO] [stdout] test result: FAILED. 0 passed; 2 failed; 0 ignored; 0 measured; 0 filtered out; finished in 0.03s
[INFO] [stdout] 
[INFO] [stderr] error: test failed, to rerun pass '--test warnings'
[INFO] running `Command { std: "docker" "inspect" "2dfecc33ba2adc37627dc8afacff547f2c929a4b421e6e7095036e1e203b6a15", kill_on_drop: false }`
[INFO] running `Command { std: "docker" "rm" "-f" "2dfecc33ba2adc37627dc8afacff547f2c929a4b421e6e7095036e1e203b6a15", kill_on_drop: false }`
[INFO] [stdout] 2dfecc33ba2adc37627dc8afacff547f2c929a4b421e6e7095036e1e203b6a15
