[INFO] fetching crate simple_input 0.4.0...
[INFO] testing simple_input-0.4.0 against 1.54.0 for beta-1.55-1
[INFO] extracting crate simple_input 0.4.0 into /workspace/builds/worker-54/source
[INFO] validating manifest of crates.io crate simple_input 0.4.0 on toolchain 1.54.0
[INFO] running `Command { std: "/workspace/cargo-home/bin/cargo" "+1.54.0" "metadata" "--manifest-path" "Cargo.toml" "--no-deps", kill_on_drop: false }`
[INFO] started tweaking crates.io crate simple_input 0.4.0
[INFO] finished tweaking crates.io crate simple_input 0.4.0
[INFO] tweaked toml for crates.io crate simple_input 0.4.0 written to /workspace/builds/worker-54/source/Cargo.toml
[INFO] running `Command { std: "/workspace/cargo-home/bin/cargo" "+1.54.0" "generate-lockfile" "--manifest-path" "Cargo.toml" "-Zno-index-update", kill_on_drop: false }`
[INFO] [stderr]     Blocking waiting for file lock on package cache
[INFO] running `Command { std: "/workspace/cargo-home/bin/cargo" "+1.54.0" "fetch" "--manifest-path" "Cargo.toml", kill_on_drop: false }`
[INFO] running `Command { std: "docker" "create" "-v" "/var/lib/crater-agent-workspace/builds/worker-54/target:/opt/rustwide/target:rw,Z" "-v" "/var/lib/crater-agent-workspace/builds/worker-54/source:/opt/rustwide/workdir:ro,Z" "-v" "/var/lib/crater-agent-workspace/cargo-home:/opt/rustwide/cargo-home:ro,Z" "-v" "/var/lib/crater-agent-workspace/rustup-home:/opt/rustwide/rustup-home:ro,Z" "-e" "SOURCE_DIR=/opt/rustwide/workdir" "-e" "CARGO_TARGET_DIR=/opt/rustwide/target" "-e" "CARGO_HOME=/opt/rustwide/cargo-home" "-e" "RUSTUP_HOME=/opt/rustwide/rustup-home" "-w" "/opt/rustwide/workdir" "-m" "1610612736" "--user" "0:0" "--network" "none" "ghcr.io/rust-lang/crates-build-env/linux@sha256:34b6a614d2c27851fe6cbf88fbd1137609cefab8b10d0615aaeb6fd47975d74e" "/opt/rustwide/cargo-home/bin/cargo" "+1.54.0" "metadata" "--no-deps" "--format-version=1", kill_on_drop: false }`
[INFO] [stdout] dff716883723552f42cb717927f75c2da4fdd1e0538fa6f50f7f1f45a0b1b98f
[INFO] running `Command { std: "docker" "start" "-a" "dff716883723552f42cb717927f75c2da4fdd1e0538fa6f50f7f1f45a0b1b98f", kill_on_drop: false }`
[INFO] running `Command { std: "docker" "inspect" "dff716883723552f42cb717927f75c2da4fdd1e0538fa6f50f7f1f45a0b1b98f", kill_on_drop: false }`
[INFO] running `Command { std: "docker" "rm" "-f" "dff716883723552f42cb717927f75c2da4fdd1e0538fa6f50f7f1f45a0b1b98f", kill_on_drop: false }`
[INFO] [stdout] dff716883723552f42cb717927f75c2da4fdd1e0538fa6f50f7f1f45a0b1b98f
[INFO] running `Command { std: "docker" "create" "-v" "/var/lib/crater-agent-workspace/builds/worker-54/target:/opt/rustwide/target:rw,Z" "-v" "/var/lib/crater-agent-workspace/builds/worker-54/source:/opt/rustwide/workdir:ro,Z" "-v" "/var/lib/crater-agent-workspace/cargo-home:/opt/rustwide/cargo-home:ro,Z" "-v" "/var/lib/crater-agent-workspace/rustup-home:/opt/rustwide/rustup-home:ro,Z" "-e" "SOURCE_DIR=/opt/rustwide/workdir" "-e" "CARGO_TARGET_DIR=/opt/rustwide/target" "-e" "CARGO_INCREMENTAL=0" "-e" "RUST_BACKTRACE=full" "-e" "RUSTFLAGS=--cap-lints=warn" "-e" "CARGO_HOME=/opt/rustwide/cargo-home" "-e" "RUSTUP_HOME=/opt/rustwide/rustup-home" "-w" "/opt/rustwide/workdir" "-m" "1610612736" "--user" "0:0" "--network" "none" "ghcr.io/rust-lang/crates-build-env/linux@sha256:34b6a614d2c27851fe6cbf88fbd1137609cefab8b10d0615aaeb6fd47975d74e" "/opt/rustwide/cargo-home/bin/cargo" "+1.54.0" "build" "--frozen" "--message-format=json", kill_on_drop: false }`
[INFO] [stdout] 36e14f8276315e167b62ccd60d9049b440c9f098a151df27ec43409f116ec9cb
[INFO] running `Command { std: "docker" "start" "-a" "36e14f8276315e167b62ccd60d9049b440c9f098a151df27ec43409f116ec9cb", kill_on_drop: false }`
[INFO] [stderr]    Compiling simple_input v0.4.0 (/opt/rustwide/workdir)
[INFO] [stderr]     Finished dev [unoptimized + debuginfo] target(s) in 0.81s
[INFO] running `Command { std: "docker" "inspect" "36e14f8276315e167b62ccd60d9049b440c9f098a151df27ec43409f116ec9cb", kill_on_drop: false }`
[INFO] running `Command { std: "docker" "rm" "-f" "36e14f8276315e167b62ccd60d9049b440c9f098a151df27ec43409f116ec9cb", kill_on_drop: false }`
[INFO] [stdout] 36e14f8276315e167b62ccd60d9049b440c9f098a151df27ec43409f116ec9cb
[INFO] running `Command { std: "docker" "create" "-v" "/var/lib/crater-agent-workspace/builds/worker-54/target:/opt/rustwide/target:rw,Z" "-v" "/var/lib/crater-agent-workspace/builds/worker-54/source:/opt/rustwide/workdir:ro,Z" "-v" "/var/lib/crater-agent-workspace/cargo-home:/opt/rustwide/cargo-home:ro,Z" "-v" "/var/lib/crater-agent-workspace/rustup-home:/opt/rustwide/rustup-home:ro,Z" "-e" "SOURCE_DIR=/opt/rustwide/workdir" "-e" "CARGO_TARGET_DIR=/opt/rustwide/target" "-e" "CARGO_INCREMENTAL=0" "-e" "RUST_BACKTRACE=full" "-e" "RUSTFLAGS=--cap-lints=warn" "-e" "CARGO_HOME=/opt/rustwide/cargo-home" "-e" "RUSTUP_HOME=/opt/rustwide/rustup-home" "-w" "/opt/rustwide/workdir" "-m" "1610612736" "--user" "0:0" "--network" "none" "ghcr.io/rust-lang/crates-build-env/linux@sha256:34b6a614d2c27851fe6cbf88fbd1137609cefab8b10d0615aaeb6fd47975d74e" "/opt/rustwide/cargo-home/bin/cargo" "+1.54.0" "test" "--frozen" "--no-run" "--message-format=json", kill_on_drop: false }`
[INFO] [stdout] bf8f0ef871bf3228303b3cc22d9639babc5fe24a1d146aa68c4cde9a80979682
[INFO] running `Command { std: "docker" "start" "-a" "bf8f0ef871bf3228303b3cc22d9639babc5fe24a1d146aa68c4cde9a80979682", kill_on_drop: false }`
[INFO] [stderr]    Compiling simple_input v0.4.0 (/opt/rustwide/workdir)
[INFO] [stderr]     Finished test [unoptimized + debuginfo] target(s) in 0.58s
[INFO] running `Command { std: "docker" "inspect" "bf8f0ef871bf3228303b3cc22d9639babc5fe24a1d146aa68c4cde9a80979682", kill_on_drop: false }`
[INFO] running `Command { std: "docker" "rm" "-f" "bf8f0ef871bf3228303b3cc22d9639babc5fe24a1d146aa68c4cde9a80979682", kill_on_drop: false }`
[INFO] [stdout] bf8f0ef871bf3228303b3cc22d9639babc5fe24a1d146aa68c4cde9a80979682
[INFO] running `Command { std: "docker" "create" "-v" "/var/lib/crater-agent-workspace/builds/worker-54/target:/opt/rustwide/target:rw,Z" "-v" "/var/lib/crater-agent-workspace/builds/worker-54/source:/opt/rustwide/workdir:ro,Z" "-v" "/var/lib/crater-agent-workspace/cargo-home:/opt/rustwide/cargo-home:ro,Z" "-v" "/var/lib/crater-agent-workspace/rustup-home:/opt/rustwide/rustup-home:ro,Z" "-e" "SOURCE_DIR=/opt/rustwide/workdir" "-e" "CARGO_TARGET_DIR=/opt/rustwide/target" "-e" "CARGO_INCREMENTAL=0" "-e" "RUST_BACKTRACE=full" "-e" "RUSTFLAGS=--cap-lints=warn" "-e" "CARGO_HOME=/opt/rustwide/cargo-home" "-e" "RUSTUP_HOME=/opt/rustwide/rustup-home" "-w" "/opt/rustwide/workdir" "-m" "1610612736" "--user" "0:0" "--network" "none" "ghcr.io/rust-lang/crates-build-env/linux@sha256:34b6a614d2c27851fe6cbf88fbd1137609cefab8b10d0615aaeb6fd47975d74e" "/opt/rustwide/cargo-home/bin/cargo" "+1.54.0" "test" "--frozen", kill_on_drop: false }`
[INFO] [stdout] a85ad33b02c25ee0f61c53c66ecb9d30ea1bc4f70ec8d267ce3b1a9e198fdc94
[INFO] running `Command { std: "docker" "start" "-a" "a85ad33b02c25ee0f61c53c66ecb9d30ea1bc4f70ec8d267ce3b1a9e198fdc94", kill_on_drop: false }`
[INFO] [stderr]     Finished test [unoptimized + debuginfo] target(s) in 0.14s
[INFO] [stderr]      Running unittests (/opt/rustwide/target/debug/deps/simple_input-527d65200f348632)
[INFO] [stdout] 
[INFO] [stdout] running 0 tests
[INFO] [stdout] 
[INFO] [stdout] test result: ok. 0 passed; 0 failed; 0 ignored; 0 measured; 0 filtered out; finished in 0.00s
[INFO] [stdout] 
[INFO] [stderr]    Doc-tests simple_input
[INFO] [stdout] 
[INFO] [stdout] running 2 tests
[INFO] [stdout] test src/lib.rs - input (line 21) ... FAILED
[INFO] [stdout] test src/lib.rs - (line 5) ... ok
[INFO] [stdout] 
[INFO] [stdout] failures:
[INFO] [stdout] 
[INFO] [stdout] ---- src/lib.rs - input (line 21) stdout ----
[INFO] [stdout] error[E0425]: cannot find function `input` in this scope
[INFO] [stdout]  --> src/lib.rs:22:18
[INFO] [stdout]   |
[INFO] [stdout] 3 | let user_input = input("What is your name? ");
[INFO] [stdout]   |                  ^^^^^ not found in this scope
[INFO] [stdout] 
[INFO] [stdout] error: aborting due to previous error
[INFO] [stdout] 
[INFO] [stdout] For more information about this error, try `rustc --explain E0425`.
[INFO] [stdout] Couldn't compile the test.
[INFO] [stdout] 
[INFO] [stdout] failures:
[INFO] [stdout]     src/lib.rs - input (line 21)
[INFO] [stdout] 
[INFO] [stdout] test result: FAILED. 1 passed; 1 failed; 0 ignored; 0 measured; 0 filtered out; finished in 0.75s
[INFO] [stdout] 
[INFO] [stderr] error: test failed, to rerun pass '--doc'
[INFO] running `Command { std: "docker" "inspect" "a85ad33b02c25ee0f61c53c66ecb9d30ea1bc4f70ec8d267ce3b1a9e198fdc94", kill_on_drop: false }`
[INFO] running `Command { std: "docker" "rm" "-f" "a85ad33b02c25ee0f61c53c66ecb9d30ea1bc4f70ec8d267ce3b1a9e198fdc94", kill_on_drop: false }`
[INFO] [stdout] a85ad33b02c25ee0f61c53c66ecb9d30ea1bc4f70ec8d267ce3b1a9e198fdc94
