[INFO] fetching crate simple-string-builder 0.2.0...
[INFO] testing simple-string-builder-0.2.0 against beta-2021-08-01 for beta-1.55-1
[INFO] extracting crate simple-string-builder 0.2.0 into /workspace/builds/worker-64/source
[INFO] validating manifest of crates.io crate simple-string-builder 0.2.0 on toolchain beta-2021-08-01
[INFO] running `Command { std: "/workspace/cargo-home/bin/cargo" "+beta-2021-08-01" "metadata" "--manifest-path" "Cargo.toml" "--no-deps", kill_on_drop: false }`
[INFO] started tweaking crates.io crate simple-string-builder 0.2.0
[INFO] finished tweaking crates.io crate simple-string-builder 0.2.0
[INFO] tweaked toml for crates.io crate simple-string-builder 0.2.0 written to /workspace/builds/worker-64/source/Cargo.toml
[INFO] running `Command { std: "/workspace/cargo-home/bin/cargo" "+beta-2021-08-01" "generate-lockfile" "--manifest-path" "Cargo.toml" "-Zno-index-update", kill_on_drop: false }`
[INFO] [stderr]     Blocking waiting for file lock on package cache
[INFO] running `Command { std: "/workspace/cargo-home/bin/cargo" "+beta-2021-08-01" "fetch" "--manifest-path" "Cargo.toml", kill_on_drop: false }`
[INFO] [stderr]     Blocking waiting for file lock on package cache
[INFO] running `Command { std: "docker" "create" "-v" "/var/lib/crater-agent-workspace/builds/worker-64/target:/opt/rustwide/target:rw,Z" "-v" "/var/lib/crater-agent-workspace/builds/worker-64/source:/opt/rustwide/workdir:ro,Z" "-v" "/var/lib/crater-agent-workspace/cargo-home:/opt/rustwide/cargo-home:ro,Z" "-v" "/var/lib/crater-agent-workspace/rustup-home:/opt/rustwide/rustup-home:ro,Z" "-e" "SOURCE_DIR=/opt/rustwide/workdir" "-e" "CARGO_TARGET_DIR=/opt/rustwide/target" "-e" "CARGO_HOME=/opt/rustwide/cargo-home" "-e" "RUSTUP_HOME=/opt/rustwide/rustup-home" "-w" "/opt/rustwide/workdir" "-m" "1610612736" "--user" "0:0" "--network" "none" "ghcr.io/rust-lang/crates-build-env/linux@sha256:34b6a614d2c27851fe6cbf88fbd1137609cefab8b10d0615aaeb6fd47975d74e" "/opt/rustwide/cargo-home/bin/cargo" "+beta-2021-08-01" "metadata" "--no-deps" "--format-version=1", kill_on_drop: false }`
[INFO] [stdout] 2174a186bf2536b305d051e4d78e746035f3f914ebad61e9669dc189f9dbfed9
[INFO] running `Command { std: "docker" "start" "-a" "2174a186bf2536b305d051e4d78e746035f3f914ebad61e9669dc189f9dbfed9", kill_on_drop: false }`
[INFO] running `Command { std: "docker" "inspect" "2174a186bf2536b305d051e4d78e746035f3f914ebad61e9669dc189f9dbfed9", kill_on_drop: false }`
[INFO] running `Command { std: "docker" "rm" "-f" "2174a186bf2536b305d051e4d78e746035f3f914ebad61e9669dc189f9dbfed9", kill_on_drop: false }`
[INFO] [stdout] 2174a186bf2536b305d051e4d78e746035f3f914ebad61e9669dc189f9dbfed9
[INFO] running `Command { std: "docker" "create" "-v" "/var/lib/crater-agent-workspace/builds/worker-64/target:/opt/rustwide/target:rw,Z" "-v" "/var/lib/crater-agent-workspace/builds/worker-64/source:/opt/rustwide/workdir:ro,Z" "-v" "/var/lib/crater-agent-workspace/cargo-home:/opt/rustwide/cargo-home:ro,Z" "-v" "/var/lib/crater-agent-workspace/rustup-home:/opt/rustwide/rustup-home:ro,Z" "-e" "SOURCE_DIR=/opt/rustwide/workdir" "-e" "CARGO_TARGET_DIR=/opt/rustwide/target" "-e" "CARGO_INCREMENTAL=0" "-e" "RUST_BACKTRACE=full" "-e" "RUSTFLAGS=--cap-lints=warn" "-e" "CARGO_HOME=/opt/rustwide/cargo-home" "-e" "RUSTUP_HOME=/opt/rustwide/rustup-home" "-w" "/opt/rustwide/workdir" "-m" "1610612736" "--user" "0:0" "--network" "none" "ghcr.io/rust-lang/crates-build-env/linux@sha256:34b6a614d2c27851fe6cbf88fbd1137609cefab8b10d0615aaeb6fd47975d74e" "/opt/rustwide/cargo-home/bin/cargo" "+beta-2021-08-01" "build" "--frozen" "--message-format=json", kill_on_drop: false }`
[INFO] [stdout] 6ce411e1fd27d5dda3c315b80897f9c644c80b90088608f0f011895f10404b75
[INFO] running `Command { std: "docker" "start" "-a" "6ce411e1fd27d5dda3c315b80897f9c644c80b90088608f0f011895f10404b75", kill_on_drop: false }`
[INFO] [stderr]     Blocking waiting for file lock on package cache
[INFO] [stderr]    Compiling simple-string-builder v0.2.0 (/opt/rustwide/workdir)
[INFO] [stderr]     Finished dev [unoptimized + debuginfo] target(s) in 0.49s
[INFO] running `Command { std: "docker" "inspect" "6ce411e1fd27d5dda3c315b80897f9c644c80b90088608f0f011895f10404b75", kill_on_drop: false }`
[INFO] running `Command { std: "docker" "rm" "-f" "6ce411e1fd27d5dda3c315b80897f9c644c80b90088608f0f011895f10404b75", kill_on_drop: false }`
[INFO] [stdout] 6ce411e1fd27d5dda3c315b80897f9c644c80b90088608f0f011895f10404b75
[INFO] running `Command { std: "docker" "create" "-v" "/var/lib/crater-agent-workspace/builds/worker-64/target:/opt/rustwide/target:rw,Z" "-v" "/var/lib/crater-agent-workspace/builds/worker-64/source:/opt/rustwide/workdir:ro,Z" "-v" "/var/lib/crater-agent-workspace/cargo-home:/opt/rustwide/cargo-home:ro,Z" "-v" "/var/lib/crater-agent-workspace/rustup-home:/opt/rustwide/rustup-home:ro,Z" "-e" "SOURCE_DIR=/opt/rustwide/workdir" "-e" "CARGO_TARGET_DIR=/opt/rustwide/target" "-e" "CARGO_INCREMENTAL=0" "-e" "RUST_BACKTRACE=full" "-e" "RUSTFLAGS=--cap-lints=warn" "-e" "CARGO_HOME=/opt/rustwide/cargo-home" "-e" "RUSTUP_HOME=/opt/rustwide/rustup-home" "-w" "/opt/rustwide/workdir" "-m" "1610612736" "--user" "0:0" "--network" "none" "ghcr.io/rust-lang/crates-build-env/linux@sha256:34b6a614d2c27851fe6cbf88fbd1137609cefab8b10d0615aaeb6fd47975d74e" "/opt/rustwide/cargo-home/bin/cargo" "+beta-2021-08-01" "test" "--frozen" "--no-run" "--message-format=json", kill_on_drop: false }`
[INFO] [stdout] acb3126a03e168280f145f28833694326962081427c38951c2de1bcc51c104f0
[INFO] running `Command { std: "docker" "start" "-a" "acb3126a03e168280f145f28833694326962081427c38951c2de1bcc51c104f0", kill_on_drop: false }`
[INFO] [stderr]    Compiling simple-string-builder v0.2.0 (/opt/rustwide/workdir)
[INFO] [stderr]     Finished test [unoptimized + debuginfo] target(s) in 0.55s
[INFO] running `Command { std: "docker" "inspect" "acb3126a03e168280f145f28833694326962081427c38951c2de1bcc51c104f0", kill_on_drop: false }`
[INFO] running `Command { std: "docker" "rm" "-f" "acb3126a03e168280f145f28833694326962081427c38951c2de1bcc51c104f0", kill_on_drop: false }`
[INFO] [stdout] acb3126a03e168280f145f28833694326962081427c38951c2de1bcc51c104f0
[INFO] running `Command { std: "docker" "create" "-v" "/var/lib/crater-agent-workspace/builds/worker-64/target:/opt/rustwide/target:rw,Z" "-v" "/var/lib/crater-agent-workspace/builds/worker-64/source:/opt/rustwide/workdir:ro,Z" "-v" "/var/lib/crater-agent-workspace/cargo-home:/opt/rustwide/cargo-home:ro,Z" "-v" "/var/lib/crater-agent-workspace/rustup-home:/opt/rustwide/rustup-home:ro,Z" "-e" "SOURCE_DIR=/opt/rustwide/workdir" "-e" "CARGO_TARGET_DIR=/opt/rustwide/target" "-e" "CARGO_INCREMENTAL=0" "-e" "RUST_BACKTRACE=full" "-e" "RUSTFLAGS=--cap-lints=warn" "-e" "CARGO_HOME=/opt/rustwide/cargo-home" "-e" "RUSTUP_HOME=/opt/rustwide/rustup-home" "-w" "/opt/rustwide/workdir" "-m" "1610612736" "--user" "0:0" "--network" "none" "ghcr.io/rust-lang/crates-build-env/linux@sha256:34b6a614d2c27851fe6cbf88fbd1137609cefab8b10d0615aaeb6fd47975d74e" "/opt/rustwide/cargo-home/bin/cargo" "+beta-2021-08-01" "test" "--frozen", kill_on_drop: false }`
[INFO] [stdout] 2b7b822148927bfb2525bd57fdbe90513f257677f7eb86a4ef357cb61a519089
[INFO] running `Command { std: "docker" "start" "-a" "2b7b822148927bfb2525bd57fdbe90513f257677f7eb86a4ef357cb61a519089", kill_on_drop: false }`
[INFO] [stderr]     Finished test [unoptimized + debuginfo] target(s) in 0.09s
[INFO] [stderr]      Running unittests (/opt/rustwide/target/debug/deps/simple_string_builder-3b3ff0d4f9788d93)
[INFO] [stdout] 
[INFO] [stderr]    Doc-tests simple-string-builder
[INFO] [stdout] running 1 test
[INFO] [stdout] test tests::test_string ... ok
[INFO] [stdout] 
[INFO] [stdout] test result: ok. 1 passed; 0 failed; 0 ignored; 0 measured; 0 filtered out; finished in 0.00s
[INFO] [stdout] 
[INFO] [stdout] 
[INFO] [stdout] running 1 test
[INFO] [stdout] test src/lib.rs - Builder (line 9) ... FAILED
[INFO] [stdout] 
[INFO] [stdout] failures:
[INFO] [stdout] 
[INFO] [stdout] ---- src/lib.rs - Builder (line 9) stdout ----
[INFO] [stdout] error: expected pattern, found `:`
[INFO] [stdout]  --> src/lib.rs:15:4
[INFO] [stdout]   |
[INFO] [stdout] 8 | let: Result<String, Utf8Error> = b.try_to_string();
[INFO] [stdout]   |    ^ expected pattern
[INFO] [stdout] 
[INFO] [stdout] error[E0433]: failed to resolve: use of undeclared type `Builder`
[INFO] [stdout]  --> src/lib.rs:11:13
[INFO] [stdout]   |
[INFO] [stdout] 4 | let mut b = Builder::new();
[INFO] [stdout]   |             ^^^^^^^ not found in this scope
[INFO] [stdout]   |
[INFO] [stdout] help: consider importing one of these items
[INFO] [stdout]   |
[INFO] [stdout] 2 | use simple_string_builder::Builder;
[INFO] [stdout]   |
[INFO] [stdout] 2 | use std::thread::Builder;
[INFO] [stdout]   |
[INFO] [stdout] 
[INFO] [stdout] error: aborting due to 2 previous errors
[INFO] [stdout] 
[INFO] [stdout] For more information about this error, try `rustc --explain E0433`.
[INFO] [stdout] Couldn't compile the test.
[INFO] [stdout] 
[INFO] [stdout] failures:
[INFO] [stdout]     src/lib.rs - Builder (line 9)
[INFO] [stdout] 
[INFO] [stdout] test result: FAILED. 0 passed; 1 failed; 0 ignored; 0 measured; 0 filtered out; finished in 0.08s
[INFO] [stdout] 
[INFO] [stderr] error: test failed, to rerun pass '--doc'
[INFO] running `Command { std: "docker" "inspect" "2b7b822148927bfb2525bd57fdbe90513f257677f7eb86a4ef357cb61a519089", kill_on_drop: false }`
[INFO] running `Command { std: "docker" "rm" "-f" "2b7b822148927bfb2525bd57fdbe90513f257677f7eb86a4ef357cb61a519089", kill_on_drop: false }`
[INFO] [stdout] 2b7b822148927bfb2525bd57fdbe90513f257677f7eb86a4ef357cb61a519089
