[INFO] fetching crate simple-chart 0.7.9...
[INFO] testing simple-chart-0.7.9 against beta-2021-08-01 for beta-1.55-1
[INFO] extracting crate simple-chart 0.7.9 into /workspace/builds/worker-41/source
[INFO] validating manifest of crates.io crate simple-chart 0.7.9 on toolchain beta-2021-08-01
[INFO] running `Command { std: "/workspace/cargo-home/bin/cargo" "+beta-2021-08-01" "metadata" "--manifest-path" "Cargo.toml" "--no-deps", kill_on_drop: false }`
[INFO] started tweaking crates.io crate simple-chart 0.7.9
[INFO] finished tweaking crates.io crate simple-chart 0.7.9
[INFO] tweaked toml for crates.io crate simple-chart 0.7.9 written to /workspace/builds/worker-41/source/Cargo.toml
[INFO] running `Command { std: "/workspace/cargo-home/bin/cargo" "+beta-2021-08-01" "generate-lockfile" "--manifest-path" "Cargo.toml" "-Zno-index-update", kill_on_drop: false }`
[INFO] running `Command { std: "/workspace/cargo-home/bin/cargo" "+beta-2021-08-01" "fetch" "--manifest-path" "Cargo.toml", kill_on_drop: false }`
[INFO] [stderr] warning: An explicit [[bin]] section is specified in Cargo.toml which currently
[INFO] [stderr] disables Cargo from automatically inferring other binary targets.
[INFO] [stderr] This inference behavior will change in the Rust 2018 edition and the following
[INFO] [stderr] files will be included as a binary target:
[INFO] [stderr] 
[INFO] [stderr] * /workspace/builds/worker-41/source/src/main.rs
[INFO] [stderr] 
[INFO] [stderr] This is likely to break cargo build or cargo test as these files may not be
[INFO] [stderr] ready to be compiled as a binary target today. You can future-proof yourself
[INFO] [stderr] and disable this warning by adding `autobins = false` to your [package]
[INFO] [stderr] section. You may also move the files to a location where Cargo would not
[INFO] [stderr] automatically infer them to be a target, such as in subfolders.
[INFO] [stderr] 
[INFO] [stderr] For more information on this warning you can consult
[INFO] [stderr] https://github.com/rust-lang/cargo/issues/5330
[INFO] [stderr] warning: path `/workspace/builds/worker-41/source/src/main.rs` was erroneously implicitly accepted for binary `main`,
[INFO] [stderr] please set bin.path in Cargo.toml
[INFO] [stderr]     Blocking waiting for file lock on package cache
[INFO] running `Command { std: "docker" "create" "-v" "/var/lib/crater-agent-workspace/builds/worker-41/target:/opt/rustwide/target:rw,Z" "-v" "/var/lib/crater-agent-workspace/builds/worker-41/source:/opt/rustwide/workdir:ro,Z" "-v" "/var/lib/crater-agent-workspace/cargo-home:/opt/rustwide/cargo-home:ro,Z" "-v" "/var/lib/crater-agent-workspace/rustup-home:/opt/rustwide/rustup-home:ro,Z" "-e" "SOURCE_DIR=/opt/rustwide/workdir" "-e" "CARGO_TARGET_DIR=/opt/rustwide/target" "-e" "CARGO_HOME=/opt/rustwide/cargo-home" "-e" "RUSTUP_HOME=/opt/rustwide/rustup-home" "-w" "/opt/rustwide/workdir" "-m" "1610612736" "--user" "0:0" "--network" "none" "ghcr.io/rust-lang/crates-build-env/linux@sha256:34b6a614d2c27851fe6cbf88fbd1137609cefab8b10d0615aaeb6fd47975d74e" "/opt/rustwide/cargo-home/bin/cargo" "+beta-2021-08-01" "metadata" "--no-deps" "--format-version=1", kill_on_drop: false }`
[INFO] [stdout] e12ce411ca49946df1867757cbdc9d6d41cf23aeb791524cc9af848b07db34b0
[INFO] running `Command { std: "docker" "start" "-a" "e12ce411ca49946df1867757cbdc9d6d41cf23aeb791524cc9af848b07db34b0", kill_on_drop: false }`
[INFO] running `Command { std: "docker" "inspect" "e12ce411ca49946df1867757cbdc9d6d41cf23aeb791524cc9af848b07db34b0", kill_on_drop: false }`
[INFO] running `Command { std: "docker" "rm" "-f" "e12ce411ca49946df1867757cbdc9d6d41cf23aeb791524cc9af848b07db34b0", kill_on_drop: false }`
[INFO] [stdout] e12ce411ca49946df1867757cbdc9d6d41cf23aeb791524cc9af848b07db34b0
[INFO] running `Command { std: "docker" "create" "-v" "/var/lib/crater-agent-workspace/builds/worker-41/target:/opt/rustwide/target:rw,Z" "-v" "/var/lib/crater-agent-workspace/builds/worker-41/source:/opt/rustwide/workdir:ro,Z" "-v" "/var/lib/crater-agent-workspace/cargo-home:/opt/rustwide/cargo-home:ro,Z" "-v" "/var/lib/crater-agent-workspace/rustup-home:/opt/rustwide/rustup-home:ro,Z" "-e" "SOURCE_DIR=/opt/rustwide/workdir" "-e" "CARGO_TARGET_DIR=/opt/rustwide/target" "-e" "CARGO_INCREMENTAL=0" "-e" "RUST_BACKTRACE=full" "-e" "RUSTFLAGS=--cap-lints=warn" "-e" "CARGO_HOME=/opt/rustwide/cargo-home" "-e" "RUSTUP_HOME=/opt/rustwide/rustup-home" "-w" "/opt/rustwide/workdir" "-m" "1610612736" "--user" "0:0" "--network" "none" "ghcr.io/rust-lang/crates-build-env/linux@sha256:34b6a614d2c27851fe6cbf88fbd1137609cefab8b10d0615aaeb6fd47975d74e" "/opt/rustwide/cargo-home/bin/cargo" "+beta-2021-08-01" "build" "--frozen" "--message-format=json", kill_on_drop: false }`
[INFO] [stdout] 5fe1e8b69544d54d7a02fcb86a8d3f5c4fe5ec63af9881c19d57986b0fae9951
[INFO] running `Command { std: "docker" "start" "-a" "5fe1e8b69544d54d7a02fcb86a8d3f5c4fe5ec63af9881c19d57986b0fae9951", kill_on_drop: false }`
[INFO] [stderr] warning: An explicit [[bin]] section is specified in Cargo.toml which currently
[INFO] [stderr] disables Cargo from automatically inferring other binary targets.
[INFO] [stderr] This inference behavior will change in the Rust 2018 edition and the following
[INFO] [stderr] files will be included as a binary target:
[INFO] [stderr] 
[INFO] [stderr] * /opt/rustwide/workdir/src/main.rs
[INFO] [stderr] 
[INFO] [stderr] This is likely to break cargo build or cargo test as these files may not be
[INFO] [stderr] ready to be compiled as a binary target today. You can future-proof yourself
[INFO] [stderr] and disable this warning by adding `autobins = false` to your [package]
[INFO] [stderr] section. You may also move the files to a location where Cargo would not
[INFO] [stderr] automatically infer them to be a target, such as in subfolders.
[INFO] [stderr] 
[INFO] [stderr] For more information on this warning you can consult
[INFO] [stderr] https://github.com/rust-lang/cargo/issues/5330
[INFO] [stderr] warning: path `/opt/rustwide/workdir/src/main.rs` was erroneously implicitly accepted for binary `main`,
[INFO] [stderr] please set bin.path in Cargo.toml
[INFO] [stderr]     Blocking waiting for file lock on package cache
[INFO] [stderr]    Compiling quick-error v1.2.3
[INFO] [stderr]    Compiling byteorder v0.5.3
[INFO] [stderr]    Compiling simple-chart v0.7.9 (/opt/rustwide/workdir)
[INFO] [stdout] warning: trait objects without an explicit `dyn` are deprecated
[INFO] [stdout]    --> src/chart.rs:316:17
[INFO] [stdout]     |
[INFO] [stdout] 316 |          -> Box<Iterator<Item = DisplayPoint> + 'b> {
[INFO] [stdout]     |                 ^^^^^^^^^^^^^^^^^^^^^^^^^^^^^^^^^^ help: use `dyn`: `dyn Iterator<Item = DisplayPoint> + 'b`
[INFO] [stdout]     |
[INFO] [stdout]     = note: `#[warn(bare_trait_objects)]` on by default
[INFO] [stdout]     = warning: this is accepted in the current edition (Rust 2015) but is a hard error in Rust 2021!
[INFO] [stdout]     = note: for more information, see issue #80165 <https://github.com/rust-lang/rust/issues/80165>
[INFO] [stdout] 
[INFO] [stdout] 
[INFO] [stdout] warning: trait objects without an explicit `dyn` are deprecated
[INFO] [stdout]   --> src/line.rs:95:36
[INFO] [stdout]    |
[INFO] [stdout] 95 | pub fn extrapolate<'a>(points: Box<Iterator<Item = DisplayPoint> + 'a>)
[INFO] [stdout]    |                                    ^^^^^^^^^^^^^^^^^^^^^^^^^^^^^^^^^^ help: use `dyn`: `dyn Iterator<Item = DisplayPoint> + 'a`
[INFO] [stdout]    |
[INFO] [stdout]    = warning: this is accepted in the current edition (Rust 2015) but is a hard error in Rust 2021!
[INFO] [stdout]    = note: for more information, see issue #80165 <https://github.com/rust-lang/rust/issues/80165>
[INFO] [stdout] 
[INFO] [stdout] 
[INFO] [stdout] warning: trait objects without an explicit `dyn` are deprecated
[INFO] [stdout]   --> src/line.rs:96:31
[INFO] [stdout]    |
[INFO] [stdout] 96 |                        -> Box<Iterator<Item = DisplayPoint> + 'a> {
[INFO] [stdout]    |                               ^^^^^^^^^^^^^^^^^^^^^^^^^^^^^^^^^^ help: use `dyn`: `dyn Iterator<Item = DisplayPoint> + 'a`
[INFO] [stdout]    |
[INFO] [stdout]    = warning: this is accepted in the current edition (Rust 2015) but is a hard error in Rust 2021!
[INFO] [stdout]    = note: for more information, see issue #80165 <https://github.com/rust-lang/rust/issues/80165>
[INFO] [stdout] 
[INFO] [stdout] 
[INFO] [stdout] warning: unnecessary parentheses around function argument
[INFO] [stdout]    --> src/axis.rs:114:31
[INFO] [stdout]     |
[INFO] [stdout] 114 |             let value = round((self.min_value + self.scale_interval_value * (i as f64)),
[INFO] [stdout]     |                               ^^^^^^^^^^^^^^^^^^^^^^^^^^^^^^^^^^^^^^^^^^^^^^^^^^^^^^^^^ help: remove these parentheses
[INFO] [stdout]     |
[INFO] [stdout]     = note: `#[warn(unused_parens)]` on by default
[INFO] [stdout] 
[INFO] [stdout] 
[INFO] [stdout] warning: 4 warnings emitted
[INFO] [stdout] 
[INFO] [stdout] 
[INFO] [stderr]     Finished dev [unoptimized + debuginfo] target(s) in 3.71s
[INFO] running `Command { std: "docker" "inspect" "5fe1e8b69544d54d7a02fcb86a8d3f5c4fe5ec63af9881c19d57986b0fae9951", kill_on_drop: false }`
[INFO] running `Command { std: "docker" "rm" "-f" "5fe1e8b69544d54d7a02fcb86a8d3f5c4fe5ec63af9881c19d57986b0fae9951", kill_on_drop: false }`
[INFO] [stdout] 5fe1e8b69544d54d7a02fcb86a8d3f5c4fe5ec63af9881c19d57986b0fae9951
[INFO] running `Command { std: "docker" "create" "-v" "/var/lib/crater-agent-workspace/builds/worker-41/target:/opt/rustwide/target:rw,Z" "-v" "/var/lib/crater-agent-workspace/builds/worker-41/source:/opt/rustwide/workdir:ro,Z" "-v" "/var/lib/crater-agent-workspace/cargo-home:/opt/rustwide/cargo-home:ro,Z" "-v" "/var/lib/crater-agent-workspace/rustup-home:/opt/rustwide/rustup-home:ro,Z" "-e" "SOURCE_DIR=/opt/rustwide/workdir" "-e" "CARGO_TARGET_DIR=/opt/rustwide/target" "-e" "CARGO_INCREMENTAL=0" "-e" "RUST_BACKTRACE=full" "-e" "RUSTFLAGS=--cap-lints=warn" "-e" "CARGO_HOME=/opt/rustwide/cargo-home" "-e" "RUSTUP_HOME=/opt/rustwide/rustup-home" "-w" "/opt/rustwide/workdir" "-m" "1610612736" "--user" "0:0" "--network" "none" "ghcr.io/rust-lang/crates-build-env/linux@sha256:34b6a614d2c27851fe6cbf88fbd1137609cefab8b10d0615aaeb6fd47975d74e" "/opt/rustwide/cargo-home/bin/cargo" "+beta-2021-08-01" "test" "--frozen" "--no-run" "--message-format=json", kill_on_drop: false }`
[INFO] [stdout] 7aa9da675020ac7d7a3667989e00ad02493096967092b8abca42fa02c7356ad5
[INFO] running `Command { std: "docker" "start" "-a" "7aa9da675020ac7d7a3667989e00ad02493096967092b8abca42fa02c7356ad5", kill_on_drop: false }`
[INFO] [stderr] warning: An explicit [[bin]] section is specified in Cargo.toml which currently
[INFO] [stderr] disables Cargo from automatically inferring other binary targets.
[INFO] [stderr] This inference behavior will change in the Rust 2018 edition and the following
[INFO] [stderr] files will be included as a binary target:
[INFO] [stderr] 
[INFO] [stderr] * /opt/rustwide/workdir/src/main.rs
[INFO] [stderr] 
[INFO] [stderr] This is likely to break cargo build or cargo test as these files may not be
[INFO] [stderr] ready to be compiled as a binary target today. You can future-proof yourself
[INFO] [stderr] and disable this warning by adding `autobins = false` to your [package]
[INFO] [stderr] section. You may also move the files to a location where Cargo would not
[INFO] [stderr] automatically infer them to be a target, such as in subfolders.
[INFO] [stderr] 
[INFO] [stderr] For more information on this warning you can consult
[INFO] [stderr] https://github.com/rust-lang/cargo/issues/5330
[INFO] [stderr] warning: path `/opt/rustwide/workdir/src/main.rs` was erroneously implicitly accepted for binary `main`,
[INFO] [stderr] please set bin.path in Cargo.toml
[INFO] [stderr]     Blocking waiting for file lock on package cache
[INFO] [stderr]    Compiling simple-chart v0.7.9 (/opt/rustwide/workdir)
[INFO] [stdout] warning: trait objects without an explicit `dyn` are deprecated
[INFO] [stdout]    --> src/chart.rs:316:17
[INFO] [stdout]     |
[INFO] [stdout] 316 |          -> Box<Iterator<Item = DisplayPoint> + 'b> {
[INFO] [stdout]     |                 ^^^^^^^^^^^^^^^^^^^^^^^^^^^^^^^^^^ help: use `dyn`: `dyn Iterator<Item = DisplayPoint> + 'b`
[INFO] [stdout]     |
[INFO] [stdout]     = note: `#[warn(bare_trait_objects)]` on by default
[INFO] [stdout]     = warning: this is accepted in the current edition (Rust 2015) but is a hard error in Rust 2021!
[INFO] [stdout]     = note: for more information, see issue #80165 <https://github.com/rust-lang/rust/issues/80165>
[INFO] [stdout] 
[INFO] [stdout] 
[INFO] [stdout] warning: trait objects without an explicit `dyn` are deprecated
[INFO] [stdout]   --> src/line.rs:95:36
[INFO] [stdout]    |
[INFO] [stdout] 95 | pub fn extrapolate<'a>(points: Box<Iterator<Item = DisplayPoint> + 'a>)
[INFO] [stdout]    |                                    ^^^^^^^^^^^^^^^^^^^^^^^^^^^^^^^^^^ help: use `dyn`: `dyn Iterator<Item = DisplayPoint> + 'a`
[INFO] [stdout]    |
[INFO] [stdout]    = warning: this is accepted in the current edition (Rust 2015) but is a hard error in Rust 2021!
[INFO] [stdout]    = note: for more information, see issue #80165 <https://github.com/rust-lang/rust/issues/80165>
[INFO] [stdout] 
[INFO] [stdout] 
[INFO] [stdout] warning: trait objects without an explicit `dyn` are deprecated
[INFO] [stdout]   --> src/line.rs:96:31
[INFO] [stdout]    |
[INFO] [stdout] 96 |                        -> Box<Iterator<Item = DisplayPoint> + 'a> {
[INFO] [stdout]    |                               ^^^^^^^^^^^^^^^^^^^^^^^^^^^^^^^^^^ help: use `dyn`: `dyn Iterator<Item = DisplayPoint> + 'a`
[INFO] [stdout]    |
[INFO] [stdout]    = warning: this is accepted in the current edition (Rust 2015) but is a hard error in Rust 2021!
[INFO] [stdout]    = note: for more information, see issue #80165 <https://github.com/rust-lang/rust/issues/80165>
[INFO] [stdout] 
[INFO] [stdout] 
[INFO] [stdout] warning: unnecessary parentheses around function argument
[INFO] [stdout]    --> src/axis.rs:114:31
[INFO] [stdout]     |
[INFO] [stdout] 114 |             let value = round((self.min_value + self.scale_interval_value * (i as f64)),
[INFO] [stdout]     |                               ^^^^^^^^^^^^^^^^^^^^^^^^^^^^^^^^^^^^^^^^^^^^^^^^^^^^^^^^^ help: remove these parentheses
[INFO] [stdout]     |
[INFO] [stdout]     = note: `#[warn(unused_parens)]` on by default
[INFO] [stdout] 
[INFO] [stdout] 
[INFO] [stdout] warning: 4 warnings emitted
[INFO] [stdout] 
[INFO] [stdout] 
[INFO] [stdout] warning: trait objects without an explicit `dyn` are deprecated
[INFO] [stdout]    --> src/chart.rs:316:17
[INFO] [stdout]     |
[INFO] [stdout] 316 |          -> Box<Iterator<Item = DisplayPoint> + 'b> {
[INFO] [stdout]     |                 ^^^^^^^^^^^^^^^^^^^^^^^^^^^^^^^^^^ help: use `dyn`: `dyn Iterator<Item = DisplayPoint> + 'b`
[INFO] [stdout]     |
[INFO] [stdout]     = note: `#[warn(bare_trait_objects)]` on by default
[INFO] [stdout]     = warning: this is accepted in the current edition (Rust 2015) but is a hard error in Rust 2021!
[INFO] [stdout]     = note: for more information, see issue #80165 <https://github.com/rust-lang/rust/issues/80165>
[INFO] [stdout] 
[INFO] [stdout] 
[INFO] [stdout] warning: trait objects without an explicit `dyn` are deprecated
[INFO] [stdout]   --> src/line.rs:95:36
[INFO] [stdout]    |
[INFO] [stdout] 95 | pub fn extrapolate<'a>(points: Box<Iterator<Item = DisplayPoint> + 'a>)
[INFO] [stdout]    |                                    ^^^^^^^^^^^^^^^^^^^^^^^^^^^^^^^^^^ help: use `dyn`: `dyn Iterator<Item = DisplayPoint> + 'a`
[INFO] [stdout]    |
[INFO] [stdout]    = warning: this is accepted in the current edition (Rust 2015) but is a hard error in Rust 2021!
[INFO] [stdout]    = note: for more information, see issue #80165 <https://github.com/rust-lang/rust/issues/80165>
[INFO] [stdout] 
[INFO] [stdout] 
[INFO] [stdout] warning: trait objects without an explicit `dyn` are deprecated
[INFO] [stdout]   --> src/line.rs:96:31
[INFO] [stdout]    |
[INFO] [stdout] 96 |                        -> Box<Iterator<Item = DisplayPoint> + 'a> {
[INFO] [stdout]    |                               ^^^^^^^^^^^^^^^^^^^^^^^^^^^^^^^^^^ help: use `dyn`: `dyn Iterator<Item = DisplayPoint> + 'a`
[INFO] [stdout]    |
[INFO] [stdout]    = warning: this is accepted in the current edition (Rust 2015) but is a hard error in Rust 2021!
[INFO] [stdout]    = note: for more information, see issue #80165 <https://github.com/rust-lang/rust/issues/80165>
[INFO] [stdout] 
[INFO] [stdout] 
[INFO] [stdout] warning: unnecessary parentheses around function argument
[INFO] [stdout]    --> src/axis.rs:114:31
[INFO] [stdout]     |
[INFO] [stdout] 114 |             let value = round((self.min_value + self.scale_interval_value * (i as f64)),
[INFO] [stdout]     |                               ^^^^^^^^^^^^^^^^^^^^^^^^^^^^^^^^^^^^^^^^^^^^^^^^^^^^^^^^^ help: remove these parentheses
[INFO] [stdout]     |
[INFO] [stdout]     = note: `#[warn(unused_parens)]` on by default
[INFO] [stdout] 
[INFO] [stdout] 
[INFO] [stdout] warning: 4 warnings emitted
[INFO] [stdout] 
[INFO] [stdout] 
[INFO] [stderr]     Finished test [unoptimized + debuginfo] target(s) in 1.29s
[INFO] running `Command { std: "docker" "inspect" "7aa9da675020ac7d7a3667989e00ad02493096967092b8abca42fa02c7356ad5", kill_on_drop: false }`
[INFO] running `Command { std: "docker" "rm" "-f" "7aa9da675020ac7d7a3667989e00ad02493096967092b8abca42fa02c7356ad5", kill_on_drop: false }`
[INFO] [stdout] 7aa9da675020ac7d7a3667989e00ad02493096967092b8abca42fa02c7356ad5
[INFO] running `Command { std: "docker" "create" "-v" "/var/lib/crater-agent-workspace/builds/worker-41/target:/opt/rustwide/target:rw,Z" "-v" "/var/lib/crater-agent-workspace/builds/worker-41/source:/opt/rustwide/workdir:ro,Z" "-v" "/var/lib/crater-agent-workspace/cargo-home:/opt/rustwide/cargo-home:ro,Z" "-v" "/var/lib/crater-agent-workspace/rustup-home:/opt/rustwide/rustup-home:ro,Z" "-e" "SOURCE_DIR=/opt/rustwide/workdir" "-e" "CARGO_TARGET_DIR=/opt/rustwide/target" "-e" "CARGO_INCREMENTAL=0" "-e" "RUST_BACKTRACE=full" "-e" "RUSTFLAGS=--cap-lints=warn" "-e" "CARGO_HOME=/opt/rustwide/cargo-home" "-e" "RUSTUP_HOME=/opt/rustwide/rustup-home" "-w" "/opt/rustwide/workdir" "-m" "1610612736" "--user" "0:0" "--network" "none" "ghcr.io/rust-lang/crates-build-env/linux@sha256:34b6a614d2c27851fe6cbf88fbd1137609cefab8b10d0615aaeb6fd47975d74e" "/opt/rustwide/cargo-home/bin/cargo" "+beta-2021-08-01" "test" "--frozen", kill_on_drop: false }`
[INFO] [stdout] 29413f5f50470c07315c1470eddd5c368979ab07947e7f12c1983dd752686579
[INFO] running `Command { std: "docker" "start" "-a" "29413f5f50470c07315c1470eddd5c368979ab07947e7f12c1983dd752686579", kill_on_drop: false }`
[INFO] [stderr] warning: An explicit [[bin]] section is specified in Cargo.toml which currently
[INFO] [stderr] disables Cargo from automatically inferring other binary targets.
[INFO] [stderr] This inference behavior will change in the Rust 2018 edition and the following
[INFO] [stderr] files will be included as a binary target:
[INFO] [stderr] 
[INFO] [stderr] * /opt/rustwide/workdir/src/main.rs
[INFO] [stderr] 
[INFO] [stderr] This is likely to break cargo build or cargo test as these files may not be
[INFO] [stderr] ready to be compiled as a binary target today. You can future-proof yourself
[INFO] [stderr] and disable this warning by adding `autobins = false` to your [package]
[INFO] [stderr] section. You may also move the files to a location where Cargo would not
[INFO] [stderr] automatically infer them to be a target, such as in subfolders.
[INFO] [stderr] 
[INFO] [stderr] For more information on this warning you can consult
[INFO] [stderr] https://github.com/rust-lang/cargo/issues/5330
[INFO] [stderr] warning: path `/opt/rustwide/workdir/src/main.rs` was erroneously implicitly accepted for binary `main`,
[INFO] [stderr] please set bin.path in Cargo.toml
[INFO] [stderr] warning: trait objects without an explicit `dyn` are deprecated
[INFO] [stderr]    --> src/chart.rs:316:17
[INFO] [stderr]     |
[INFO] [stderr] 316 |          -> Box<Iterator<Item = DisplayPoint> + 'b> {
[INFO] [stderr]     |                 ^^^^^^^^^^^^^^^^^^^^^^^^^^^^^^^^^^ help: use `dyn`: `dyn Iterator<Item = DisplayPoint> + 'b`
[INFO] [stderr]     |
[INFO] [stderr]     = note: `#[warn(bare_trait_objects)]` on by default
[INFO] [stderr]     = warning: this is accepted in the current edition (Rust 2015) but is a hard error in Rust 2021!
[INFO] [stderr]     = note: for more information, see issue #80165 <https://github.com/rust-lang/rust/issues/80165>
[INFO] [stderr] 
[INFO] [stderr] warning: trait objects without an explicit `dyn` are deprecated
[INFO] [stderr]   --> src/line.rs:95:36
[INFO] [stderr]    |
[INFO] [stderr] 95 | pub fn extrapolate<'a>(points: Box<Iterator<Item = DisplayPoint> + 'a>)
[INFO] [stderr]    |                                    ^^^^^^^^^^^^^^^^^^^^^^^^^^^^^^^^^^ help: use `dyn`: `dyn Iterator<Item = DisplayPoint> + 'a`
[INFO] [stderr]    |
[INFO] [stderr]    = warning: this is accepted in the current edition (Rust 2015) but is a hard error in Rust 2021!
[INFO] [stderr]    = note: for more information, see issue #80165 <https://github.com/rust-lang/rust/issues/80165>
[INFO] [stderr] 
[INFO] [stderr] warning: trait objects without an explicit `dyn` are deprecated
[INFO] [stderr]   --> src/line.rs:96:31
[INFO] [stderr]    |
[INFO] [stderr] 96 |                        -> Box<Iterator<Item = DisplayPoint> + 'a> {
[INFO] [stderr]    |                               ^^^^^^^^^^^^^^^^^^^^^^^^^^^^^^^^^^ help: use `dyn`: `dyn Iterator<Item = DisplayPoint> + 'a`
[INFO] [stderr]    |
[INFO] [stderr]    = warning: this is accepted in the current edition (Rust 2015) but is a hard error in Rust 2021!
[INFO] [stderr]    = note: for more information, see issue #80165 <https://github.com/rust-lang/rust/issues/80165>
[INFO] [stderr] 
[INFO] [stderr] warning: unnecessary parentheses around function argument
[INFO] [stderr]    --> src/axis.rs:114:31
[INFO] [stderr]     |
[INFO] [stderr] 114 |             let value = round((self.min_value + self.scale_interval_value * (i as f64)),
[INFO] [stderr]     |                               ^^^^^^^^^^^^^^^^^^^^^^^^^^^^^^^^^^^^^^^^^^^^^^^^^^^^^^^^^ help: remove these parentheses
[INFO] [stderr]     |
[INFO] [stderr]     = note: `#[warn(unused_parens)]` on by default
[INFO] [stderr] 
[INFO] [stderr] warning: `simple-chart` (lib) generated 4 warnings
[INFO] [stderr] warning: `simple-chart` (lib test) generated 4 warnings (4 duplicates)
[INFO] [stderr]     Finished test [unoptimized + debuginfo] target(s) in 0.15s
[INFO] [stderr]      Running unittests (/opt/rustwide/target/debug/deps/simple_chart-fca1927aa3747b02)
[INFO] [stdout] 
[INFO] [stdout] running 12 tests
[INFO] [stdout] test axis::tests::calculate_intervals_count_test_less_10 ... ok
[INFO] [stdout] test axis::tests::calculate_intervals_count_test_more_10 ... ok
[INFO] [stdout] test axis::tests::determine_max_numbers_count_test_diff_more_10 ... ok
[INFO] [stdout] test axis::tests::determine_max_numbers_count_test_diff_less_10 ... ok
[INFO] [stdout] test chart::tests::can_draw_axis_manual ... ok
[INFO] [stdout] test axis::tests::get_numbers_count_test ... ok
[INFO] [stdout] test chart::tests::can_draw_array ... ok
[INFO] [stdout] test macros::macros_test ... ok
[INFO] [stdout] test chart::tests::not_enough_points_test ... FAILED
[INFO] [stdout] test chart::tests::not_enough_space_test ... FAILED
[INFO] [stdout] test chart::tests::one_point_test ... FAILED
[INFO] [stdout] test chart::tests::two_identical_point_test ... FAILED
[INFO] [stdout] 
[INFO] [stdout] failures:
[INFO] [stdout] 
[INFO] [stdout] ---- chart::tests::not_enough_points_test stdout ----
[INFO] [stdout] thread 'chart::tests::not_enough_points_test' panicked at 'assertion failed: `(left == right)`
[INFO] [stdout]   left: `"NotEnoughPoints"`,
[INFO] [stdout]  right: `"There are not enough points to display on graph."`', src/chart.rs:384:9
[INFO] [stdout] stack backtrace:
[INFO] [stdout]    0:     0x564581747680 - std::backtrace_rs::backtrace::libunwind::trace::hff4d1766e93f64f1
[INFO] [stdout]                                at /rustc/53fd98ca776cb875bc9e5514f56b52eb74f9e7a9/library/std/src/../../backtrace/src/backtrace/libunwind.rs:90:5
[INFO] [stdout]    1:     0x564581747680 - std::backtrace_rs::backtrace::trace_unsynchronized::h56bbc8eb78770bcb
[INFO] [stdout]                                at /rustc/53fd98ca776cb875bc9e5514f56b52eb74f9e7a9/library/std/src/../../backtrace/src/backtrace/mod.rs:66:5
[INFO] [stdout]    2:     0x564581747680 - std::sys_common::backtrace::_print_fmt::h5c8e75464faca780
[INFO] [stdout]                                at /rustc/53fd98ca776cb875bc9e5514f56b52eb74f9e7a9/library/std/src/sys_common/backtrace.rs:67:5
[INFO] [stdout]    3:     0x564581747680 - <std::sys_common::backtrace::_print::DisplayBacktrace as core::fmt::Display>::fmt::h48b88277def8b362
[INFO] [stdout]                                at /rustc/53fd98ca776cb875bc9e5514f56b52eb74f9e7a9/library/std/src/sys_common/backtrace.rs:46:22
[INFO] [stdout]    4:     0x56458176a4dc - core::fmt::write::h3381b3176fe2b3d3
[INFO] [stdout]                                at /rustc/53fd98ca776cb875bc9e5514f56b52eb74f9e7a9/library/core/src/fmt/mod.rs:1115:17
[INFO] [stdout]    5:     0x5645817445e5 - std::io::Write::write_fmt::h5f34a676f60246b5
[INFO] [stdout]                                at /rustc/53fd98ca776cb875bc9e5514f56b52eb74f9e7a9/library/std/src/io/mod.rs:1665:15
[INFO] [stdout]    6:     0x5645817497fb - std::sys_common::backtrace::_print::ha537687d6c17dd0d
[INFO] [stdout]                                at /rustc/53fd98ca776cb875bc9e5514f56b52eb74f9e7a9/library/std/src/sys_common/backtrace.rs:49:5
[INFO] [stdout]    7:     0x5645817497fb - std::sys_common::backtrace::print::h61376ae57d131d72
[INFO] [stdout]                                at /rustc/53fd98ca776cb875bc9e5514f56b52eb74f9e7a9/library/std/src/sys_common/backtrace.rs:36:9
[INFO] [stdout]    8:     0x5645817497fb - std::panicking::default_hook::{{closure}}::h0f7208c0b9644a54
[INFO] [stdout]                                at /rustc/53fd98ca776cb875bc9e5514f56b52eb74f9e7a9/library/std/src/panicking.rs:208:50
[INFO] [stdout]    9:     0x56458174930c - std::panicking::default_hook::hdac7fc06578c14ce
[INFO] [stdout]                                at /rustc/53fd98ca776cb875bc9e5514f56b52eb74f9e7a9/library/std/src/panicking.rs:222:9
[INFO] [stdout]   10:     0x564581749ec4 - std::panicking::rust_panic_with_hook::h72b21c283da3d1ef
[INFO] [stdout]                                at /rustc/53fd98ca776cb875bc9e5514f56b52eb74f9e7a9/library/std/src/panicking.rs:622:17
[INFO] [stdout]   11:     0x5645817499a7 - std::panicking::begin_panic_handler::{{closure}}::he5778f1729cff84a
[INFO] [stdout]                                at /rustc/53fd98ca776cb875bc9e5514f56b52eb74f9e7a9/library/std/src/panicking.rs:519:13
[INFO] [stdout]   12:     0x564581747b5c - std::sys_common::backtrace::__rust_end_short_backtrace::h2d11ca8b453b4b1d
[INFO] [stdout]                                at /rustc/53fd98ca776cb875bc9e5514f56b52eb74f9e7a9/library/std/src/sys_common/backtrace.rs:141:18
[INFO] [stdout]   13:     0x564581749909 - rust_begin_unwind
[INFO] [stdout]                                at /rustc/53fd98ca776cb875bc9e5514f56b52eb74f9e7a9/library/std/src/panicking.rs:515:5
[INFO] [stdout]   14:     0x5645816d53b1 - core::panicking::panic_fmt::hf9de31d4acbce4db
[INFO] [stdout]                                at /rustc/53fd98ca776cb875bc9e5514f56b52eb74f9e7a9/library/core/src/panicking.rs:92:14
[INFO] [stdout]   15:     0x564581768df8 - core::panicking::assert_failed_inner::h62e8cb2847a6e7ec
[INFO] [stdout]   16:     0x5645816e631e - core::panicking::assert_failed::h9c15bfde1645a02c
[INFO] [stdout]                                at /rustc/53fd98ca776cb875bc9e5514f56b52eb74f9e7a9/library/core/src/panicking.rs:117:5
[INFO] [stdout]   17:     0x5645816ed9da - simple_chart::chart::tests::not_enough_points_test::h64a0499e7070ad60
[INFO] [stdout]                                at /opt/rustwide/workdir/src/chart.rs:384:9
[INFO] [stdout]   18:     0x5645816ed7ba - simple_chart::chart::tests::not_enough_points_test::{{closure}}::h99457f55c223214a
[INFO] [stdout]                                at /opt/rustwide/workdir/src/chart.rs:381:5
[INFO] [stdout]   19:     0x5645816f781e - core::ops::function::FnOnce::call_once::h9083c6154e328f40
[INFO] [stdout]                                at /rustc/53fd98ca776cb875bc9e5514f56b52eb74f9e7a9/library/core/src/ops/function.rs:227:5
[INFO] [stdout]   20:     0x56458172bf43 - core::ops::function::FnOnce::call_once::hbb52c4519d3137b0
[INFO] [stdout]                                at /rustc/53fd98ca776cb875bc9e5514f56b52eb74f9e7a9/library/core/src/ops/function.rs:227:5
[INFO] [stdout]   21:     0x56458172bf43 - test::__rust_begin_short_backtrace::h86fe3a2a5a5121af
[INFO] [stdout]                                at /rustc/53fd98ca776cb875bc9e5514f56b52eb74f9e7a9/library/test/src/lib.rs:578:5
[INFO] [stdout]   22:     0x56458172a9f8 - <alloc::boxed::Box<F,A> as core::ops::function::FnOnce<Args>>::call_once::hfd956bc3d57399be
[INFO] [stdout]                                at /rustc/53fd98ca776cb875bc9e5514f56b52eb74f9e7a9/library/alloc/src/boxed.rs:1572:9
[INFO] [stdout]   23:     0x56458172a9f8 - <std::panic::AssertUnwindSafe<F> as core::ops::function::FnOnce<()>>::call_once::h40dc93e0ddb5938a
[INFO] [stdout]                                at /rustc/53fd98ca776cb875bc9e5514f56b52eb74f9e7a9/library/std/src/panic.rs:347:9
[INFO] [stdout]   24:     0x56458172a9f8 - std::panicking::try::do_call::h90d07750cb47c562
[INFO] [stdout]                                at /rustc/53fd98ca776cb875bc9e5514f56b52eb74f9e7a9/library/std/src/panicking.rs:401:40
[INFO] [stdout]   25:     0x56458172a9f8 - std::panicking::try::h063c84733ad2a629
[INFO] [stdout]                                at /rustc/53fd98ca776cb875bc9e5514f56b52eb74f9e7a9/library/std/src/panicking.rs:365:19
[INFO] [stdout]   26:     0x56458172a9f8 - std::panic::catch_unwind::h0c464836a84e7c08
[INFO] [stdout]                                at /rustc/53fd98ca776cb875bc9e5514f56b52eb74f9e7a9/library/std/src/panic.rs:434:14
[INFO] [stdout]   27:     0x56458172a9f8 - test::run_test_in_process::h5cb06ef620b157fc
[INFO] [stdout]                                at /rustc/53fd98ca776cb875bc9e5514f56b52eb74f9e7a9/library/test/src/lib.rs:601:18
[INFO] [stdout]   28:     0x56458172a9f8 - test::run_test::run_test_inner::{{closure}}::h76f677f4b93f9828
[INFO] [stdout]                                at /rustc/53fd98ca776cb875bc9e5514f56b52eb74f9e7a9/library/test/src/lib.rs:493:39
[INFO] [stdout]   29:     0x5645816f918d - test::run_test::run_test_inner::{{closure}}::h366d01fe04f4d67a
[INFO] [stdout]                                at /rustc/53fd98ca776cb875bc9e5514f56b52eb74f9e7a9/library/test/src/lib.rs:520:37
[INFO] [stdout]   30:     0x5645816f918d - std::sys_common::backtrace::__rust_begin_short_backtrace::h7dfa0de4eb395af2
[INFO] [stdout]                                at /rustc/53fd98ca776cb875bc9e5514f56b52eb74f9e7a9/library/std/src/sys_common/backtrace.rs:125:18
[INFO] [stdout]   31:     0x5645816fd958 - std::thread::Builder::spawn_unchecked::{{closure}}::{{closure}}::hf0a74bb58798037f
[INFO] [stdout]                                at /rustc/53fd98ca776cb875bc9e5514f56b52eb74f9e7a9/library/std/src/thread/mod.rs:476:17
[INFO] [stdout]   32:     0x5645816fd958 - <std::panic::AssertUnwindSafe<F> as core::ops::function::FnOnce<()>>::call_once::hb024e854818586ac
[INFO] [stdout]                                at /rustc/53fd98ca776cb875bc9e5514f56b52eb74f9e7a9/library/std/src/panic.rs:347:9
[INFO] [stdout]   33:     0x5645816fd958 - std::panicking::try::do_call::hb2dd9f1d0d48e41d
[INFO] [stdout]                                at /rustc/53fd98ca776cb875bc9e5514f56b52eb74f9e7a9/library/std/src/panicking.rs:401:40
[INFO] [stdout]   34:     0x5645816fd958 - std::panicking::try::h4717ae7bac8b2bf3
[INFO] [stdout]                                at /rustc/53fd98ca776cb875bc9e5514f56b52eb74f9e7a9/library/std/src/panicking.rs:365:19
[INFO] [stdout]   35:     0x5645816fd958 - std::panic::catch_unwind::h0dc8a061326ce8d8
[INFO] [stdout]                                at /rustc/53fd98ca776cb875bc9e5514f56b52eb74f9e7a9/library/std/src/panic.rs:434:14
[INFO] [stdout]   36:     0x5645816fd958 - std::thread::Builder::spawn_unchecked::{{closure}}::haa369e2d6fd00aa1
[INFO] [stdout]                                at /rustc/53fd98ca776cb875bc9e5514f56b52eb74f9e7a9/library/std/src/thread/mod.rs:475:30
[INFO] [stdout]   37:     0x5645816fd958 - core::ops::function::FnOnce::call_once{{vtable.shim}}::h36dcf3de8b056f17
[INFO] [stdout]                                at /rustc/53fd98ca776cb875bc9e5514f56b52eb74f9e7a9/library/core/src/ops/function.rs:227:5
[INFO] [stdout]   38:     0x56458174ea37 - <alloc::boxed::Box<F,A> as core::ops::function::FnOnce<Args>>::call_once::h65c29e4642be2358
[INFO] [stdout]                                at /rustc/53fd98ca776cb875bc9e5514f56b52eb74f9e7a9/library/alloc/src/boxed.rs:1572:9
[INFO] [stdout]   39:     0x56458174ea37 - <alloc::boxed::Box<F,A> as core::ops::function::FnOnce<Args>>::call_once::hd0f8f7fbbd9fffbf
[INFO] [stdout]                                at /rustc/53fd98ca776cb875bc9e5514f56b52eb74f9e7a9/library/alloc/src/boxed.rs:1572:9
[INFO] [stdout]   40:     0x56458174ea37 - std::sys::unix::thread::Thread::new::thread_start::h2fd22fee3ca77b65
[INFO] [stdout]                                at /rustc/53fd98ca776cb875bc9e5514f56b52eb74f9e7a9/library/std/src/sys/unix/thread.rs:74:17
[INFO] [stdout]   41:     0x7f1edc35e609 - start_thread
[INFO] [stdout]   42:     0x7f1edc130293 - clone
[INFO] [stdout]   43:                0x0 - <unknown>
[INFO] [stdout] 
[INFO] [stdout] ---- chart::tests::not_enough_space_test stdout ----
[INFO] [stdout] thread 'chart::tests::not_enough_space_test' panicked at 'assertion failed: `(left == right)`
[INFO] [stdout]   left: `"NotEnoughSpace"`,
[INFO] [stdout]  right: `"There are not enough width and height to form graph with axis."`', src/chart.rs:376:9
[INFO] [stdout] stack backtrace:
[INFO] [stdout]    0:     0x564581747680 - std::backtrace_rs::backtrace::libunwind::trace::hff4d1766e93f64f1
[INFO] [stdout]                                at /rustc/53fd98ca776cb875bc9e5514f56b52eb74f9e7a9/library/std/src/../../backtrace/src/backtrace/libunwind.rs:90:5
[INFO] [stdout]    1:     0x564581747680 - std::backtrace_rs::backtrace::trace_unsynchronized::h56bbc8eb78770bcb
[INFO] [stdout]                                at /rustc/53fd98ca776cb875bc9e5514f56b52eb74f9e7a9/library/std/src/../../backtrace/src/backtrace/mod.rs:66:5
[INFO] [stdout]    2:     0x564581747680 - std::sys_common::backtrace::_print_fmt::h5c8e75464faca780
[INFO] [stdout]                                at /rustc/53fd98ca776cb875bc9e5514f56b52eb74f9e7a9/library/std/src/sys_common/backtrace.rs:67:5
[INFO] [stdout]    3:     0x564581747680 - <std::sys_common::backtrace::_print::DisplayBacktrace as core::fmt::Display>::fmt::h48b88277def8b362
[INFO] [stdout]                                at /rustc/53fd98ca776cb875bc9e5514f56b52eb74f9e7a9/library/std/src/sys_common/backtrace.rs:46:22
[INFO] [stdout]    4:     0x56458176a4dc - core::fmt::write::h3381b3176fe2b3d3
[INFO] [stdout]                                at /rustc/53fd98ca776cb875bc9e5514f56b52eb74f9e7a9/library/core/src/fmt/mod.rs:1115:17
[INFO] [stdout]    5:     0x5645817445e5 - std::io::Write::write_fmt::h5f34a676f60246b5
[INFO] [stdout]                                at /rustc/53fd98ca776cb875bc9e5514f56b52eb74f9e7a9/library/std/src/io/mod.rs:1665:15
[INFO] [stdout]    6:     0x5645817497fb - std::sys_common::backtrace::_print::ha537687d6c17dd0d
[INFO] [stdout]                                at /rustc/53fd98ca776cb875bc9e5514f56b52eb74f9e7a9/library/std/src/sys_common/backtrace.rs:49:5
[INFO] [stdout]    7:     0x5645817497fb - std::sys_common::backtrace::print::h61376ae57d131d72
[INFO] [stdout]                                at /rustc/53fd98ca776cb875bc9e5514f56b52eb74f9e7a9/library/std/src/sys_common/backtrace.rs:36:9
[INFO] [stdout]    8:     0x5645817497fb - std::panicking::default_hook::{{closure}}::h0f7208c0b9644a54
[INFO] [stdout]                                at /rustc/53fd98ca776cb875bc9e5514f56b52eb74f9e7a9/library/std/src/panicking.rs:208:50
[INFO] [stdout]    9:     0x56458174930c - std::panicking::default_hook::hdac7fc06578c14ce
[INFO] [stdout]                                at /rustc/53fd98ca776cb875bc9e5514f56b52eb74f9e7a9/library/std/src/panicking.rs:222:9
[INFO] [stdout]   10:     0x564581749ec4 - std::panicking::rust_panic_with_hook::h72b21c283da3d1ef
[INFO] [stdout]                                at /rustc/53fd98ca776cb875bc9e5514f56b52eb74f9e7a9/library/std/src/panicking.rs:622:17
[INFO] [stdout]   11:     0x5645817499a7 - std::panicking::begin_panic_handler::{{closure}}::he5778f1729cff84a
[INFO] [stdout]                                at /rustc/53fd98ca776cb875bc9e5514f56b52eb74f9e7a9/library/std/src/panicking.rs:519:13
[INFO] [stdout]   12:     0x564581747b5c - std::sys_common::backtrace::__rust_end_short_backtrace::h2d11ca8b453b4b1d
[INFO] [stdout]                                at /rustc/53fd98ca776cb875bc9e5514f56b52eb74f9e7a9/library/std/src/sys_common/backtrace.rs:141:18
[INFO] [stdout]   13:     0x564581749909 - rust_begin_unwind
[INFO] [stdout]                                at /rustc/53fd98ca776cb875bc9e5514f56b52eb74f9e7a9/library/std/src/panicking.rs:515:5
[INFO] [stdout]   14:     0x5645816d53b1 - core::panicking::panic_fmt::hf9de31d4acbce4db
[INFO] [stdout]                                at /rustc/53fd98ca776cb875bc9e5514f56b52eb74f9e7a9/library/core/src/panicking.rs:92:14
[INFO] [stdout]   15:     0x564581768df8 - core::panicking::assert_failed_inner::h62e8cb2847a6e7ec
[INFO] [stdout]   16:     0x5645816e631e - core::panicking::assert_failed::h9c15bfde1645a02c
[INFO] [stdout]                                at /rustc/53fd98ca776cb875bc9e5514f56b52eb74f9e7a9/library/core/src/panicking.rs:117:5
[INFO] [stdout]   17:     0x5645816ed788 - simple_chart::chart::tests::not_enough_space_test::hd9cf730cf560724e
[INFO] [stdout]                                at /opt/rustwide/workdir/src/chart.rs:376:9
[INFO] [stdout]   18:     0x5645816ed61a - simple_chart::chart::tests::not_enough_space_test::{{closure}}::hc3c4ac234d913183
[INFO] [stdout]                                at /opt/rustwide/workdir/src/chart.rs:374:5
[INFO] [stdout]   19:     0x5645816f785e - core::ops::function::FnOnce::call_once::h9626fc890aa7a6ac
[INFO] [stdout]                                at /rustc/53fd98ca776cb875bc9e5514f56b52eb74f9e7a9/library/core/src/ops/function.rs:227:5
[INFO] [stdout]   20:     0x56458172bf43 - core::ops::function::FnOnce::call_once::hbb52c4519d3137b0
[INFO] [stdout]                                at /rustc/53fd98ca776cb875bc9e5514f56b52eb74f9e7a9/library/core/src/ops/function.rs:227:5
[INFO] [stdout]   21:     0x56458172bf43 - test::__rust_begin_short_backtrace::h86fe3a2a5a5121af
[INFO] [stdout]                                at /rustc/53fd98ca776cb875bc9e5514f56b52eb74f9e7a9/library/test/src/lib.rs:578:5
[INFO] [stdout]   22:     0x56458172a9f8 - <alloc::boxed::Box<F,A> as core::ops::function::FnOnce<Args>>::call_once::hfd956bc3d57399be
[INFO] [stdout]                                at /rustc/53fd98ca776cb875bc9e5514f56b52eb74f9e7a9/library/alloc/src/boxed.rs:1572:9
[INFO] [stdout]   23:     0x56458172a9f8 - <std::panic::AssertUnwindSafe<F> as core::ops::function::FnOnce<()>>::call_once::h40dc93e0ddb5938a
[INFO] [stdout]                                at /rustc/53fd98ca776cb875bc9e5514f56b52eb74f9e7a9/library/std/src/panic.rs:347:9
[INFO] [stdout]   24:     0x56458172a9f8 - std::panicking::try::do_call::h90d07750cb47c562
[INFO] [stdout]                                at /rustc/53fd98ca776cb875bc9e5514f56b52eb74f9e7a9/library/std/src/panicking.rs:401:40
[INFO] [stdout]   25:     0x56458172a9f8 - std::panicking::try::h063c84733ad2a629
[INFO] [stdout]                                at /rustc/53fd98ca776cb875bc9e5514f56b52eb74f9e7a9/library/std/src/panicking.rs:365:19
[INFO] [stdout]   26:     0x56458172a9f8 - std::panic::catch_unwind::h0c464836a84e7c08
[INFO] [stdout]                                at /rustc/53fd98ca776cb875bc9e5514f56b52eb74f9e7a9/library/std/src/panic.rs:434:14
[INFO] [stdout]   27:     0x56458172a9f8 - test::run_test_in_process::h5cb06ef620b157fc
[INFO] [stdout]                                at /rustc/53fd98ca776cb875bc9e5514f56b52eb74f9e7a9/library/test/src/lib.rs:601:18
[INFO] [stdout]   28:     0x56458172a9f8 - test::run_test::run_test_inner::{{closure}}::h76f677f4b93f9828
[INFO] [stdout]                                at /rustc/53fd98ca776cb875bc9e5514f56b52eb74f9e7a9/library/test/src/lib.rs:493:39
[INFO] [stdout]   29:     0x5645816f918d - test::run_test::run_test_inner::{{closure}}::h366d01fe04f4d67a
[INFO] [stdout]                                at /rustc/53fd98ca776cb875bc9e5514f56b52eb74f9e7a9/library/test/src/lib.rs:520:37
[INFO] [stdout]   30:     0x5645816f918d - std::sys_common::backtrace::__rust_begin_short_backtrace::h7dfa0de4eb395af2
[INFO] [stdout]                                at /rustc/53fd98ca776cb875bc9e5514f56b52eb74f9e7a9/library/std/src/sys_common/backtrace.rs:125:18
[INFO] [stdout]   31:     0x5645816fd958 - std::thread::Builder::spawn_unchecked::{{closure}}::{{closure}}::hf0a74bb58798037f
[INFO] [stdout]                                at /rustc/53fd98ca776cb875bc9e5514f56b52eb74f9e7a9/library/std/src/thread/mod.rs:476:17
[INFO] [stdout]   32:     0x5645816fd958 - <std::panic::AssertUnwindSafe<F> as core::ops::function::FnOnce<()>>::call_once::hb024e854818586ac
[INFO] [stdout]                                at /rustc/53fd98ca776cb875bc9e5514f56b52eb74f9e7a9/library/std/src/panic.rs:347:9
[INFO] [stdout]   33:     0x5645816fd958 - std::panicking::try::do_call::hb2dd9f1d0d48e41d
[INFO] [stdout]                                at /rustc/53fd98ca776cb875bc9e5514f56b52eb74f9e7a9/library/std/src/panicking.rs:401:40
[INFO] [stdout]   34:     0x5645816fd958 - std::panicking::try::h4717ae7bac8b2bf3
[INFO] [stdout]                                at /rustc/53fd98ca776cb875bc9e5514f56b52eb74f9e7a9/library/std/src/panicking.rs:365:19
[INFO] [stdout]   35:     0x5645816fd958 - std::panic::catch_unwind::h0dc8a061326ce8d8
[INFO] [stdout]                                at /rustc/53fd98ca776cb875bc9e5514f56b52eb74f9e7a9/library/std/src/panic.rs:434:14
[INFO] [stdout]   36:     0x5645816fd958 - std::thread::Builder::spawn_unchecked::{{closure}}::haa369e2d6fd00aa1
[INFO] [stdout]                                at /rustc/53fd98ca776cb875bc9e5514f56b52eb74f9e7a9/library/std/src/thread/mod.rs:475:30
[INFO] [stdout]   37:     0x5645816fd958 - core::ops::function::FnOnce::call_once{{vtable.shim}}::h36dcf3de8b056f17
[INFO] [stdout]                                at /rustc/53fd98ca776cb875bc9e5514f56b52eb74f9e7a9/library/core/src/ops/function.rs:227:5
[INFO] [stdout]   38:     0x56458174ea37 - <alloc::boxed::Box<F,A> as core::ops::function::FnOnce<Args>>::call_once::h65c29e4642be2358
[INFO] [stdout]                                at /rustc/53fd98ca776cb875bc9e5514f56b52eb74f9e7a9/library/alloc/src/boxed.rs:1572:9
[INFO] [stdout]   39:     0x56458174ea37 - <alloc::boxed::Box<F,A> as core::ops::function::FnOnce<Args>>::call_once::hd0f8f7fbbd9fffbf
[INFO] [stdout]                                at /rustc/53fd98ca776cb875bc9e5514f56b52eb74f9e7a9/library/alloc/src/boxed.rs:1572:9
[INFO] [stdout]   40:     0x56458174ea37 - std::sys::unix::thread::Thread::new::thread_start::h2fd22fee3ca77b65
[INFO] [stdout]                                at /rustc/53fd98ca776cb875bc9e5514f56b52eb74f9e7a9/library/std/src/sys/unix/thread.rs:74:17
[INFO] [stdout]   41:     0x7f1edc35e609 - start_thread
[INFO] [stdout]   42:     0x7f1edc130293 - clone
[INFO] [stdout]   43:                0x0 - <unknown>
[INFO] [stdout] 
[INFO] [stdout] ---- chart::tests::one_point_test stdout ----
[INFO] [stdout] thread 'chart::tests::one_point_test' panicked at 'assertion failed: `(left == right)`
[INFO] [stdout]   left: `"NotEnoughPoints"`,
[INFO] [stdout]  right: `"There are not enough points to display on graph."`', src/chart.rs:392:9
[INFO] [stdout] stack backtrace:
[INFO] [stdout]    0:     0x564581747680 - std::backtrace_rs::backtrace::libunwind::trace::hff4d1766e93f64f1
[INFO] [stdout]                                at /rustc/53fd98ca776cb875bc9e5514f56b52eb74f9e7a9/library/std/src/../../backtrace/src/backtrace/libunwind.rs:90:5
[INFO] [stdout]    1:     0x564581747680 - std::backtrace_rs::backtrace::trace_unsynchronized::h56bbc8eb78770bcb
[INFO] [stdout]                                at /rustc/53fd98ca776cb875bc9e5514f56b52eb74f9e7a9/library/std/src/../../backtrace/src/backtrace/mod.rs:66:5
[INFO] [stdout]    2:     0x564581747680 - std::sys_common::backtrace::_print_fmt::h5c8e75464faca780
[INFO] [stdout]                                at /rustc/53fd98ca776cb875bc9e5514f56b52eb74f9e7a9/library/std/src/sys_common/backtrace.rs:67:5
[INFO] [stdout]    3:     0x564581747680 - <std::sys_common::backtrace::_print::DisplayBacktrace as core::fmt::Display>::fmt::h48b88277def8b362
[INFO] [stdout]                                at /rustc/53fd98ca776cb875bc9e5514f56b52eb74f9e7a9/library/std/src/sys_common/backtrace.rs:46:22
[INFO] [stdout]    4:     0x56458176a4dc - core::fmt::write::h3381b3176fe2b3d3
[INFO] [stdout]                                at /rustc/53fd98ca776cb875bc9e5514f56b52eb74f9e7a9/library/core/src/fmt/mod.rs:1115:17
[INFO] [stdout]    5:     0x5645817445e5 - std::io::Write::write_fmt::h5f34a676f60246b5
[INFO] [stdout]                                at /rustc/53fd98ca776cb875bc9e5514f56b52eb74f9e7a9/library/std/src/io/mod.rs:1665:15
[INFO] [stdout]    6:     0x5645817497fb - std::sys_common::backtrace::_print::ha537687d6c17dd0d
[INFO] [stdout]                                at /rustc/53fd98ca776cb875bc9e5514f56b52eb74f9e7a9/library/std/src/sys_common/backtrace.rs:49:5
[INFO] [stdout]    7:     0x5645817497fb - std::sys_common::backtrace::print::h61376ae57d131d72
[INFO] [stdout]                                at /rustc/53fd98ca776cb875bc9e5514f56b52eb74f9e7a9/library/std/src/sys_common/backtrace.rs:36:9
[INFO] [stdout]    8:     0x5645817497fb - std::panicking::default_hook::{{closure}}::h0f7208c0b9644a54
[INFO] [stdout]                                at /rustc/53fd98ca776cb875bc9e5514f56b52eb74f9e7a9/library/std/src/panicking.rs:208:50
[INFO] [stdout]    9:     0x56458174930c - std::panicking::default_hook::hdac7fc06578c14ce
[INFO] [stdout]                                at /rustc/53fd98ca776cb875bc9e5514f56b52eb74f9e7a9/library/std/src/panicking.rs:222:9
[INFO] [stdout]   10:     0x564581749ec4 - std::panicking::rust_panic_with_hook::h72b21c283da3d1ef
[INFO] [stdout]                                at /rustc/53fd98ca776cb875bc9e5514f56b52eb74f9e7a9/library/std/src/panicking.rs:622:17
[INFO] [stdout]   11:     0x5645817499a7 - std::panicking::begin_panic_handler::{{closure}}::he5778f1729cff84a
[INFO] [stdout]                                at /rustc/53fd98ca776cb875bc9e5514f56b52eb74f9e7a9/library/std/src/panicking.rs:519:13
[INFO] [stdout]   12:     0x564581747b5c - std::sys_common::backtrace::__rust_end_short_backtrace::h2d11ca8b453b4b1d
[INFO] [stdout]                                at /rustc/53fd98ca776cb875bc9e5514f56b52eb74f9e7a9/library/std/src/sys_common/backtrace.rs:141:18
[INFO] [stdout]   13:     0x564581749909 - rust_begin_unwind
[INFO] [stdout]                                at /rustc/53fd98ca776cb875bc9e5514f56b52eb74f9e7a9/library/std/src/panicking.rs:515:5
[INFO] [stdout]   14:     0x5645816d53b1 - core::panicking::panic_fmt::hf9de31d4acbce4db
[INFO] [stdout]                                at /rustc/53fd98ca776cb875bc9e5514f56b52eb74f9e7a9/library/core/src/panicking.rs:92:14
[INFO] [stdout]   15:     0x564581768df8 - core::panicking::assert_failed_inner::h62e8cb2847a6e7ec
[INFO] [stdout]   16:     0x5645816e631e - core::panicking::assert_failed::h9c15bfde1645a02c
[INFO] [stdout]                                at /rustc/53fd98ca776cb875bc9e5514f56b52eb74f9e7a9/library/core/src/panicking.rs:117:5
[INFO] [stdout]   17:     0x5645816edc62 - simple_chart::chart::tests::one_point_test::hffa8b603a4cd1be4
[INFO] [stdout]                                at /opt/rustwide/workdir/src/chart.rs:392:9
[INFO] [stdout]   18:     0x5645816ed9fa - simple_chart::chart::tests::one_point_test::{{closure}}::h29bf04697f537950
[INFO] [stdout]                                at /opt/rustwide/workdir/src/chart.rs:389:5
[INFO] [stdout]   19:     0x5645816f771e - core::ops::function::FnOnce::call_once::h3a9655914af81ffc
[INFO] [stdout]                                at /rustc/53fd98ca776cb875bc9e5514f56b52eb74f9e7a9/library/core/src/ops/function.rs:227:5
[INFO] [stdout]   20:     0x56458172bf43 - core::ops::function::FnOnce::call_once::hbb52c4519d3137b0
[INFO] [stdout]                                at /rustc/53fd98ca776cb875bc9e5514f56b52eb74f9e7a9/library/core/src/ops/function.rs:227:5
[INFO] [stdout]   21:     0x56458172bf43 - test::__rust_begin_short_backtrace::h86fe3a2a5a5121af
[INFO] [stdout]                                at /rustc/53fd98ca776cb875bc9e5514f56b52eb74f9e7a9/library/test/src/lib.rs:578:5
[INFO] [stdout]   22:     0x56458172a9f8 - <alloc::boxed::Box<F,A> as core::ops::function::FnOnce<Args>>::call_once::hfd956bc3d57399be
[INFO] [stdout]                                at /rustc/53fd98ca776cb875bc9e5514f56b52eb74f9e7a9/library/alloc/src/boxed.rs:1572:9
[INFO] [stdout]   23:     0x56458172a9f8 - <std::panic::AssertUnwindSafe<F> as core::ops::function::FnOnce<()>>::call_once::h40dc93e0ddb5938a
[INFO] [stdout]                                at /rustc/53fd98ca776cb875bc9e5514f56b52eb74f9e7a9/library/std/src/panic.rs:347:9
[INFO] [stdout]   24:     0x56458172a9f8 - std::panicking::try::do_call::h90d07750cb47c562
[INFO] [stdout]                                at /rustc/53fd98ca776cb875bc9e5514f56b52eb74f9e7a9/library/std/src/panicking.rs:401:40
[INFO] [stdout]   25:     0x56458172a9f8 - std::panicking::try::h063c84733ad2a629
[INFO] [stdout]                                at /rustc/53fd98ca776cb875bc9e5514f56b52eb74f9e7a9/library/std/src/panicking.rs:365:19
[INFO] [stdout]   26:     0x56458172a9f8 - std::panic::catch_unwind::h0c464836a84e7c08
[INFO] [stdout]                                at /rustc/53fd98ca776cb875bc9e5514f56b52eb74f9e7a9/library/std/src/panic.rs:434:14
[INFO] [stdout]   27:     0x56458172a9f8 - test::run_test_in_process::h5cb06ef620b157fc
[INFO] [stdout]                                at /rustc/53fd98ca776cb875bc9e5514f56b52eb74f9e7a9/library/test/src/lib.rs:601:18
[INFO] [stdout]   28:     0x56458172a9f8 - test::run_test::run_test_inner::{{closure}}::h76f677f4b93f9828
[INFO] [stdout]                                at /rustc/53fd98ca776cb875bc9e5514f56b52eb74f9e7a9/library/test/src/lib.rs:493:39
[INFO] [stdout]   29:     0x5645816f918d - test::run_test::run_test_inner::{{closure}}::h366d01fe04f4d67a
[INFO] [stdout]                                at /rustc/53fd98ca776cb875bc9e5514f56b52eb74f9e7a9/library/test/src/lib.rs:520:37
[INFO] [stdout]   30:     0x5645816f918d - std::sys_common::backtrace::__rust_begin_short_backtrace::h7dfa0de4eb395af2
[INFO] [stdout]                                at /rustc/53fd98ca776cb875bc9e5514f56b52eb74f9e7a9/library/std/src/sys_common/backtrace.rs:125:18
[INFO] [stdout]   31:     0x5645816fd958 - std::thread::Builder::spawn_unchecked::{{closure}}::{{closure}}::hf0a74bb58798037f
[INFO] [stdout]                                at /rustc/53fd98ca776cb875bc9e5514f56b52eb74f9e7a9/library/std/src/thread/mod.rs:476:17
[INFO] [stdout]   32:     0x5645816fd958 - <std::panic::AssertUnwindSafe<F> as core::ops::function::FnOnce<()>>::call_once::hb024e854818586ac
[INFO] [stdout]                                at /rustc/53fd98ca776cb875bc9e5514f56b52eb74f9e7a9/library/std/src/panic.rs:347:9
[INFO] [stdout]   33:     0x5645816fd958 - std::panicking::try::do_call::hb2dd9f1d0d48e41d
[INFO] [stdout]                                at /rustc/53fd98ca776cb875bc9e5514f56b52eb74f9e7a9/library/std/src/panicking.rs:401:40
[INFO] [stdout]   34:     0x5645816fd958 - std::panicking::try::h4717ae7bac8b2bf3
[INFO] [stdout]                                at /rustc/53fd98ca776cb875bc9e5514f56b52eb74f9e7a9/library/std/src/panicking.rs:365:19
[INFO] [stdout]   35:     0x5645816fd958 - std::panic::catch_unwind::h0dc8a061326ce8d8
[INFO] [stdout]                                at /rustc/53fd98ca776cb875bc9e5514f56b52eb74f9e7a9/library/std/src/panic.rs:434:14
[INFO] [stdout]   36:     0x5645816fd958 - std::thread::Builder::spawn_unchecked::{{closure}}::haa369e2d6fd00aa1
[INFO] [stdout]                                at /rustc/53fd98ca776cb875bc9e5514f56b52eb74f9e7a9/library/std/src/thread/mod.rs:475:30
[INFO] [stdout]   37:     0x5645816fd958 - core::ops::function::FnOnce::call_once{{vtable.shim}}::h36dcf3de8b056f17
[INFO] [stdout]                                at /rustc/53fd98ca776cb875bc9e5514f56b52eb74f9e7a9/library/core/src/ops/function.rs:227:5
[INFO] [stdout]   38:     0x56458174ea37 - <alloc::boxed::Box<F,A> as core::ops::function::FnOnce<Args>>::call_once::h65c29e4642be2358
[INFO] [stdout]                                at /rustc/53fd98ca776cb875bc9e5514f56b52eb74f9e7a9/library/alloc/src/boxed.rs:1572:9
[INFO] [stdout]   39:     0x56458174ea37 - <alloc::boxed::Box<F,A> as core::ops::function::FnOnce<Args>>::call_once::hd0f8f7fbbd9fffbf
[INFO] [stdout]                                at /rustc/53fd98ca776cb875bc9e5514f56b52eb74f9e7a9/library/alloc/src/boxed.rs:1572:9
[INFO] [stdout]   40:     0x56458174ea37 - std::sys::unix::thread::Thread::new::thread_start::h2fd22fee3ca77b65
[INFO] [stdout]                                at /rustc/53fd98ca776cb875bc9e5514f56b52eb74f9e7a9/library/std/src/sys/unix/thread.rs:74:17
[INFO] [stdout]   41:     0x7f1edc35e609 - start_thread
[INFO] [stdout]   42:     0x7f1edc130293 - clone
[INFO] [stdout]   43:                0x0 - <unknown>
[INFO] [stdout] 
[INFO] [stdout] ---- chart::tests::two_identical_point_test stdout ----
[INFO] [stdout] thread 'chart::tests::two_identical_point_test' panicked at 'assertion failed: `(left == right)`
[INFO] [stdout]   left: `"NonUniquePoints"`,
[INFO] [stdout]  right: `"There are only one unique point. Can't construct line."`', src/chart.rs:400:9
[INFO] [stdout] stack backtrace:
[INFO] [stdout]    0:     0x564581747680 - std::backtrace_rs::backtrace::libunwind::trace::hff4d1766e93f64f1
[INFO] [stdout]                                at /rustc/53fd98ca776cb875bc9e5514f56b52eb74f9e7a9/library/std/src/../../backtrace/src/backtrace/libunwind.rs:90:5
[INFO] [stdout]    1:     0x564581747680 - std::backtrace_rs::backtrace::trace_unsynchronized::h56bbc8eb78770bcb
[INFO] [stdout]                                at /rustc/53fd98ca776cb875bc9e5514f56b52eb74f9e7a9/library/std/src/../../backtrace/src/backtrace/mod.rs:66:5
[INFO] [stdout]    2:     0x564581747680 - std::sys_common::backtrace::_print_fmt::h5c8e75464faca780
[INFO] [stdout]                                at /rustc/53fd98ca776cb875bc9e5514f56b52eb74f9e7a9/library/std/src/sys_common/backtrace.rs:67:5
[INFO] [stdout]    3:     0x564581747680 - <std::sys_common::backtrace::_print::DisplayBacktrace as core::fmt::Display>::fmt::h48b88277def8b362
[INFO] [stdout]                                at /rustc/53fd98ca776cb875bc9e5514f56b52eb74f9e7a9/library/std/src/sys_common/backtrace.rs:46:22
[INFO] [stdout]    4:     0x56458176a4dc - core::fmt::write::h3381b3176fe2b3d3
[INFO] [stdout]                                at /rustc/53fd98ca776cb875bc9e5514f56b52eb74f9e7a9/library/core/src/fmt/mod.rs:1115:17
[INFO] [stdout]    5:     0x5645817445e5 - std::io::Write::write_fmt::h5f34a676f60246b5
[INFO] [stdout]                                at /rustc/53fd98ca776cb875bc9e5514f56b52eb74f9e7a9/library/std/src/io/mod.rs:1665:15
[INFO] [stdout]    6:     0x5645817497fb - std::sys_common::backtrace::_print::ha537687d6c17dd0d
[INFO] [stdout]                                at /rustc/53fd98ca776cb875bc9e5514f56b52eb74f9e7a9/library/std/src/sys_common/backtrace.rs:49:5
[INFO] [stdout]    7:     0x5645817497fb - std::sys_common::backtrace::print::h61376ae57d131d72
[INFO] [stdout]                                at /rustc/53fd98ca776cb875bc9e5514f56b52eb74f9e7a9/library/std/src/sys_common/backtrace.rs:36:9
[INFO] [stdout]    8:     0x5645817497fb - std::panicking::default_hook::{{closure}}::h0f7208c0b9644a54
[INFO] [stdout]                                at /rustc/53fd98ca776cb875bc9e5514f56b52eb74f9e7a9/library/std/src/panicking.rs:208:50
[INFO] [stdout]    9:     0x56458174930c - std::panicking::default_hook::hdac7fc06578c14ce
[INFO] [stdout]                                at /rustc/53fd98ca776cb875bc9e5514f56b52eb74f9e7a9/library/std/src/panicking.rs:222:9
[INFO] [stdout]   10:     0x564581749ec4 - std::panicking::rust_panic_with_hook::h72b21c283da3d1ef
[INFO] [stdout]                                at /rustc/53fd98ca776cb875bc9e5514f56b52eb74f9e7a9/library/std/src/panicking.rs:622:17
[INFO] [stdout]   11:     0x5645817499a7 - std::panicking::begin_panic_handler::{{closure}}::he5778f1729cff84a
[INFO] [stdout]                                at /rustc/53fd98ca776cb875bc9e5514f56b52eb74f9e7a9/library/std/src/panicking.rs:519:13
[INFO] [stdout]   12:     0x564581747b5c - std::sys_common::backtrace::__rust_end_short_backtrace::h2d11ca8b453b4b1d
[INFO] [stdout]                                at /rustc/53fd98ca776cb875bc9e5514f56b52eb74f9e7a9/library/std/src/sys_common/backtrace.rs:141:18
[INFO] [stdout]   13:     0x564581749909 - rust_begin_unwind
[INFO] [stdout]                                at /rustc/53fd98ca776cb875bc9e5514f56b52eb74f9e7a9/library/std/src/panicking.rs:515:5
[INFO] [stdout]   14:     0x5645816d53b1 - core::panicking::panic_fmt::hf9de31d4acbce4db
[INFO] [stdout]                                at /rustc/53fd98ca776cb875bc9e5514f56b52eb74f9e7a9/library/core/src/panicking.rs:92:14
[INFO] [stdout]   15:     0x564581768df8 - core::panicking::assert_failed_inner::h62e8cb2847a6e7ec
[INFO] [stdout]   16:     0x5645816e631e - core::panicking::assert_failed::h9c15bfde1645a02c
[INFO] [stdout]                                at /rustc/53fd98ca776cb875bc9e5514f56b52eb74f9e7a9/library/core/src/panicking.rs:117:5
[INFO] [stdout]   17:     0x5645816edf14 - simple_chart::chart::tests::two_identical_point_test::h3a7674b13f621414
[INFO] [stdout]                                at /opt/rustwide/workdir/src/chart.rs:400:9
[INFO] [stdout]   18:     0x5645816edc7a - simple_chart::chart::tests::two_identical_point_test::{{closure}}::h72ee671cacdaaf82
[INFO] [stdout]                                at /opt/rustwide/workdir/src/chart.rs:397:5
[INFO] [stdout]   19:     0x5645816f789e - core::ops::function::FnOnce::call_once::hab86f9d8df55fc2c
[INFO] [stdout]                                at /rustc/53fd98ca776cb875bc9e5514f56b52eb74f9e7a9/library/core/src/ops/function.rs:227:5
[INFO] [stdout]   20:     0x56458172bf43 - core::ops::function::FnOnce::call_once::hbb52c4519d3137b0
[INFO] [stdout]                                at /rustc/53fd98ca776cb875bc9e5514f56b52eb74f9e7a9/library/core/src/ops/function.rs:227:5
[INFO] [stdout]   21:     0x56458172bf43 - test::__rust_begin_short_backtrace::h86fe3a2a5a5121af
[INFO] [stdout]                                at /rustc/53fd98ca776cb875bc9e5514f56b52eb74f9e7a9/library/test/src/lib.rs:578:5
[INFO] [stdout]   22:     0x56458172a9f8 - <alloc::boxed::Box<F,A> as core::ops::function::FnOnce<Args>>::call_once::hfd956bc3d57399be
[INFO] [stdout]                                at /rustc/53fd98ca776cb875bc9e5514f56b52eb74f9e7a9/library/alloc/src/boxed.rs:1572:9
[INFO] [stdout]   23:     0x56458172a9f8 - <std::panic::AssertUnwindSafe<F> as core::ops::function::FnOnce<()>>::call_once::h40dc93e0ddb5938a
[INFO] [stdout]                                at /rustc/53fd98ca776cb875bc9e5514f56b52eb74f9e7a9/library/std/src/panic.rs:347:9
[INFO] [stdout]   24:     0x56458172a9f8 - std::panicking::try::do_call::h90d07750cb47c562
[INFO] [stdout]                                at /rustc/53fd98ca776cb875bc9e5514f56b52eb74f9e7a9/library/std/src/panicking.rs:401:40
[INFO] [stdout]   25:     0x56458172a9f8 - std::panicking::try::h063c84733ad2a629
[INFO] [stdout]                                at /rustc/53fd98ca776cb875bc9e5514f56b52eb74f9e7a9/library/std/src/panicking.rs:365:19
[INFO] [stdout]   26:     0x56458172a9f8 - std::panic::catch_unwind::h0c464836a84e7c08
[INFO] [stdout]                                at /rustc/53fd98ca776cb875bc9e5514f56b52eb74f9e7a9/library/std/src/panic.rs:434:14
[INFO] [stdout]   27:     0x56458172a9f8 - test::run_test_in_process::h5cb06ef620b157fc
[INFO] [stdout]                                at /rustc/53fd98ca776cb875bc9e5514f56b52eb74f9e7a9/library/test/src/lib.rs:601:18
[INFO] [stdout]   28:     0x56458172a9f8 - test::run_test::run_test_inner::{{closure}}::h76f677f4b93f9828
[INFO] [stdout]                                at /rustc/53fd98ca776cb875bc9e5514f56b52eb74f9e7a9/library/test/src/lib.rs:493:39
[INFO] [stdout]   29:     0x5645816f918d - test::run_test::run_test_inner::{{closure}}::h366d01fe04f4d67a
[INFO] [stdout]                                at /rustc/53fd98ca776cb875bc9e5514f56b52eb74f9e7a9/library/test/src/lib.rs:520:37
[INFO] [stdout]   30:     0x5645816f918d - std::sys_common::backtrace::__rust_begin_short_backtrace::h7dfa0de4eb395af2
[INFO] [stdout]                                at /rustc/53fd98ca776cb875bc9e5514f56b52eb74f9e7a9/library/std/src/sys_common/backtrace.rs:125:18
[INFO] [stdout]   31:     0x5645816fd958 - std::thread::Builder::spawn_unchecked::{{closure}}::{{closure}}::hf0a74bb58798037f
[INFO] [stdout]                                at /rustc/53fd98ca776cb875bc9e5514f56b52eb74f9e7a9/library/std/src/thread/mod.rs:476:17
[INFO] [stdout]   32:     0x5645816fd958 - <std::panic::AssertUnwindSafe<F> as core::ops::function::FnOnce<()>>::call_once::hb024e854818586ac
[INFO] [stdout]                                at /rustc/53fd98ca776cb875bc9e5514f56b52eb74f9e7a9/library/std/src/panic.rs:347:9
[INFO] [stdout]   33:     0x5645816fd958 - std::panicking::try::do_call::hb2dd9f1d0d48e41d
[INFO] [stdout]                                at /rustc/53fd98ca776cb875bc9e5514f56b52eb74f9e7a9/library/std/src/panicking.rs:401:40
[INFO] [stdout]   34:     0x5645816fd958 - std::panicking::try::h4717ae7bac8b2bf3
[INFO] [stdout]                                at /rustc/53fd98ca776cb875bc9e5514f56b52eb74f9e7a9/library/std/src/panicking.rs:365:19
[INFO] [stdout]   35:     0x5645816fd958 - std::panic::catch_unwind::h0dc8a061326ce8d8
[INFO] [stdout]                                at /rustc/53fd98ca776cb875bc9e5514f56b52eb74f9e7a9/library/std/src/panic.rs:434:14
[INFO] [stdout]   36:     0x5645816fd958 - std::thread::Builder::spawn_unchecked::{{closure}}::haa369e2d6fd00aa1
[INFO] [stdout]                                at /rustc/53fd98ca776cb875bc9e5514f56b52eb74f9e7a9/library/std/src/thread/mod.rs:475:30
[INFO] [stdout]   37:     0x5645816fd958 - core::ops::function::FnOnce::call_once{{vtable.shim}}::h36dcf3de8b056f17
[INFO] [stdout]                                at /rustc/53fd98ca776cb875bc9e5514f56b52eb74f9e7a9/library/core/src/ops/function.rs:227:5
[INFO] [stdout]   38:     0x56458174ea37 - <alloc::boxed::Box<F,A> as core::ops::function::FnOnce<Args>>::call_once::h65c29e4642be2358
[INFO] [stdout]                                at /rustc/53fd98ca776cb875bc9e5514f56b52eb74f9e7a9/library/alloc/src/boxed.rs:1572:9
[INFO] [stdout]   39:     0x56458174ea37 - <alloc::boxed::Box<F,A> as core::ops::function::FnOnce<Args>>::call_once::hd0f8f7fbbd9fffbf
[INFO] [stdout]                                at /rustc/53fd98ca776cb875bc9e5514f56b52eb74f9e7a9/library/alloc/src/boxed.rs:1572:9
[INFO] [stdout]   40:     0x56458174ea37 - std::sys::unix::thread::Thread::new::thread_start::h2fd22fee3ca77b65
[INFO] [stdout]                                at /rustc/53fd98ca776cb875bc9e5514f56b52eb74f9e7a9/library/std/src/sys/unix/thread.rs:74:17
[INFO] [stdout]   41:     0x7f1edc35e609 - start_thread
[INFO] [stdout]   42:     0x7f1edc130293 - clone
[INFO] [stdout]   43:                0x0 - <unknown>
[INFO] [stdout] 
[INFO] [stdout] 
[INFO] [stdout] failures:
[INFO] [stdout]     chart::tests::not_enough_points_test
[INFO] [stdout]     chart::tests::not_enough_space_test
[INFO] [stdout]     chart::tests::one_point_test
[INFO] [stdout]     chart::tests::two_identical_point_test
[INFO] [stdout] 
[INFO] [stdout] test result: FAILED. 8 passed; 4 failed; 0 ignored; 0 measured; 0 filtered out; finished in 0.11s
[INFO] [stdout] 
[INFO] [stderr] error: test failed, to rerun pass '--lib'
[INFO] running `Command { std: "docker" "inspect" "29413f5f50470c07315c1470eddd5c368979ab07947e7f12c1983dd752686579", kill_on_drop: false }`
[INFO] running `Command { std: "docker" "rm" "-f" "29413f5f50470c07315c1470eddd5c368979ab07947e7f12c1983dd752686579", kill_on_drop: false }`
[INFO] [stdout] 29413f5f50470c07315c1470eddd5c368979ab07947e7f12c1983dd752686579
