[INFO] fetching crate simple-aws-s3 0.2.1...
[INFO] testing simple-aws-s3-0.2.1 against beta-2021-08-01 for beta-1.55-1
[INFO] extracting crate simple-aws-s3 0.2.1 into /workspace/builds/worker-22/source
[INFO] validating manifest of crates.io crate simple-aws-s3 0.2.1 on toolchain beta-2021-08-01
[INFO] running `Command { std: "/workspace/cargo-home/bin/cargo" "+beta-2021-08-01" "metadata" "--manifest-path" "Cargo.toml" "--no-deps", kill_on_drop: false }`
[INFO] started tweaking crates.io crate simple-aws-s3 0.2.1
[INFO] removed 0 missing examples
[INFO] finished tweaking crates.io crate simple-aws-s3 0.2.1
[INFO] tweaked toml for crates.io crate simple-aws-s3 0.2.1 written to /workspace/builds/worker-22/source/Cargo.toml
[INFO] crate crates.io crate simple-aws-s3 0.2.1 already has a lockfile, it will not be regenerated
[INFO] running `Command { std: "/workspace/cargo-home/bin/cargo" "+beta-2021-08-01" "fetch" "--manifest-path" "Cargo.toml", kill_on_drop: false }`
[INFO] [stderr]     Blocking waiting for file lock on package cache
[INFO] [stderr]  Downloading crates ...
[INFO] [stderr]   Downloaded unicode-normalization v0.1.18
[INFO] running `Command { std: "docker" "create" "-v" "/var/lib/crater-agent-workspace/builds/worker-22/target:/opt/rustwide/target:rw,Z" "-v" "/var/lib/crater-agent-workspace/builds/worker-22/source:/opt/rustwide/workdir:ro,Z" "-v" "/var/lib/crater-agent-workspace/cargo-home:/opt/rustwide/cargo-home:ro,Z" "-v" "/var/lib/crater-agent-workspace/rustup-home:/opt/rustwide/rustup-home:ro,Z" "-e" "SOURCE_DIR=/opt/rustwide/workdir" "-e" "CARGO_TARGET_DIR=/opt/rustwide/target" "-e" "CARGO_HOME=/opt/rustwide/cargo-home" "-e" "RUSTUP_HOME=/opt/rustwide/rustup-home" "-w" "/opt/rustwide/workdir" "-m" "1610612736" "--user" "0:0" "--network" "none" "ghcr.io/rust-lang/crates-build-env/linux@sha256:34b6a614d2c27851fe6cbf88fbd1137609cefab8b10d0615aaeb6fd47975d74e" "/opt/rustwide/cargo-home/bin/cargo" "+beta-2021-08-01" "metadata" "--no-deps" "--format-version=1", kill_on_drop: false }`
[INFO] [stdout] f29ccc89c611e0c4f3de214bc8feeca35ddc45c6d62c69258a1040e9b60aa520
[INFO] running `Command { std: "docker" "start" "-a" "f29ccc89c611e0c4f3de214bc8feeca35ddc45c6d62c69258a1040e9b60aa520", kill_on_drop: false }`
[INFO] running `Command { std: "docker" "inspect" "f29ccc89c611e0c4f3de214bc8feeca35ddc45c6d62c69258a1040e9b60aa520", kill_on_drop: false }`
[INFO] running `Command { std: "docker" "rm" "-f" "f29ccc89c611e0c4f3de214bc8feeca35ddc45c6d62c69258a1040e9b60aa520", kill_on_drop: false }`
[INFO] [stdout] f29ccc89c611e0c4f3de214bc8feeca35ddc45c6d62c69258a1040e9b60aa520
[INFO] running `Command { std: "docker" "create" "-v" "/var/lib/crater-agent-workspace/builds/worker-22/target:/opt/rustwide/target:rw,Z" "-v" "/var/lib/crater-agent-workspace/builds/worker-22/source:/opt/rustwide/workdir:ro,Z" "-v" "/var/lib/crater-agent-workspace/cargo-home:/opt/rustwide/cargo-home:ro,Z" "-v" "/var/lib/crater-agent-workspace/rustup-home:/opt/rustwide/rustup-home:ro,Z" "-e" "SOURCE_DIR=/opt/rustwide/workdir" "-e" "CARGO_TARGET_DIR=/opt/rustwide/target" "-e" "CARGO_INCREMENTAL=0" "-e" "RUST_BACKTRACE=full" "-e" "RUSTFLAGS=--cap-lints=warn" "-e" "CARGO_HOME=/opt/rustwide/cargo-home" "-e" "RUSTUP_HOME=/opt/rustwide/rustup-home" "-w" "/opt/rustwide/workdir" "-m" "1610612736" "--user" "0:0" "--network" "none" "ghcr.io/rust-lang/crates-build-env/linux@sha256:34b6a614d2c27851fe6cbf88fbd1137609cefab8b10d0615aaeb6fd47975d74e" "/opt/rustwide/cargo-home/bin/cargo" "+beta-2021-08-01" "build" "--frozen" "--message-format=json", kill_on_drop: false }`
[INFO] [stdout] d3af9413514dc2b6cf64d9d973d78b0efca053a5b5f2f53563ae3f856d5471d1
[INFO] running `Command { std: "docker" "start" "-a" "d3af9413514dc2b6cf64d9d973d78b0efca053a5b5f2f53563ae3f856d5471d1", kill_on_drop: false }`
[INFO] [stderr]     Blocking waiting for file lock on package cache
[INFO] [stderr]     Blocking waiting for file lock on package cache
[INFO] [stderr]    Compiling proc-macro2 v1.0.27
[INFO] [stderr]    Compiling libc v0.2.95
[INFO] [stderr]    Compiling syn v1.0.72
[INFO] [stderr]    Compiling futures-core v0.3.15
[INFO] [stderr]    Compiling cc v1.0.68
[INFO] [stderr]    Compiling slab v0.4.3
[INFO] [stderr]    Compiling serde_derive v1.0.126
[INFO] [stderr]    Compiling futures-task v0.3.15
[INFO] [stderr]    Compiling serde v1.0.126
[INFO] [stderr]    Compiling openssl v0.10.34
[INFO] [stderr]    Compiling futures-sink v0.3.15
[INFO] [stderr]    Compiling futures-channel v0.3.15
[INFO] [stderr]    Compiling subtle v2.4.0
[INFO] [stderr]    Compiling cpufeatures v0.1.4
[INFO] [stderr]    Compiling ipnet v2.3.0
[INFO] [stderr]    Compiling xml-rs v0.8.3
[INFO] [stderr]    Compiling futures-util v0.3.15
[INFO] [stderr]    Compiling tinyvec v1.2.0
[INFO] [stderr]    Compiling tracing v0.1.26
[INFO] [stderr]    Compiling sha2 v0.9.5
[INFO] [stderr]    Compiling crypto-mac v0.11.0
[INFO] [stderr]    Compiling hmac v0.11.0
[INFO] [stderr]    Compiling unicode-normalization v0.1.18
[INFO] [stderr]    Compiling quote v1.0.9
[INFO] [stderr]    Compiling openssl-sys v0.9.63
[INFO] [stderr]    Compiling net2 v0.2.37
[INFO] [stderr]    Compiling iovec v0.1.4
[INFO] [stderr]    Compiling num_cpus v1.13.0
[INFO] [stderr]    Compiling signal-hook-registry v1.4.0
[INFO] [stderr]    Compiling socket2 v0.3.19
[INFO] [stderr]    Compiling time v0.1.44
[INFO] [stderr]    Compiling mio v0.6.23
[INFO] [stderr]    Compiling chrono v0.4.19
[INFO] [stderr]    Compiling idna v0.2.3
[INFO] [stderr]    Compiling native-tls v0.2.7
[INFO] [stderr]    Compiling mio-uds v0.6.8
[INFO] [stderr]    Compiling url v2.2.2
[INFO] [stderr]    Compiling tokio-macros v0.2.6
[INFO] [stderr]    Compiling pin-project-internal v1.0.7
[INFO] [stderr]    Compiling thiserror-impl v1.0.25
[INFO] [stderr]    Compiling tokio v0.2.25
[INFO] [stderr]    Compiling thiserror v1.0.25
[INFO] [stderr]    Compiling pin-project v1.0.7
[INFO] [stderr]    Compiling tracing-futures v0.2.5
[INFO] [stderr]    Compiling tokio-util v0.3.1
[INFO] [stderr]    Compiling tokio-tls v0.3.1
[INFO] [stderr]    Compiling h2 v0.2.7
[INFO] [stderr]    Compiling serde_urlencoded v0.7.0
[INFO] [stderr]    Compiling serde_json v1.0.64
[INFO] [stderr]    Compiling serde-xml-rs v0.4.1
[INFO] [stderr]    Compiling hyper v0.13.10
[INFO] [stderr]    Compiling hyper-tls v0.4.3
[INFO] [stderr]    Compiling reqwest v0.10.10
[INFO] [stderr]    Compiling simple-aws-s3 v0.2.1 (/opt/rustwide/workdir)
[INFO] [stderr]     Finished dev [unoptimized + debuginfo] target(s) in 39.20s
[INFO] running `Command { std: "docker" "inspect" "d3af9413514dc2b6cf64d9d973d78b0efca053a5b5f2f53563ae3f856d5471d1", kill_on_drop: false }`
[INFO] running `Command { std: "docker" "rm" "-f" "d3af9413514dc2b6cf64d9d973d78b0efca053a5b5f2f53563ae3f856d5471d1", kill_on_drop: false }`
[INFO] [stdout] d3af9413514dc2b6cf64d9d973d78b0efca053a5b5f2f53563ae3f856d5471d1
[INFO] running `Command { std: "docker" "create" "-v" "/var/lib/crater-agent-workspace/builds/worker-22/target:/opt/rustwide/target:rw,Z" "-v" "/var/lib/crater-agent-workspace/builds/worker-22/source:/opt/rustwide/workdir:ro,Z" "-v" "/var/lib/crater-agent-workspace/cargo-home:/opt/rustwide/cargo-home:ro,Z" "-v" "/var/lib/crater-agent-workspace/rustup-home:/opt/rustwide/rustup-home:ro,Z" "-e" "SOURCE_DIR=/opt/rustwide/workdir" "-e" "CARGO_TARGET_DIR=/opt/rustwide/target" "-e" "CARGO_INCREMENTAL=0" "-e" "RUST_BACKTRACE=full" "-e" "RUSTFLAGS=--cap-lints=warn" "-e" "CARGO_HOME=/opt/rustwide/cargo-home" "-e" "RUSTUP_HOME=/opt/rustwide/rustup-home" "-w" "/opt/rustwide/workdir" "-m" "1610612736" "--user" "0:0" "--network" "none" "ghcr.io/rust-lang/crates-build-env/linux@sha256:34b6a614d2c27851fe6cbf88fbd1137609cefab8b10d0615aaeb6fd47975d74e" "/opt/rustwide/cargo-home/bin/cargo" "+beta-2021-08-01" "test" "--frozen" "--no-run" "--message-format=json", kill_on_drop: false }`
[INFO] [stdout] 293ddafaab602a17e6b8cec64a632e3570530df0242d0b136399c465cc7e6d86
[INFO] running `Command { std: "docker" "start" "-a" "293ddafaab602a17e6b8cec64a632e3570530df0242d0b136399c465cc7e6d86", kill_on_drop: false }`
[INFO] [stderr]    Compiling simple-aws-s3 v0.2.1 (/opt/rustwide/workdir)
[INFO] [stderr]     Finished test [unoptimized + debuginfo] target(s) in 5.79s
[INFO] running `Command { std: "docker" "inspect" "293ddafaab602a17e6b8cec64a632e3570530df0242d0b136399c465cc7e6d86", kill_on_drop: false }`
[INFO] running `Command { std: "docker" "rm" "-f" "293ddafaab602a17e6b8cec64a632e3570530df0242d0b136399c465cc7e6d86", kill_on_drop: false }`
[INFO] [stdout] 293ddafaab602a17e6b8cec64a632e3570530df0242d0b136399c465cc7e6d86
[INFO] running `Command { std: "docker" "create" "-v" "/var/lib/crater-agent-workspace/builds/worker-22/target:/opt/rustwide/target:rw,Z" "-v" "/var/lib/crater-agent-workspace/builds/worker-22/source:/opt/rustwide/workdir:ro,Z" "-v" "/var/lib/crater-agent-workspace/cargo-home:/opt/rustwide/cargo-home:ro,Z" "-v" "/var/lib/crater-agent-workspace/rustup-home:/opt/rustwide/rustup-home:ro,Z" "-e" "SOURCE_DIR=/opt/rustwide/workdir" "-e" "CARGO_TARGET_DIR=/opt/rustwide/target" "-e" "CARGO_INCREMENTAL=0" "-e" "RUST_BACKTRACE=full" "-e" "RUSTFLAGS=--cap-lints=warn" "-e" "CARGO_HOME=/opt/rustwide/cargo-home" "-e" "RUSTUP_HOME=/opt/rustwide/rustup-home" "-w" "/opt/rustwide/workdir" "-m" "1610612736" "--user" "0:0" "--network" "none" "ghcr.io/rust-lang/crates-build-env/linux@sha256:34b6a614d2c27851fe6cbf88fbd1137609cefab8b10d0615aaeb6fd47975d74e" "/opt/rustwide/cargo-home/bin/cargo" "+beta-2021-08-01" "test" "--frozen", kill_on_drop: false }`
[INFO] [stdout] 6cbc4fa16d8bbfd5bf5f27585b371d022c880fc44ac5bcefad2092a384163c2f
[INFO] running `Command { std: "docker" "start" "-a" "6cbc4fa16d8bbfd5bf5f27585b371d022c880fc44ac5bcefad2092a384163c2f", kill_on_drop: false }`
[INFO] [stderr]     Blocking waiting for file lock on package cache
[INFO] [stderr]     Finished test [unoptimized + debuginfo] target(s) in 0.14s
[INFO] [stderr]      Running unittests (/opt/rustwide/target/debug/deps/simple_aws_s3-d0e8ffc018893da7)
[INFO] [stdout] 
[INFO] [stdout] running 0 tests
[INFO] [stdout] 
[INFO] [stdout] test result: ok. 0 passed; 0 failed; 0 ignored; 0 measured; 0 filtered out; finished in 0.00s
[INFO] [stdout] 
[INFO] [stderr]    Doc-tests simple_aws_s3
[INFO] [stdout] 
[INFO] [stdout] running 4 tests
[INFO] [stdout] test src/lib.rs - (line 32) ... FAILED
[INFO] [stdout] test src/lib.rs - (line 70) ... ok
[INFO] [stdout] test src/s3.rs - s3::S3 (line 20) ... FAILED
[INFO] [stdout] test src/s3_signer.rs - s3_signer::Signer (line 13) ... ok
[INFO] [stdout] 
[INFO] [stdout] failures:
[INFO] [stdout] 
[INFO] [stdout] ---- src/lib.rs - (line 32) stdout ----
[INFO] [stdout] error[E0433]: failed to resolve: use of undeclared type `StatusCode`
[INFO] [stdout]   --> src/lib.rs:58:26
[INFO] [stdout]    |
[INFO] [stdout] 28 | assert_eq!(res.status(), StatusCode::NO_CONTENT);
[INFO] [stdout]    |                          ^^^^^^^^^^ use of undeclared type `StatusCode`
[INFO] [stdout] 
[INFO] [stdout] error[E0433]: failed to resolve: use of undeclared type `StatusCode`
[INFO] [stdout]   --> src/lib.rs:67:26
[INFO] [stdout]    |
[INFO] [stdout] 37 | assert_eq!(res.status(), StatusCode::OK);
[INFO] [stdout]    |                          ^^^^^^^^^^ use of undeclared type `StatusCode`
[INFO] [stdout] 
[INFO] [stdout] error[E0425]: cannot find value `s3` in this scope
[INFO] [stdout]  --> src/lib.rs:37:48
[INFO] [stdout]   |
[INFO] [stdout] 7 | let PostPresignedInfo { upload_url, params } = s3
[INFO] [stdout]   |                                                ^^ not found in this scope
[INFO] [stdout] 
[INFO] [stdout] error[E0433]: failed to resolve: use of undeclared type `Duration`
[INFO] [stdout]   --> src/lib.rs:42:9
[INFO] [stdout]    |
[INFO] [stdout] 12 |         Duration::seconds(3600),
[INFO] [stdout]    |         ^^^^^^^^ not found in this scope
[INFO] [stdout]    |
[INFO] [stdout] help: consider importing one of these items
[INFO] [stdout]    |
[INFO] [stdout] 2  | use chrono::Duration;
[INFO] [stdout]    |
[INFO] [stdout] 2  | use core::time::Duration;
[INFO] [stdout]    |
[INFO] [stdout] 2  | use std::time::Duration;
[INFO] [stdout]    |
[INFO] [stdout] 2  | use tokio::time::Duration;
[INFO] [stdout]    |
[INFO] [stdout] 
[INFO] [stdout] error[E0422]: cannot find struct, variant or union type `PostPresignedInfo` in this scope
[INFO] [stdout]  --> src/lib.rs:37:5
[INFO] [stdout]   |
[INFO] [stdout] 7 | let PostPresignedInfo { upload_url, params } = s3
[INFO] [stdout]   |     ^^^^^^^^^^^^^^^^^ not found in this scope
[INFO] [stdout]   |
[INFO] [stdout] help: consider importing this struct
[INFO] [stdout]   |
[INFO] [stdout] 2 | use simple_aws_s3::PostPresignedInfo;
[INFO] [stdout]   |
[INFO] [stdout] 
[INFO] [stdout] error[E0433]: failed to resolve: use of undeclared type `Form`
[INFO] [stdout]   --> src/lib.rs:46:16
[INFO] [stdout]    |
[INFO] [stdout] 16 | let mut form = Form::new();
[INFO] [stdout]    |                ^^^^ not found in this scope
[INFO] [stdout]    |
[INFO] [stdout] help: consider importing this struct
[INFO] [stdout]    |
[INFO] [stdout] 2  | use reqwest::multipart::Form;
[INFO] [stdout]    |
[INFO] [stdout] 
[INFO] [stdout] error[E0433]: failed to resolve: use of undeclared type `Part`
[INFO] [stdout]   --> src/lib.rs:50:12
[INFO] [stdout]    |
[INFO] [stdout] 20 | let part = Part::text(content).mime_str("plain/text").unwrap();
[INFO] [stdout]    |            ^^^^ not found in this scope
[INFO] [stdout]    |
[INFO] [stdout] help: consider importing one of these items
[INFO] [stdout]    |
[INFO] [stdout] 2  | use core::num::fmt::Part;
[INFO] [stdout]    |
[INFO] [stdout] 2  | use reqwest::multipart::Part;
[INFO] [stdout]    |
[INFO] [stdout] 
[INFO] [stdout] error[E0425]: cannot find value `s3` in this scope
[INFO] [stdout]   --> src/lib.rs:61:20
[INFO] [stdout]    |
[INFO] [stdout] 31 | let download_url = s3.generate_presigned_get(&key, 3600).unwrap();
[INFO] [stdout]    |                    ^^ not found in this scope
[INFO] [stdout] 
[INFO] [stdout] error[E0728]: `await` is only allowed inside `async` functions and blocks
[INFO] [stdout]   --> src/lib.rs:52:11
[INFO] [stdout]    |
[INFO] [stdout] 2  |   fn main() { #[allow(non_snake_case)] fn _doctest_main_src_lib_rs_32_0() {
[INFO] [stdout]    |                                           ----------------------------- this is not `async`
[INFO] [stdout] ...
[INFO] [stdout] 22 |   let res = reqwest::Client::new()
[INFO] [stdout]    |  ___________^
[INFO] [stdout] 23 | |     .post(&upload_url)
[INFO] [stdout] 24 | |     .multipart(form)
[INFO] [stdout] 25 | |     .send()
[INFO] [stdout] 26 | |     .await
[INFO] [stdout]    | |__________^ only allowed inside `async` functions and blocks
[INFO] [stdout] 
[INFO] [stdout] error[E0728]: `await` is only allowed inside `async` functions and blocks
[INFO] [stdout]   --> src/lib.rs:62:11
[INFO] [stdout]    |
[INFO] [stdout] 2  |   fn main() { #[allow(non_snake_case)] fn _doctest_main_src_lib_rs_32_0() {
[INFO] [stdout]    |                                           ----------------------------- this is not `async`
[INFO] [stdout] ...
[INFO] [stdout] 32 |   let res = reqwest::Client::new()
[INFO] [stdout]    |  ___________^
[INFO] [stdout] 33 | |     .get(&download_url)
[INFO] [stdout] 34 | |     .send()
[INFO] [stdout] 35 | |     .await
[INFO] [stdout]    | |__________^ only allowed inside `async` functions and blocks
[INFO] [stdout] 
[INFO] [stdout] error[E0728]: `await` is only allowed inside `async` functions and blocks
[INFO] [stdout]   --> src/lib.rs:68:12
[INFO] [stdout]    |
[INFO] [stdout] 2  | fn main() { #[allow(non_snake_case)] fn _doctest_main_src_lib_rs_32_0() {
[INFO] [stdout]    |                                         ----------------------------- this is not `async`
[INFO] [stdout] ...
[INFO] [stdout] 38 | assert_eq!(res.text().await.unwrap(), content);
[INFO] [stdout]    |            ^^^^^^^^^^^^^^^^ only allowed inside `async` functions and blocks
[INFO] [stdout] 
[INFO] [stdout] error: aborting due to 11 previous errors
[INFO] [stdout] 
[INFO] [stdout] Some errors have detailed explanations: E0422, E0425, E0433, E0728.
[INFO] [stdout] For more information about an error, try `rustc --explain E0422`.
[INFO] [stdout] Couldn't compile the test.
[INFO] [stdout] ---- src/s3.rs - s3::S3 (line 20) stdout ----
[INFO] [stdout] error[E0728]: `await` is only allowed inside `async` functions and blocks
[INFO] [stdout]   --> src/s3.rs:51:16
[INFO] [stdout]    |
[INFO] [stdout] 3  | fn main() { #[allow(non_snake_case)] fn _doctest_main_src_s3_rs_20_0() {
[INFO] [stdout]    |                                         ---------------------------- this is not `async`
[INFO] [stdout] ...
[INFO] [stdout] 34 | let head_req = s3.head_object("example.png").await?;
[INFO] [stdout]    |                ^^^^^^^^^^^^^^^^^^^^^^^^^^^^^^^^^^^ only allowed inside `async` functions and blocks
[INFO] [stdout] 
[INFO] [stdout] error[E0728]: `await` is only allowed inside `async` functions and blocks
[INFO] [stdout]   --> src/s3.rs:54:18
[INFO] [stdout]    |
[INFO] [stdout] 3  | fn main() { #[allow(non_snake_case)] fn _doctest_main_src_s3_rs_20_0() {
[INFO] [stdout]    |                                         ---------------------------- this is not `async`
[INFO] [stdout] ...
[INFO] [stdout] 37 | let delete_req = s3.delete_object("example.png").await?;
[INFO] [stdout]    |                  ^^^^^^^^^^^^^^^^^^^^^^^^^^^^^^^^^^^^^ only allowed inside `async` functions and blocks
[INFO] [stdout] 
[INFO] [stdout] error[E0277]: the `?` operator can only be used in a function that returns `Result` or `Option` (or another type that implements `FromResidual`)
[INFO] [stdout]    --> src/s3.rs:51:51
[INFO] [stdout]     |
[INFO] [stdout] 3   |   fn main() { #[allow(non_snake_case)] fn _doctest_main_src_s3_rs_20_0() {
[INFO] [stdout]     |  ______________________________________-
[INFO] [stdout] 4   | | use simple_aws_s3::*;
[INFO] [stdout] 5   | | use chrono::Duration;
[INFO] [stdout] 6   | |
[INFO] [stdout] ...   |
[INFO] [stdout] 34  | | let head_req = s3.head_object("example.png").await?;
[INFO] [stdout]     | |                                                   ^ cannot use the `?` operator in a function that returns `()`
[INFO] [stdout] ...   |
[INFO] [stdout] 37  | | let delete_req = s3.delete_object("example.png").await?;
[INFO] [stdout] 38  | | } _doctest_main_src_s3_rs_20_0() }
[INFO] [stdout]     | |_- this function should return `Result` or `Option` to accept `?`
[INFO] [stdout]     |
[INFO] [stdout]     = help: the trait `FromResidual<Result<Infallible, simple_aws_s3::error::Error>>` is not implemented for `()`
[INFO] [stdout] note: required by `from_residual`
[INFO] [stdout] 
[INFO] [stdout] error[E0277]: the `?` operator can only be used in a function that returns `Result` or `Option` (or another type that implements `FromResidual`)
[INFO] [stdout]    --> src/s3.rs:54:55
[INFO] [stdout]     |
[INFO] [stdout] 3   |   fn main() { #[allow(non_snake_case)] fn _doctest_main_src_s3_rs_20_0() {
[INFO] [stdout]     |  ______________________________________-
[INFO] [stdout] 4   | | use simple_aws_s3::*;
[INFO] [stdout] 5   | | use chrono::Duration;
[INFO] [stdout] 6   | |
[INFO] [stdout] ...   |
[INFO] [stdout] 37  | | let delete_req = s3.delete_object("example.png").await?;
[INFO] [stdout]     | |                                                       ^ cannot use the `?` operator in a function that returns `()`
[INFO] [stdout] 38  | | } _doctest_main_src_s3_rs_20_0() }
[INFO] [stdout]     | |_- this function should return `Result` or `Option` to accept `?`
[INFO] [stdout]     |
[INFO] [stdout]     = help: the trait `FromResidual<Result<Infallible, simple_aws_s3::error::Error>>` is not implemented for `()`
[INFO] [stdout] note: required by `from_residual`
[INFO] [stdout] 
[INFO] [stdout] error: aborting due to 4 previous errors
[INFO] [stdout] 
[INFO] [stdout] Some errors have detailed explanations: E0277, E0728.
[INFO] [stdout] For more information about an error, try `rustc --explain E0277`.
[INFO] [stdout] Couldn't compile the test.
[INFO] [stdout] 
[INFO] [stdout] failures:
[INFO] [stdout]     src/lib.rs - (line 32)
[INFO] [stdout]     src/s3.rs - s3::S3 (line 20)
[INFO] [stdout] 
[INFO] [stdout] test result: FAILED. 2 passed; 2 failed; 0 ignored; 0 measured; 0 filtered out; finished in 3.39s
[INFO] [stdout] 
[INFO] [stderr] error: test failed, to rerun pass '--doc'
[INFO] running `Command { std: "docker" "inspect" "6cbc4fa16d8bbfd5bf5f27585b371d022c880fc44ac5bcefad2092a384163c2f", kill_on_drop: false }`
[INFO] running `Command { std: "docker" "rm" "-f" "6cbc4fa16d8bbfd5bf5f27585b371d022c880fc44ac5bcefad2092a384163c2f", kill_on_drop: false }`
[INFO] [stdout] 6cbc4fa16d8bbfd5bf5f27585b371d022c880fc44ac5bcefad2092a384163c2f
