[INFO] fetching crate simid 0.1.0...
[INFO] testing simid-0.1.0 against beta-2021-08-01 for beta-1.55-1
[INFO] extracting crate simid 0.1.0 into /workspace/builds/worker-47/source
[INFO] validating manifest of crates.io crate simid 0.1.0 on toolchain beta-2021-08-01
[INFO] running `Command { std: "/workspace/cargo-home/bin/cargo" "+beta-2021-08-01" "metadata" "--manifest-path" "Cargo.toml" "--no-deps", kill_on_drop: false }`
[INFO] started tweaking crates.io crate simid 0.1.0
[INFO] finished tweaking crates.io crate simid 0.1.0
[INFO] tweaked toml for crates.io crate simid 0.1.0 written to /workspace/builds/worker-47/source/Cargo.toml
[INFO] running `Command { std: "/workspace/cargo-home/bin/cargo" "+beta-2021-08-01" "generate-lockfile" "--manifest-path" "Cargo.toml" "-Zno-index-update", kill_on_drop: false }`
[INFO] running `Command { std: "/workspace/cargo-home/bin/cargo" "+beta-2021-08-01" "fetch" "--manifest-path" "Cargo.toml", kill_on_drop: false }`
[INFO] [stderr]     Blocking waiting for file lock on package cache
[INFO] running `Command { std: "docker" "create" "-v" "/var/lib/crater-agent-workspace/builds/worker-47/target:/opt/rustwide/target:rw,Z" "-v" "/var/lib/crater-agent-workspace/builds/worker-47/source:/opt/rustwide/workdir:ro,Z" "-v" "/var/lib/crater-agent-workspace/cargo-home:/opt/rustwide/cargo-home:ro,Z" "-v" "/var/lib/crater-agent-workspace/rustup-home:/opt/rustwide/rustup-home:ro,Z" "-e" "SOURCE_DIR=/opt/rustwide/workdir" "-e" "CARGO_TARGET_DIR=/opt/rustwide/target" "-e" "CARGO_HOME=/opt/rustwide/cargo-home" "-e" "RUSTUP_HOME=/opt/rustwide/rustup-home" "-w" "/opt/rustwide/workdir" "-m" "1610612736" "--user" "0:0" "--network" "none" "ghcr.io/rust-lang/crates-build-env/linux@sha256:34b6a614d2c27851fe6cbf88fbd1137609cefab8b10d0615aaeb6fd47975d74e" "/opt/rustwide/cargo-home/bin/cargo" "+beta-2021-08-01" "metadata" "--no-deps" "--format-version=1", kill_on_drop: false }`
[INFO] [stdout] b63310057e42b46f1bc6b0f8f16bce749f889c89ce0d5beae7ae1d9126993af0
[INFO] running `Command { std: "docker" "start" "-a" "b63310057e42b46f1bc6b0f8f16bce749f889c89ce0d5beae7ae1d9126993af0", kill_on_drop: false }`
[INFO] running `Command { std: "docker" "inspect" "b63310057e42b46f1bc6b0f8f16bce749f889c89ce0d5beae7ae1d9126993af0", kill_on_drop: false }`
[INFO] running `Command { std: "docker" "rm" "-f" "b63310057e42b46f1bc6b0f8f16bce749f889c89ce0d5beae7ae1d9126993af0", kill_on_drop: false }`
[INFO] [stdout] b63310057e42b46f1bc6b0f8f16bce749f889c89ce0d5beae7ae1d9126993af0
[INFO] running `Command { std: "docker" "create" "-v" "/var/lib/crater-agent-workspace/builds/worker-47/target:/opt/rustwide/target:rw,Z" "-v" "/var/lib/crater-agent-workspace/builds/worker-47/source:/opt/rustwide/workdir:ro,Z" "-v" "/var/lib/crater-agent-workspace/cargo-home:/opt/rustwide/cargo-home:ro,Z" "-v" "/var/lib/crater-agent-workspace/rustup-home:/opt/rustwide/rustup-home:ro,Z" "-e" "SOURCE_DIR=/opt/rustwide/workdir" "-e" "CARGO_TARGET_DIR=/opt/rustwide/target" "-e" "CARGO_INCREMENTAL=0" "-e" "RUST_BACKTRACE=full" "-e" "RUSTFLAGS=--cap-lints=warn" "-e" "CARGO_HOME=/opt/rustwide/cargo-home" "-e" "RUSTUP_HOME=/opt/rustwide/rustup-home" "-w" "/opt/rustwide/workdir" "-m" "1610612736" "--user" "0:0" "--network" "none" "ghcr.io/rust-lang/crates-build-env/linux@sha256:34b6a614d2c27851fe6cbf88fbd1137609cefab8b10d0615aaeb6fd47975d74e" "/opt/rustwide/cargo-home/bin/cargo" "+beta-2021-08-01" "build" "--frozen" "--message-format=json", kill_on_drop: false }`
[INFO] [stdout] 313807f9bb8c8f2342befb4889b71354eb2c5e385158e3d2b19684cecaa6390c
[INFO] running `Command { std: "docker" "start" "-a" "313807f9bb8c8f2342befb4889b71354eb2c5e385158e3d2b19684cecaa6390c", kill_on_drop: false }`
[INFO] [stderr]    Compiling simid v0.1.0 (/opt/rustwide/workdir)
[INFO] [stderr]     Finished dev [unoptimized + debuginfo] target(s) in 1.23s
[INFO] running `Command { std: "docker" "inspect" "313807f9bb8c8f2342befb4889b71354eb2c5e385158e3d2b19684cecaa6390c", kill_on_drop: false }`
[INFO] running `Command { std: "docker" "rm" "-f" "313807f9bb8c8f2342befb4889b71354eb2c5e385158e3d2b19684cecaa6390c", kill_on_drop: false }`
[INFO] [stdout] 313807f9bb8c8f2342befb4889b71354eb2c5e385158e3d2b19684cecaa6390c
[INFO] running `Command { std: "docker" "create" "-v" "/var/lib/crater-agent-workspace/builds/worker-47/target:/opt/rustwide/target:rw,Z" "-v" "/var/lib/crater-agent-workspace/builds/worker-47/source:/opt/rustwide/workdir:ro,Z" "-v" "/var/lib/crater-agent-workspace/cargo-home:/opt/rustwide/cargo-home:ro,Z" "-v" "/var/lib/crater-agent-workspace/rustup-home:/opt/rustwide/rustup-home:ro,Z" "-e" "SOURCE_DIR=/opt/rustwide/workdir" "-e" "CARGO_TARGET_DIR=/opt/rustwide/target" "-e" "CARGO_INCREMENTAL=0" "-e" "RUST_BACKTRACE=full" "-e" "RUSTFLAGS=--cap-lints=warn" "-e" "CARGO_HOME=/opt/rustwide/cargo-home" "-e" "RUSTUP_HOME=/opt/rustwide/rustup-home" "-w" "/opt/rustwide/workdir" "-m" "1610612736" "--user" "0:0" "--network" "none" "ghcr.io/rust-lang/crates-build-env/linux@sha256:34b6a614d2c27851fe6cbf88fbd1137609cefab8b10d0615aaeb6fd47975d74e" "/opt/rustwide/cargo-home/bin/cargo" "+beta-2021-08-01" "test" "--frozen" "--no-run" "--message-format=json", kill_on_drop: false }`
[INFO] [stdout] 1956aed58581507f7de6a285d8f8690b4e4cca512d5da83e2dcb3603c0b1a1a0
[INFO] running `Command { std: "docker" "start" "-a" "1956aed58581507f7de6a285d8f8690b4e4cca512d5da83e2dcb3603c0b1a1a0", kill_on_drop: false }`
[INFO] [stderr]    Compiling simid v0.1.0 (/opt/rustwide/workdir)
[INFO] [stderr]     Finished test [unoptimized + debuginfo] target(s) in 0.78s
[INFO] running `Command { std: "docker" "inspect" "1956aed58581507f7de6a285d8f8690b4e4cca512d5da83e2dcb3603c0b1a1a0", kill_on_drop: false }`
[INFO] running `Command { std: "docker" "rm" "-f" "1956aed58581507f7de6a285d8f8690b4e4cca512d5da83e2dcb3603c0b1a1a0", kill_on_drop: false }`
[INFO] [stdout] 1956aed58581507f7de6a285d8f8690b4e4cca512d5da83e2dcb3603c0b1a1a0
[INFO] running `Command { std: "docker" "create" "-v" "/var/lib/crater-agent-workspace/builds/worker-47/target:/opt/rustwide/target:rw,Z" "-v" "/var/lib/crater-agent-workspace/builds/worker-47/source:/opt/rustwide/workdir:ro,Z" "-v" "/var/lib/crater-agent-workspace/cargo-home:/opt/rustwide/cargo-home:ro,Z" "-v" "/var/lib/crater-agent-workspace/rustup-home:/opt/rustwide/rustup-home:ro,Z" "-e" "SOURCE_DIR=/opt/rustwide/workdir" "-e" "CARGO_TARGET_DIR=/opt/rustwide/target" "-e" "CARGO_INCREMENTAL=0" "-e" "RUST_BACKTRACE=full" "-e" "RUSTFLAGS=--cap-lints=warn" "-e" "CARGO_HOME=/opt/rustwide/cargo-home" "-e" "RUSTUP_HOME=/opt/rustwide/rustup-home" "-w" "/opt/rustwide/workdir" "-m" "1610612736" "--user" "0:0" "--network" "none" "ghcr.io/rust-lang/crates-build-env/linux@sha256:34b6a614d2c27851fe6cbf88fbd1137609cefab8b10d0615aaeb6fd47975d74e" "/opt/rustwide/cargo-home/bin/cargo" "+beta-2021-08-01" "test" "--frozen", kill_on_drop: false }`
[INFO] [stdout] 82245fa6c3965d2fa8977b3f7f0cd58c9987c983be82b290062b87a76df3c2b1
[INFO] running `Command { std: "docker" "start" "-a" "82245fa6c3965d2fa8977b3f7f0cd58c9987c983be82b290062b87a76df3c2b1", kill_on_drop: false }`
[INFO] [stderr]     Blocking waiting for file lock on package cache
[INFO] [stderr]     Finished test [unoptimized + debuginfo] target(s) in 0.23s
[INFO] [stderr]      Running unittests (/opt/rustwide/target/debug/deps/simid-8f1caee5bf6f472e)
[INFO] [stdout] 
[INFO] [stderr]    Doc-tests simid
[INFO] [stdout] running 0 tests
[INFO] [stdout] 
[INFO] [stdout] test result: ok. 0 passed; 0 failed; 0 ignored; 0 measured; 0 filtered out; finished in 0.00s
[INFO] [stdout] 
[INFO] [stdout] 
[INFO] [stdout] running 1 test
[INFO] [stdout] test src/lib.rs - (line 11) ... FAILED
[INFO] [stdout] 
[INFO] [stdout] failures:
[INFO] [stdout] 
[INFO] [stdout] ---- src/lib.rs - (line 11) stdout ----
[INFO] [stdout] error[E0432]: unresolved import `simid::v4`
[INFO] [stdout]  --> src/lib.rs:12:5
[INFO] [stdout]   |
[INFO] [stdout] 3 | use simid::v4;
[INFO] [stdout]   |     ^^^^^^^^^ no `v4` in the root
[INFO] [stdout] 
[INFO] [stdout] error: cannot determine resolution for the macro `v4`
[INFO] [stdout]  --> src/lib.rs:15:20
[INFO] [stdout]   |
[INFO] [stdout] 6 |     println!("{}", v4!());
[INFO] [stdout]   |                    ^^
[INFO] [stdout]   |
[INFO] [stdout]   = note: import resolution is stuck, try simplifying macro imports
[INFO] [stdout] 
[INFO] [stdout] error: aborting due to 2 previous errors
[INFO] [stdout] 
[INFO] [stdout] For more information about this error, try `rustc --explain E0432`.
[INFO] [stdout] Couldn't compile the test.
[INFO] [stdout] 
[INFO] [stdout] failures:
[INFO] [stdout]     src/lib.rs - (line 11)
[INFO] [stdout] 
[INFO] [stdout] test result: FAILED. 0 passed; 1 failed; 0 ignored; 0 measured; 0 filtered out; finished in 0.08s
[INFO] [stdout] 
[INFO] [stderr] error: test failed, to rerun pass '--doc'
[INFO] running `Command { std: "docker" "inspect" "82245fa6c3965d2fa8977b3f7f0cd58c9987c983be82b290062b87a76df3c2b1", kill_on_drop: false }`
[INFO] running `Command { std: "docker" "rm" "-f" "82245fa6c3965d2fa8977b3f7f0cd58c9987c983be82b290062b87a76df3c2b1", kill_on_drop: false }`
[INFO] [stdout] 82245fa6c3965d2fa8977b3f7f0cd58c9987c983be82b290062b87a76df3c2b1
