[INFO] fetching crate signum 0.2.1...
[INFO] testing signum-0.2.1 against beta-2021-08-01 for beta-1.55-1
[INFO] extracting crate signum 0.2.1 into /workspace/builds/worker-109/source
[INFO] validating manifest of crates.io crate signum 0.2.1 on toolchain beta-2021-08-01
[INFO] running `Command { std: "/workspace/cargo-home/bin/cargo" "+beta-2021-08-01" "metadata" "--manifest-path" "Cargo.toml" "--no-deps", kill_on_drop: false }`
[INFO] started tweaking crates.io crate signum 0.2.1
[INFO] finished tweaking crates.io crate signum 0.2.1
[INFO] tweaked toml for crates.io crate signum 0.2.1 written to /workspace/builds/worker-109/source/Cargo.toml
[INFO] running `Command { std: "/workspace/cargo-home/bin/cargo" "+beta-2021-08-01" "generate-lockfile" "--manifest-path" "Cargo.toml" "-Zno-index-update", kill_on_drop: false }`
[INFO] running `Command { std: "/workspace/cargo-home/bin/cargo" "+beta-2021-08-01" "fetch" "--manifest-path" "Cargo.toml", kill_on_drop: false }`
[INFO] [stderr]     Blocking waiting for file lock on package cache
[INFO] running `Command { std: "docker" "create" "-v" "/var/lib/crater-agent-workspace/builds/worker-109/target:/opt/rustwide/target:rw,Z" "-v" "/var/lib/crater-agent-workspace/builds/worker-109/source:/opt/rustwide/workdir:ro,Z" "-v" "/var/lib/crater-agent-workspace/cargo-home:/opt/rustwide/cargo-home:ro,Z" "-v" "/var/lib/crater-agent-workspace/rustup-home:/opt/rustwide/rustup-home:ro,Z" "-e" "SOURCE_DIR=/opt/rustwide/workdir" "-e" "CARGO_TARGET_DIR=/opt/rustwide/target" "-e" "CARGO_HOME=/opt/rustwide/cargo-home" "-e" "RUSTUP_HOME=/opt/rustwide/rustup-home" "-w" "/opt/rustwide/workdir" "-m" "1610612736" "--user" "0:0" "--network" "none" "ghcr.io/rust-lang/crates-build-env/linux@sha256:34b6a614d2c27851fe6cbf88fbd1137609cefab8b10d0615aaeb6fd47975d74e" "/opt/rustwide/cargo-home/bin/cargo" "+beta-2021-08-01" "metadata" "--no-deps" "--format-version=1", kill_on_drop: false }`
[INFO] [stdout] cfcd14a21a51cc4afbb112486ff6e958550a8eb1c77603cc741f7ff2f5555f08
[INFO] running `Command { std: "docker" "start" "-a" "cfcd14a21a51cc4afbb112486ff6e958550a8eb1c77603cc741f7ff2f5555f08", kill_on_drop: false }`
[INFO] running `Command { std: "docker" "inspect" "cfcd14a21a51cc4afbb112486ff6e958550a8eb1c77603cc741f7ff2f5555f08", kill_on_drop: false }`
[INFO] running `Command { std: "docker" "rm" "-f" "cfcd14a21a51cc4afbb112486ff6e958550a8eb1c77603cc741f7ff2f5555f08", kill_on_drop: false }`
[INFO] [stdout] cfcd14a21a51cc4afbb112486ff6e958550a8eb1c77603cc741f7ff2f5555f08
[INFO] running `Command { std: "docker" "create" "-v" "/var/lib/crater-agent-workspace/builds/worker-109/target:/opt/rustwide/target:rw,Z" "-v" "/var/lib/crater-agent-workspace/builds/worker-109/source:/opt/rustwide/workdir:ro,Z" "-v" "/var/lib/crater-agent-workspace/cargo-home:/opt/rustwide/cargo-home:ro,Z" "-v" "/var/lib/crater-agent-workspace/rustup-home:/opt/rustwide/rustup-home:ro,Z" "-e" "SOURCE_DIR=/opt/rustwide/workdir" "-e" "CARGO_TARGET_DIR=/opt/rustwide/target" "-e" "CARGO_INCREMENTAL=0" "-e" "RUST_BACKTRACE=full" "-e" "RUSTFLAGS=--cap-lints=warn" "-e" "CARGO_HOME=/opt/rustwide/cargo-home" "-e" "RUSTUP_HOME=/opt/rustwide/rustup-home" "-w" "/opt/rustwide/workdir" "-m" "1610612736" "--user" "0:0" "--network" "none" "ghcr.io/rust-lang/crates-build-env/linux@sha256:34b6a614d2c27851fe6cbf88fbd1137609cefab8b10d0615aaeb6fd47975d74e" "/opt/rustwide/cargo-home/bin/cargo" "+beta-2021-08-01" "build" "--frozen" "--message-format=json", kill_on_drop: false }`
[INFO] [stdout] 75469c3a004cc11dc4f6f019aba99517c38706409aa695bc1ce90a557e79bb14
[INFO] running `Command { std: "docker" "start" "-a" "75469c3a004cc11dc4f6f019aba99517c38706409aa695bc1ce90a557e79bb14", kill_on_drop: false }`
[INFO] [stderr]    Compiling radium v0.5.3
[INFO] [stderr]    Compiling memchr v2.3.4
[INFO] [stderr]    Compiling tap v1.0.1
[INFO] [stderr]    Compiling wyz v0.2.0
[INFO] [stderr]    Compiling funty v1.1.0
[INFO] [stderr]    Compiling nom v6.2.1
[INFO] [stderr]    Compiling thiserror-impl v1.0.26
[INFO] [stderr]    Compiling bitvec v0.19.5
[INFO] [stderr]    Compiling thiserror v1.0.26
[INFO] [stderr]    Compiling signum v0.2.1 (/opt/rustwide/workdir)
[INFO] [stderr]     Finished dev [unoptimized + debuginfo] target(s) in 10.25s
[INFO] running `Command { std: "docker" "inspect" "75469c3a004cc11dc4f6f019aba99517c38706409aa695bc1ce90a557e79bb14", kill_on_drop: false }`
[INFO] running `Command { std: "docker" "rm" "-f" "75469c3a004cc11dc4f6f019aba99517c38706409aa695bc1ce90a557e79bb14", kill_on_drop: false }`
[INFO] [stdout] 75469c3a004cc11dc4f6f019aba99517c38706409aa695bc1ce90a557e79bb14
[INFO] running `Command { std: "docker" "create" "-v" "/var/lib/crater-agent-workspace/builds/worker-109/target:/opt/rustwide/target:rw,Z" "-v" "/var/lib/crater-agent-workspace/builds/worker-109/source:/opt/rustwide/workdir:ro,Z" "-v" "/var/lib/crater-agent-workspace/cargo-home:/opt/rustwide/cargo-home:ro,Z" "-v" "/var/lib/crater-agent-workspace/rustup-home:/opt/rustwide/rustup-home:ro,Z" "-e" "SOURCE_DIR=/opt/rustwide/workdir" "-e" "CARGO_TARGET_DIR=/opt/rustwide/target" "-e" "CARGO_INCREMENTAL=0" "-e" "RUST_BACKTRACE=full" "-e" "RUSTFLAGS=--cap-lints=warn" "-e" "CARGO_HOME=/opt/rustwide/cargo-home" "-e" "RUSTUP_HOME=/opt/rustwide/rustup-home" "-w" "/opt/rustwide/workdir" "-m" "1610612736" "--user" "0:0" "--network" "none" "ghcr.io/rust-lang/crates-build-env/linux@sha256:34b6a614d2c27851fe6cbf88fbd1137609cefab8b10d0615aaeb6fd47975d74e" "/opt/rustwide/cargo-home/bin/cargo" "+beta-2021-08-01" "test" "--frozen" "--no-run" "--message-format=json", kill_on_drop: false }`
[INFO] [stdout] 35bf27da5b13c79142650229cab64b64e9aab6cf68a92d1cfbc22f3ba37eb52a
[INFO] running `Command { std: "docker" "start" "-a" "35bf27da5b13c79142650229cab64b64e9aab6cf68a92d1cfbc22f3ba37eb52a", kill_on_drop: false }`
[INFO] [stderr]    Compiling signum v0.2.1 (/opt/rustwide/workdir)
[INFO] [stderr]     Finished test [unoptimized + debuginfo] target(s) in 1.19s
[INFO] running `Command { std: "docker" "inspect" "35bf27da5b13c79142650229cab64b64e9aab6cf68a92d1cfbc22f3ba37eb52a", kill_on_drop: false }`
[INFO] running `Command { std: "docker" "rm" "-f" "35bf27da5b13c79142650229cab64b64e9aab6cf68a92d1cfbc22f3ba37eb52a", kill_on_drop: false }`
[INFO] [stdout] 35bf27da5b13c79142650229cab64b64e9aab6cf68a92d1cfbc22f3ba37eb52a
[INFO] running `Command { std: "docker" "create" "-v" "/var/lib/crater-agent-workspace/builds/worker-109/target:/opt/rustwide/target:rw,Z" "-v" "/var/lib/crater-agent-workspace/builds/worker-109/source:/opt/rustwide/workdir:ro,Z" "-v" "/var/lib/crater-agent-workspace/cargo-home:/opt/rustwide/cargo-home:ro,Z" "-v" "/var/lib/crater-agent-workspace/rustup-home:/opt/rustwide/rustup-home:ro,Z" "-e" "SOURCE_DIR=/opt/rustwide/workdir" "-e" "CARGO_TARGET_DIR=/opt/rustwide/target" "-e" "CARGO_INCREMENTAL=0" "-e" "RUST_BACKTRACE=full" "-e" "RUSTFLAGS=--cap-lints=warn" "-e" "CARGO_HOME=/opt/rustwide/cargo-home" "-e" "RUSTUP_HOME=/opt/rustwide/rustup-home" "-w" "/opt/rustwide/workdir" "-m" "1610612736" "--user" "0:0" "--network" "none" "ghcr.io/rust-lang/crates-build-env/linux@sha256:34b6a614d2c27851fe6cbf88fbd1137609cefab8b10d0615aaeb6fd47975d74e" "/opt/rustwide/cargo-home/bin/cargo" "+beta-2021-08-01" "test" "--frozen", kill_on_drop: false }`
[INFO] [stdout] 0d1442dd40189286183a274ec19070d46bb27ecf4b54fecb88be107bfcbe345e
[INFO] running `Command { std: "docker" "start" "-a" "0d1442dd40189286183a274ec19070d46bb27ecf4b54fecb88be107bfcbe345e", kill_on_drop: false }`
[INFO] [stderr]     Finished test [unoptimized + debuginfo] target(s) in 0.03s
[INFO] [stderr]      Running unittests (/opt/rustwide/target/debug/deps/signum-db65ec7d8cc64396)
[INFO] [stdout] 
[INFO] [stderr]    Doc-tests signum
[INFO] [stdout] running 0 tests
[INFO] [stdout] 
[INFO] [stdout] test result: ok. 0 passed; 0 failed; 0 ignored; 0 measured; 0 filtered out; finished in 0.00s
[INFO] [stdout] 
[INFO] [stdout] 
[INFO] [stdout] running 1 test
[INFO] [stdout] test src/chsets/mod.rs - chsets::UseTable::first_last (line 27) ... FAILED
[INFO] [stdout] 
[INFO] [stdout] failures:
[INFO] [stdout] 
[INFO] [stdout] ---- src/chsets/mod.rs - chsets::UseTable::first_last (line 27) stdout ----
[INFO] [stdout] error[E0433]: failed to resolve: use of undeclared crate or module `sdo`
[INFO] [stdout]  --> src/chsets/mod.rs:28:5
[INFO] [stdout]   |
[INFO] [stdout] 3 | use sdo::font::UseTable;
[INFO] [stdout]   |     ^^^ use of undeclared crate or module `sdo`
[INFO] [stdout] 
[INFO] [stdout] error[E0422]: cannot find struct, variant or union type `UseTable` in this scope
[INFO] [stdout]  --> src/chsets/mod.rs:30:17
[INFO] [stdout]   |
[INFO] [stdout] 5 | let use_table = UseTable { chars };
[INFO] [stdout]   |                 ^^^^^^^^ not found in this scope
[INFO] [stdout]   |
[INFO] [stdout] help: consider importing this struct
[INFO] [stdout]   |
[INFO] [stdout] 2 | use signum::chsets::UseTable;
[INFO] [stdout]   |
[INFO] [stdout] 
[INFO] [stdout] error[E0422]: cannot find struct, variant or union type `UseTable` in this scope
[INFO] [stdout]  --> src/chsets/mod.rs:33:17
[INFO] [stdout]   |
[INFO] [stdout] 8 | let use_table = UseTable { chars };
[INFO] [stdout]   |                 ^^^^^^^^ not found in this scope
[INFO] [stdout]   |
[INFO] [stdout] help: consider importing this struct
[INFO] [stdout]   |
[INFO] [stdout] 2 | use signum::chsets::UseTable;
[INFO] [stdout]   |
[INFO] [stdout] 
[INFO] [stdout] error[E0422]: cannot find struct, variant or union type `UseTable` in this scope
[INFO] [stdout]   --> src/chsets/mod.rs:36:17
[INFO] [stdout]    |
[INFO] [stdout] 11 | let use_table = UseTable { chars };
[INFO] [stdout]    |                 ^^^^^^^^ not found in this scope
[INFO] [stdout]    |
[INFO] [stdout] help: consider importing this struct
[INFO] [stdout]    |
[INFO] [stdout] 2  | use signum::chsets::UseTable;
[INFO] [stdout]    |
[INFO] [stdout] 
[INFO] [stdout] error: aborting due to 4 previous errors
[INFO] [stdout] 
[INFO] [stdout] Some errors have detailed explanations: E0422, E0433.
[INFO] [stdout] For more information about an error, try `rustc --explain E0422`.
[INFO] [stdout] Couldn't compile the test.
[INFO] [stdout] 
[INFO] [stdout] failures:
[INFO] [stdout]     src/chsets/mod.rs - chsets::UseTable::first_last (line 27)
[INFO] [stdout] 
[INFO] [stdout] test result: FAILED. 0 passed; 1 failed; 0 ignored; 0 measured; 0 filtered out; finished in 0.10s
[INFO] [stdout] 
[INFO] [stderr] error: test failed, to rerun pass '--doc'
[INFO] running `Command { std: "docker" "inspect" "0d1442dd40189286183a274ec19070d46bb27ecf4b54fecb88be107bfcbe345e", kill_on_drop: false }`
[INFO] running `Command { std: "docker" "rm" "-f" "0d1442dd40189286183a274ec19070d46bb27ecf4b54fecb88be107bfcbe345e", kill_on_drop: false }`
[INFO] [stdout] 0d1442dd40189286183a274ec19070d46bb27ecf4b54fecb88be107bfcbe345e
