[INFO] fetching crate shrtnr 0.0.1...
[INFO] testing shrtnr-0.0.1 against 1.54.0 for beta-1.55-1
[INFO] extracting crate shrtnr 0.0.1 into /workspace/builds/worker-35/source
[INFO] validating manifest of crates.io crate shrtnr 0.0.1 on toolchain 1.54.0
[INFO] running `Command { std: "/workspace/cargo-home/bin/cargo" "+1.54.0" "metadata" "--manifest-path" "Cargo.toml" "--no-deps", kill_on_drop: false }`
[INFO] started tweaking crates.io crate shrtnr 0.0.1
[INFO] finished tweaking crates.io crate shrtnr 0.0.1
[INFO] tweaked toml for crates.io crate shrtnr 0.0.1 written to /workspace/builds/worker-35/source/Cargo.toml
[INFO] running `Command { std: "/workspace/cargo-home/bin/cargo" "+1.54.0" "generate-lockfile" "--manifest-path" "Cargo.toml" "-Zno-index-update", kill_on_drop: false }`
[INFO] [stderr]     Blocking waiting for file lock on package cache
[INFO] running `Command { std: "/workspace/cargo-home/bin/cargo" "+1.54.0" "fetch" "--manifest-path" "Cargo.toml", kill_on_drop: false }`
[INFO] [stderr]     Blocking waiting for file lock on package cache
[INFO] [stderr]     Blocking waiting for file lock on package cache
[INFO] running `Command { std: "docker" "create" "-v" "/var/lib/crater-agent-workspace/builds/worker-35/target:/opt/rustwide/target:rw,Z" "-v" "/var/lib/crater-agent-workspace/builds/worker-35/source:/opt/rustwide/workdir:ro,Z" "-v" "/var/lib/crater-agent-workspace/cargo-home:/opt/rustwide/cargo-home:ro,Z" "-v" "/var/lib/crater-agent-workspace/rustup-home:/opt/rustwide/rustup-home:ro,Z" "-e" "SOURCE_DIR=/opt/rustwide/workdir" "-e" "CARGO_TARGET_DIR=/opt/rustwide/target" "-e" "CARGO_HOME=/opt/rustwide/cargo-home" "-e" "RUSTUP_HOME=/opt/rustwide/rustup-home" "-w" "/opt/rustwide/workdir" "-m" "1610612736" "--user" "0:0" "--network" "none" "ghcr.io/rust-lang/crates-build-env/linux@sha256:34b6a614d2c27851fe6cbf88fbd1137609cefab8b10d0615aaeb6fd47975d74e" "/opt/rustwide/cargo-home/bin/cargo" "+1.54.0" "metadata" "--no-deps" "--format-version=1", kill_on_drop: false }`
[INFO] [stdout] 987cdc849bc049244c4fb3f3fb41039f519cd96ab29e0e7ffb02879020ba0a4b
[INFO] running `Command { std: "docker" "start" "-a" "987cdc849bc049244c4fb3f3fb41039f519cd96ab29e0e7ffb02879020ba0a4b", kill_on_drop: false }`
[INFO] running `Command { std: "docker" "inspect" "987cdc849bc049244c4fb3f3fb41039f519cd96ab29e0e7ffb02879020ba0a4b", kill_on_drop: false }`
[INFO] running `Command { std: "docker" "rm" "-f" "987cdc849bc049244c4fb3f3fb41039f519cd96ab29e0e7ffb02879020ba0a4b", kill_on_drop: false }`
[INFO] [stdout] 987cdc849bc049244c4fb3f3fb41039f519cd96ab29e0e7ffb02879020ba0a4b
[INFO] running `Command { std: "docker" "create" "-v" "/var/lib/crater-agent-workspace/builds/worker-35/target:/opt/rustwide/target:rw,Z" "-v" "/var/lib/crater-agent-workspace/builds/worker-35/source:/opt/rustwide/workdir:ro,Z" "-v" "/var/lib/crater-agent-workspace/cargo-home:/opt/rustwide/cargo-home:ro,Z" "-v" "/var/lib/crater-agent-workspace/rustup-home:/opt/rustwide/rustup-home:ro,Z" "-e" "SOURCE_DIR=/opt/rustwide/workdir" "-e" "CARGO_TARGET_DIR=/opt/rustwide/target" "-e" "CARGO_INCREMENTAL=0" "-e" "RUST_BACKTRACE=full" "-e" "RUSTFLAGS=--cap-lints=warn" "-e" "CARGO_HOME=/opt/rustwide/cargo-home" "-e" "RUSTUP_HOME=/opt/rustwide/rustup-home" "-w" "/opt/rustwide/workdir" "-m" "1610612736" "--user" "0:0" "--network" "none" "ghcr.io/rust-lang/crates-build-env/linux@sha256:34b6a614d2c27851fe6cbf88fbd1137609cefab8b10d0615aaeb6fd47975d74e" "/opt/rustwide/cargo-home/bin/cargo" "+1.54.0" "build" "--frozen" "--message-format=json", kill_on_drop: false }`
[INFO] [stdout] 90b1a7ed52d2c9d54fc8908b512dfbc0a3e46dfb6a481eab161369a050034ae8
[INFO] running `Command { std: "docker" "start" "-a" "90b1a7ed52d2c9d54fc8908b512dfbc0a3e46dfb6a481eab161369a050034ae8", kill_on_drop: false }`
[INFO] [stderr]    Compiling shrtnr v0.0.1 (/opt/rustwide/workdir)
[INFO] [stderr]     Finished dev [unoptimized + debuginfo] target(s) in 0.23s
[INFO] running `Command { std: "docker" "inspect" "90b1a7ed52d2c9d54fc8908b512dfbc0a3e46dfb6a481eab161369a050034ae8", kill_on_drop: false }`
[INFO] running `Command { std: "docker" "rm" "-f" "90b1a7ed52d2c9d54fc8908b512dfbc0a3e46dfb6a481eab161369a050034ae8", kill_on_drop: false }`
[INFO] [stdout] 90b1a7ed52d2c9d54fc8908b512dfbc0a3e46dfb6a481eab161369a050034ae8
[INFO] running `Command { std: "docker" "create" "-v" "/var/lib/crater-agent-workspace/builds/worker-35/target:/opt/rustwide/target:rw,Z" "-v" "/var/lib/crater-agent-workspace/builds/worker-35/source:/opt/rustwide/workdir:ro,Z" "-v" "/var/lib/crater-agent-workspace/cargo-home:/opt/rustwide/cargo-home:ro,Z" "-v" "/var/lib/crater-agent-workspace/rustup-home:/opt/rustwide/rustup-home:ro,Z" "-e" "SOURCE_DIR=/opt/rustwide/workdir" "-e" "CARGO_TARGET_DIR=/opt/rustwide/target" "-e" "CARGO_INCREMENTAL=0" "-e" "RUST_BACKTRACE=full" "-e" "RUSTFLAGS=--cap-lints=warn" "-e" "CARGO_HOME=/opt/rustwide/cargo-home" "-e" "RUSTUP_HOME=/opt/rustwide/rustup-home" "-w" "/opt/rustwide/workdir" "-m" "1610612736" "--user" "0:0" "--network" "none" "ghcr.io/rust-lang/crates-build-env/linux@sha256:34b6a614d2c27851fe6cbf88fbd1137609cefab8b10d0615aaeb6fd47975d74e" "/opt/rustwide/cargo-home/bin/cargo" "+1.54.0" "test" "--frozen" "--no-run" "--message-format=json", kill_on_drop: false }`
[INFO] [stdout] f9a8d1338293ecfc39744d5a20ea2920420499bede5babe96b8db38f87c5fb26
[INFO] running `Command { std: "docker" "start" "-a" "f9a8d1338293ecfc39744d5a20ea2920420499bede5babe96b8db38f87c5fb26", kill_on_drop: false }`
[INFO] [stderr]    Compiling shrtnr v0.0.1 (/opt/rustwide/workdir)
[INFO] [stderr]     Finished test [unoptimized + debuginfo] target(s) in 0.83s
[INFO] running `Command { std: "docker" "inspect" "f9a8d1338293ecfc39744d5a20ea2920420499bede5babe96b8db38f87c5fb26", kill_on_drop: false }`
[INFO] running `Command { std: "docker" "rm" "-f" "f9a8d1338293ecfc39744d5a20ea2920420499bede5babe96b8db38f87c5fb26", kill_on_drop: false }`
[INFO] [stdout] f9a8d1338293ecfc39744d5a20ea2920420499bede5babe96b8db38f87c5fb26
[INFO] running `Command { std: "docker" "create" "-v" "/var/lib/crater-agent-workspace/builds/worker-35/target:/opt/rustwide/target:rw,Z" "-v" "/var/lib/crater-agent-workspace/builds/worker-35/source:/opt/rustwide/workdir:ro,Z" "-v" "/var/lib/crater-agent-workspace/cargo-home:/opt/rustwide/cargo-home:ro,Z" "-v" "/var/lib/crater-agent-workspace/rustup-home:/opt/rustwide/rustup-home:ro,Z" "-e" "SOURCE_DIR=/opt/rustwide/workdir" "-e" "CARGO_TARGET_DIR=/opt/rustwide/target" "-e" "CARGO_INCREMENTAL=0" "-e" "RUST_BACKTRACE=full" "-e" "RUSTFLAGS=--cap-lints=warn" "-e" "CARGO_HOME=/opt/rustwide/cargo-home" "-e" "RUSTUP_HOME=/opt/rustwide/rustup-home" "-w" "/opt/rustwide/workdir" "-m" "1610612736" "--user" "0:0" "--network" "none" "ghcr.io/rust-lang/crates-build-env/linux@sha256:34b6a614d2c27851fe6cbf88fbd1137609cefab8b10d0615aaeb6fd47975d74e" "/opt/rustwide/cargo-home/bin/cargo" "+1.54.0" "test" "--frozen", kill_on_drop: false }`
[INFO] [stdout] f41fa1756f4d759836fab2c55592947bec25e90b2970b1a4899c66939cf74472
[INFO] running `Command { std: "docker" "start" "-a" "f41fa1756f4d759836fab2c55592947bec25e90b2970b1a4899c66939cf74472", kill_on_drop: false }`
[INFO] [stderr]     Blocking waiting for file lock on package cache
[INFO] [stderr]     Finished test [unoptimized + debuginfo] target(s) in 0.19s
[INFO] [stderr]      Running unittests (/opt/rustwide/target/debug/deps/shrtnr-13fddf4325385eb9)
[INFO] [stdout] 
[INFO] [stdout] running 0 tests
[INFO] [stdout] 
[INFO] [stdout] test result: ok. 0 passed; 0 failed; 0 ignored; 0 measured; 0 filtered out; finished in 0.00s
[INFO] [stdout] 
[INFO] [stderr]    Doc-tests shrtnr
[INFO] [stdout] 
[INFO] [stdout] running 1 test
[INFO] [stdout] test src/lib.rs - (line 5) ... FAILED
[INFO] [stdout] 
[INFO] [stdout] failures:
[INFO] [stdout] 
[INFO] [stdout] ---- src/lib.rs - (line 5) stdout ----
[INFO] [stdout] error[E0432]: unresolved import `shrtnr::shorten`
[INFO] [stdout]  --> src/lib.rs:6:5
[INFO] [stdout]   |
[INFO] [stdout] 4 | use shrtnr::shorten;
[INFO] [stdout]   |     ^^^^^^^^^^^^^^^ no `shorten` in the root
[INFO] [stdout] 
[INFO] [stdout] error: aborting due to previous error
[INFO] [stdout] 
[INFO] [stdout] For more information about this error, try `rustc --explain E0432`.
[INFO] [stdout] Couldn't compile the test.
[INFO] [stdout] 
[INFO] [stdout] failures:
[INFO] [stdout]     src/lib.rs - (line 5)
[INFO] [stdout] 
[INFO] [stdout] test result: FAILED. 0 passed; 1 failed; 0 ignored; 0 measured; 0 filtered out; finished in 0.07s
[INFO] [stdout] 
[INFO] [stderr] error: test failed, to rerun pass '--doc'
[INFO] running `Command { std: "docker" "inspect" "f41fa1756f4d759836fab2c55592947bec25e90b2970b1a4899c66939cf74472", kill_on_drop: false }`
[INFO] running `Command { std: "docker" "rm" "-f" "f41fa1756f4d759836fab2c55592947bec25e90b2970b1a4899c66939cf74472", kill_on_drop: false }`
[INFO] [stdout] f41fa1756f4d759836fab2c55592947bec25e90b2970b1a4899c66939cf74472
