[INFO] fetching crate show-image-macros 0.9.0...
[INFO] testing show-image-macros-0.9.0 against 1.54.0 for beta-1.55-1
[INFO] extracting crate show-image-macros 0.9.0 into /workspace/builds/worker-18/source
[INFO] validating manifest of crates.io crate show-image-macros 0.9.0 on toolchain 1.54.0
[INFO] running `Command { std: "/workspace/cargo-home/bin/cargo" "+1.54.0" "metadata" "--manifest-path" "Cargo.toml" "--no-deps", kill_on_drop: false }`
[INFO] started tweaking crates.io crate show-image-macros 0.9.0
[INFO] finished tweaking crates.io crate show-image-macros 0.9.0
[INFO] tweaked toml for crates.io crate show-image-macros 0.9.0 written to /workspace/builds/worker-18/source/Cargo.toml
[INFO] running `Command { std: "/workspace/cargo-home/bin/cargo" "+1.54.0" "generate-lockfile" "--manifest-path" "Cargo.toml" "-Zno-index-update", kill_on_drop: false }`
[INFO] [stderr]     Blocking waiting for file lock on package cache
[INFO] running `Command { std: "/workspace/cargo-home/bin/cargo" "+1.54.0" "fetch" "--manifest-path" "Cargo.toml", kill_on_drop: false }`
[INFO] [stderr]     Blocking waiting for file lock on package cache
[INFO] [stderr]     Blocking waiting for file lock on package cache
[INFO] running `Command { std: "docker" "create" "-v" "/var/lib/crater-agent-workspace/builds/worker-18/target:/opt/rustwide/target:rw,Z" "-v" "/var/lib/crater-agent-workspace/builds/worker-18/source:/opt/rustwide/workdir:ro,Z" "-v" "/var/lib/crater-agent-workspace/cargo-home:/opt/rustwide/cargo-home:ro,Z" "-v" "/var/lib/crater-agent-workspace/rustup-home:/opt/rustwide/rustup-home:ro,Z" "-e" "SOURCE_DIR=/opt/rustwide/workdir" "-e" "CARGO_TARGET_DIR=/opt/rustwide/target" "-e" "CARGO_HOME=/opt/rustwide/cargo-home" "-e" "RUSTUP_HOME=/opt/rustwide/rustup-home" "-w" "/opt/rustwide/workdir" "-m" "1610612736" "--user" "0:0" "--network" "none" "ghcr.io/rust-lang/crates-build-env/linux@sha256:34b6a614d2c27851fe6cbf88fbd1137609cefab8b10d0615aaeb6fd47975d74e" "/opt/rustwide/cargo-home/bin/cargo" "+1.54.0" "metadata" "--no-deps" "--format-version=1", kill_on_drop: false }`
[INFO] [stdout] ad5e1f39593a65d95238896f0b690b6a745234914ffc4d33da61aad2bd75b406
[INFO] running `Command { std: "docker" "start" "-a" "ad5e1f39593a65d95238896f0b690b6a745234914ffc4d33da61aad2bd75b406", kill_on_drop: false }`
[INFO] running `Command { std: "docker" "inspect" "ad5e1f39593a65d95238896f0b690b6a745234914ffc4d33da61aad2bd75b406", kill_on_drop: false }`
[INFO] running `Command { std: "docker" "rm" "-f" "ad5e1f39593a65d95238896f0b690b6a745234914ffc4d33da61aad2bd75b406", kill_on_drop: false }`
[INFO] [stdout] ad5e1f39593a65d95238896f0b690b6a745234914ffc4d33da61aad2bd75b406
[INFO] running `Command { std: "docker" "create" "-v" "/var/lib/crater-agent-workspace/builds/worker-18/target:/opt/rustwide/target:rw,Z" "-v" "/var/lib/crater-agent-workspace/builds/worker-18/source:/opt/rustwide/workdir:ro,Z" "-v" "/var/lib/crater-agent-workspace/cargo-home:/opt/rustwide/cargo-home:ro,Z" "-v" "/var/lib/crater-agent-workspace/rustup-home:/opt/rustwide/rustup-home:ro,Z" "-e" "SOURCE_DIR=/opt/rustwide/workdir" "-e" "CARGO_TARGET_DIR=/opt/rustwide/target" "-e" "CARGO_INCREMENTAL=0" "-e" "RUST_BACKTRACE=full" "-e" "RUSTFLAGS=--cap-lints=warn" "-e" "CARGO_HOME=/opt/rustwide/cargo-home" "-e" "RUSTUP_HOME=/opt/rustwide/rustup-home" "-w" "/opt/rustwide/workdir" "-m" "1610612736" "--user" "0:0" "--network" "none" "ghcr.io/rust-lang/crates-build-env/linux@sha256:34b6a614d2c27851fe6cbf88fbd1137609cefab8b10d0615aaeb6fd47975d74e" "/opt/rustwide/cargo-home/bin/cargo" "+1.54.0" "build" "--frozen" "--message-format=json", kill_on_drop: false }`
[INFO] [stdout] 7a69a047b0a11ba38a1d5b36cbe5287eaabe5361f07e0588f7753545f46c7adf
[INFO] running `Command { std: "docker" "start" "-a" "7a69a047b0a11ba38a1d5b36cbe5287eaabe5361f07e0588f7753545f46c7adf", kill_on_drop: false }`
[INFO] [stderr]    Compiling show-image-macros v0.9.0 (/opt/rustwide/workdir)
[INFO] [stderr]     Finished dev [unoptimized + debuginfo] target(s) in 2.08s
[INFO] running `Command { std: "docker" "inspect" "7a69a047b0a11ba38a1d5b36cbe5287eaabe5361f07e0588f7753545f46c7adf", kill_on_drop: false }`
[INFO] running `Command { std: "docker" "rm" "-f" "7a69a047b0a11ba38a1d5b36cbe5287eaabe5361f07e0588f7753545f46c7adf", kill_on_drop: false }`
[INFO] [stdout] 7a69a047b0a11ba38a1d5b36cbe5287eaabe5361f07e0588f7753545f46c7adf
[INFO] running `Command { std: "docker" "create" "-v" "/var/lib/crater-agent-workspace/builds/worker-18/target:/opt/rustwide/target:rw,Z" "-v" "/var/lib/crater-agent-workspace/builds/worker-18/source:/opt/rustwide/workdir:ro,Z" "-v" "/var/lib/crater-agent-workspace/cargo-home:/opt/rustwide/cargo-home:ro,Z" "-v" "/var/lib/crater-agent-workspace/rustup-home:/opt/rustwide/rustup-home:ro,Z" "-e" "SOURCE_DIR=/opt/rustwide/workdir" "-e" "CARGO_TARGET_DIR=/opt/rustwide/target" "-e" "CARGO_INCREMENTAL=0" "-e" "RUST_BACKTRACE=full" "-e" "RUSTFLAGS=--cap-lints=warn" "-e" "CARGO_HOME=/opt/rustwide/cargo-home" "-e" "RUSTUP_HOME=/opt/rustwide/rustup-home" "-w" "/opt/rustwide/workdir" "-m" "1610612736" "--user" "0:0" "--network" "none" "ghcr.io/rust-lang/crates-build-env/linux@sha256:34b6a614d2c27851fe6cbf88fbd1137609cefab8b10d0615aaeb6fd47975d74e" "/opt/rustwide/cargo-home/bin/cargo" "+1.54.0" "test" "--frozen" "--no-run" "--message-format=json", kill_on_drop: false }`
[INFO] [stdout] 0bde669f7ab0c3542475464ea104ba06694a45d1618e0bd120d934feb9227949
[INFO] running `Command { std: "docker" "start" "-a" "0bde669f7ab0c3542475464ea104ba06694a45d1618e0bd120d934feb9227949", kill_on_drop: false }`
[INFO] [stderr]     Blocking waiting for file lock on package cache
[INFO] [stderr]    Compiling show-image-macros v0.9.0 (/opt/rustwide/workdir)
[INFO] [stderr]     Finished test [unoptimized + debuginfo] target(s) in 0.56s
[INFO] running `Command { std: "docker" "inspect" "0bde669f7ab0c3542475464ea104ba06694a45d1618e0bd120d934feb9227949", kill_on_drop: false }`
[INFO] running `Command { std: "docker" "rm" "-f" "0bde669f7ab0c3542475464ea104ba06694a45d1618e0bd120d934feb9227949", kill_on_drop: false }`
[INFO] [stdout] 0bde669f7ab0c3542475464ea104ba06694a45d1618e0bd120d934feb9227949
[INFO] running `Command { std: "docker" "create" "-v" "/var/lib/crater-agent-workspace/builds/worker-18/target:/opt/rustwide/target:rw,Z" "-v" "/var/lib/crater-agent-workspace/builds/worker-18/source:/opt/rustwide/workdir:ro,Z" "-v" "/var/lib/crater-agent-workspace/cargo-home:/opt/rustwide/cargo-home:ro,Z" "-v" "/var/lib/crater-agent-workspace/rustup-home:/opt/rustwide/rustup-home:ro,Z" "-e" "SOURCE_DIR=/opt/rustwide/workdir" "-e" "CARGO_TARGET_DIR=/opt/rustwide/target" "-e" "CARGO_INCREMENTAL=0" "-e" "RUST_BACKTRACE=full" "-e" "RUSTFLAGS=--cap-lints=warn" "-e" "CARGO_HOME=/opt/rustwide/cargo-home" "-e" "RUSTUP_HOME=/opt/rustwide/rustup-home" "-w" "/opt/rustwide/workdir" "-m" "1610612736" "--user" "0:0" "--network" "none" "ghcr.io/rust-lang/crates-build-env/linux@sha256:34b6a614d2c27851fe6cbf88fbd1137609cefab8b10d0615aaeb6fd47975d74e" "/opt/rustwide/cargo-home/bin/cargo" "+1.54.0" "test" "--frozen", kill_on_drop: false }`
[INFO] [stdout] cdfe0dc7bdb7546e8c7042f8737094b642010ea497e20908256ddad5260ace6d
[INFO] running `Command { std: "docker" "start" "-a" "cdfe0dc7bdb7546e8c7042f8737094b642010ea497e20908256ddad5260ace6d", kill_on_drop: false }`
[INFO] [stderr]     Blocking waiting for file lock on package cache
[INFO] [stderr]     Finished test [unoptimized + debuginfo] target(s) in 0.67s
[INFO] [stderr]      Running unittests (/opt/rustwide/target/debug/deps/show_image_macros-c229875b4956bd5d)
[INFO] [stdout] 
[INFO] [stdout] running 0 tests
[INFO] [stdout] 
[INFO] [stdout] test result: ok. 0 passed; 0 failed; 0 ignored; 0 measured; 0 filtered out; finished in 0.00s
[INFO] [stdout] 
[INFO] [stderr]    Doc-tests show-image-macros
[INFO] [stdout] 
[INFO] [stdout] running 1 test
[INFO] [stderr] error: test failed, to rerun pass '--doc'
[INFO] [stdout] test src/lib.rs - main (line 22) - compile ... FAILED
[INFO] [stdout] 
[INFO] [stdout] failures:
[INFO] [stdout] 
[INFO] [stdout] ---- src/lib.rs - main (line 22) stdout ----
[INFO] [stdout] error[E0432]: unresolved import `show_image`
[INFO] [stdout]  --> src/lib.rs:23:5
[INFO] [stdout]   |
[INFO] [stdout] 2 | use show_image::{ContextProxy, WindowOptions};
[INFO] [stdout]   |     ^^^^^^^^^^ use of undeclared crate or module `show_image`
[INFO] [stdout] 
[INFO] [stdout] error[E0433]: failed to resolve: use of undeclared crate or module `show_image`
[INFO] [stdout]   --> src/lib.rs:31:3
[INFO] [stdout]    |
[INFO] [stdout] 10 | #[show_image::main]
[INFO] [stdout]    |   ^^^^^^^^^^ use of undeclared crate or module `show_image`
[INFO] [stdout] 
[INFO] [stdout] error[E0433]: failed to resolve: use of undeclared crate or module `show_image`
[INFO] [stdout]  --> src/lib.rs:26:61
[INFO] [stdout]   |
[INFO] [stdout] 5 |   pub fn open(_path: impl AsRef<std::path::Path>) -> Result<show_image::ImageView<'static>, std::io::Error> {
[INFO] [stdout]   |                                                             ^^^^^^^^^^ use of undeclared crate or module `show_image`
[INFO] [stdout] 
[INFO] [stdout] error[E0433]: failed to resolve: use of undeclared crate or module `show_image`
[INFO] [stdout]  --> src/lib.rs:27:8
[INFO] [stdout]   |
[INFO] [stdout] 6 |     Ok(show_image::ImageView::new(show_image::ImageInfo::rgb8(1, 1), &[255, 0, 0]))
[INFO] [stdout]   |        ^^^^^^^^^^ use of undeclared crate or module `show_image`
[INFO] [stdout] 
[INFO] [stdout] error[E0433]: failed to resolve: use of undeclared crate or module `show_image`
[INFO] [stdout]  --> src/lib.rs:27:35
[INFO] [stdout]   |
[INFO] [stdout] 6 |     Ok(show_image::ImageView::new(show_image::ImageInfo::rgb8(1, 1), &[255, 0, 0]))
[INFO] [stdout]   |                                   ^^^^^^^^^^ use of undeclared crate or module `show_image`
[INFO] [stdout] 
[INFO] [stdout] error[E0433]: failed to resolve: use of undeclared crate or module `show_image`
[INFO] [stdout]   --> src/lib.rs:33:16
[INFO] [stdout]    |
[INFO] [stdout] 12 |   let window = show_image::create_window("My Awesome Window", WindowOptions::default())?;
[INFO] [stdout]    |                ^^^^^^^^^^ use of undeclared crate or module `show_image`
[INFO] [stdout] 
[INFO] [stdout] error: aborting due to 6 previous errors
[INFO] [stdout] 
[INFO] [stdout] Some errors have detailed explanations: E0432, E0433.
[INFO] [stdout] For more information about an error, try `rustc --explain E0432`.
[INFO] [stdout] Couldn't compile the test.
[INFO] [stdout] 
[INFO] [stdout] failures:
[INFO] [stdout]     src/lib.rs - main (line 22)
[INFO] [stdout] 
[INFO] [stdout] test result: FAILED. 0 passed; 1 failed; 0 ignored; 0 measured; 0 filtered out; finished in 0.15s
[INFO] [stdout] 
[INFO] running `Command { std: "docker" "inspect" "cdfe0dc7bdb7546e8c7042f8737094b642010ea497e20908256ddad5260ace6d", kill_on_drop: false }`
[INFO] running `Command { std: "docker" "rm" "-f" "cdfe0dc7bdb7546e8c7042f8737094b642010ea497e20908256ddad5260ace6d", kill_on_drop: false }`
[INFO] [stdout] cdfe0dc7bdb7546e8c7042f8737094b642010ea497e20908256ddad5260ace6d
