[INFO] fetching crate shaqsnake_crate 0.1.1...
[INFO] testing shaqsnake_crate-0.1.1 against 1.54.0 for beta-1.55-1
[INFO] extracting crate shaqsnake_crate 0.1.1 into /workspace/builds/worker-110/source
[INFO] validating manifest of crates.io crate shaqsnake_crate 0.1.1 on toolchain 1.54.0
[INFO] running `Command { std: "/workspace/cargo-home/bin/cargo" "+1.54.0" "metadata" "--manifest-path" "Cargo.toml" "--no-deps", kill_on_drop: false }`
[INFO] started tweaking crates.io crate shaqsnake_crate 0.1.1
[INFO] finished tweaking crates.io crate shaqsnake_crate 0.1.1
[INFO] tweaked toml for crates.io crate shaqsnake_crate 0.1.1 written to /workspace/builds/worker-110/source/Cargo.toml
[INFO] running `Command { std: "/workspace/cargo-home/bin/cargo" "+1.54.0" "generate-lockfile" "--manifest-path" "Cargo.toml" "-Zno-index-update", kill_on_drop: false }`
[INFO] running `Command { std: "/workspace/cargo-home/bin/cargo" "+1.54.0" "fetch" "--manifest-path" "Cargo.toml", kill_on_drop: false }`
[INFO] running `Command { std: "docker" "create" "-v" "/var/lib/crater-agent-workspace/builds/worker-110/target:/opt/rustwide/target:rw,Z" "-v" "/var/lib/crater-agent-workspace/builds/worker-110/source:/opt/rustwide/workdir:ro,Z" "-v" "/var/lib/crater-agent-workspace/cargo-home:/opt/rustwide/cargo-home:ro,Z" "-v" "/var/lib/crater-agent-workspace/rustup-home:/opt/rustwide/rustup-home:ro,Z" "-e" "SOURCE_DIR=/opt/rustwide/workdir" "-e" "CARGO_TARGET_DIR=/opt/rustwide/target" "-e" "CARGO_HOME=/opt/rustwide/cargo-home" "-e" "RUSTUP_HOME=/opt/rustwide/rustup-home" "-w" "/opt/rustwide/workdir" "-m" "1610612736" "--user" "0:0" "--network" "none" "ghcr.io/rust-lang/crates-build-env/linux@sha256:34b6a614d2c27851fe6cbf88fbd1137609cefab8b10d0615aaeb6fd47975d74e" "/opt/rustwide/cargo-home/bin/cargo" "+1.54.0" "metadata" "--no-deps" "--format-version=1", kill_on_drop: false }`
[INFO] [stdout] a25f4f0a03accd43c1c4062908100ad2f7bb7f1fa7d935eca2f2dc3ae98a2357
[INFO] running `Command { std: "docker" "start" "-a" "a25f4f0a03accd43c1c4062908100ad2f7bb7f1fa7d935eca2f2dc3ae98a2357", kill_on_drop: false }`
[INFO] running `Command { std: "docker" "inspect" "a25f4f0a03accd43c1c4062908100ad2f7bb7f1fa7d935eca2f2dc3ae98a2357", kill_on_drop: false }`
[INFO] running `Command { std: "docker" "rm" "-f" "a25f4f0a03accd43c1c4062908100ad2f7bb7f1fa7d935eca2f2dc3ae98a2357", kill_on_drop: false }`
[INFO] [stdout] a25f4f0a03accd43c1c4062908100ad2f7bb7f1fa7d935eca2f2dc3ae98a2357
[INFO] running `Command { std: "docker" "create" "-v" "/var/lib/crater-agent-workspace/builds/worker-110/target:/opt/rustwide/target:rw,Z" "-v" "/var/lib/crater-agent-workspace/builds/worker-110/source:/opt/rustwide/workdir:ro,Z" "-v" "/var/lib/crater-agent-workspace/cargo-home:/opt/rustwide/cargo-home:ro,Z" "-v" "/var/lib/crater-agent-workspace/rustup-home:/opt/rustwide/rustup-home:ro,Z" "-e" "SOURCE_DIR=/opt/rustwide/workdir" "-e" "CARGO_TARGET_DIR=/opt/rustwide/target" "-e" "CARGO_INCREMENTAL=0" "-e" "RUST_BACKTRACE=full" "-e" "RUSTFLAGS=--cap-lints=warn" "-e" "CARGO_HOME=/opt/rustwide/cargo-home" "-e" "RUSTUP_HOME=/opt/rustwide/rustup-home" "-w" "/opt/rustwide/workdir" "-m" "1610612736" "--user" "0:0" "--network" "none" "ghcr.io/rust-lang/crates-build-env/linux@sha256:34b6a614d2c27851fe6cbf88fbd1137609cefab8b10d0615aaeb6fd47975d74e" "/opt/rustwide/cargo-home/bin/cargo" "+1.54.0" "build" "--frozen" "--message-format=json", kill_on_drop: false }`
[INFO] [stdout] ebed048a683a8a35d53dd8b5aec25f455c797ec40db84c745b2992ca547fdc4f
[INFO] running `Command { std: "docker" "start" "-a" "ebed048a683a8a35d53dd8b5aec25f455c797ec40db84c745b2992ca547fdc4f", kill_on_drop: false }`
[INFO] [stderr]    Compiling shaqsnake_crate v0.1.1 (/opt/rustwide/workdir)
[INFO] [stderr]     Finished dev [unoptimized + debuginfo] target(s) in 0.19s
[INFO] running `Command { std: "docker" "inspect" "ebed048a683a8a35d53dd8b5aec25f455c797ec40db84c745b2992ca547fdc4f", kill_on_drop: false }`
[INFO] running `Command { std: "docker" "rm" "-f" "ebed048a683a8a35d53dd8b5aec25f455c797ec40db84c745b2992ca547fdc4f", kill_on_drop: false }`
[INFO] [stdout] ebed048a683a8a35d53dd8b5aec25f455c797ec40db84c745b2992ca547fdc4f
[INFO] running `Command { std: "docker" "create" "-v" "/var/lib/crater-agent-workspace/builds/worker-110/target:/opt/rustwide/target:rw,Z" "-v" "/var/lib/crater-agent-workspace/builds/worker-110/source:/opt/rustwide/workdir:ro,Z" "-v" "/var/lib/crater-agent-workspace/cargo-home:/opt/rustwide/cargo-home:ro,Z" "-v" "/var/lib/crater-agent-workspace/rustup-home:/opt/rustwide/rustup-home:ro,Z" "-e" "SOURCE_DIR=/opt/rustwide/workdir" "-e" "CARGO_TARGET_DIR=/opt/rustwide/target" "-e" "CARGO_INCREMENTAL=0" "-e" "RUST_BACKTRACE=full" "-e" "RUSTFLAGS=--cap-lints=warn" "-e" "CARGO_HOME=/opt/rustwide/cargo-home" "-e" "RUSTUP_HOME=/opt/rustwide/rustup-home" "-w" "/opt/rustwide/workdir" "-m" "1610612736" "--user" "0:0" "--network" "none" "ghcr.io/rust-lang/crates-build-env/linux@sha256:34b6a614d2c27851fe6cbf88fbd1137609cefab8b10d0615aaeb6fd47975d74e" "/opt/rustwide/cargo-home/bin/cargo" "+1.54.0" "test" "--frozen" "--no-run" "--message-format=json", kill_on_drop: false }`
[INFO] [stdout] 514c0e65c8e59771a9ec04baffa2f48110191b7b7364ca16872a8d012561c797
[INFO] running `Command { std: "docker" "start" "-a" "514c0e65c8e59771a9ec04baffa2f48110191b7b7364ca16872a8d012561c797", kill_on_drop: false }`
[INFO] [stderr]    Compiling shaqsnake_crate v0.1.1 (/opt/rustwide/workdir)
[INFO] [stderr]     Finished test [unoptimized + debuginfo] target(s) in 0.40s
[INFO] running `Command { std: "docker" "inspect" "514c0e65c8e59771a9ec04baffa2f48110191b7b7364ca16872a8d012561c797", kill_on_drop: false }`
[INFO] running `Command { std: "docker" "rm" "-f" "514c0e65c8e59771a9ec04baffa2f48110191b7b7364ca16872a8d012561c797", kill_on_drop: false }`
[INFO] [stdout] 514c0e65c8e59771a9ec04baffa2f48110191b7b7364ca16872a8d012561c797
[INFO] running `Command { std: "docker" "create" "-v" "/var/lib/crater-agent-workspace/builds/worker-110/target:/opt/rustwide/target:rw,Z" "-v" "/var/lib/crater-agent-workspace/builds/worker-110/source:/opt/rustwide/workdir:ro,Z" "-v" "/var/lib/crater-agent-workspace/cargo-home:/opt/rustwide/cargo-home:ro,Z" "-v" "/var/lib/crater-agent-workspace/rustup-home:/opt/rustwide/rustup-home:ro,Z" "-e" "SOURCE_DIR=/opt/rustwide/workdir" "-e" "CARGO_TARGET_DIR=/opt/rustwide/target" "-e" "CARGO_INCREMENTAL=0" "-e" "RUST_BACKTRACE=full" "-e" "RUSTFLAGS=--cap-lints=warn" "-e" "CARGO_HOME=/opt/rustwide/cargo-home" "-e" "RUSTUP_HOME=/opt/rustwide/rustup-home" "-w" "/opt/rustwide/workdir" "-m" "1610612736" "--user" "0:0" "--network" "none" "ghcr.io/rust-lang/crates-build-env/linux@sha256:34b6a614d2c27851fe6cbf88fbd1137609cefab8b10d0615aaeb6fd47975d74e" "/opt/rustwide/cargo-home/bin/cargo" "+1.54.0" "test" "--frozen", kill_on_drop: false }`
[INFO] [stdout] 52c05dc3bd6d79ca7fa63af0dbd61a6d69fde25ad68e728c1a62fe93f75ade62
[INFO] running `Command { std: "docker" "start" "-a" "52c05dc3bd6d79ca7fa63af0dbd61a6d69fde25ad68e728c1a62fe93f75ade62", kill_on_drop: false }`
[INFO] [stderr]     Finished test [unoptimized + debuginfo] target(s) in 0.13s
[INFO] [stderr]      Running unittests (/opt/rustwide/target/debug/deps/shaqsnake_crate-012662aeab785335)
[INFO] [stdout] 
[INFO] [stderr]    Doc-tests shaqsnake_crate
[INFO] [stdout] running 0 tests
[INFO] [stdout] 
[INFO] [stdout] test result: ok. 0 passed; 0 failed; 0 ignored; 0 measured; 0 filtered out; finished in 0.00s
[INFO] [stdout] 
[INFO] [stdout] 
[INFO] [stdout] running 1 test
[INFO] [stdout] test src/lib.rs - add_one (line 10) ... FAILED
[INFO] [stdout] 
[INFO] [stdout] failures:
[INFO] [stdout] 
[INFO] [stdout] ---- src/lib.rs - add_one (line 10) stdout ----
[INFO] [stdout] error[E0433]: failed to resolve: use of undeclared crate or module `my_crate`
[INFO] [stdout]  --> src/lib.rs:12:14
[INFO] [stdout]   |
[INFO] [stdout] 4 | let answer = my_crate::add_one(arg);
[INFO] [stdout]   |              ^^^^^^^^ use of undeclared crate or module `my_crate`
[INFO] [stdout] 
[INFO] [stdout] error: aborting due to previous error
[INFO] [stdout] 
[INFO] [stdout] For more information about this error, try `rustc --explain E0433`.
[INFO] [stdout] Couldn't compile the test.
[INFO] [stdout] 
[INFO] [stdout] failures:
[INFO] [stdout]     src/lib.rs - add_one (line 10)
[INFO] [stdout] 
[INFO] [stdout] test result: FAILED. 0 passed; 1 failed; 0 ignored; 0 measured; 0 filtered out; finished in 0.09s
[INFO] [stdout] 
[INFO] [stderr] error: test failed, to rerun pass '--doc'
[INFO] running `Command { std: "docker" "inspect" "52c05dc3bd6d79ca7fa63af0dbd61a6d69fde25ad68e728c1a62fe93f75ade62", kill_on_drop: false }`
[INFO] running `Command { std: "docker" "rm" "-f" "52c05dc3bd6d79ca7fa63af0dbd61a6d69fde25ad68e728c1a62fe93f75ade62", kill_on_drop: false }`
[INFO] [stdout] 52c05dc3bd6d79ca7fa63af0dbd61a6d69fde25ad68e728c1a62fe93f75ade62
