[INFO] fetching crate shaku 0.6.1...
[INFO] testing shaku-0.6.1 against 1.54.0 for beta-1.55-1
[INFO] extracting crate shaku 0.6.1 into /workspace/builds/worker-13/source
[INFO] validating manifest of crates.io crate shaku 0.6.1 on toolchain 1.54.0
[INFO] running `Command { std: "/workspace/cargo-home/bin/cargo" "+1.54.0" "metadata" "--manifest-path" "Cargo.toml" "--no-deps", kill_on_drop: false }`
[INFO] started tweaking crates.io crate shaku 0.6.1
[INFO] finished tweaking crates.io crate shaku 0.6.1
[INFO] tweaked toml for crates.io crate shaku 0.6.1 written to /workspace/builds/worker-13/source/Cargo.toml
[INFO] crate crates.io crate shaku 0.6.1 already has a lockfile, it will not be regenerated
[INFO] running `Command { std: "/workspace/cargo-home/bin/cargo" "+1.54.0" "fetch" "--manifest-path" "Cargo.toml", kill_on_drop: false }`
[INFO] [stderr]     Blocking waiting for file lock on package cache
[INFO] running `Command { std: "docker" "create" "-v" "/var/lib/crater-agent-workspace/builds/worker-13/target:/opt/rustwide/target:rw,Z" "-v" "/var/lib/crater-agent-workspace/builds/worker-13/source:/opt/rustwide/workdir:ro,Z" "-v" "/var/lib/crater-agent-workspace/cargo-home:/opt/rustwide/cargo-home:ro,Z" "-v" "/var/lib/crater-agent-workspace/rustup-home:/opt/rustwide/rustup-home:ro,Z" "-e" "SOURCE_DIR=/opt/rustwide/workdir" "-e" "CARGO_TARGET_DIR=/opt/rustwide/target" "-e" "CARGO_HOME=/opt/rustwide/cargo-home" "-e" "RUSTUP_HOME=/opt/rustwide/rustup-home" "-w" "/opt/rustwide/workdir" "-m" "1610612736" "--user" "0:0" "--network" "none" "ghcr.io/rust-lang/crates-build-env/linux@sha256:34b6a614d2c27851fe6cbf88fbd1137609cefab8b10d0615aaeb6fd47975d74e" "/opt/rustwide/cargo-home/bin/cargo" "+1.54.0" "metadata" "--no-deps" "--format-version=1", kill_on_drop: false }`
[INFO] [stdout] 3ae885f045b56acf59018831742ceb24e1b17a264f9175753248eaa7fc2efffb
[INFO] [stderr] WARNING: Your kernel does not support swap limit capabilities or the cgroup is not mounted. Memory limited without swap.
[INFO] running `Command { std: "docker" "start" "-a" "3ae885f045b56acf59018831742ceb24e1b17a264f9175753248eaa7fc2efffb", kill_on_drop: false }`
[INFO] running `Command { std: "docker" "inspect" "3ae885f045b56acf59018831742ceb24e1b17a264f9175753248eaa7fc2efffb", kill_on_drop: false }`
[INFO] running `Command { std: "docker" "rm" "-f" "3ae885f045b56acf59018831742ceb24e1b17a264f9175753248eaa7fc2efffb", kill_on_drop: false }`
[INFO] [stdout] 3ae885f045b56acf59018831742ceb24e1b17a264f9175753248eaa7fc2efffb
[INFO] running `Command { std: "docker" "create" "-v" "/var/lib/crater-agent-workspace/builds/worker-13/target:/opt/rustwide/target:rw,Z" "-v" "/var/lib/crater-agent-workspace/builds/worker-13/source:/opt/rustwide/workdir:ro,Z" "-v" "/var/lib/crater-agent-workspace/cargo-home:/opt/rustwide/cargo-home:ro,Z" "-v" "/var/lib/crater-agent-workspace/rustup-home:/opt/rustwide/rustup-home:ro,Z" "-e" "SOURCE_DIR=/opt/rustwide/workdir" "-e" "CARGO_TARGET_DIR=/opt/rustwide/target" "-e" "CARGO_INCREMENTAL=0" "-e" "RUST_BACKTRACE=full" "-e" "RUSTFLAGS=--cap-lints=warn" "-e" "CARGO_HOME=/opt/rustwide/cargo-home" "-e" "RUSTUP_HOME=/opt/rustwide/rustup-home" "-w" "/opt/rustwide/workdir" "-m" "1610612736" "--user" "0:0" "--network" "none" "ghcr.io/rust-lang/crates-build-env/linux@sha256:34b6a614d2c27851fe6cbf88fbd1137609cefab8b10d0615aaeb6fd47975d74e" "/opt/rustwide/cargo-home/bin/cargo" "+1.54.0" "build" "--frozen" "--message-format=json", kill_on_drop: false }`
[INFO] [stdout] fa2f0297214e32301474a04e03790c536de67d2f972975a0c65ab8de62c7d42a
[INFO] [stderr] WARNING: Your kernel does not support swap limit capabilities or the cgroup is not mounted. Memory limited without swap.
[INFO] running `Command { std: "docker" "start" "-a" "fa2f0297214e32301474a04e03790c536de67d2f972975a0c65ab8de62c7d42a", kill_on_drop: false }`
[INFO] [stderr]    Compiling syn v1.0.60
[INFO] [stderr]    Compiling anymap v0.12.1
[INFO] [stderr]    Compiling shaku_derive v0.6.0
[INFO] [stderr]    Compiling shaku v0.6.1 (/opt/rustwide/workdir)
[INFO] [stderr]     Finished dev [unoptimized + debuginfo] target(s) in 20.46s
[INFO] running `Command { std: "docker" "inspect" "fa2f0297214e32301474a04e03790c536de67d2f972975a0c65ab8de62c7d42a", kill_on_drop: false }`
[INFO] running `Command { std: "docker" "rm" "-f" "fa2f0297214e32301474a04e03790c536de67d2f972975a0c65ab8de62c7d42a", kill_on_drop: false }`
[INFO] [stdout] fa2f0297214e32301474a04e03790c536de67d2f972975a0c65ab8de62c7d42a
[INFO] running `Command { std: "docker" "create" "-v" "/var/lib/crater-agent-workspace/builds/worker-13/target:/opt/rustwide/target:rw,Z" "-v" "/var/lib/crater-agent-workspace/builds/worker-13/source:/opt/rustwide/workdir:ro,Z" "-v" "/var/lib/crater-agent-workspace/cargo-home:/opt/rustwide/cargo-home:ro,Z" "-v" "/var/lib/crater-agent-workspace/rustup-home:/opt/rustwide/rustup-home:ro,Z" "-e" "SOURCE_DIR=/opt/rustwide/workdir" "-e" "CARGO_TARGET_DIR=/opt/rustwide/target" "-e" "CARGO_INCREMENTAL=0" "-e" "RUST_BACKTRACE=full" "-e" "RUSTFLAGS=--cap-lints=warn" "-e" "CARGO_HOME=/opt/rustwide/cargo-home" "-e" "RUSTUP_HOME=/opt/rustwide/rustup-home" "-w" "/opt/rustwide/workdir" "-m" "1610612736" "--user" "0:0" "--network" "none" "ghcr.io/rust-lang/crates-build-env/linux@sha256:34b6a614d2c27851fe6cbf88fbd1137609cefab8b10d0615aaeb6fd47975d74e" "/opt/rustwide/cargo-home/bin/cargo" "+1.54.0" "test" "--frozen" "--no-run" "--message-format=json", kill_on_drop: false }`
[INFO] [stdout] 24ea6753d19004911e2fb86229a0addc9e27958685725f054640d8dac409c5fa
[INFO] [stderr] WARNING: Your kernel does not support swap limit capabilities or the cgroup is not mounted. Memory limited without swap.
[INFO] running `Command { std: "docker" "start" "-a" "24ea6753d19004911e2fb86229a0addc9e27958685725f054640d8dac409c5fa", kill_on_drop: false }`
[INFO] [stderr]    Compiling libc v0.2.85
[INFO] [stderr]    Compiling serde v1.0.123
[INFO] [stderr]    Compiling serde_json v1.0.61
[INFO] [stderr]    Compiling trybuild v1.0.40
[INFO] [stderr]    Compiling serde_derive v1.0.123
[INFO] [stderr]    Compiling getrandom v0.1.16
[INFO] [stderr]    Compiling rand_core v0.5.1
[INFO] [stderr]    Compiling rand_chacha v0.2.2
[INFO] [stderr]    Compiling rand v0.7.3
[INFO] [stderr]    Compiling toml v0.5.8
[INFO] [stderr]    Compiling shaku v0.6.1 (/opt/rustwide/workdir)
[INFO] [stderr]     Finished test [unoptimized + debuginfo] target(s) in 1m 03s
[INFO] running `Command { std: "docker" "inspect" "24ea6753d19004911e2fb86229a0addc9e27958685725f054640d8dac409c5fa", kill_on_drop: false }`
[INFO] running `Command { std: "docker" "rm" "-f" "24ea6753d19004911e2fb86229a0addc9e27958685725f054640d8dac409c5fa", kill_on_drop: false }`
[INFO] [stdout] 24ea6753d19004911e2fb86229a0addc9e27958685725f054640d8dac409c5fa
[INFO] running `Command { std: "docker" "create" "-v" "/var/lib/crater-agent-workspace/builds/worker-13/target:/opt/rustwide/target:rw,Z" "-v" "/var/lib/crater-agent-workspace/builds/worker-13/source:/opt/rustwide/workdir:ro,Z" "-v" "/var/lib/crater-agent-workspace/cargo-home:/opt/rustwide/cargo-home:ro,Z" "-v" "/var/lib/crater-agent-workspace/rustup-home:/opt/rustwide/rustup-home:ro,Z" "-e" "SOURCE_DIR=/opt/rustwide/workdir" "-e" "CARGO_TARGET_DIR=/opt/rustwide/target" "-e" "CARGO_INCREMENTAL=0" "-e" "RUST_BACKTRACE=full" "-e" "RUSTFLAGS=--cap-lints=warn" "-e" "CARGO_HOME=/opt/rustwide/cargo-home" "-e" "RUSTUP_HOME=/opt/rustwide/rustup-home" "-w" "/opt/rustwide/workdir" "-m" "1610612736" "--user" "0:0" "--network" "none" "ghcr.io/rust-lang/crates-build-env/linux@sha256:34b6a614d2c27851fe6cbf88fbd1137609cefab8b10d0615aaeb6fd47975d74e" "/opt/rustwide/cargo-home/bin/cargo" "+1.54.0" "test" "--frozen", kill_on_drop: false }`
[INFO] [stderr] WARNING: Your kernel does not support swap limit capabilities or the cgroup is not mounted. Memory limited without swap.
[INFO] [stdout] fdf2901bbce3cd6f22ae7380377ad5cff5f2d3a03ea937fd781de8fbac084480
[INFO] running `Command { std: "docker" "start" "-a" "fdf2901bbce3cd6f22ae7380377ad5cff5f2d3a03ea937fd781de8fbac084480", kill_on_drop: false }`
[INFO] [stderr]     Finished test [unoptimized + debuginfo] target(s) in 0.08s
[INFO] [stderr]      Running unittests (/opt/rustwide/target/debug/deps/shaku-0b233c023459b1a6)
[INFO] [stdout] 
[INFO] [stdout] running 0 tests
[INFO] [stdout] 
[INFO] [stdout] test result: ok. 0 passed; 0 failed; 0 ignored; 0 measured; 0 filtered out; finished in 0.00s
[INFO] [stdout] 
[INFO] [stderr]      Running tests/associated_types_in_generic_bounds.rs (/opt/rustwide/target/debug/deps/associated_types_in_generic_bounds-6320af7f2e669723)
[INFO] [stdout] 
[INFO] [stderr]      Running tests/circular_dependency_runtime.rs (/opt/rustwide/target/debug/deps/circular_dependency_runtime-bfaf92513b118d3b)
[INFO] [stdout] running 1 test
[INFO] [stdout] test generic_submodules ... ok
[INFO] [stdout] 
[INFO] [stdout] test result: ok. 1 passed; 0 failed; 0 ignored; 0 measured; 0 filtered out; finished in 0.00s
[INFO] [stdout] 
[INFO] [stdout] 
[INFO] [stdout] running 1 test
[INFO] [stdout] test circular_dependency_runtime - should panic ... ok
[INFO] [stdout] 
[INFO] [stdout] test result: ok. 1 passed; 0 failed; 0 ignored; 0 measured; 0 filtered out; finished in 0.03s
[INFO] [stdout] 
[INFO] [stderr]      Running tests/extreme_submodules.rs (/opt/rustwide/target/debug/deps/extreme_submodules-18ebb032cf74ef86)
[INFO] [stdout] 
[INFO] [stderr]      Running tests/generic_modules.rs (/opt/rustwide/target/debug/deps/generic_modules-b08ba68ee8ea1ff5)
[INFO] [stdout] running 1 test
[INFO] [stderr]      Running tests/generic_submodules.rs (/opt/rustwide/target/debug/deps/generic_submodules-22251ff19f04aff9)
[INFO] [stdout] test compile_ok ... ok
[INFO] [stdout] 
[INFO] [stdout] test result: ok. 1 passed; 0 failed; 0 ignored; 0 measured; 0 filtered out; finished in 0.00s
[INFO] [stdout] 
[INFO] [stdout] 
[INFO] [stdout] running 1 test
[INFO] [stdout] test can_use_generic_service_impl ... ok
[INFO] [stdout] 
[INFO] [stdout] test result: ok. 1 passed; 0 failed; 0 ignored; 0 measured; 0 filtered out; finished in 0.00s
[INFO] [stdout] 
[INFO] [stdout] 
[INFO] [stdout] running 1 test
[INFO] [stderr]      Running tests/hidden_submodule_dependency.rs (/opt/rustwide/target/debug/deps/hidden_submodule_dependency-34668769bf781181)
[INFO] [stdout] test generic_submodules ... ok
[INFO] [stdout] 
[INFO] [stdout] test result: ok. 1 passed; 0 failed; 0 ignored; 0 measured; 0 filtered out; finished in 0.00s
[INFO] [stdout] 
[INFO] [stdout] 
[INFO] [stdout] running 1 test
[INFO] [stderr]      Running tests/lazy_components.rs (/opt/rustwide/target/debug/deps/lazy_components-640bec01b696efc4)
[INFO] [stdout] test compile_ok ... ok
[INFO] [stdout] 
[INFO] [stdout] test result: ok. 1 passed; 0 failed; 0 ignored; 0 measured; 0 filtered out; finished in 0.01s
[INFO] [stdout] 
[INFO] [stdout] 
[INFO] [stdout] running 3 tests
[INFO] [stdout] test lazy_created_due_to_dependency ... ok
[INFO] [stderr]      Running tests/module_macro_trait_dependencies.rs (/opt/rustwide/target/debug/deps/module_macro_trait_dependencies-1e5bf491a778d203)
[INFO] [stdout] test lazy_created_only_once ... ok
[INFO] [stdout] test lazy_component ... ok
[INFO] [stdout] 
[INFO] [stdout] test result: ok. 3 passed; 0 failed; 0 ignored; 0 measured; 0 filtered out; finished in 0.00s
[INFO] [stdout] 
[INFO] [stdout] 
[INFO] [stdout] running 1 test
[INFO] [stdout] test compile_ok ... ok
[INFO] [stdout] 
[INFO] [stdout] test result: ok. 1 passed; 0 failed; 0 ignored; 0 measured; 0 filtered out; finished in 0.00s
[INFO] [stdout] 
[INFO] [stderr]      Running tests/multiple_submodules.rs (/opt/rustwide/target/debug/deps/multiple_submodules-bccc34c3f861f27d)
[INFO] [stdout] 
[INFO] [stderr]      Running tests/multithread.rs (/opt/rustwide/target/debug/deps/multithread-28feb07c58903eee)
[INFO] [stdout] running 1 test
[INFO] [stdout] test multiple_submodules ... ok
[INFO] [stdout] 
[INFO] [stdout] test result: ok. 1 passed; 0 failed; 0 ignored; 0 measured; 0 filtered out; finished in 0.00s
[INFO] [stdout] 
[INFO] [stdout] 
[INFO] [stdout] running 2 tests
[INFO] [stdout] test simple_multithreaded_resolve_ref ... ok
[INFO] [stdout] test simple_multithreaded_resolve_ref_n_mut ... ok
[INFO] [stdout] 
[INFO] [stdout] test result: ok. 2 passed; 0 failed; 0 ignored; 0 measured; 0 filtered out; finished in 1.99s
[INFO] [stdout] 
[INFO] [stderr]      Running tests/no_default_parameter.rs (/opt/rustwide/target/debug/deps/no_default_parameter-303c5afac797f5ce)
[INFO] [stdout] 
[INFO] [stdout] running 2 tests
[INFO] [stdout] test with_given_parameter ... ok
[INFO] [stderr]      Running tests/override_component_fn.rs (/opt/rustwide/target/debug/deps/override_component_fn-283ab3addf5167a7)
[INFO] [stdout] test without_given_parameter - should panic ... ok
[INFO] [stdout] 
[INFO] [stdout] test result: ok. 2 passed; 0 failed; 0 ignored; 0 measured; 0 filtered out; finished in 0.03s
[INFO] [stdout] 
[INFO] [stdout] 
[INFO] [stdout] running 2 tests
[INFO] [stdout] test can_use_mock_with_inject ... ok
[INFO] [stderr]      Running tests/override_service.rs (/opt/rustwide/target/debug/deps/override_service-1e8ecaf346a0ee37)
[INFO] [stdout] test detects_circular_dependency - should panic ... ok
[INFO] [stdout] 
[INFO] [stdout] test result: ok. 2 passed; 0 failed; 0 ignored; 0 measured; 0 filtered out; finished in 0.03s
[INFO] [stdout] 
[INFO] [stdout] 
[INFO] [stdout] running 2 tests
[INFO] [stdout] test override_component ... ok
[INFO] [stdout] test override_provider ... ok
[INFO] [stdout] 
[INFO] [stdout] test result: ok. 2 passed; 0 failed; 0 ignored; 0 measured; 0 filtered out; finished in 0.00s
[INFO] [stdout] 
[INFO] [stderr]      Running tests/parameters.rs (/opt/rustwide/target/debug/deps/parameters-8a42c1d9d1f0627a)
[INFO] [stdout] 
[INFO] [stdout] running 2 tests
[INFO] [stdout] test default_if_not_provided ... ok
[INFO] [stdout] test parameters_are_injected ... ok
[INFO] [stdout] 
[INFO] [stdout] test result: ok. 2 passed; 0 failed; 0 ignored; 0 measured; 0 filtered out; finished in 0.00s
[INFO] [stdout] 
[INFO] [stderr]      Running tests/repository_service_provider.rs (/opt/rustwide/target/debug/deps/repository_service_provider-d3057a23baf36baf)
[INFO] [stdout] 
[INFO] [stderr]      Running tests/resolving_ref.rs (/opt/rustwide/target/debug/deps/resolving_ref-c7c9e2e87f683eee)
[INFO] [stdout] running 3 tests
[INFO] [stdout] test can_mock_database ... ok
[INFO] [stdout] test can_mock_repository ... ok
[INFO] [stdout] test can_provide_send_component ... ok
[INFO] [stdout] 
[INFO] [stdout] test result: ok. 3 passed; 0 failed; 0 ignored; 0 measured; 0 filtered out; finished in 0.00s
[INFO] [stdout] 
[INFO] [stdout] 
[INFO] [stdout] running 3 tests
[INFO] [stdout] test resolve_ref_set_then_resolve ... ok
[INFO] [stdout] test resolve_ref_get_value ... ok
[INFO] [stderr]      Running tests/shaku_ui.rs (/opt/rustwide/target/debug/deps/shaku_ui-f946db2d06850e6f)
[INFO] [stdout] test resolve_ref_set_value ... ok
[INFO] [stdout] 
[INFO] [stdout] test result: ok. 3 passed; 0 failed; 0 ignored; 0 measured; 0 filtered out; finished in 0.01s
[INFO] [stdout] 
[INFO] [stdout] 
[INFO] [stdout] running 1 test
[INFO] [stderr]    Compiling proc-macro2 v1.0.24
[INFO] [stderr]    Compiling libc v0.2.85
[INFO] [stderr]    Compiling unicode-xid v0.2.1
[INFO] [stderr]    Compiling getrandom v0.1.16
[INFO] [stderr]    Compiling syn v1.0.60
[INFO] [stderr]     Checking cfg-if v1.0.0
[INFO] [stderr]     Checking ppv-lite86 v0.2.10
[INFO] [stderr]     Checking anymap v0.12.1
[INFO] [stderr]     Checking once_cell v1.5.2
[INFO] [stderr]    Compiling quote v1.0.8
[INFO] [stderr]     Checking rand_core v0.5.1
[INFO] [stderr]     Checking rand_chacha v0.2.2
[INFO] [stderr]     Checking rand v0.7.3
[INFO] [stderr]    Compiling shaku_derive v0.6.0
[INFO] [stderr]     Checking shaku v0.6.1 (/opt/rustwide/workdir)
[INFO] [stderr]     Checking shaku-tests v0.0.0 (/opt/rustwide/target/tests/shaku)
[INFO] [stderr]     Finished dev [unoptimized + debuginfo] target(s) in 29.13s
[INFO] [stderr] 
[INFO] [stderr] 
[INFO] [stderr] test tests/ui/circular_dependency_compile_time.rs ... mismatch
[INFO] [stderr] 
[INFO] [stderr] EXPECTED:
[INFO] [stderr] ┈┈┈┈┈┈┈┈┈┈┈┈┈┈┈┈┈┈┈┈┈┈┈┈┈┈┈┈┈┈┈┈┈┈┈┈┈┈┈┈┈┈┈┈┈┈┈┈┈┈┈┈┈┈┈┈┈┈┈┈
[INFO] [stderr] error[E0275]: overflow evaluating the requirement `TestModule: HasComponent<(dyn Component1Trait + 'static)>`
[INFO] [stderr] ┈┈┈┈┈┈┈┈┈┈┈┈┈┈┈┈┈┈┈┈┈┈┈┈┈┈┈┈┈┈┈┈┈┈┈┈┈┈┈┈┈┈┈┈┈┈┈┈┈┈┈┈┈┈┈┈┈┈┈┈
[INFO] [stderr] 
[INFO] [stderr] ACTUAL OUTPUT:
[INFO] [stderr] ┈┈┈┈┈┈┈┈┈┈┈┈┈┈┈┈┈┈┈┈┈┈┈┈┈┈┈┈┈┈┈┈┈┈┈┈┈┈┈┈┈┈┈┈┈┈┈┈┈┈┈┈┈┈┈┈┈┈┈┈
[INFO] [stderr] error[E0275]: overflow evaluating the requirement `TestModule: HasComponent<(dyn Component2Trait + 'static)>`
[INFO] [stderr]    |
[INFO] [stderr] note: required because of the requirements on the impl of `shaku::Component<TestModule>` for `Component1`
[INFO] [stderr]   --> $DIR/circular_dependency_compile_time.rs:10:10
[INFO] [stderr]    |
[INFO] [stderr] 10 | #[derive(Component)]
[INFO] [stderr]    |          ^^^^^^^^^
[INFO] [stderr] 11 | #[shaku(interface = Component1Trait)]
[INFO] [stderr] 12 | struct Component1 {
[INFO] [stderr]    |        ^^^^^^^^^^
[INFO] [stderr]    = note: this error originates in the derive macro `Component` (in Nightly builds, run with -Z macro-backtrace for more info)
[INFO] [stderr] ┈┈┈┈┈┈┈┈┈┈┈┈┈┈┈┈┈┈┈┈┈┈┈┈┈┈┈┈┈┈┈┈┈┈┈┈┈┈┈┈┈┈┈┈┈┈┈┈┈┈┈┈┈┈┈┈┈┈┈┈
[INFO] [stderr] note: If the actual output is the correct output you can bless it by rerunning
[INFO] [stderr]       your test with the environment variable TRYBUILD=overwrite
[INFO] [stderr] 
[INFO] [stderr] test tests/ui/component_missing_dependency.rs ... mismatch
[INFO] [stderr] 
[INFO] [stderr] EXPECTED:
[INFO] [stderr] ┈┈┈┈┈┈┈┈┈┈┈┈┈┈┈┈┈┈┈┈┈┈┈┈┈┈┈┈┈┈┈┈┈┈┈┈┈┈┈┈┈┈┈┈┈┈┈┈┈┈┈┈┈┈┈┈┈┈┈┈
[INFO] [stderr] error[E0277]: the trait bound `TestModule: HasComponent<(dyn DependencyTrait + 'static)>` is not satisfied
[INFO] [stderr]   --> $DIR/component_missing_dependency.rs:22:1
[INFO] [stderr]    |
[INFO] [stderr] 22 | / module! {
[INFO] [stderr] 23 | |     TestModule {
[INFO] [stderr] 24 | |         components = [ComponentImpl],
[INFO] [stderr] 25 | |         providers = []
[INFO] [stderr] 26 | |     }
[INFO] [stderr] 27 | | }
[INFO] [stderr]    | |_^ the trait `HasComponent<(dyn DependencyTrait + 'static)>` is not implemented for `TestModule`
[INFO] [stderr]    |
[INFO] [stderr]    = help: the following implementations were found:
[INFO] [stderr]              <TestModule as HasComponent<<ComponentImpl as shaku::Component<TestModule>>::Interface>>
[INFO] [stderr]    = note: required because of the requirements on the impl of `shaku::Component<TestModule>` for `ComponentImpl`
[INFO] [stderr]    = note: this error originates in a macro (in Nightly builds, run with -Z macro-backtrace for more info)
[INFO] [stderr] 
[INFO] [stderr] error[E0277]: the trait bound `TestModule: HasComponent<(dyn DependencyTrait + 'static)>` is not satisfied
[INFO] [stderr]   --> $DIR/component_missing_dependency.rs:22:1
[INFO] [stderr]    |
[INFO] [stderr] 22 | / module! {
[INFO] [stderr] 23 | |     TestModule {
[INFO] [stderr] 24 | |         components = [ComponentImpl],
[INFO] [stderr] 25 | |         providers = []
[INFO] [stderr] 26 | |     }
[INFO] [stderr] 27 | | }
[INFO] [stderr]    | |_^ the trait `HasComponent<(dyn DependencyTrait + 'static)>` is not implemented for `TestModule`
[INFO] [stderr]    |
[INFO] [stderr]   ::: $WORKSPACE/shaku/src/module/module_traits.rs
[INFO] [stderr]    |
[INFO] [stderr]    |   pub trait Module: ModuleInterface {
[INFO] [stderr]    |                     --------------- required by this bound in `Module`
[INFO] [stderr]    |
[INFO] [stderr]    = help: the following implementations were found:
[INFO] [stderr]              <TestModule as HasComponent<<ComponentImpl as shaku::Component<TestModule>>::Interface>>
[INFO] [stderr]    = note: required because of the requirements on the impl of `shaku::Component<TestModule>` for `ComponentImpl`
[INFO] [stderr]    = note: required because it appears within the type `TestModule`
[INFO] [stderr]    = note: this error originates in a macro (in Nightly builds, run with -Z macro-backtrace for more info)
[INFO] [stderr] ┈┈┈┈┈┈┈┈┈┈┈┈┈┈┈┈┈┈┈┈┈┈┈┈┈┈┈┈┈┈┈┈┈┈┈┈┈┈┈┈┈┈┈┈┈┈┈┈┈┈┈┈┈┈┈┈┈┈┈┈
[INFO] [stderr] 
[INFO] [stderr] ACTUAL OUTPUT:
[INFO] [stderr] ┈┈┈┈┈┈┈┈┈┈┈┈┈┈┈┈┈┈┈┈┈┈┈┈┈┈┈┈┈┈┈┈┈┈┈┈┈┈┈┈┈┈┈┈┈┈┈┈┈┈┈┈┈┈┈┈┈┈┈┈
[INFO] [stderr] error[E0277]: the trait bound `TestModule: HasComponent<(dyn DependencyTrait + 'static)>` is not satisfied
[INFO] [stderr]   --> $DIR/component_missing_dependency.rs:22:1
[INFO] [stderr]    |
[INFO] [stderr] 22 | / module! {
[INFO] [stderr] 23 | |     TestModule {
[INFO] [stderr] 24 | |         components = [ComponentImpl],
[INFO] [stderr] 25 | |         providers = []
[INFO] [stderr] 26 | |     }
[INFO] [stderr] 27 | | }
[INFO] [stderr]    | |_^ the trait `HasComponent<(dyn DependencyTrait + 'static)>` is not implemented for `TestModule`
[INFO] [stderr]    |
[INFO] [stderr]    = help: the following implementations were found:
[INFO] [stderr]              <TestModule as HasComponent<<ComponentImpl as shaku::Component<TestModule>>::Interface>>
[INFO] [stderr] note: required because of the requirements on the impl of `shaku::Component<TestModule>` for `ComponentImpl`
[INFO] [stderr]   --> $DIR/component_missing_dependency.rs:14:10
[INFO] [stderr]    |
[INFO] [stderr] 14 | #[derive(Component)]
[INFO] [stderr]    |          ^^^^^^^^^
[INFO] [stderr] 15 | #[shaku(interface = ComponentTrait)]
[INFO] [stderr] 16 | struct ComponentImpl {
[INFO] [stderr]    |        ^^^^^^^^^^^^^
[INFO] [stderr]    = note: this error originates in the macro `module` (in Nightly builds, run with -Z macro-backtrace for more info)
[INFO] [stderr] 
[INFO] [stderr] error[E0277]: the trait bound `TestModule: HasComponent<(dyn DependencyTrait + 'static)>` is not satisfied
[INFO] [stderr]   --> $DIR/component_missing_dependency.rs:22:1
[INFO] [stderr]    |
[INFO] [stderr] 22 | / module! {
[INFO] [stderr] 23 | |     TestModule {
[INFO] [stderr] 24 | |         components = [ComponentImpl],
[INFO] [stderr] 25 | |         providers = []
[INFO] [stderr] 26 | |     }
[INFO] [stderr] 27 | | }
[INFO] [stderr]    | |_^ the trait `HasComponent<(dyn DependencyTrait + 'static)>` is not implemented for `TestModule`
[INFO] [stderr]    |
[INFO] [stderr]   ::: $WORKSPACE/src/module/module_traits.rs
[INFO] [stderr]    |
[INFO] [stderr]    |   pub trait Module: ModuleInterface {
[INFO] [stderr]    |                     --------------- required by this bound in `Module`
[INFO] [stderr]    |
[INFO] [stderr]    = help: the following implementations were found:
[INFO] [stderr]              <TestModule as HasComponent<<ComponentImpl as shaku::Component<TestModule>>::Interface>>
[INFO] [stderr] note: required because of the requirements on the impl of `shaku::Component<TestModule>` for `ComponentImpl`
[INFO] [stderr]   --> $DIR/component_missing_dependency.rs:14:10
[INFO] [stderr]    |
[INFO] [stderr] 14 | #[derive(Component)]
[INFO] [stderr]    |          ^^^^^^^^^
[INFO] [stderr] 15 | #[shaku(interface = ComponentTrait)]
[INFO] [stderr] 16 | struct ComponentImpl {
[INFO] [stderr]    |        ^^^^^^^^^^^^^
[INFO] [stderr] note: required because it appears within the type `TestModule`
[INFO] [stderr]   --> $DIR/component_missing_dependency.rs:23:5
[INFO] [stderr]    |
[INFO] [stderr] 23 |     TestModule {
[INFO] [stderr]    |     ^^^^^^^^^^
[INFO] [stderr]    = note: this error originates in the macro `module` (in Nightly builds, run with -Z macro-backtrace for more info)
[INFO] [stderr] ┈┈┈┈┈┈┈┈┈┈┈┈┈┈┈┈┈┈┈┈┈┈┈┈┈┈┈┈┈┈┈┈┈┈┈┈┈┈┈┈┈┈┈┈┈┈┈┈┈┈┈┈┈┈┈┈┈┈┈┈
[INFO] [stderr] note: If the actual output is the correct output you can bless it by rerunning
[INFO] [stderr]       your test with the environment variable TRYBUILD=overwrite
[INFO] [stderr] 
[INFO] [stderr] test tests/ui/provider_missing_component_dependency.rs ... mismatch
[INFO] [stderr] 
[INFO] [stderr] EXPECTED:
[INFO] [stderr] ┈┈┈┈┈┈┈┈┈┈┈┈┈┈┈┈┈┈┈┈┈┈┈┈┈┈┈┈┈┈┈┈┈┈┈┈┈┈┈┈┈┈┈┈┈┈┈┈┈┈┈┈┈┈┈┈┈┈┈┈
[INFO] [stderr] error[E0277]: the trait bound `TestModule: HasComponent<(dyn DependencyTrait + 'static)>` is not satisfied
[INFO] [stderr]   --> $DIR/provider_missing_component_dependency.rs:22:1
[INFO] [stderr]    |
[INFO] [stderr] 22 | / module! {
[INFO] [stderr] 23 | |     TestModule {
[INFO] [stderr] 24 | |         components = [],
[INFO] [stderr] 25 | |         providers = [ProviderImpl]
[INFO] [stderr] 26 | |     }
[INFO] [stderr] 27 | | }
[INFO] [stderr]    | |_^ the trait `HasComponent<(dyn DependencyTrait + 'static)>` is not implemented for `TestModule`
[INFO] [stderr]    |
[INFO] [stderr]    = note: required because of the requirements on the impl of `Provider<TestModule>` for `ProviderImpl`
[INFO] [stderr]    = note: this error originates in a macro (in Nightly builds, run with -Z macro-backtrace for more info)
[INFO] [stderr] 
[INFO] [stderr] error[E0277]: the trait bound `TestModule: HasComponent<(dyn DependencyTrait + 'static)>` is not satisfied
[INFO] [stderr]   --> $DIR/provider_missing_component_dependency.rs:22:1
[INFO] [stderr]    |
[INFO] [stderr] 22 | / module! {
[INFO] [stderr] 23 | |     TestModule {
[INFO] [stderr] 24 | |         components = [],
[INFO] [stderr] 25 | |         providers = [ProviderImpl]
[INFO] [stderr] 26 | |     }
[INFO] [stderr] 27 | | }
[INFO] [stderr]    | |_^ the trait `HasComponent<(dyn DependencyTrait + 'static)>` is not implemented for `TestModule`
[INFO] [stderr]    |
[INFO] [stderr]   ::: $WORKSPACE/shaku/src/module/module_traits.rs
[INFO] [stderr]    |
[INFO] [stderr]    |   pub trait Module: ModuleInterface {
[INFO] [stderr]    |                     --------------- required by this bound in `Module`
[INFO] [stderr]    |
[INFO] [stderr]    = note: required because of the requirements on the impl of `Provider<TestModule>` for `ProviderImpl`
[INFO] [stderr]    = note: required because it appears within the type `TestModule`
[INFO] [stderr]    = note: this error originates in a macro (in Nightly builds, run with -Z macro-backtrace for more info)
[INFO] [stderr] ┈┈┈┈┈┈┈┈┈┈┈┈┈┈┈┈┈┈┈┈┈┈┈┈┈┈┈┈┈┈┈┈┈┈┈┈┈┈┈┈┈┈┈┈┈┈┈┈┈┈┈┈┈┈┈┈┈┈┈┈
[INFO] [stderr] 
[INFO] [stderr] ACTUAL OUTPUT:
[INFO] [stderr] ┈┈┈┈┈┈┈┈┈┈┈┈┈┈┈┈┈┈┈┈┈┈┈┈┈┈┈┈┈┈┈┈┈┈┈┈┈┈┈┈┈┈┈┈┈┈┈┈┈┈┈┈┈┈┈┈┈┈┈┈
[INFO] [stderr] error[E0277]: the trait bound `TestModule: HasComponent<(dyn DependencyTrait + 'static)>` is not satisfied
[INFO] [stderr]   --> $DIR/provider_missing_component_dependency.rs:22:1
[INFO] [stderr]    |
[INFO] [stderr] 22 | / module! {
[INFO] [stderr] 23 | |     TestModule {
[INFO] [stderr] 24 | |         components = [],
[INFO] [stderr] 25 | |         providers = [ProviderImpl]
[INFO] [stderr] 26 | |     }
[INFO] [stderr] 27 | | }
[INFO] [stderr]    | |_^ the trait `HasComponent<(dyn DependencyTrait + 'static)>` is not implemented for `TestModule`
[INFO] [stderr]    |
[INFO] [stderr] note: required because of the requirements on the impl of `Provider<TestModule>` for `ProviderImpl`
[INFO] [stderr]   --> $DIR/provider_missing_component_dependency.rs:14:10
[INFO] [stderr]    |
[INFO] [stderr] 14 | #[derive(Provider)]
[INFO] [stderr]    |          ^^^^^^^^
[INFO] [stderr] 15 | #[shaku(interface = ProviderTrait)]
[INFO] [stderr] 16 | struct ProviderImpl {
[INFO] [stderr]    |        ^^^^^^^^^^^^
[INFO] [stderr]    = note: this error originates in the macro `module` (in Nightly builds, run with -Z macro-backtrace for more info)
[INFO] [stderr] 
[INFO] [stderr] error[E0277]: the trait bound `TestModule: HasComponent<(dyn DependencyTrait + 'static)>` is not satisfied
[INFO] [stderr]   --> $DIR/provider_missing_component_dependency.rs:22:1
[INFO] [stderr]    |
[INFO] [stderr] 22 | / module! {
[INFO] [stderr] 23 | |     TestModule {
[INFO] [stderr] 24 | |         components = [],
[INFO] [stderr] 25 | |         providers = [ProviderImpl]
[INFO] [stderr] 26 | |     }
[INFO] [stderr] 27 | | }
[INFO] [stderr]    | |_^ the trait `HasComponent<(dyn DependencyTrait + 'static)>` is not implemented for `TestModule`
[INFO] [stderr]    |
[INFO] [stderr]   ::: $WORKSPACE/src/module/module_traits.rs
[INFO] [stderr]    |
[INFO] [stderr]    |   pub trait Module: ModuleInterface {
[INFO] [stderr]    |                     --------------- required by this bound in `Module`
[INFO] [stderr]    |
[INFO] [stderr] note: required because of the requirements on the impl of `Provider<TestModule>` for `ProviderImpl`
[INFO] [stderr]   --> $DIR/provider_missing_component_dependency.rs:14:10
[INFO] [stderr]    |
[INFO] [stderr] 14 | #[derive(Provider)]
[INFO] [stderr]    |          ^^^^^^^^
[INFO] [stderr] 15 | #[shaku(interface = ProviderTrait)]
[INFO] [stderr] 16 | struct ProviderImpl {
[INFO] [stderr]    |        ^^^^^^^^^^^^
[INFO] [stderr] note: required because it appears within the type `TestModule`
[INFO] [stderr]   --> $DIR/provider_missing_component_dependency.rs:23:5
[INFO] [stderr]    |
[INFO] [stderr] 23 |     TestModule {
[INFO] [stderr]    |     ^^^^^^^^^^
[INFO] [stderr]    = note: this error originates in the macro `module` (in Nightly builds, run with -Z macro-backtrace for more info)
[INFO] [stderr] ┈┈┈┈┈┈┈┈┈┈┈┈┈┈┈┈┈┈┈┈┈┈┈┈┈┈┈┈┈┈┈┈┈┈┈┈┈┈┈┈┈┈┈┈┈┈┈┈┈┈┈┈┈┈┈┈┈┈┈┈
[INFO] [stderr] note: If the actual output is the correct output you can bless it by rerunning
[INFO] [stderr]       your test with the environment variable TRYBUILD=overwrite
[INFO] [stderr] 
[INFO] [stderr] test tests/ui/provider_missing_provider_dependency.rs ... mismatch
[INFO] [stderr] 
[INFO] [stderr] EXPECTED:
[INFO] [stderr] ┈┈┈┈┈┈┈┈┈┈┈┈┈┈┈┈┈┈┈┈┈┈┈┈┈┈┈┈┈┈┈┈┈┈┈┈┈┈┈┈┈┈┈┈┈┈┈┈┈┈┈┈┈┈┈┈┈┈┈┈
[INFO] [stderr] error[E0277]: the trait bound `TestModule: HasProvider<(dyn DependencyTrait + 'static)>` is not satisfied
[INFO] [stderr]   --> $DIR/provider_missing_provider_dependency.rs:21:1
[INFO] [stderr]    |
[INFO] [stderr] 21 | / module! {
[INFO] [stderr] 22 | |     TestModule {
[INFO] [stderr] 23 | |         components = [],
[INFO] [stderr] 24 | |         providers = [ProviderImpl]
[INFO] [stderr] 25 | |     }
[INFO] [stderr] 26 | | }
[INFO] [stderr]    | |_^ the trait `HasProvider<(dyn DependencyTrait + 'static)>` is not implemented for `TestModule`
[INFO] [stderr]    |
[INFO] [stderr]    = help: the following implementations were found:
[INFO] [stderr]              <TestModule as HasProvider<<ProviderImpl as Provider<TestModule>>::Interface>>
[INFO] [stderr]    = note: required because of the requirements on the impl of `Provider<TestModule>` for `ProviderImpl`
[INFO] [stderr]    = note: this error originates in a macro (in Nightly builds, run with -Z macro-backtrace for more info)
[INFO] [stderr] 
[INFO] [stderr] error[E0277]: the trait bound `TestModule: HasProvider<(dyn DependencyTrait + 'static)>` is not satisfied
[INFO] [stderr]   --> $DIR/provider_missing_provider_dependency.rs:21:1
[INFO] [stderr]    |
[INFO] [stderr] 21 | / module! {
[INFO] [stderr] 22 | |     TestModule {
[INFO] [stderr] 23 | |         components = [],
[INFO] [stderr] 24 | |         providers = [ProviderImpl]
[INFO] [stderr] 25 | |     }
[INFO] [stderr] 26 | | }
[INFO] [stderr]    | |_^ the trait `HasProvider<(dyn DependencyTrait + 'static)>` is not implemented for `TestModule`
[INFO] [stderr]    |
[INFO] [stderr]   ::: $WORKSPACE/shaku/src/module/module_traits.rs
[INFO] [stderr]    |
[INFO] [stderr]    |   pub trait Module: ModuleInterface {
[INFO] [stderr]    |                     --------------- required by this bound in `Module`
[INFO] [stderr]    |
[INFO] [stderr]    = help: the following implementations were found:
[INFO] [stderr]              <TestModule as HasProvider<<ProviderImpl as Provider<TestModule>>::Interface>>
[INFO] [stderr]    = note: required because of the requirements on the impl of `Provider<TestModule>` for `ProviderImpl`
[INFO] [stderr]    = note: required because it appears within the type `TestModule`
[INFO] [stderr]    = note: this error originates in a macro (in Nightly builds, run with -Z macro-backtrace for more info)
[INFO] [stderr] ┈┈┈┈┈┈┈┈┈┈┈┈┈┈┈┈┈┈┈┈┈┈┈┈┈┈┈┈┈┈┈┈┈┈┈┈┈┈┈┈┈┈┈┈┈┈┈┈┈┈┈┈┈┈┈┈┈┈┈┈
[INFO] [stderr] 
[INFO] [stderr] ACTUAL OUTPUT:
[INFO] [stderr] ┈┈┈┈┈┈┈┈┈┈┈┈┈┈┈┈┈┈┈┈┈┈┈┈┈┈┈┈┈┈┈┈┈┈┈┈┈┈┈┈┈┈┈┈┈┈┈┈┈┈┈┈┈┈┈┈┈┈┈┈
[INFO] [stderr] error[E0277]: the trait bound `TestModule: HasProvider<(dyn DependencyTrait + 'static)>` is not satisfied
[INFO] [stderr]   --> $DIR/provider_missing_provider_dependency.rs:21:1
[INFO] [stderr]    |
[INFO] [stderr] 21 | / module! {
[INFO] [stderr] 22 | |     TestModule {
[INFO] [stderr] 23 | |         components = [],
[INFO] [stderr] 24 | |         providers = [ProviderImpl]
[INFO] [stderr] 25 | |     }
[INFO] [stderr] 26 | | }
[INFO] [stderr]    | |_^ the trait `HasProvider<(dyn DependencyTrait + 'static)>` is not implemented for `TestModule`
[INFO] [stderr]    |
[INFO] [stderr]    = help: the following implementations were found:
[INFO] [stderr]              <TestModule as HasProvider<<ProviderImpl as Provider<TestModule>>::Interface>>
[INFO] [stderr] note: required because of the requirements on the impl of `Provider<TestModule>` for `ProviderImpl`
[INFO] [stderr]   --> $DIR/provider_missing_provider_dependency.rs:13:10
[INFO] [stderr]    |
[INFO] [stderr] 13 | #[derive(Provider)]
[INFO] [stderr]    |          ^^^^^^^^
[INFO] [stderr] 14 | #[shaku(interface = ProviderTrait)]
[INFO] [stderr] 15 | struct ProviderImpl {
[INFO] [stderr]    |        ^^^^^^^^^^^^
[INFO] [stderr]    = note: this error originates in the macro `module` (in Nightly builds, run with -Z macro-backtrace for more info)
[INFO] [stderr] 
[INFO] [stderr] error[E0277]: the trait bound `TestModule: HasProvider<(dyn DependencyTrait + 'static)>` is not satisfied
[INFO] [stderr]   --> $DIR/provider_missing_provider_dependency.rs:21:1
[INFO] [stderr]    |
[INFO] [stderr] 21 | / module! {
[INFO] [stderr] 22 | |     TestModule {
[INFO] [stderr] 23 | |         components = [],
[INFO] [stderr] 24 | |         providers = [ProviderImpl]
[INFO] [stderr] 25 | |     }
[INFO] [stderr] 26 | | }
[INFO] [stderr]    | |_^ the trait `HasProvider<(dyn DependencyTrait + 'static)>` is not implemented for `TestModule`
[INFO] [stderr]    |
[INFO] [stderr]   ::: $WORKSPACE/src/module/module_traits.rs
[INFO] [stderr]    |
[INFO] [stderr]    |   pub trait Module: ModuleInterface {
[INFO] [stderr]    |                     --------------- required by this bound in `Module`
[INFO] [stderr]    |
[INFO] [stderr]    = help: the following implementations were found:
[INFO] [stderr]              <TestModule as HasProvider<<ProviderImpl as Provider<TestModule>>::Interface>>
[INFO] [stderr] note: required because of the requirements on the impl of `Provider<TestModule>` for `ProviderImpl`
[INFO] [stderr]   --> $DIR/provider_missing_provider_dependency.rs:13:10
[INFO] [stderr]    |
[INFO] [stderr] 13 | #[derive(Provider)]
[INFO] [stderr]    |          ^^^^^^^^
[INFO] [stderr] 14 | #[shaku(interface = ProviderTrait)]
[INFO] [stderr] 15 | struct ProviderImpl {
[INFO] [stderr]    |        ^^^^^^^^^^^^
[INFO] [stderr] note: required because it appears within the type `TestModule`
[INFO] [stderr]   --> $DIR/provider_missing_provider_dependency.rs:22:5
[INFO] [stderr]    |
[INFO] [stderr] 22 |     TestModule {
[INFO] [stderr]    |     ^^^^^^^^^^
[INFO] [stderr]    = note: this error originates in the macro `module` (in Nightly builds, run with -Z macro-backtrace for more info)
[INFO] [stderr] ┈┈┈┈┈┈┈┈┈┈┈┈┈┈┈┈┈┈┈┈┈┈┈┈┈┈┈┈┈┈┈┈┈┈┈┈┈┈┈┈┈┈┈┈┈┈┈┈┈┈┈┈┈┈┈┈┈┈┈┈
[INFO] [stderr] note: If the actual output is the correct output you can bless it by rerunning
[INFO] [stderr]       your test with the environment variable TRYBUILD=overwrite
[INFO] [stderr] 
[INFO] [stderr] test tests/ui/resolve_unregistered_component.rs ... ok
[INFO] [stderr] test tests/ui/resolve_unregistered_provider.rs ... ok
[INFO] [stderr] 
[INFO] [stderr] 
[INFO] [stdout] test compile_fail ... FAILED
[INFO] [stdout] 
[INFO] [stdout] failures:
[INFO] [stdout] 
[INFO] [stdout] ---- compile_fail stdout ----
[INFO] [stdout] thread 'compile_fail' panicked at '4 of 6 tests failed', /opt/rustwide/cargo-home/registry/src/github.com-1ecc6299db9ec823/trybuild-1.0.40/src/run.rs:57:13
[INFO] [stdout] stack backtrace:
[INFO] [stdout]    0:     0x557bd15f58a0 - std::backtrace_rs::backtrace::libunwind::trace::h34055254b57d8e79
[INFO] [stdout]                                at /rustc/a178d0322ce20e33eac124758e837cbd80a6f633/library/std/src/../../backtrace/src/backtrace/libunwind.rs:90:5
[INFO] [stdout]    1:     0x557bd15f58a0 - std::backtrace_rs::backtrace::trace_unsynchronized::h8f1e3fbd9afff6ec
[INFO] [stdout]                                at /rustc/a178d0322ce20e33eac124758e837cbd80a6f633/library/std/src/../../backtrace/src/backtrace/mod.rs:66:5
[INFO] [stdout]    2:     0x557bd15f58a0 - std::sys_common::backtrace::_print_fmt::h3a99a796b770c360
[INFO] [stdout]                                at /rustc/a178d0322ce20e33eac124758e837cbd80a6f633/library/std/src/sys_common/backtrace.rs:67:5
[INFO] [stdout]    3:     0x557bd15f58a0 - <std::sys_common::backtrace::_print::DisplayBacktrace as core::fmt::Display>::fmt::h32d1f94a80615d18
[INFO] [stdout]                                at /rustc/a178d0322ce20e33eac124758e837cbd80a6f633/library/std/src/sys_common/backtrace.rs:46:22
[INFO] [stdout]    4:     0x557bd161a82c - core::fmt::write::h306731c068f7162c
[INFO] [stdout]                                at /rustc/a178d0322ce20e33eac124758e837cbd80a6f633/library/core/src/fmt/mod.rs:1110:17
[INFO] [stdout]    5:     0x557bd15f1df5 - std::io::Write::write_fmt::h87f19b0a2cd190bc
[INFO] [stdout]                                at /rustc/a178d0322ce20e33eac124758e837cbd80a6f633/library/std/src/io/mod.rs:1588:15
[INFO] [stdout]    6:     0x557bd15f7bbb - std::sys_common::backtrace::_print::h5abaa2601a852287
[INFO] [stdout]                                at /rustc/a178d0322ce20e33eac124758e837cbd80a6f633/library/std/src/sys_common/backtrace.rs:49:5
[INFO] [stdout]    7:     0x557bd15f7bbb - std::sys_common::backtrace::print::h8d81445442bb638f
[INFO] [stdout]                                at /rustc/a178d0322ce20e33eac124758e837cbd80a6f633/library/std/src/sys_common/backtrace.rs:36:9
[INFO] [stdout]    8:     0x557bd15f7bbb - std::panicking::default_hook::{{closure}}::hcfe804496a9fa747
[INFO] [stdout]                                at /rustc/a178d0322ce20e33eac124758e837cbd80a6f633/library/std/src/panicking.rs:208:50
[INFO] [stdout]    9:     0x557bd15f76cc - std::panicking::default_hook::hbea8e3ccf2ba8901
[INFO] [stdout]                                at /rustc/a178d0322ce20e33eac124758e837cbd80a6f633/library/std/src/panicking.rs:222:9
[INFO] [stdout]   10:     0x557bd15f8284 - std::panicking::rust_panic_with_hook::h7ee9e1a2d0f8975a
[INFO] [stdout]                                at /rustc/a178d0322ce20e33eac124758e837cbd80a6f633/library/std/src/panicking.rs:622:17
[INFO] [stdout]   11:     0x557bd15f7d67 - std::panicking::begin_panic_handler::{{closure}}::h8ab3b4491718b2c7
[INFO] [stdout]                                at /rustc/a178d0322ce20e33eac124758e837cbd80a6f633/library/std/src/panicking.rs:519:13
[INFO] [stdout]   12:     0x557bd15f5d9c - std::sys_common::backtrace::__rust_end_short_backtrace::hd489062ffa586a9f
[INFO] [stdout]                                at /rustc/a178d0322ce20e33eac124758e837cbd80a6f633/library/std/src/sys_common/backtrace.rs:141:18
[INFO] [stdout]   13:     0x557bd15f7cc9 - rust_begin_unwind
[INFO] [stdout]                                at /rustc/a178d0322ce20e33eac124758e837cbd80a6f633/library/std/src/panicking.rs:515:5
[INFO] [stdout]   14:     0x557bd13a5f9b - std::panicking::begin_panic_fmt::h5479575e112541f8
[INFO] [stdout]                                at /rustc/a178d0322ce20e33eac124758e837cbd80a6f633/library/std/src/panicking.rs:457:5
[INFO] [stdout]   15:     0x557bd13f01e5 - trybuild::run::<impl trybuild::Runner>::run::hcfa840cc0e55be07
[INFO] [stdout]                                at /opt/rustwide/cargo-home/registry/src/github.com-1ecc6299db9ec823/trybuild-1.0.40/src/run.rs:57:13
[INFO] [stdout]   16:     0x557bd13f5ea2 - <trybuild::TestCases as core::ops::drop::Drop>::drop::hafeddb4e2641e787
[INFO] [stdout]                                at /opt/rustwide/cargo-home/registry/src/github.com-1ecc6299db9ec823/trybuild-1.0.40/src/lib.rs:306:13
[INFO] [stdout]   17:     0x557bd13a7df7 - core::ptr::drop_in_place<trybuild::TestCases>::h214ac02fbc25aeaf
[INFO] [stdout]                                at /rustc/a178d0322ce20e33eac124758e837cbd80a6f633/library/core/src/ptr/mod.rs:192:1
[INFO] [stdout]   18:     0x557bd13a8041 - shaku_ui::compile_fail::h22c28ca008cbf329
[INFO] [stdout]                                at /opt/rustwide/workdir/tests/shaku_ui.rs:6:1
[INFO] [stdout]   19:     0x557bd13a7ffa - shaku_ui::compile_fail::{{closure}}::h562aa9b619c2e5fd
[INFO] [stdout]                                at /opt/rustwide/workdir/tests/shaku_ui.rs:2:1
[INFO] [stdout]   20:     0x557bd13a7d3e - core::ops::function::FnOnce::call_once::h0750237170fd4f16
[INFO] [stdout]                                at /rustc/a178d0322ce20e33eac124758e837cbd80a6f633/library/core/src/ops/function.rs:227:5
[INFO] [stdout]   21:     0x557bd15cb1b3 - core::ops::function::FnOnce::call_once::h152e7e439ff59e19
[INFO] [stdout]                                at /rustc/a178d0322ce20e33eac124758e837cbd80a6f633/library/core/src/ops/function.rs:227:5
[INFO] [stdout]   22:     0x557bd15cb1b3 - test::__rust_begin_short_backtrace::h0908f3b1fdbb72ab
[INFO] [stdout]                                at /rustc/a178d0322ce20e33eac124758e837cbd80a6f633/library/test/src/lib.rs:577:5
[INFO] [stdout]   23:     0x557bd15c9c70 - <alloc::boxed::Box<F,A> as core::ops::function::FnOnce<Args>>::call_once::hf6d2a51e5587546c
[INFO] [stdout]                                at /rustc/a178d0322ce20e33eac124758e837cbd80a6f633/library/alloc/src/boxed.rs:1575:9
[INFO] [stdout]   24:     0x557bd15c9c70 - <std::panic::AssertUnwindSafe<F> as core::ops::function::FnOnce<()>>::call_once::h8af660f3a89ef593
[INFO] [stdout]                                at /rustc/a178d0322ce20e33eac124758e837cbd80a6f633/library/std/src/panic.rs:347:9
[INFO] [stdout]   25:     0x557bd15c9c70 - std::panicking::try::do_call::hd36aef60f84b6d36
[INFO] [stdout]                                at /rustc/a178d0322ce20e33eac124758e837cbd80a6f633/library/std/src/panicking.rs:401:40
[INFO] [stdout]   26:     0x557bd15c9c70 - std::panicking::try::h9932b4480e69817c
[INFO] [stdout]                                at /rustc/a178d0322ce20e33eac124758e837cbd80a6f633/library/std/src/panicking.rs:365:19
[INFO] [stdout]   27:     0x557bd15c9c70 - std::panic::catch_unwind::h6aa177099cfff5f8
[INFO] [stdout]                                at /rustc/a178d0322ce20e33eac124758e837cbd80a6f633/library/std/src/panic.rs:434:14
[INFO] [stdout]   28:     0x557bd15c9c70 - test::run_test_in_process::h5884d6f2d99e20c3
[INFO] [stdout]                                at /rustc/a178d0322ce20e33eac124758e837cbd80a6f633/library/test/src/lib.rs:600:18
[INFO] [stdout]   29:     0x557bd15c9c70 - test::run_test::run_test_inner::{{closure}}::h6fdc58c6d5f5b6e3
[INFO] [stdout]                                at /rustc/a178d0322ce20e33eac124758e837cbd80a6f633/library/test/src/lib.rs:492:39
[INFO] [stdout]   30:     0x557bd15a3322 - test::run_test::run_test_inner::{{closure}}::h408365d67a78ade8
[INFO] [stdout]                                at /rustc/a178d0322ce20e33eac124758e837cbd80a6f633/library/test/src/lib.rs:519:37
[INFO] [stdout]   31:     0x557bd15a3322 - std::sys_common::backtrace::__rust_begin_short_backtrace::hb560b77c4f701523
[INFO] [stdout]                                at /rustc/a178d0322ce20e33eac124758e837cbd80a6f633/library/std/src/sys_common/backtrace.rs:125:18
[INFO] [stdout]   32:     0x557bd15a6ed8 - std::thread::Builder::spawn_unchecked::{{closure}}::{{closure}}::hf2e7831dad93c597
[INFO] [stdout]                                at /rustc/a178d0322ce20e33eac124758e837cbd80a6f633/library/std/src/thread/mod.rs:481:17
[INFO] [stdout]   33:     0x557bd15a6ed8 - <std::panic::AssertUnwindSafe<F> as core::ops::function::FnOnce<()>>::call_once::hd2e08783d8be4d02
[INFO] [stdout]                                at /rustc/a178d0322ce20e33eac124758e837cbd80a6f633/library/std/src/panic.rs:347:9
[INFO] [stdout]   34:     0x557bd15a6ed8 - std::panicking::try::do_call::h062597b7acfd6b82
[INFO] [stdout]                                at /rustc/a178d0322ce20e33eac124758e837cbd80a6f633/library/std/src/panicking.rs:401:40
[INFO] [stdout]   35:     0x557bd15a6ed8 - std::panicking::try::h0d7b79db04c14552
[INFO] [stdout]                                at /rustc/a178d0322ce20e33eac124758e837cbd80a6f633/library/std/src/panicking.rs:365:19
[INFO] [stdout]   36:     0x557bd15a6ed8 - std::panic::catch_unwind::hb01a0b5e7c8cd43b
[INFO] [stdout]                                at /rustc/a178d0322ce20e33eac124758e837cbd80a6f633/library/std/src/panic.rs:434:14
[INFO] [stdout]   37:     0x557bd15a6ed8 - std::thread::Builder::spawn_unchecked::{{closure}}::h5bde48cc887e0d1e
[INFO] [stdout]                                at /rustc/a178d0322ce20e33eac124758e837cbd80a6f633/library/std/src/thread/mod.rs:480:30
[INFO] [stdout]   38:     0x557bd15a6ed8 - core::ops::function::FnOnce::call_once{{vtable.shim}}::h745ea30807a29e55
[INFO] [stdout]                                at /rustc/a178d0322ce20e33eac124758e837cbd80a6f633/library/core/src/ops/function.rs:227:5
[INFO] [stdout]   39:     0x557bd15fde87 - <alloc::boxed::Box<F,A> as core::ops::function::FnOnce<Args>>::call_once::h7ece6cfefaff1005
[INFO] [stdout]                                at /rustc/a178d0322ce20e33eac124758e837cbd80a6f633/library/alloc/src/boxed.rs:1575:9
[INFO] [stdout]   40:     0x557bd15fde87 - <alloc::boxed::Box<F,A> as core::ops::function::FnOnce<Args>>::call_once::hb8b48e55c21f193e
[INFO] [stdout]                                at /rustc/a178d0322ce20e33eac124758e837cbd80a6f633/library/alloc/src/boxed.rs:1575:9
[INFO] [stdout]   41:     0x557bd15fde87 - std::sys::unix::thread::Thread::new::thread_start::h8c7c4450dba62914
[INFO] [stdout]                                at /rustc/a178d0322ce20e33eac124758e837cbd80a6f633/library/std/src/sys/unix/thread.rs:71:17
[INFO] [stdout]   42:     0x7ff38177a609 - start_thread
[INFO] [stdout]   43:     0x7ff38154c293 - clone
[INFO] [stdout]   44:                0x0 - <unknown>
[INFO] [stdout] 
[INFO] [stdout] 
[INFO] [stdout] failures:
[INFO] [stdout]     compile_fail
[INFO] [stdout] 
[INFO] [stdout] test result: FAILED. 0 passed; 1 failed; 0 ignored; 0 measured; 0 filtered out; finished in 33.04s
[INFO] [stdout] 
[INFO] [stderr] error: test failed, to rerun pass '--test shaku_ui'
[INFO] running `Command { std: "docker" "inspect" "fdf2901bbce3cd6f22ae7380377ad5cff5f2d3a03ea937fd781de8fbac084480", kill_on_drop: false }`
[INFO] running `Command { std: "docker" "rm" "-f" "fdf2901bbce3cd6f22ae7380377ad5cff5f2d3a03ea937fd781de8fbac084480", kill_on_drop: false }`
[INFO] [stdout] fdf2901bbce3cd6f22ae7380377ad5cff5f2d3a03ea937fd781de8fbac084480
