[INFO] fetching crate sha1 0.6.0...
[INFO] testing sha1-0.6.0 against beta-2021-08-01 for beta-1.55-1
[INFO] extracting crate sha1 0.6.0 into /workspace/builds/worker-1/source
[INFO] validating manifest of crates.io crate sha1 0.6.0 on toolchain beta-2021-08-01
[INFO] running `Command { std: "/workspace/cargo-home/bin/cargo" "+beta-2021-08-01" "metadata" "--manifest-path" "Cargo.toml" "--no-deps", kill_on_drop: false }`
[INFO] started tweaking crates.io crate sha1 0.6.0
[INFO] finished tweaking crates.io crate sha1 0.6.0
[INFO] tweaked toml for crates.io crate sha1 0.6.0 written to /workspace/builds/worker-1/source/Cargo.toml
[INFO] running `Command { std: "/workspace/cargo-home/bin/cargo" "+beta-2021-08-01" "generate-lockfile" "--manifest-path" "Cargo.toml" "-Zno-index-update", kill_on_drop: false }`
[INFO] [stderr]     Blocking waiting for file lock on package cache
[INFO] running `Command { std: "/workspace/cargo-home/bin/cargo" "+beta-2021-08-01" "fetch" "--manifest-path" "Cargo.toml", kill_on_drop: false }`
[INFO] running `Command { std: "docker" "create" "-v" "/var/lib/crater-agent-workspace/builds/worker-1/target:/opt/rustwide/target:rw,Z" "-v" "/var/lib/crater-agent-workspace/builds/worker-1/source:/opt/rustwide/workdir:ro,Z" "-v" "/var/lib/crater-agent-workspace/cargo-home:/opt/rustwide/cargo-home:ro,Z" "-v" "/var/lib/crater-agent-workspace/rustup-home:/opt/rustwide/rustup-home:ro,Z" "-e" "SOURCE_DIR=/opt/rustwide/workdir" "-e" "CARGO_TARGET_DIR=/opt/rustwide/target" "-e" "CARGO_HOME=/opt/rustwide/cargo-home" "-e" "RUSTUP_HOME=/opt/rustwide/rustup-home" "-w" "/opt/rustwide/workdir" "-m" "1610612736" "--user" "0:0" "--network" "none" "ghcr.io/rust-lang/crates-build-env/linux@sha256:34b6a614d2c27851fe6cbf88fbd1137609cefab8b10d0615aaeb6fd47975d74e" "/opt/rustwide/cargo-home/bin/cargo" "+beta-2021-08-01" "metadata" "--no-deps" "--format-version=1", kill_on_drop: false }`
[INFO] [stderr] WARNING: Your kernel does not support swap limit capabilities or the cgroup is not mounted. Memory limited without swap.
[INFO] [stdout] 66a0fc966cfe6d81c433b174c95acaee5358f61aaab4fced527b4bdf938d7659
[INFO] running `Command { std: "docker" "start" "-a" "66a0fc966cfe6d81c433b174c95acaee5358f61aaab4fced527b4bdf938d7659", kill_on_drop: false }`
[INFO] running `Command { std: "docker" "inspect" "66a0fc966cfe6d81c433b174c95acaee5358f61aaab4fced527b4bdf938d7659", kill_on_drop: false }`
[INFO] running `Command { std: "docker" "rm" "-f" "66a0fc966cfe6d81c433b174c95acaee5358f61aaab4fced527b4bdf938d7659", kill_on_drop: false }`
[INFO] [stdout] 66a0fc966cfe6d81c433b174c95acaee5358f61aaab4fced527b4bdf938d7659
[INFO] running `Command { std: "docker" "create" "-v" "/var/lib/crater-agent-workspace/builds/worker-1/target:/opt/rustwide/target:rw,Z" "-v" "/var/lib/crater-agent-workspace/builds/worker-1/source:/opt/rustwide/workdir:ro,Z" "-v" "/var/lib/crater-agent-workspace/cargo-home:/opt/rustwide/cargo-home:ro,Z" "-v" "/var/lib/crater-agent-workspace/rustup-home:/opt/rustwide/rustup-home:ro,Z" "-e" "SOURCE_DIR=/opt/rustwide/workdir" "-e" "CARGO_TARGET_DIR=/opt/rustwide/target" "-e" "CARGO_INCREMENTAL=0" "-e" "RUST_BACKTRACE=full" "-e" "RUSTFLAGS=--cap-lints=warn" "-e" "CARGO_HOME=/opt/rustwide/cargo-home" "-e" "RUSTUP_HOME=/opt/rustwide/rustup-home" "-w" "/opt/rustwide/workdir" "-m" "1610612736" "--user" "0:0" "--network" "none" "ghcr.io/rust-lang/crates-build-env/linux@sha256:34b6a614d2c27851fe6cbf88fbd1137609cefab8b10d0615aaeb6fd47975d74e" "/opt/rustwide/cargo-home/bin/cargo" "+beta-2021-08-01" "build" "--frozen" "--message-format=json", kill_on_drop: false }`
[INFO] [stderr] WARNING: Your kernel does not support swap limit capabilities or the cgroup is not mounted. Memory limited without swap.
[INFO] [stdout] 9941d56ffc5579a66b9ba62239e37e0e7d99c66c95723eb4f9d33f04728d6e00
[INFO] running `Command { std: "docker" "start" "-a" "9941d56ffc5579a66b9ba62239e37e0e7d99c66c95723eb4f9d33f04728d6e00", kill_on_drop: false }`
[INFO] [stderr]    Compiling sha1 v0.6.0 (/opt/rustwide/workdir)
[INFO] [stdout] warning: use of deprecated macro `try`: use the `?` operator instead
[INFO] [stdout]    --> src/lib.rs:534:34
[INFO] [stdout]     |
[INFO] [stdout] 534 |             rv.data.state[idx] = try!(u32::from_str_radix(&s[idx * 8..idx * 8 + 8], 16)
[INFO] [stdout]     |                                  ^^^
[INFO] [stdout]     |
[INFO] [stdout]     = note: `#[warn(deprecated)]` on by default
[INFO] [stdout] 
[INFO] [stdout] 
[INFO] [stdout] warning: use of deprecated macro `try`: use the `?` operator instead
[INFO] [stdout]    --> src/lib.rs:544:13
[INFO] [stdout]     |
[INFO] [stdout] 544 |             try!(write!(f, "{:08x}", i));
[INFO] [stdout]     |             ^^^
[INFO] [stdout] 
[INFO] [stdout] 
[INFO] [stdout] warning: 2 warnings emitted
[INFO] [stdout] 
[INFO] [stdout] 
[INFO] [stderr]     Finished dev [unoptimized + debuginfo] target(s) in 1.20s
[INFO] running `Command { std: "docker" "inspect" "9941d56ffc5579a66b9ba62239e37e0e7d99c66c95723eb4f9d33f04728d6e00", kill_on_drop: false }`
[INFO] running `Command { std: "docker" "rm" "-f" "9941d56ffc5579a66b9ba62239e37e0e7d99c66c95723eb4f9d33f04728d6e00", kill_on_drop: false }`
[INFO] [stdout] 9941d56ffc5579a66b9ba62239e37e0e7d99c66c95723eb4f9d33f04728d6e00
[INFO] running `Command { std: "docker" "create" "-v" "/var/lib/crater-agent-workspace/builds/worker-1/target:/opt/rustwide/target:rw,Z" "-v" "/var/lib/crater-agent-workspace/builds/worker-1/source:/opt/rustwide/workdir:ro,Z" "-v" "/var/lib/crater-agent-workspace/cargo-home:/opt/rustwide/cargo-home:ro,Z" "-v" "/var/lib/crater-agent-workspace/rustup-home:/opt/rustwide/rustup-home:ro,Z" "-e" "SOURCE_DIR=/opt/rustwide/workdir" "-e" "CARGO_TARGET_DIR=/opt/rustwide/target" "-e" "CARGO_INCREMENTAL=0" "-e" "RUST_BACKTRACE=full" "-e" "RUSTFLAGS=--cap-lints=warn" "-e" "CARGO_HOME=/opt/rustwide/cargo-home" "-e" "RUSTUP_HOME=/opt/rustwide/rustup-home" "-w" "/opt/rustwide/workdir" "-m" "1610612736" "--user" "0:0" "--network" "none" "ghcr.io/rust-lang/crates-build-env/linux@sha256:34b6a614d2c27851fe6cbf88fbd1137609cefab8b10d0615aaeb6fd47975d74e" "/opt/rustwide/cargo-home/bin/cargo" "+beta-2021-08-01" "test" "--frozen" "--no-run" "--message-format=json", kill_on_drop: false }`
[INFO] [stdout] cf164098c55aecad801cbbfa0fb1321e05f570e8cecbd2612b7a784bf688a3e7
[INFO] [stderr] WARNING: Your kernel does not support swap limit capabilities or the cgroup is not mounted. Memory limited without swap.
[INFO] running `Command { std: "docker" "start" "-a" "cf164098c55aecad801cbbfa0fb1321e05f570e8cecbd2612b7a784bf688a3e7", kill_on_drop: false }`
[INFO] [stderr]    Compiling serde v1.0.127
[INFO] [stdout] warning: use of deprecated macro `try`: use the `?` operator instead
[INFO] [stdout]    --> src/lib.rs:534:34
[INFO] [stdout]     |
[INFO] [stdout] 534 |             rv.data.state[idx] = try!(u32::from_str_radix(&s[idx * 8..idx * 8 + 8], 16)
[INFO] [stdout]     |                                  ^^^
[INFO] [stdout]     |
[INFO] [stdout]     = note: `#[warn(deprecated)]` on by default
[INFO] [stdout] 
[INFO] [stdout] 
[INFO] [stdout] warning: use of deprecated macro `try`: use the `?` operator instead
[INFO] [stdout]    --> src/lib.rs:544:13
[INFO] [stdout]     |
[INFO] [stdout] 544 |             try!(write!(f, "{:08x}", i));
[INFO] [stdout]     |             ^^^
[INFO] [stdout] 
[INFO] [stdout] 
[INFO] [stdout] warning: 2 warnings emitted
[INFO] [stdout] 
[INFO] [stdout] 
[INFO] [stderr]    Compiling serde_json v1.0.66
[INFO] [stderr]    Compiling sha1 v0.6.0 (/opt/rustwide/workdir)
[INFO] [stdout] warning: use of deprecated macro `try`: use the `?` operator instead
[INFO] [stdout]    --> src/lib.rs:534:34
[INFO] [stdout]     |
[INFO] [stdout] 534 |             rv.data.state[idx] = try!(u32::from_str_radix(&s[idx * 8..idx * 8 + 8], 16)
[INFO] [stdout]     |                                  ^^^
[INFO] [stdout]     |
[INFO] [stdout]     = note: `#[warn(deprecated)]` on by default
[INFO] [stdout] 
[INFO] [stdout] 
[INFO] [stdout] warning: use of deprecated macro `try`: use the `?` operator instead
[INFO] [stdout]    --> src/lib.rs:544:13
[INFO] [stdout]     |
[INFO] [stdout] 544 |             try!(write!(f, "{:08x}", i));
[INFO] [stdout]     |             ^^^
[INFO] [stdout] 
[INFO] [stdout] 
[INFO] [stdout] warning: 2 warnings emitted
[INFO] [stdout] 
[INFO] [stdout] 
[INFO] [stderr]     Finished test [unoptimized + debuginfo] target(s) in 7.92s
[INFO] running `Command { std: "docker" "inspect" "cf164098c55aecad801cbbfa0fb1321e05f570e8cecbd2612b7a784bf688a3e7", kill_on_drop: false }`
[INFO] running `Command { std: "docker" "rm" "-f" "cf164098c55aecad801cbbfa0fb1321e05f570e8cecbd2612b7a784bf688a3e7", kill_on_drop: false }`
[INFO] [stdout] cf164098c55aecad801cbbfa0fb1321e05f570e8cecbd2612b7a784bf688a3e7
[INFO] running `Command { std: "docker" "create" "-v" "/var/lib/crater-agent-workspace/builds/worker-1/target:/opt/rustwide/target:rw,Z" "-v" "/var/lib/crater-agent-workspace/builds/worker-1/source:/opt/rustwide/workdir:ro,Z" "-v" "/var/lib/crater-agent-workspace/cargo-home:/opt/rustwide/cargo-home:ro,Z" "-v" "/var/lib/crater-agent-workspace/rustup-home:/opt/rustwide/rustup-home:ro,Z" "-e" "SOURCE_DIR=/opt/rustwide/workdir" "-e" "CARGO_TARGET_DIR=/opt/rustwide/target" "-e" "CARGO_INCREMENTAL=0" "-e" "RUST_BACKTRACE=full" "-e" "RUSTFLAGS=--cap-lints=warn" "-e" "CARGO_HOME=/opt/rustwide/cargo-home" "-e" "RUSTUP_HOME=/opt/rustwide/rustup-home" "-w" "/opt/rustwide/workdir" "-m" "1610612736" "--user" "0:0" "--network" "none" "ghcr.io/rust-lang/crates-build-env/linux@sha256:34b6a614d2c27851fe6cbf88fbd1137609cefab8b10d0615aaeb6fd47975d74e" "/opt/rustwide/cargo-home/bin/cargo" "+beta-2021-08-01" "test" "--frozen", kill_on_drop: false }`
[INFO] [stdout] 654ec06842ed781d7a245a275bed878152f5246df54b2c11c21351cfba294c39
[INFO] [stderr] WARNING: Your kernel does not support swap limit capabilities or the cgroup is not mounted. Memory limited without swap.
[INFO] running `Command { std: "docker" "start" "-a" "654ec06842ed781d7a245a275bed878152f5246df54b2c11c21351cfba294c39", kill_on_drop: false }`
[INFO] [stderr] warning: use of deprecated macro `try`: use the `?` operator instead
[INFO] [stderr]    --> src/lib.rs:534:34
[INFO] [stderr]     |
[INFO] [stderr] 534 |             rv.data.state[idx] = try!(u32::from_str_radix(&s[idx * 8..idx * 8 + 8], 16)
[INFO] [stderr]     |                                  ^^^
[INFO] [stderr]     |
[INFO] [stderr]     = note: `#[warn(deprecated)]` on by default
[INFO] [stderr] 
[INFO] [stderr] warning: use of deprecated macro `try`: use the `?` operator instead
[INFO] [stderr]    --> src/lib.rs:544:13
[INFO] [stderr]     |
[INFO] [stderr] 544 |             try!(write!(f, "{:08x}", i));
[INFO] [stderr]     |             ^^^
[INFO] [stderr] 
[INFO] [stderr] warning: `sha1` (lib) generated 2 warnings
[INFO] [stderr] warning: `sha1` (lib test) generated 2 warnings (2 duplicates)
[INFO] [stderr]     Finished test [unoptimized + debuginfo] target(s) in 0.02s
[INFO] [stderr]      Running unittests (/opt/rustwide/target/debug/deps/sha1-dc9fe9730c88ff31)
[INFO] [stdout] 
[INFO] [stdout] running 5 tests
[INFO] [stdout] test tests::test_shortcuts ... ok
[INFO] [stdout] test tests::test_simple ... ok
[INFO] [stdout] test tests::test_multiple_updates ... ok
[INFO] [stdout] test tests::test_sha1_loop ... ok
[INFO] [stdout] test tests::spray_and_pray ... ok
[INFO] [stdout] 
[INFO] [stdout] test result: ok. 5 passed; 0 failed; 0 ignored; 0 measured; 0 filtered out; finished in 0.04s
[INFO] [stdout] 
[INFO] [stderr]    Doc-tests sha1
[INFO] [stdout] 
[INFO] [stdout] running 2 tests
[INFO] [stdout] test src/lib.rs - (line 26) ... FAILED
[INFO] [stdout] test src/lib.rs - (line 12) ... ok
[INFO] [stdout] 
[INFO] [stdout] failures:
[INFO] [stdout] 
[INFO] [stdout] ---- src/lib.rs - (line 26) stdout ----
[INFO] [stdout] error[E0599]: no method named `hexdigest` found for struct `Sha1` in the current scope
[INFO] [stdout]  --> src/lib.rs:29:45
[INFO] [stdout]   |
[INFO] [stdout] 4 | assert_eq!(sha1::Sha1::from("Hello World!").hexdigest(),
[INFO] [stdout]   |                                             ^^^^^^^^^ help: there is an associated function with a similar name: `digest`
[INFO] [stdout] 
[INFO] [stdout] error: aborting due to previous error
[INFO] [stdout] 
[INFO] [stdout] For more information about this error, try `rustc --explain E0599`.
[INFO] [stdout] Couldn't compile the test.
[INFO] [stdout] 
[INFO] [stdout] failures:
[INFO] [stdout]     src/lib.rs - (line 26)
[INFO] [stdout] 
[INFO] [stdout] test result: FAILED. 1 passed; 1 failed; 0 ignored; 0 measured; 0 filtered out; finished in 0.43s
[INFO] [stdout] 
[INFO] [stderr] error: test failed, to rerun pass '--doc'
[INFO] running `Command { std: "docker" "inspect" "654ec06842ed781d7a245a275bed878152f5246df54b2c11c21351cfba294c39", kill_on_drop: false }`
[INFO] running `Command { std: "docker" "rm" "-f" "654ec06842ed781d7a245a275bed878152f5246df54b2c11c21351cfba294c39", kill_on_drop: false }`
[INFO] [stdout] 654ec06842ed781d7a245a275bed878152f5246df54b2c11c21351cfba294c39
