[INFO] fetching crate sfz 0.6.1...
[INFO] testing sfz-0.6.1 against beta-2021-08-01 for beta-1.55-1
[INFO] extracting crate sfz 0.6.1 into /workspace/builds/worker-1/source
[INFO] validating manifest of crates.io crate sfz 0.6.1 on toolchain beta-2021-08-01
[INFO] running `Command { std: "/workspace/cargo-home/bin/cargo" "+beta-2021-08-01" "metadata" "--manifest-path" "Cargo.toml" "--no-deps", kill_on_drop: false }`
[INFO] started tweaking crates.io crate sfz 0.6.1
[INFO] finished tweaking crates.io crate sfz 0.6.1
[INFO] tweaked toml for crates.io crate sfz 0.6.1 written to /workspace/builds/worker-1/source/Cargo.toml
[INFO] crate crates.io crate sfz 0.6.1 already has a lockfile, it will not be regenerated
[INFO] running `Command { std: "/workspace/cargo-home/bin/cargo" "+beta-2021-08-01" "fetch" "--manifest-path" "Cargo.toml", kill_on_drop: false }`
[INFO] [stderr]  Downloading crates ...
[INFO] [stderr]   Downloaded unic-segment v0.9.0
[INFO] [stderr]   Downloaded unic-ucd-segment v0.9.0
[INFO] [stderr]   Downloaded tera v1.12.0
[INFO] running `Command { std: "docker" "create" "-v" "/var/lib/crater-agent-workspace/builds/worker-1/target:/opt/rustwide/target:rw,Z" "-v" "/var/lib/crater-agent-workspace/builds/worker-1/source:/opt/rustwide/workdir:ro,Z" "-v" "/var/lib/crater-agent-workspace/cargo-home:/opt/rustwide/cargo-home:ro,Z" "-v" "/var/lib/crater-agent-workspace/rustup-home:/opt/rustwide/rustup-home:ro,Z" "-e" "SOURCE_DIR=/opt/rustwide/workdir" "-e" "CARGO_TARGET_DIR=/opt/rustwide/target" "-e" "CARGO_HOME=/opt/rustwide/cargo-home" "-e" "RUSTUP_HOME=/opt/rustwide/rustup-home" "-w" "/opt/rustwide/workdir" "-m" "1610612736" "--user" "0:0" "--network" "none" "ghcr.io/rust-lang/crates-build-env/linux@sha256:34b6a614d2c27851fe6cbf88fbd1137609cefab8b10d0615aaeb6fd47975d74e" "/opt/rustwide/cargo-home/bin/cargo" "+beta-2021-08-01" "metadata" "--no-deps" "--format-version=1", kill_on_drop: false }`
[INFO] [stderr] WARNING: Your kernel does not support swap limit capabilities or the cgroup is not mounted. Memory limited without swap.
[INFO] [stdout] 8420f209fdc9837628637bcab29a3386d3d6dc56d6db024cf44f5c24c98cfe1e
[INFO] running `Command { std: "docker" "start" "-a" "8420f209fdc9837628637bcab29a3386d3d6dc56d6db024cf44f5c24c98cfe1e", kill_on_drop: false }`
[INFO] running `Command { std: "docker" "inspect" "8420f209fdc9837628637bcab29a3386d3d6dc56d6db024cf44f5c24c98cfe1e", kill_on_drop: false }`
[INFO] running `Command { std: "docker" "rm" "-f" "8420f209fdc9837628637bcab29a3386d3d6dc56d6db024cf44f5c24c98cfe1e", kill_on_drop: false }`
[INFO] [stdout] 8420f209fdc9837628637bcab29a3386d3d6dc56d6db024cf44f5c24c98cfe1e
[INFO] running `Command { std: "docker" "create" "-v" "/var/lib/crater-agent-workspace/builds/worker-1/target:/opt/rustwide/target:rw,Z" "-v" "/var/lib/crater-agent-workspace/builds/worker-1/source:/opt/rustwide/workdir:ro,Z" "-v" "/var/lib/crater-agent-workspace/cargo-home:/opt/rustwide/cargo-home:ro,Z" "-v" "/var/lib/crater-agent-workspace/rustup-home:/opt/rustwide/rustup-home:ro,Z" "-e" "SOURCE_DIR=/opt/rustwide/workdir" "-e" "CARGO_TARGET_DIR=/opt/rustwide/target" "-e" "CARGO_INCREMENTAL=0" "-e" "RUST_BACKTRACE=full" "-e" "RUSTFLAGS=--cap-lints=warn" "-e" "CARGO_HOME=/opt/rustwide/cargo-home" "-e" "RUSTUP_HOME=/opt/rustwide/rustup-home" "-w" "/opt/rustwide/workdir" "-m" "1610612736" "--user" "0:0" "--network" "none" "ghcr.io/rust-lang/crates-build-env/linux@sha256:34b6a614d2c27851fe6cbf88fbd1137609cefab8b10d0615aaeb6fd47975d74e" "/opt/rustwide/cargo-home/bin/cargo" "+beta-2021-08-01" "build" "--frozen" "--message-format=json", kill_on_drop: false }`
[INFO] [stdout] 7304012556f181f45e4a7e93310cd0cf32ca637b02a70ddf07fd7ac312374b16
[INFO] [stderr] WARNING: Your kernel does not support swap limit capabilities or the cgroup is not mounted. Memory limited without swap.
[INFO] running `Command { std: "docker" "start" "-a" "7304012556f181f45e4a7e93310cd0cf32ca637b02a70ddf07fd7ac312374b16", kill_on_drop: false }`
[INFO] [stderr]     Blocking waiting for file lock on package cache
[INFO] [stderr]    Compiling cfg-if v1.0.0
[INFO] [stderr]    Compiling syn v1.0.73
[INFO] [stderr]    Compiling fnv v1.0.7
[INFO] [stderr]    Compiling itoa v0.4.7
[INFO] [stderr]    Compiling lazy_static v1.4.0
[INFO] [stderr]    Compiling regex-syntax v0.6.25
[INFO] [stderr]    Compiling futures-core v0.3.15
[INFO] [stderr]    Compiling pin-project-lite v0.2.7
[INFO] [stderr]    Compiling bytes v1.0.1
[INFO] [stderr]    Compiling same-file v1.0.6
[INFO] [stderr]    Compiling unic-char-range v0.9.0
[INFO] [stderr]    Compiling unic-common v0.9.0
[INFO] [stderr]    Compiling futures-task v0.3.15
[INFO] [stderr]    Compiling once_cell v1.8.0
[INFO] [stderr]    Compiling alloc-no-stdlib v2.0.1
[INFO] [stderr]    Compiling ppv-lite86 v0.2.10
[INFO] [stderr]    Compiling adler v1.0.2
[INFO] [stderr]    Compiling mime v0.3.16
[INFO] [stderr]    Compiling percent-encoding v2.1.0
[INFO] [stderr]    Compiling ucd-trie v0.1.3
[INFO] [stderr]    Compiling opaque-debug v0.3.0
[INFO] [stderr]    Compiling deunicode v0.4.3
[INFO] [stderr]    Compiling cpufeatures v0.1.5
[INFO] [stderr]    Compiling unicode-width v0.1.8
[INFO] [stderr]    Compiling try-lock v0.2.3
[INFO] [stderr]    Compiling pin-utils v0.1.0
[INFO] [stderr]    Compiling httpdate v1.0.1
[INFO] [stderr]    Compiling tower-service v0.3.1
[INFO] [stderr]    Compiling byteorder v1.4.3
[INFO] [stderr]    Compiling humansize v1.1.1
[INFO] [stderr]    Compiling base64 v0.13.0
[INFO] [stderr]    Compiling futures-util v0.3.15
[INFO] [stderr]    Compiling tokio v1.8.1
[INFO] [stderr]    Compiling tracing-core v0.1.18
[INFO] [stderr]    Compiling unic-char-property v0.9.0
[INFO] [stderr]    Compiling unic-ucd-version v0.9.0
[INFO] [stderr]    Compiling walkdir v2.3.2
[INFO] [stderr]    Compiling alloc-stdlib v0.2.1
[INFO] [stderr]    Compiling thread_local v1.1.3
[INFO] [stderr]    Compiling textwrap v0.11.0
[INFO] [stderr]    Compiling qstring v0.7.2
[INFO] [stderr]    Compiling slug v0.1.4
[INFO] [stderr]    Compiling pest v2.1.3
[INFO] [stderr]    Compiling libc v0.2.98
[INFO] [stderr]    Compiling memchr v2.4.0
[INFO] [stderr]    Compiling log v0.4.14
[INFO] [stderr]    Compiling typenum v1.13.0
[INFO] [stderr]    Compiling bitflags v1.2.1
[INFO] [stderr]    Compiling crossbeam-utils v0.8.5
[INFO] [stderr]    Compiling ryu v1.0.5
[INFO] [stderr]    Compiling crc32fast v1.2.1
[INFO] [stderr]    Compiling httparse v1.4.1
[INFO] [stderr]    Compiling unic-ucd-segment v0.9.0
[INFO] [stderr]    Compiling http v0.2.4
[INFO] [stderr]    Compiling brotli-decompressor v2.3.1
[INFO] [stderr]    Compiling num-traits v0.2.14
[INFO] [stderr]    Compiling miniz_oxide v0.4.4
[INFO] [stderr]    Compiling unicase v2.6.0
[INFO] [stderr]    Compiling clap v2.33.3
[INFO] [stderr]    Compiling want v0.3.0
[INFO] [stderr]    Compiling tracing v0.1.26
[INFO] [stderr]    Compiling aho-corasick v0.7.18
[INFO] [stderr]    Compiling bstr v0.2.16
[INFO] [stderr]    Compiling futures-channel v0.3.15
[INFO] [stderr]    Compiling getrandom v0.2.3
[INFO] [stderr]    Compiling time v0.1.43
[INFO] [stderr]    Compiling mio v0.7.13
[INFO] [stderr]    Compiling socket2 v0.4.0
[INFO] [stderr]    Compiling unic-segment v0.9.0
[INFO] [stderr]    Compiling generic-array v0.14.4
[INFO] [stderr]    Compiling parse-zoneinfo v0.3.0
[INFO] [stderr]    Compiling flate2 v1.0.20
[INFO] [stderr]    Compiling rand_core v0.6.3
[INFO] [stderr]    Compiling num-integer v0.1.44
[INFO] [stderr]    Compiling mime_guess v2.0.3
[INFO] [stderr]    Compiling digest v0.9.0
[INFO] [stderr]    Compiling block-buffer v0.9.0
[INFO] [stderr]    Compiling rand_chacha v0.3.1
[INFO] [stderr]    Compiling sha-1 v0.9.6
[INFO] [stderr]    Compiling regex v1.5.4
[INFO] [stderr]    Compiling chrono v0.4.19
[INFO] [stderr]    Compiling brotli v3.3.0
[INFO] [stderr]    Compiling rand v0.8.4
[INFO] [stderr]    Compiling http-body v0.4.2
[INFO] [stderr]    Compiling headers-core v0.2.0
[INFO] [stderr]    Compiling headers v0.3.4
[INFO] [stderr]    Compiling chrono-tz v0.5.3
[INFO] [stderr]    Compiling globset v0.4.8
[INFO] [stderr]    Compiling ignore v0.4.18
[INFO] [stderr]    Compiling pest_generator v2.1.3
[INFO] [stderr]    Compiling globwalk v0.8.1
[INFO] [stderr]    Compiling serde_derive v1.0.126
[INFO] [stderr]    Compiling tokio-macros v1.3.0
[INFO] [stderr]    Compiling thiserror-impl v1.0.26
[INFO] [stderr]    Compiling pest_derive v2.1.0
[INFO] [stderr]    Compiling thiserror v1.0.26
[INFO] [stderr]    Compiling zip v0.5.13
[INFO] [stderr]    Compiling serde v1.0.126
[INFO] [stderr]    Compiling hyper v0.14.10
[INFO] [stderr]    Compiling serde_json v1.0.64
[INFO] [stderr]    Compiling tera v1.12.0
[INFO] [stderr]    Compiling sfz v0.6.1 (/opt/rustwide/workdir)
[INFO] [stderr]     Finished dev [unoptimized + debuginfo] target(s) in 2m 20s
[INFO] running `Command { std: "docker" "inspect" "7304012556f181f45e4a7e93310cd0cf32ca637b02a70ddf07fd7ac312374b16", kill_on_drop: false }`
[INFO] running `Command { std: "docker" "rm" "-f" "7304012556f181f45e4a7e93310cd0cf32ca637b02a70ddf07fd7ac312374b16", kill_on_drop: false }`
[INFO] [stdout] 7304012556f181f45e4a7e93310cd0cf32ca637b02a70ddf07fd7ac312374b16
[INFO] running `Command { std: "docker" "create" "-v" "/var/lib/crater-agent-workspace/builds/worker-1/target:/opt/rustwide/target:rw,Z" "-v" "/var/lib/crater-agent-workspace/builds/worker-1/source:/opt/rustwide/workdir:ro,Z" "-v" "/var/lib/crater-agent-workspace/cargo-home:/opt/rustwide/cargo-home:ro,Z" "-v" "/var/lib/crater-agent-workspace/rustup-home:/opt/rustwide/rustup-home:ro,Z" "-e" "SOURCE_DIR=/opt/rustwide/workdir" "-e" "CARGO_TARGET_DIR=/opt/rustwide/target" "-e" "CARGO_INCREMENTAL=0" "-e" "RUST_BACKTRACE=full" "-e" "RUSTFLAGS=--cap-lints=warn" "-e" "CARGO_HOME=/opt/rustwide/cargo-home" "-e" "RUSTUP_HOME=/opt/rustwide/rustup-home" "-w" "/opt/rustwide/workdir" "-m" "1610612736" "--user" "0:0" "--network" "none" "ghcr.io/rust-lang/crates-build-env/linux@sha256:34b6a614d2c27851fe6cbf88fbd1137609cefab8b10d0615aaeb6fd47975d74e" "/opt/rustwide/cargo-home/bin/cargo" "+beta-2021-08-01" "test" "--frozen" "--no-run" "--message-format=json", kill_on_drop: false }`
[INFO] [stdout] 267f77c08269631e9be4f25b064364333e4818ec217ac39c61ede0cd77b7d656
[INFO] [stderr] WARNING: Your kernel does not support swap limit capabilities or the cgroup is not mounted. Memory limited without swap.
[INFO] running `Command { std: "docker" "start" "-a" "267f77c08269631e9be4f25b064364333e4818ec217ac39c61ede0cd77b7d656", kill_on_drop: false }`
[INFO] [stderr]    Compiling remove_dir_all v0.5.3
[INFO] [stderr]    Compiling tempfile v3.2.0
[INFO] [stderr]    Compiling sfz v0.6.1 (/opt/rustwide/workdir)
[INFO] [stderr]     Finished test [unoptimized + debuginfo] target(s) in 11.50s
[INFO] running `Command { std: "docker" "inspect" "267f77c08269631e9be4f25b064364333e4818ec217ac39c61ede0cd77b7d656", kill_on_drop: false }`
[INFO] running `Command { std: "docker" "rm" "-f" "267f77c08269631e9be4f25b064364333e4818ec217ac39c61ede0cd77b7d656", kill_on_drop: false }`
[INFO] [stdout] 267f77c08269631e9be4f25b064364333e4818ec217ac39c61ede0cd77b7d656
[INFO] running `Command { std: "docker" "create" "-v" "/var/lib/crater-agent-workspace/builds/worker-1/target:/opt/rustwide/target:rw,Z" "-v" "/var/lib/crater-agent-workspace/builds/worker-1/source:/opt/rustwide/workdir:ro,Z" "-v" "/var/lib/crater-agent-workspace/cargo-home:/opt/rustwide/cargo-home:ro,Z" "-v" "/var/lib/crater-agent-workspace/rustup-home:/opt/rustwide/rustup-home:ro,Z" "-e" "SOURCE_DIR=/opt/rustwide/workdir" "-e" "CARGO_TARGET_DIR=/opt/rustwide/target" "-e" "CARGO_INCREMENTAL=0" "-e" "RUST_BACKTRACE=full" "-e" "RUSTFLAGS=--cap-lints=warn" "-e" "CARGO_HOME=/opt/rustwide/cargo-home" "-e" "RUSTUP_HOME=/opt/rustwide/rustup-home" "-w" "/opt/rustwide/workdir" "-m" "1610612736" "--user" "0:0" "--network" "none" "ghcr.io/rust-lang/crates-build-env/linux@sha256:34b6a614d2c27851fe6cbf88fbd1137609cefab8b10d0615aaeb6fd47975d74e" "/opt/rustwide/cargo-home/bin/cargo" "+beta-2021-08-01" "test" "--frozen", kill_on_drop: false }`
[INFO] [stdout] 59a8351d62b94ca77705dbaa9ab05388798dcbad49334882762950f1f4ef245d
[INFO] [stderr] WARNING: Your kernel does not support swap limit capabilities or the cgroup is not mounted. Memory limited without swap.
[INFO] running `Command { std: "docker" "start" "-a" "59a8351d62b94ca77705dbaa9ab05388798dcbad49334882762950f1f4ef245d", kill_on_drop: false }`
[INFO] [stderr]     Finished test [unoptimized + debuginfo] target(s) in 0.12s
[INFO] [stderr]      Running unittests (/opt/rustwide/target/debug/deps/sfz-02236ce850cc3ecf)
[INFO] [stdout] 
[INFO] [stdout] running 73 tests
[INFO] [stdout] test cli::args::t::parse_default ... ok
[INFO] [stdout] test cli::args::t::parse_relative_path ... ok
[INFO] [stdout] test cli::args::t::parse_addresses ... ok
[INFO] [stdout] test extensions::t_extensions::path_filename_str ... ok
[INFO] [stdout] test extensions::t_extensions::path_mtime ... ignored
[INFO] [stdout] test extensions::t_extensions::mime_is_compressed ... ok
[INFO] [stdout] test cli::app::t::get_matches ... ok
[INFO] [stdout] test cli::args::t::parse_absolute_path ... ok
[INFO] [stdout] test http::conditional_requests::t_precondition::failed_with_if_match_not_passes ... ok
[INFO] [stdout] test extensions::t_extensions::system_time_to_timestamp ... ok
[INFO] [stdout] test extensions::t_extensions::path_mime ... ok
[INFO] [stdout] test http::conditional_requests::t_fresh::only_if_modified_since ... ok
[INFO] [stdout] test http::conditional_requests::t_fresh::no_precondition_header_fields ... ok
[INFO] [stdout] test http::conditional_requests::t_precondition::with_if_match_passes ... ok
[INFO] [stdout] test extensions::t_extensions::path_is_not_relatively_hidden ... ok
[INFO] [stdout] test http::content_encoding::t_prior::filter_out_zero_quality ... ok
[INFO] [stdout] test http::content_encoding::t_parse_qvalue::parse_successfully ... ok
[INFO] [stdout] test http::content_encoding::t_compress::failed ... ok
[INFO] [stdout] test http::content_encoding::t_prior::pick_highest_priority ... ok
[INFO] [stdout] test extensions::t_extensions::path_is_relatively_hidden ... ok
[INFO] [stdout] test extensions::t_extensions::path_size ... ok
[INFO] [stdout] test http::conditional_requests::t_fresh::if_none_match_precedes_if_modified_since ... ok
[INFO] [stdout] test http::conditional_requests::t_precondition::ok_without_any_precondition ... ok
[INFO] [stdout] test http::conditional_requests::t_precondition::failed_with_if_unmodified_since_not_passes ... ok
[INFO] [stdout] test http::content_encoding::t_prior::with_unsupported_encoding ... ok
[INFO] [stdout] test http::conditional_requests::t_precondition::with_if_unmodified_since_passes ... ok
[INFO] [stdout] test http::content_encoding::t_sort::same_qualities ... ok
[INFO] [stdout] test http::content_encoding::t_sort::second_item_with_greater_quality ... ok
[INFO] [stdout] test http::range_requests::t_range::no_if_range_header ... ok
[INFO] [stdout] test http::range_requests::t_range::no_range_header ... ok
[INFO] [stdout] test server::res::t::response_404 ... ok
[INFO] [stdout] test server::res::t::response_403 ... ok
[INFO] [stdout] test http::range_requests::t_satisfiable::one_unsatisfiable_byte_range ... ok
[INFO] [stdout] test server::res::t::response_412 ... ok
[INFO] [stdout] test server::res::t::response_500 ... ok
[INFO] [stdout] test http::content_encoding::t_compress::compressed ... ok
[INFO] [stdout] test server::send::t_send::t_send_dir ... ignored
[INFO] [stdout] test http::range_requests::t_satisfiable::zero_byte_range ... ok
[INFO] [stdout] test http::range_requests::t_range::strong_validator ... ok
[INFO] [stdout] test server::res::t::response_304 ... ok
[INFO] [stdout] test http::range_requests::t_range::only_accept_exact_match_mtime ... ok
[INFO] [stdout] test http::range_requests::t_range::weak_validator_as_falsy ... ok
[INFO] [stdout] test http::range_requests::t_satisfiable::multiple_byte_ranges ... ok
[INFO] [stdout] test server::send::t::breadcrumbs ... ok
[INFO] [stdout] test server::send::t::breadcrumbs_from_root ... ok
[INFO] [stdout] test server::send::t::prefixed_breadcrumbs ... ok
[INFO] [stdout] test server::send::t_send::t_send_dir_as_zip ... ok
[INFO] [stdout] test server::send::t_send::t_send_file_not_found ... ok
[INFO] [stdout] test server::send::t_send::t_send_file_success ... ok
[INFO] [stdout] test server::send::t::breadcrumbs_with_slashes ... ok
[INFO] [stdout] test http::range_requests::t_satisfiable::one_satisfiable_byte_range ... ok
[INFO] [stdout] test server::serve::t_server::enable_cors ... ok
[INFO] [stdout] test server::serve::t_server::cannot_compress ... ok
[INFO] [stdout] test server::serve::t_server::disable_cors ... ok
[INFO] [stdout] test server::serve::t_server::can_compress ... ok
[INFO] [stdout] test server::send::t_send::t_send_file_with_range_one_byte ... ok
[INFO] [stdout] test server::send::t_send::t_send_file_with_range_not_found ... ok
[INFO] [stdout] test server::send::t_send::t_send_file_with_range_multiple_bytes ... ok
[INFO] [stdout] test server::send::t_send::t_send_file_with_range_invalid_range ... ok
[INFO] [stdout] test server::serve::t_server::handle_request ... ignored
[INFO] [stdout] test server::serve::t_server::file_path_from_path ... ok
[INFO] [stdout] test server::serve::t_server::path_is_under_basepath ... ok
[INFO] [stdout] test server::serve::t_server::path_does_not_exists ... ok
[INFO] [stdout] test server::serve::t_server::strips_path_prefix ... ok
[INFO] [stdout] test server::serve::t_server::guess_path_mime ... ok
[INFO] [stdout] test server::serve::t_server::path_is_ignored ... ok
[INFO] [stdout] test server::serve::t_server::path_is_hidden ... ok
[INFO] [stdout] test server::serve::t_server::path_is_not_ignored ... ok
[INFO] [stdout] test server::serve::t_server::path_exists ... ok
[INFO] [stdout] test server::serve::t_server::enable_cache_control ... ok
[INFO] [stdout] test server::serve::t_server::path_is_not_hidden ... ok
[INFO] [stdout] test server::send::t::render_successfully ... ok
[INFO] [stdout] test extensions::t_extensions::path_type_ ... FAILED
[INFO] [stdout] 
[INFO] [stdout] failures:
[INFO] [stdout] 
[INFO] [stdout] ---- extensions::t_extensions::path_type_ stdout ----
[INFO] [stdout] thread 'extensions::t_extensions::path_type_' panicked at 'assertion failed: `(left == right)`
[INFO] [stdout]   left: `Dir`,
[INFO] [stdout]  right: `SymlinkDir`', src/extensions.rs:176:9
[INFO] [stdout] stack backtrace:
[INFO] [stdout]    0:     0x564036ba6750 - std::backtrace_rs::backtrace::libunwind::trace::hff4d1766e93f64f1
[INFO] [stdout]                                at /rustc/53fd98ca776cb875bc9e5514f56b52eb74f9e7a9/library/std/src/../../backtrace/src/backtrace/libunwind.rs:90:5
[INFO] [stdout]    1:     0x564036ba6750 - std::backtrace_rs::backtrace::trace_unsynchronized::h56bbc8eb78770bcb
[INFO] [stdout]                                at /rustc/53fd98ca776cb875bc9e5514f56b52eb74f9e7a9/library/std/src/../../backtrace/src/backtrace/mod.rs:66:5
[INFO] [stdout]    2:     0x564036ba6750 - std::sys_common::backtrace::_print_fmt::h5c8e75464faca780
[INFO] [stdout]                                at /rustc/53fd98ca776cb875bc9e5514f56b52eb74f9e7a9/library/std/src/sys_common/backtrace.rs:67:5
[INFO] [stdout]    3:     0x564036ba6750 - <std::sys_common::backtrace::_print::DisplayBacktrace as core::fmt::Display>::fmt::h48b88277def8b362
[INFO] [stdout]                                at /rustc/53fd98ca776cb875bc9e5514f56b52eb74f9e7a9/library/std/src/sys_common/backtrace.rs:46:22
[INFO] [stdout]    4:     0x564036bcc7bc - core::fmt::write::h3381b3176fe2b3d3
[INFO] [stdout]                                at /rustc/53fd98ca776cb875bc9e5514f56b52eb74f9e7a9/library/core/src/fmt/mod.rs:1115:17
[INFO] [stdout]    5:     0x564036ba15d5 - std::io::Write::write_fmt::h5f34a676f60246b5
[INFO] [stdout]                                at /rustc/53fd98ca776cb875bc9e5514f56b52eb74f9e7a9/library/std/src/io/mod.rs:1665:15
[INFO] [stdout]    6:     0x564036ba8ddb - std::sys_common::backtrace::_print::ha537687d6c17dd0d
[INFO] [stdout]                                at /rustc/53fd98ca776cb875bc9e5514f56b52eb74f9e7a9/library/std/src/sys_common/backtrace.rs:49:5
[INFO] [stdout]    7:     0x564036ba8ddb - std::sys_common::backtrace::print::h61376ae57d131d72
[INFO] [stdout]                                at /rustc/53fd98ca776cb875bc9e5514f56b52eb74f9e7a9/library/std/src/sys_common/backtrace.rs:36:9
[INFO] [stdout]    8:     0x564036ba8ddb - std::panicking::default_hook::{{closure}}::h0f7208c0b9644a54
[INFO] [stdout]                                at /rustc/53fd98ca776cb875bc9e5514f56b52eb74f9e7a9/library/std/src/panicking.rs:208:50
[INFO] [stdout]    9:     0x564036ba88ec - std::panicking::default_hook::hdac7fc06578c14ce
[INFO] [stdout]                                at /rustc/53fd98ca776cb875bc9e5514f56b52eb74f9e7a9/library/std/src/panicking.rs:222:9
[INFO] [stdout]   10:     0x564036ba94a4 - std::panicking::rust_panic_with_hook::h72b21c283da3d1ef
[INFO] [stdout]                                at /rustc/53fd98ca776cb875bc9e5514f56b52eb74f9e7a9/library/std/src/panicking.rs:622:17
[INFO] [stdout]   11:     0x564036ba8f87 - std::panicking::begin_panic_handler::{{closure}}::he5778f1729cff84a
[INFO] [stdout]                                at /rustc/53fd98ca776cb875bc9e5514f56b52eb74f9e7a9/library/std/src/panicking.rs:519:13
[INFO] [stdout]   12:     0x564036ba6c2c - std::sys_common::backtrace::__rust_end_short_backtrace::h2d11ca8b453b4b1d
[INFO] [stdout]                                at /rustc/53fd98ca776cb875bc9e5514f56b52eb74f9e7a9/library/std/src/sys_common/backtrace.rs:141:18
[INFO] [stdout]   13:     0x564036ba8ee9 - rust_begin_unwind
[INFO] [stdout]                                at /rustc/53fd98ca776cb875bc9e5514f56b52eb74f9e7a9/library/std/src/panicking.rs:515:5
[INFO] [stdout]   14:     0x5640362239d1 - core::panicking::panic_fmt::hf9de31d4acbce4db
[INFO] [stdout]                                at /rustc/53fd98ca776cb875bc9e5514f56b52eb74f9e7a9/library/core/src/panicking.rs:92:14
[INFO] [stdout]   15:     0x564036bcae28 - core::panicking::assert_failed_inner::h62e8cb2847a6e7ec
[INFO] [stdout]   16:     0x5640362b823a - core::panicking::assert_failed::hb32d8e2a17e383fa
[INFO] [stdout]                                at /rustc/53fd98ca776cb875bc9e5514f56b52eb74f9e7a9/library/core/src/panicking.rs:117:5
[INFO] [stdout]   17:     0x5640362c9b5e - sfz::extensions::t_extensions::path_type_::hcd1bbe734f4d4495
[INFO] [stdout]                                at /opt/rustwide/workdir/src/extensions.rs:176:9
[INFO] [stdout]   18:     0x5640362c986a - sfz::extensions::t_extensions::path_type_::{{closure}}::hf19a49e2537a098e
[INFO] [stdout]                                at /opt/rustwide/workdir/src/extensions.rs:167:5
[INFO] [stdout]   19:     0x5640362a085e - core::ops::function::FnOnce::call_once::h7a1f8844c1868e0f
[INFO] [stdout]                                at /rustc/53fd98ca776cb875bc9e5514f56b52eb74f9e7a9/library/core/src/ops/function.rs:227:5
[INFO] [stdout]   20:     0x564036450d13 - core::ops::function::FnOnce::call_once::hbb52c4519d3137b0
[INFO] [stdout]                                at /rustc/53fd98ca776cb875bc9e5514f56b52eb74f9e7a9/library/core/src/ops/function.rs:227:5
[INFO] [stdout]   21:     0x564036450d13 - test::__rust_begin_short_backtrace::h86fe3a2a5a5121af
[INFO] [stdout]                                at /rustc/53fd98ca776cb875bc9e5514f56b52eb74f9e7a9/library/test/src/lib.rs:578:5
[INFO] [stdout]   22:     0x56403644f7c8 - <alloc::boxed::Box<F,A> as core::ops::function::FnOnce<Args>>::call_once::hfd956bc3d57399be
[INFO] [stdout]                                at /rustc/53fd98ca776cb875bc9e5514f56b52eb74f9e7a9/library/alloc/src/boxed.rs:1572:9
[INFO] [stdout]   23:     0x56403644f7c8 - <std::panic::AssertUnwindSafe<F> as core::ops::function::FnOnce<()>>::call_once::h40dc93e0ddb5938a
[INFO] [stdout]                                at /rustc/53fd98ca776cb875bc9e5514f56b52eb74f9e7a9/library/std/src/panic.rs:347:9
[INFO] [stdout]   24:     0x56403644f7c8 - std::panicking::try::do_call::h90d07750cb47c562
[INFO] [stdout]                                at /rustc/53fd98ca776cb875bc9e5514f56b52eb74f9e7a9/library/std/src/panicking.rs:401:40
[INFO] [stdout]   25:     0x56403644f7c8 - std::panicking::try::h063c84733ad2a629
[INFO] [stdout]                                at /rustc/53fd98ca776cb875bc9e5514f56b52eb74f9e7a9/library/std/src/panicking.rs:365:19
[INFO] [stdout]   26:     0x56403644f7c8 - std::panic::catch_unwind::h0c464836a84e7c08
[INFO] [stdout]                                at /rustc/53fd98ca776cb875bc9e5514f56b52eb74f9e7a9/library/std/src/panic.rs:434:14
[INFO] [stdout]   27:     0x56403644f7c8 - test::run_test_in_process::h5cb06ef620b157fc
[INFO] [stdout]                                at /rustc/53fd98ca776cb875bc9e5514f56b52eb74f9e7a9/library/test/src/lib.rs:601:18
[INFO] [stdout]   28:     0x56403644f7c8 - test::run_test::run_test_inner::{{closure}}::h76f677f4b93f9828
[INFO] [stdout]                                at /rustc/53fd98ca776cb875bc9e5514f56b52eb74f9e7a9/library/test/src/lib.rs:493:39
[INFO] [stdout]   29:     0x56403641df5d - test::run_test::run_test_inner::{{closure}}::h366d01fe04f4d67a
[INFO] [stdout]                                at /rustc/53fd98ca776cb875bc9e5514f56b52eb74f9e7a9/library/test/src/lib.rs:520:37
[INFO] [stdout]   30:     0x56403641df5d - std::sys_common::backtrace::__rust_begin_short_backtrace::h7dfa0de4eb395af2
[INFO] [stdout]                                at /rustc/53fd98ca776cb875bc9e5514f56b52eb74f9e7a9/library/std/src/sys_common/backtrace.rs:125:18
[INFO] [stdout]   31:     0x564036422728 - std::thread::Builder::spawn_unchecked::{{closure}}::{{closure}}::hf0a74bb58798037f
[INFO] [stdout]                                at /rustc/53fd98ca776cb875bc9e5514f56b52eb74f9e7a9/library/std/src/thread/mod.rs:476:17
[INFO] [stdout]   32:     0x564036422728 - <std::panic::AssertUnwindSafe<F> as core::ops::function::FnOnce<()>>::call_once::hb024e854818586ac
[INFO] [stdout]                                at /rustc/53fd98ca776cb875bc9e5514f56b52eb74f9e7a9/library/std/src/panic.rs:347:9
[INFO] [stdout]   33:     0x564036422728 - std::panicking::try::do_call::hb2dd9f1d0d48e41d
[INFO] [stdout]                                at /rustc/53fd98ca776cb875bc9e5514f56b52eb74f9e7a9/library/std/src/panicking.rs:401:40
[INFO] [stdout]   34:     0x564036422728 - std::panicking::try::h4717ae7bac8b2bf3
[INFO] [stdout]                                at /rustc/53fd98ca776cb875bc9e5514f56b52eb74f9e7a9/library/std/src/panicking.rs:365:19
[INFO] [stdout]   35:     0x564036422728 - std::panic::catch_unwind::h0dc8a061326ce8d8
[INFO] [stdout]                                at /rustc/53fd98ca776cb875bc9e5514f56b52eb74f9e7a9/library/std/src/panic.rs:434:14
[INFO] [stdout]   36:     0x564036422728 - std::thread::Builder::spawn_unchecked::{{closure}}::haa369e2d6fd00aa1
[INFO] [stdout]                                at /rustc/53fd98ca776cb875bc9e5514f56b52eb74f9e7a9/library/std/src/thread/mod.rs:475:30
[INFO] [stdout]   37:     0x564036422728 - core::ops::function::FnOnce::call_once{{vtable.shim}}::h36dcf3de8b056f17
[INFO] [stdout]                                at /rustc/53fd98ca776cb875bc9e5514f56b52eb74f9e7a9/library/core/src/ops/function.rs:227:5
[INFO] [stdout]   38:     0x564036baf487 - <alloc::boxed::Box<F,A> as core::ops::function::FnOnce<Args>>::call_once::h65c29e4642be2358
[INFO] [stdout]                                at /rustc/53fd98ca776cb875bc9e5514f56b52eb74f9e7a9/library/alloc/src/boxed.rs:1572:9
[INFO] [stdout]   39:     0x564036baf487 - <alloc::boxed::Box<F,A> as core::ops::function::FnOnce<Args>>::call_once::hd0f8f7fbbd9fffbf
[INFO] [stdout]                                at /rustc/53fd98ca776cb875bc9e5514f56b52eb74f9e7a9/library/alloc/src/boxed.rs:1572:9
[INFO] [stdout]   40:     0x564036baf487 - std::sys::unix::thread::Thread::new::thread_start::h2fd22fee3ca77b65
[INFO] [stdout]                                at /rustc/53fd98ca776cb875bc9e5514f56b52eb74f9e7a9/library/std/src/sys/unix/thread.rs:74:17
[INFO] [stdout]   41:     0x7fb6dd34f609 - start_thread
[INFO] [stdout]   42:     0x7fb6dd121293 - clone
[INFO] [stdout]   43:                0x0 - <unknown>
[INFO] [stdout] 
[INFO] [stdout] 
[INFO] [stdout] failures:
[INFO] [stdout]     extensions::t_extensions::path_type_
[INFO] [stdout] 
[INFO] [stdout] test result: FAILED. 69 passed; 1 failed; 3 ignored; 0 measured; 0 filtered out; finished in 0.17s
[INFO] [stdout] 
[INFO] [stderr] error: test failed, to rerun pass '--bin sfz'
[INFO] running `Command { std: "docker" "inspect" "59a8351d62b94ca77705dbaa9ab05388798dcbad49334882762950f1f4ef245d", kill_on_drop: false }`
[INFO] running `Command { std: "docker" "rm" "-f" "59a8351d62b94ca77705dbaa9ab05388798dcbad49334882762950f1f4ef245d", kill_on_drop: false }`
[INFO] [stdout] 59a8351d62b94ca77705dbaa9ab05388798dcbad49334882762950f1f4ef245d
