[INFO] fetching crate sfxr 0.1.4...
[INFO] testing sfxr-0.1.4 against 1.54.0 for beta-1.55-1
[INFO] extracting crate sfxr 0.1.4 into /workspace/builds/worker-11/source
[INFO] validating manifest of crates.io crate sfxr 0.1.4 on toolchain 1.54.0
[INFO] running `Command { std: "/workspace/cargo-home/bin/cargo" "+1.54.0" "metadata" "--manifest-path" "Cargo.toml" "--no-deps", kill_on_drop: false }`
[INFO] started tweaking crates.io crate sfxr 0.1.4
[INFO] finished tweaking crates.io crate sfxr 0.1.4
[INFO] tweaked toml for crates.io crate sfxr 0.1.4 written to /workspace/builds/worker-11/source/Cargo.toml
[INFO] crate crates.io crate sfxr 0.1.4 already has a lockfile, it will not be regenerated
[INFO] running `Command { std: "/workspace/cargo-home/bin/cargo" "+1.54.0" "fetch" "--manifest-path" "Cargo.toml", kill_on_drop: false }`
[INFO] running `Command { std: "docker" "create" "-v" "/var/lib/crater-agent-workspace/builds/worker-11/target:/opt/rustwide/target:rw,Z" "-v" "/var/lib/crater-agent-workspace/builds/worker-11/source:/opt/rustwide/workdir:ro,Z" "-v" "/var/lib/crater-agent-workspace/cargo-home:/opt/rustwide/cargo-home:ro,Z" "-v" "/var/lib/crater-agent-workspace/rustup-home:/opt/rustwide/rustup-home:ro,Z" "-e" "SOURCE_DIR=/opt/rustwide/workdir" "-e" "CARGO_TARGET_DIR=/opt/rustwide/target" "-e" "CARGO_HOME=/opt/rustwide/cargo-home" "-e" "RUSTUP_HOME=/opt/rustwide/rustup-home" "-w" "/opt/rustwide/workdir" "-m" "1610612736" "--user" "0:0" "--network" "none" "ghcr.io/rust-lang/crates-build-env/linux@sha256:34b6a614d2c27851fe6cbf88fbd1137609cefab8b10d0615aaeb6fd47975d74e" "/opt/rustwide/cargo-home/bin/cargo" "+1.54.0" "metadata" "--no-deps" "--format-version=1", kill_on_drop: false }`
[INFO] [stderr] WARNING: Your kernel does not support swap limit capabilities or the cgroup is not mounted. Memory limited without swap.
[INFO] [stdout] 41dd135994fecf1702470e4d180d5c1722bc1abfc8a3a3184eaffac819e2f528
[INFO] running `Command { std: "docker" "start" "-a" "41dd135994fecf1702470e4d180d5c1722bc1abfc8a3a3184eaffac819e2f528", kill_on_drop: false }`
[INFO] running `Command { std: "docker" "inspect" "41dd135994fecf1702470e4d180d5c1722bc1abfc8a3a3184eaffac819e2f528", kill_on_drop: false }`
[INFO] running `Command { std: "docker" "rm" "-f" "41dd135994fecf1702470e4d180d5c1722bc1abfc8a3a3184eaffac819e2f528", kill_on_drop: false }`
[INFO] [stdout] 41dd135994fecf1702470e4d180d5c1722bc1abfc8a3a3184eaffac819e2f528
[INFO] running `Command { std: "docker" "create" "-v" "/var/lib/crater-agent-workspace/builds/worker-11/target:/opt/rustwide/target:rw,Z" "-v" "/var/lib/crater-agent-workspace/builds/worker-11/source:/opt/rustwide/workdir:ro,Z" "-v" "/var/lib/crater-agent-workspace/cargo-home:/opt/rustwide/cargo-home:ro,Z" "-v" "/var/lib/crater-agent-workspace/rustup-home:/opt/rustwide/rustup-home:ro,Z" "-e" "SOURCE_DIR=/opt/rustwide/workdir" "-e" "CARGO_TARGET_DIR=/opt/rustwide/target" "-e" "CARGO_INCREMENTAL=0" "-e" "RUST_BACKTRACE=full" "-e" "RUSTFLAGS=--cap-lints=warn" "-e" "CARGO_HOME=/opt/rustwide/cargo-home" "-e" "RUSTUP_HOME=/opt/rustwide/rustup-home" "-w" "/opt/rustwide/workdir" "-m" "1610612736" "--user" "0:0" "--network" "none" "ghcr.io/rust-lang/crates-build-env/linux@sha256:34b6a614d2c27851fe6cbf88fbd1137609cefab8b10d0615aaeb6fd47975d74e" "/opt/rustwide/cargo-home/bin/cargo" "+1.54.0" "build" "--frozen" "--message-format=json", kill_on_drop: false }`
[INFO] [stdout] 26cdef420c67a516d8af65598579d745c2feeb8991428928f1b7fb88ee2799e3
[INFO] [stderr] WARNING: Your kernel does not support swap limit capabilities or the cgroup is not mounted. Memory limited without swap.
[INFO] running `Command { std: "docker" "start" "-a" "26cdef420c67a516d8af65598579d745c2feeb8991428928f1b7fb88ee2799e3", kill_on_drop: false }`
[INFO] [stderr]    Compiling rand_core v0.4.0
[INFO] [stderr]    Compiling libc v0.2.36
[INFO] [stderr]    Compiling rand_core v0.3.1
[INFO] [stderr]    Compiling rand v0.5.6
[INFO] [stderr]    Compiling sfxr v0.1.4 (/opt/rustwide/workdir)
[INFO] [stderr]     Finished dev [unoptimized + debuginfo] target(s) in 5.26s
[INFO] running `Command { std: "docker" "inspect" "26cdef420c67a516d8af65598579d745c2feeb8991428928f1b7fb88ee2799e3", kill_on_drop: false }`
[INFO] running `Command { std: "docker" "rm" "-f" "26cdef420c67a516d8af65598579d745c2feeb8991428928f1b7fb88ee2799e3", kill_on_drop: false }`
[INFO] [stdout] 26cdef420c67a516d8af65598579d745c2feeb8991428928f1b7fb88ee2799e3
[INFO] running `Command { std: "docker" "create" "-v" "/var/lib/crater-agent-workspace/builds/worker-11/target:/opt/rustwide/target:rw,Z" "-v" "/var/lib/crater-agent-workspace/builds/worker-11/source:/opt/rustwide/workdir:ro,Z" "-v" "/var/lib/crater-agent-workspace/cargo-home:/opt/rustwide/cargo-home:ro,Z" "-v" "/var/lib/crater-agent-workspace/rustup-home:/opt/rustwide/rustup-home:ro,Z" "-e" "SOURCE_DIR=/opt/rustwide/workdir" "-e" "CARGO_TARGET_DIR=/opt/rustwide/target" "-e" "CARGO_INCREMENTAL=0" "-e" "RUST_BACKTRACE=full" "-e" "RUSTFLAGS=--cap-lints=warn" "-e" "CARGO_HOME=/opt/rustwide/cargo-home" "-e" "RUSTUP_HOME=/opt/rustwide/rustup-home" "-w" "/opt/rustwide/workdir" "-m" "1610612736" "--user" "0:0" "--network" "none" "ghcr.io/rust-lang/crates-build-env/linux@sha256:34b6a614d2c27851fe6cbf88fbd1137609cefab8b10d0615aaeb6fd47975d74e" "/opt/rustwide/cargo-home/bin/cargo" "+1.54.0" "test" "--frozen" "--no-run" "--message-format=json", kill_on_drop: false }`
[INFO] [stdout] 271b9566eaa76aaf7e833a5de47731ad4dfe1ec64b36ea34c8b17e481e0179a1
[INFO] [stderr] WARNING: Your kernel does not support swap limit capabilities or the cgroup is not mounted. Memory limited without swap.
[INFO] running `Command { std: "docker" "start" "-a" "271b9566eaa76aaf7e833a5de47731ad4dfe1ec64b36ea34c8b17e481e0179a1", kill_on_drop: false }`
[INFO] [stderr]    Compiling cfg-if v0.1.2
[INFO] [stderr]    Compiling num-traits v0.2.0
[INFO] [stderr]    Compiling rand v0.4.2
[INFO] [stderr]    Compiling sdl2-sys v0.31.0
[INFO] [stderr]    Compiling num-integer v0.1.36
[INFO] [stderr]    Compiling rand v0.3.22
[INFO] [stderr]    Compiling num-iter v0.1.35
[INFO] [stderr]    Compiling num v0.1.42
[INFO] [stderr]    Compiling sdl2 v0.31.0
[INFO] [stderr]    Compiling sfxr v0.1.4 (/opt/rustwide/workdir)
[INFO] [stderr]     Finished test [unoptimized + debuginfo] target(s) in 13.55s
[INFO] running `Command { std: "docker" "inspect" "271b9566eaa76aaf7e833a5de47731ad4dfe1ec64b36ea34c8b17e481e0179a1", kill_on_drop: false }`
[INFO] running `Command { std: "docker" "rm" "-f" "271b9566eaa76aaf7e833a5de47731ad4dfe1ec64b36ea34c8b17e481e0179a1", kill_on_drop: false }`
[INFO] [stdout] 271b9566eaa76aaf7e833a5de47731ad4dfe1ec64b36ea34c8b17e481e0179a1
[INFO] running `Command { std: "docker" "create" "-v" "/var/lib/crater-agent-workspace/builds/worker-11/target:/opt/rustwide/target:rw,Z" "-v" "/var/lib/crater-agent-workspace/builds/worker-11/source:/opt/rustwide/workdir:ro,Z" "-v" "/var/lib/crater-agent-workspace/cargo-home:/opt/rustwide/cargo-home:ro,Z" "-v" "/var/lib/crater-agent-workspace/rustup-home:/opt/rustwide/rustup-home:ro,Z" "-e" "SOURCE_DIR=/opt/rustwide/workdir" "-e" "CARGO_TARGET_DIR=/opt/rustwide/target" "-e" "CARGO_INCREMENTAL=0" "-e" "RUST_BACKTRACE=full" "-e" "RUSTFLAGS=--cap-lints=warn" "-e" "CARGO_HOME=/opt/rustwide/cargo-home" "-e" "RUSTUP_HOME=/opt/rustwide/rustup-home" "-w" "/opt/rustwide/workdir" "-m" "1610612736" "--user" "0:0" "--network" "none" "ghcr.io/rust-lang/crates-build-env/linux@sha256:34b6a614d2c27851fe6cbf88fbd1137609cefab8b10d0615aaeb6fd47975d74e" "/opt/rustwide/cargo-home/bin/cargo" "+1.54.0" "test" "--frozen", kill_on_drop: false }`
[INFO] [stderr] WARNING: Your kernel does not support swap limit capabilities or the cgroup is not mounted. Memory limited without swap.
[INFO] [stdout] 25158686e2a8eefe317146da3f04a9759b786319550de3c449e76b6b3f844b22
[INFO] running `Command { std: "docker" "start" "-a" "25158686e2a8eefe317146da3f04a9759b786319550de3c449e76b6b3f844b22", kill_on_drop: false }`
[INFO] [stderr]     Finished test [unoptimized + debuginfo] target(s) in 0.04s
[INFO] [stderr]      Running unittests (/opt/rustwide/target/debug/deps/sfxr-5ccd9387477edfc2)
[INFO] [stdout] 
[INFO] [stderr]    Doc-tests sfxr
[INFO] [stdout] running 0 tests
[INFO] [stdout] 
[INFO] [stdout] test result: ok. 0 passed; 0 failed; 0 ignored; 0 measured; 0 filtered out; finished in 0.00s
[INFO] [stdout] 
[INFO] [stdout] 
[INFO] [stdout] running 2 tests
[INFO] [stdout] test src/lib.rs - (line 26) ... FAILED
[INFO] [stdout] test src/lib.rs - (line 16) ... FAILED
[INFO] [stdout] 
[INFO] [stdout] failures:
[INFO] [stdout] 
[INFO] [stdout] ---- src/lib.rs - (line 26) stdout ----
[INFO] [stdout] error[E0433]: failed to resolve: use of undeclared type `Sample`
[INFO] [stdout]  --> src/lib.rs:27:14
[INFO] [stdout]   |
[INFO] [stdout] 3 | let sample = Sample::explosion();
[INFO] [stdout]   |              ^^^^^^ use of undeclared type `Sample`
[INFO] [stdout] 
[INFO] [stdout] error[E0433]: failed to resolve: use of undeclared type `Generator`
[INFO] [stdout]     --> src/lib.rs:28:17
[INFO] [stdout]      |
[INFO] [stdout] 4    |   let generator = Generator::new(sample);
[INFO] [stdout]      |                   ^^^^^^^^^
[INFO] [stdout]      |
[INFO] [stdout] help: a trait with a similar name exists
[INFO] [stdout]      |
[INFO] [stdout] 4    | let generator = Iterator::new(sample);
[INFO] [stdout]      |                 ^^^^^^^^
[INFO] [stdout] help: consider importing this trait
[INFO] [stdout]      |
[INFO] [stdout] 2    | use std::ops::Generator;
[INFO] [stdout]      |
[INFO] [stdout] 
[INFO] [stdout] error: aborting due to 2 previous errors
[INFO] [stdout] 
[INFO] [stdout] For more information about this error, try `rustc --explain E0433`.
[INFO] [stdout] Couldn't compile the test.
[INFO] [stdout] ---- src/lib.rs - (line 16) stdout ----
[INFO] [stdout] error[E0433]: failed to resolve: use of undeclared type `Sample`
[INFO] [stdout]  --> src/lib.rs:17:18
[INFO] [stdout]   |
[INFO] [stdout] 3 | let mut sample = Sample::new();
[INFO] [stdout]   |                  ^^^^^^ use of undeclared type `Sample`
[INFO] [stdout] 
[INFO] [stdout] error[E0433]: failed to resolve: use of undeclared type `WaveType`
[INFO] [stdout]  --> src/lib.rs:18:20
[INFO] [stdout]   |
[INFO] [stdout] 4 | sample.wave_type = WaveType::Sine;
[INFO] [stdout]   |                    ^^^^^^^^ use of undeclared type `WaveType`
[INFO] [stdout] 
[INFO] [stdout] error[E0433]: failed to resolve: use of undeclared type `Generator`
[INFO] [stdout]     --> src/lib.rs:19:17
[INFO] [stdout]      |
[INFO] [stdout] 5    |   let generator = Generator::new(sample);
[INFO] [stdout]      |                   ^^^^^^^^^
[INFO] [stdout]      |
[INFO] [stdout] help: a trait with a similar name exists
[INFO] [stdout]      |
[INFO] [stdout] 5    | let generator = Iterator::new(sample);
[INFO] [stdout]      |                 ^^^^^^^^
[INFO] [stdout] help: consider importing this trait
[INFO] [stdout]      |
[INFO] [stdout] 2    | use std::ops::Generator;
[INFO] [stdout]      |
[INFO] [stdout] 
[INFO] [stdout] error: aborting due to 3 previous errors
[INFO] [stdout] 
[INFO] [stdout] For more information about this error, try `rustc --explain E0433`.
[INFO] [stdout] Couldn't compile the test.
[INFO] [stdout] 
[INFO] [stdout] failures:
[INFO] [stdout]     src/lib.rs - (line 16)
[INFO] [stdout]     src/lib.rs - (line 26)
[INFO] [stdout] 
[INFO] [stdout] test result: FAILED. 0 passed; 2 failed; 0 ignored; 0 measured; 0 filtered out; finished in 0.25s
[INFO] [stdout] 
[INFO] [stderr] error: test failed, to rerun pass '--doc'
[INFO] running `Command { std: "docker" "inspect" "25158686e2a8eefe317146da3f04a9759b786319550de3c449e76b6b3f844b22", kill_on_drop: false }`
[INFO] running `Command { std: "docker" "rm" "-f" "25158686e2a8eefe317146da3f04a9759b786319550de3c449e76b6b3f844b22", kill_on_drop: false }`
[INFO] [stdout] 25158686e2a8eefe317146da3f04a9759b786319550de3c449e76b6b3f844b22
