[INFO] fetching crate sexually_transmitted_disease 1.0.1...
[INFO] testing sexually_transmitted_disease-1.0.1 against beta-2021-08-01 for beta-1.55-1
[INFO] extracting crate sexually_transmitted_disease 1.0.1 into /workspace/builds/worker-8/source
[INFO] validating manifest of crates.io crate sexually_transmitted_disease 1.0.1 on toolchain beta-2021-08-01
[INFO] running `Command { std: "/workspace/cargo-home/bin/cargo" "+beta-2021-08-01" "metadata" "--manifest-path" "Cargo.toml" "--no-deps", kill_on_drop: false }`
[INFO] started tweaking crates.io crate sexually_transmitted_disease 1.0.1
[INFO] finished tweaking crates.io crate sexually_transmitted_disease 1.0.1
[INFO] tweaked toml for crates.io crate sexually_transmitted_disease 1.0.1 written to /workspace/builds/worker-8/source/Cargo.toml
[INFO] running `Command { std: "/workspace/cargo-home/bin/cargo" "+beta-2021-08-01" "generate-lockfile" "--manifest-path" "Cargo.toml" "-Zno-index-update", kill_on_drop: false }`
[INFO] running `Command { std: "/workspace/cargo-home/bin/cargo" "+beta-2021-08-01" "fetch" "--manifest-path" "Cargo.toml", kill_on_drop: false }`
[INFO] running `Command { std: "docker" "create" "-v" "/var/lib/crater-agent-workspace/builds/worker-8/target:/opt/rustwide/target:rw,Z" "-v" "/var/lib/crater-agent-workspace/builds/worker-8/source:/opt/rustwide/workdir:ro,Z" "-v" "/var/lib/crater-agent-workspace/cargo-home:/opt/rustwide/cargo-home:ro,Z" "-v" "/var/lib/crater-agent-workspace/rustup-home:/opt/rustwide/rustup-home:ro,Z" "-e" "SOURCE_DIR=/opt/rustwide/workdir" "-e" "CARGO_TARGET_DIR=/opt/rustwide/target" "-e" "CARGO_HOME=/opt/rustwide/cargo-home" "-e" "RUSTUP_HOME=/opt/rustwide/rustup-home" "-w" "/opt/rustwide/workdir" "-m" "1610612736" "--user" "0:0" "--network" "none" "ghcr.io/rust-lang/crates-build-env/linux@sha256:34b6a614d2c27851fe6cbf88fbd1137609cefab8b10d0615aaeb6fd47975d74e" "/opt/rustwide/cargo-home/bin/cargo" "+beta-2021-08-01" "metadata" "--no-deps" "--format-version=1", kill_on_drop: false }`
[INFO] [stdout] a6983fb830c3a4c1d51b4ff81cc2f54f7943c91b597aa0fb3299401cc5a1339b
[INFO] [stderr] WARNING: Your kernel does not support swap limit capabilities or the cgroup is not mounted. Memory limited without swap.
[INFO] running `Command { std: "docker" "start" "-a" "a6983fb830c3a4c1d51b4ff81cc2f54f7943c91b597aa0fb3299401cc5a1339b", kill_on_drop: false }`
[INFO] running `Command { std: "docker" "inspect" "a6983fb830c3a4c1d51b4ff81cc2f54f7943c91b597aa0fb3299401cc5a1339b", kill_on_drop: false }`
[INFO] running `Command { std: "docker" "rm" "-f" "a6983fb830c3a4c1d51b4ff81cc2f54f7943c91b597aa0fb3299401cc5a1339b", kill_on_drop: false }`
[INFO] [stdout] a6983fb830c3a4c1d51b4ff81cc2f54f7943c91b597aa0fb3299401cc5a1339b
[INFO] running `Command { std: "docker" "create" "-v" "/var/lib/crater-agent-workspace/builds/worker-8/target:/opt/rustwide/target:rw,Z" "-v" "/var/lib/crater-agent-workspace/builds/worker-8/source:/opt/rustwide/workdir:ro,Z" "-v" "/var/lib/crater-agent-workspace/cargo-home:/opt/rustwide/cargo-home:ro,Z" "-v" "/var/lib/crater-agent-workspace/rustup-home:/opt/rustwide/rustup-home:ro,Z" "-e" "SOURCE_DIR=/opt/rustwide/workdir" "-e" "CARGO_TARGET_DIR=/opt/rustwide/target" "-e" "CARGO_INCREMENTAL=0" "-e" "RUST_BACKTRACE=full" "-e" "RUSTFLAGS=--cap-lints=warn" "-e" "CARGO_HOME=/opt/rustwide/cargo-home" "-e" "RUSTUP_HOME=/opt/rustwide/rustup-home" "-w" "/opt/rustwide/workdir" "-m" "1610612736" "--user" "0:0" "--network" "none" "ghcr.io/rust-lang/crates-build-env/linux@sha256:34b6a614d2c27851fe6cbf88fbd1137609cefab8b10d0615aaeb6fd47975d74e" "/opt/rustwide/cargo-home/bin/cargo" "+beta-2021-08-01" "build" "--frozen" "--message-format=json", kill_on_drop: false }`
[INFO] [stdout] 51ab8c0cae7bc333fff3ca969781acd686c00be593589e967e77b296e521e69b
[INFO] [stderr] WARNING: Your kernel does not support swap limit capabilities or the cgroup is not mounted. Memory limited without swap.
[INFO] running `Command { std: "docker" "start" "-a" "51ab8c0cae7bc333fff3ca969781acd686c00be593589e967e77b296e521e69b", kill_on_drop: false }`
[INFO] [stderr]    Compiling sexually_transmitted_disease v1.0.1 (/opt/rustwide/workdir)
[INFO] [stderr]     Finished dev [unoptimized + debuginfo] target(s) in 0.98s
[INFO] running `Command { std: "docker" "inspect" "51ab8c0cae7bc333fff3ca969781acd686c00be593589e967e77b296e521e69b", kill_on_drop: false }`
[INFO] running `Command { std: "docker" "rm" "-f" "51ab8c0cae7bc333fff3ca969781acd686c00be593589e967e77b296e521e69b", kill_on_drop: false }`
[INFO] [stdout] 51ab8c0cae7bc333fff3ca969781acd686c00be593589e967e77b296e521e69b
[INFO] running `Command { std: "docker" "create" "-v" "/var/lib/crater-agent-workspace/builds/worker-8/target:/opt/rustwide/target:rw,Z" "-v" "/var/lib/crater-agent-workspace/builds/worker-8/source:/opt/rustwide/workdir:ro,Z" "-v" "/var/lib/crater-agent-workspace/cargo-home:/opt/rustwide/cargo-home:ro,Z" "-v" "/var/lib/crater-agent-workspace/rustup-home:/opt/rustwide/rustup-home:ro,Z" "-e" "SOURCE_DIR=/opt/rustwide/workdir" "-e" "CARGO_TARGET_DIR=/opt/rustwide/target" "-e" "CARGO_INCREMENTAL=0" "-e" "RUST_BACKTRACE=full" "-e" "RUSTFLAGS=--cap-lints=warn" "-e" "CARGO_HOME=/opt/rustwide/cargo-home" "-e" "RUSTUP_HOME=/opt/rustwide/rustup-home" "-w" "/opt/rustwide/workdir" "-m" "1610612736" "--user" "0:0" "--network" "none" "ghcr.io/rust-lang/crates-build-env/linux@sha256:34b6a614d2c27851fe6cbf88fbd1137609cefab8b10d0615aaeb6fd47975d74e" "/opt/rustwide/cargo-home/bin/cargo" "+beta-2021-08-01" "test" "--frozen" "--no-run" "--message-format=json", kill_on_drop: false }`
[INFO] [stderr] WARNING: Your kernel does not support swap limit capabilities or the cgroup is not mounted. Memory limited without swap.
[INFO] [stdout] 37c8dbacca560bf2ca2a7c9e53bffe747698379a6ba0e0d12a9fd4f346986d66
[INFO] running `Command { std: "docker" "start" "-a" "37c8dbacca560bf2ca2a7c9e53bffe747698379a6ba0e0d12a9fd4f346986d66", kill_on_drop: false }`
[INFO] [stderr]    Compiling sexually_transmitted_disease v1.0.1 (/opt/rustwide/workdir)
[INFO] [stderr]     Finished test [unoptimized + debuginfo] target(s) in 0.91s
[INFO] running `Command { std: "docker" "inspect" "37c8dbacca560bf2ca2a7c9e53bffe747698379a6ba0e0d12a9fd4f346986d66", kill_on_drop: false }`
[INFO] running `Command { std: "docker" "rm" "-f" "37c8dbacca560bf2ca2a7c9e53bffe747698379a6ba0e0d12a9fd4f346986d66", kill_on_drop: false }`
[INFO] [stdout] 37c8dbacca560bf2ca2a7c9e53bffe747698379a6ba0e0d12a9fd4f346986d66
[INFO] running `Command { std: "docker" "create" "-v" "/var/lib/crater-agent-workspace/builds/worker-8/target:/opt/rustwide/target:rw,Z" "-v" "/var/lib/crater-agent-workspace/builds/worker-8/source:/opt/rustwide/workdir:ro,Z" "-v" "/var/lib/crater-agent-workspace/cargo-home:/opt/rustwide/cargo-home:ro,Z" "-v" "/var/lib/crater-agent-workspace/rustup-home:/opt/rustwide/rustup-home:ro,Z" "-e" "SOURCE_DIR=/opt/rustwide/workdir" "-e" "CARGO_TARGET_DIR=/opt/rustwide/target" "-e" "CARGO_INCREMENTAL=0" "-e" "RUST_BACKTRACE=full" "-e" "RUSTFLAGS=--cap-lints=warn" "-e" "CARGO_HOME=/opt/rustwide/cargo-home" "-e" "RUSTUP_HOME=/opt/rustwide/rustup-home" "-w" "/opt/rustwide/workdir" "-m" "1610612736" "--user" "0:0" "--network" "none" "ghcr.io/rust-lang/crates-build-env/linux@sha256:34b6a614d2c27851fe6cbf88fbd1137609cefab8b10d0615aaeb6fd47975d74e" "/opt/rustwide/cargo-home/bin/cargo" "+beta-2021-08-01" "test" "--frozen", kill_on_drop: false }`
[INFO] [stdout] eb7ce5ce76c02947338fdaaaf8109adad2b84de2483021c63904f50b74fd8139
[INFO] [stderr] WARNING: Your kernel does not support swap limit capabilities or the cgroup is not mounted. Memory limited without swap.
[INFO] running `Command { std: "docker" "start" "-a" "eb7ce5ce76c02947338fdaaaf8109adad2b84de2483021c63904f50b74fd8139", kill_on_drop: false }`
[INFO] [stderr]     Finished test [unoptimized + debuginfo] target(s) in 0.02s
[INFO] [stdout] 
[INFO] [stderr]      Running unittests (/opt/rustwide/target/debug/deps/sexually_transmitted_disease-2952f94db17c40c3)
[INFO] [stdout] running 0 tests
[INFO] [stderr]    Doc-tests sexually_transmitted_disease
[INFO] [stdout] 
[INFO] [stdout] test result: ok. 0 passed; 0 failed; 0 ignored; 0 measured; 0 filtered out; finished in 0.00s
[INFO] [stdout] 
[INFO] [stdout] 
[INFO] [stdout] running 1 test
[INFO] [stdout] test src/lib.rs - (line 4) ... FAILED
[INFO] [stdout] 
[INFO] [stdout] failures:
[INFO] [stdout] 
[INFO] [stdout] ---- src/lib.rs - (line 4) stdout ----
[INFO] [stdout] error[E0254]: the name `sexually_transmitted_disease` is defined multiple times
[INFO] [stdout]  --> src/lib.rs:5:5
[INFO] [stdout]   |
[INFO] [stdout] 2 | extern crate r#sexually_transmitted_disease;
[INFO] [stdout]   | -------------------------------------------- previous import of the extern crate `sexually_transmitted_disease` here
[INFO] [stdout] 3 | use std as sexually_transmitted_disease;
[INFO] [stdout]   |     ^^^^^^^^^^^^^^^^^^^^^^^^^^^^^^^^^^^ `sexually_transmitted_disease` reimported here
[INFO] [stdout]   |
[INFO] [stdout]   = note: `sexually_transmitted_disease` must be defined only once in the type namespace of this module
[INFO] [stdout] help: you can use `as` to change the binding name of the import
[INFO] [stdout]   |
[INFO] [stdout] 3 | use std as other_sexually_transmitted_disease;
[INFO] [stdout]   |     ^^^^^^^^^^^^^^^^^^^^^^^^^^^^^^^^^^^^^^^^^
[INFO] [stdout] 
[INFO] [stdout] error: aborting due to previous error
[INFO] [stdout] 
[INFO] [stdout] For more information about this error, try `rustc --explain E0254`.
[INFO] [stdout] Couldn't compile the test.
[INFO] [stdout] 
[INFO] [stdout] failures:
[INFO] [stdout]     src/lib.rs - (line 4)
[INFO] [stdout] 
[INFO] [stdout] test result: FAILED. 0 passed; 1 failed; 0 ignored; 0 measured; 0 filtered out; finished in 0.25s
[INFO] [stdout] 
[INFO] [stderr] error: test failed, to rerun pass '--doc'
[INFO] running `Command { std: "docker" "inspect" "eb7ce5ce76c02947338fdaaaf8109adad2b84de2483021c63904f50b74fd8139", kill_on_drop: false }`
[INFO] running `Command { std: "docker" "rm" "-f" "eb7ce5ce76c02947338fdaaaf8109adad2b84de2483021c63904f50b74fd8139", kill_on_drop: false }`
[INFO] [stdout] eb7ce5ce76c02947338fdaaaf8109adad2b84de2483021c63904f50b74fd8139
