[INFO] fetching crate serial_enumerate 0.1.0...
[INFO] testing serial_enumerate-0.1.0 against 1.54.0 for beta-1.55-1
[INFO] extracting crate serial_enumerate 0.1.0 into /workspace/builds/worker-7/source
[INFO] validating manifest of crates.io crate serial_enumerate 0.1.0 on toolchain 1.54.0
[INFO] running `Command { std: "/workspace/cargo-home/bin/cargo" "+1.54.0" "metadata" "--manifest-path" "Cargo.toml" "--no-deps", kill_on_drop: false }`
[INFO] started tweaking crates.io crate serial_enumerate 0.1.0
[INFO] finished tweaking crates.io crate serial_enumerate 0.1.0
[INFO] tweaked toml for crates.io crate serial_enumerate 0.1.0 written to /workspace/builds/worker-7/source/Cargo.toml
[INFO] running `Command { std: "/workspace/cargo-home/bin/cargo" "+1.54.0" "generate-lockfile" "--manifest-path" "Cargo.toml" "-Zno-index-update", kill_on_drop: false }`
[INFO] running `Command { std: "/workspace/cargo-home/bin/cargo" "+1.54.0" "fetch" "--manifest-path" "Cargo.toml", kill_on_drop: false }`
[INFO] running `Command { std: "docker" "create" "-v" "/var/lib/crater-agent-workspace/builds/worker-7/target:/opt/rustwide/target:rw,Z" "-v" "/var/lib/crater-agent-workspace/builds/worker-7/source:/opt/rustwide/workdir:ro,Z" "-v" "/var/lib/crater-agent-workspace/cargo-home:/opt/rustwide/cargo-home:ro,Z" "-v" "/var/lib/crater-agent-workspace/rustup-home:/opt/rustwide/rustup-home:ro,Z" "-e" "SOURCE_DIR=/opt/rustwide/workdir" "-e" "CARGO_TARGET_DIR=/opt/rustwide/target" "-e" "CARGO_HOME=/opt/rustwide/cargo-home" "-e" "RUSTUP_HOME=/opt/rustwide/rustup-home" "-w" "/opt/rustwide/workdir" "-m" "1610612736" "--user" "0:0" "--network" "none" "ghcr.io/rust-lang/crates-build-env/linux@sha256:34b6a614d2c27851fe6cbf88fbd1137609cefab8b10d0615aaeb6fd47975d74e" "/opt/rustwide/cargo-home/bin/cargo" "+1.54.0" "metadata" "--no-deps" "--format-version=1", kill_on_drop: false }`
[INFO] [stderr] WARNING: Your kernel does not support swap limit capabilities or the cgroup is not mounted. Memory limited without swap.
[INFO] [stdout] 2c8771ab74a089ec12b65a78bb96de1551ce88344dab3a7e12310244a3294a65
[INFO] running `Command { std: "docker" "start" "-a" "2c8771ab74a089ec12b65a78bb96de1551ce88344dab3a7e12310244a3294a65", kill_on_drop: false }`
[INFO] running `Command { std: "docker" "inspect" "2c8771ab74a089ec12b65a78bb96de1551ce88344dab3a7e12310244a3294a65", kill_on_drop: false }`
[INFO] running `Command { std: "docker" "rm" "-f" "2c8771ab74a089ec12b65a78bb96de1551ce88344dab3a7e12310244a3294a65", kill_on_drop: false }`
[INFO] [stdout] 2c8771ab74a089ec12b65a78bb96de1551ce88344dab3a7e12310244a3294a65
[INFO] running `Command { std: "docker" "create" "-v" "/var/lib/crater-agent-workspace/builds/worker-7/target:/opt/rustwide/target:rw,Z" "-v" "/var/lib/crater-agent-workspace/builds/worker-7/source:/opt/rustwide/workdir:ro,Z" "-v" "/var/lib/crater-agent-workspace/cargo-home:/opt/rustwide/cargo-home:ro,Z" "-v" "/var/lib/crater-agent-workspace/rustup-home:/opt/rustwide/rustup-home:ro,Z" "-e" "SOURCE_DIR=/opt/rustwide/workdir" "-e" "CARGO_TARGET_DIR=/opt/rustwide/target" "-e" "CARGO_INCREMENTAL=0" "-e" "RUST_BACKTRACE=full" "-e" "RUSTFLAGS=--cap-lints=warn" "-e" "CARGO_HOME=/opt/rustwide/cargo-home" "-e" "RUSTUP_HOME=/opt/rustwide/rustup-home" "-w" "/opt/rustwide/workdir" "-m" "1610612736" "--user" "0:0" "--network" "none" "ghcr.io/rust-lang/crates-build-env/linux@sha256:34b6a614d2c27851fe6cbf88fbd1137609cefab8b10d0615aaeb6fd47975d74e" "/opt/rustwide/cargo-home/bin/cargo" "+1.54.0" "build" "--frozen" "--message-format=json", kill_on_drop: false }`
[INFO] [stdout] b1a6f16220936894e8ec2c09b3f5602e53a2182980b2465dfd83a1cf71d93492
[INFO] [stderr] WARNING: Your kernel does not support swap limit capabilities or the cgroup is not mounted. Memory limited without swap.
[INFO] running `Command { std: "docker" "start" "-a" "b1a6f16220936894e8ec2c09b3f5602e53a2182980b2465dfd83a1cf71d93492", kill_on_drop: false }`
[INFO] [stderr]    Compiling backtrace v0.2.3
[INFO] [stderr]    Compiling dbghelp-sys v0.2.0
[INFO] [stderr]    Compiling backtrace-sys v0.1.37
[INFO] [stderr]    Compiling error-chain v0.5.0
[INFO] [stderr]    Compiling serial_enumerate v0.1.0 (/opt/rustwide/workdir)
[INFO] [stderr]     Finished dev [unoptimized + debuginfo] target(s) in 5.72s
[INFO] running `Command { std: "docker" "inspect" "b1a6f16220936894e8ec2c09b3f5602e53a2182980b2465dfd83a1cf71d93492", kill_on_drop: false }`
[INFO] running `Command { std: "docker" "rm" "-f" "b1a6f16220936894e8ec2c09b3f5602e53a2182980b2465dfd83a1cf71d93492", kill_on_drop: false }`
[INFO] [stdout] b1a6f16220936894e8ec2c09b3f5602e53a2182980b2465dfd83a1cf71d93492
[INFO] running `Command { std: "docker" "create" "-v" "/var/lib/crater-agent-workspace/builds/worker-7/target:/opt/rustwide/target:rw,Z" "-v" "/var/lib/crater-agent-workspace/builds/worker-7/source:/opt/rustwide/workdir:ro,Z" "-v" "/var/lib/crater-agent-workspace/cargo-home:/opt/rustwide/cargo-home:ro,Z" "-v" "/var/lib/crater-agent-workspace/rustup-home:/opt/rustwide/rustup-home:ro,Z" "-e" "SOURCE_DIR=/opt/rustwide/workdir" "-e" "CARGO_TARGET_DIR=/opt/rustwide/target" "-e" "CARGO_INCREMENTAL=0" "-e" "RUST_BACKTRACE=full" "-e" "RUSTFLAGS=--cap-lints=warn" "-e" "CARGO_HOME=/opt/rustwide/cargo-home" "-e" "RUSTUP_HOME=/opt/rustwide/rustup-home" "-w" "/opt/rustwide/workdir" "-m" "1610612736" "--user" "0:0" "--network" "none" "ghcr.io/rust-lang/crates-build-env/linux@sha256:34b6a614d2c27851fe6cbf88fbd1137609cefab8b10d0615aaeb6fd47975d74e" "/opt/rustwide/cargo-home/bin/cargo" "+1.54.0" "test" "--frozen" "--no-run" "--message-format=json", kill_on_drop: false }`
[INFO] [stdout] f61e06e1cf0843b164c2ae90eb34a1e063e58b834a0a6779e55ec16ff08e0e92
[INFO] [stderr] WARNING: Your kernel does not support swap limit capabilities or the cgroup is not mounted. Memory limited without swap.
[INFO] running `Command { std: "docker" "start" "-a" "f61e06e1cf0843b164c2ae90eb34a1e063e58b834a0a6779e55ec16ff08e0e92", kill_on_drop: false }`
[INFO] [stderr]    Compiling serial_enumerate v0.1.0 (/opt/rustwide/workdir)
[INFO] [stderr]     Finished test [unoptimized + debuginfo] target(s) in 1.01s
[INFO] running `Command { std: "docker" "inspect" "f61e06e1cf0843b164c2ae90eb34a1e063e58b834a0a6779e55ec16ff08e0e92", kill_on_drop: false }`
[INFO] running `Command { std: "docker" "rm" "-f" "f61e06e1cf0843b164c2ae90eb34a1e063e58b834a0a6779e55ec16ff08e0e92", kill_on_drop: false }`
[INFO] [stdout] f61e06e1cf0843b164c2ae90eb34a1e063e58b834a0a6779e55ec16ff08e0e92
[INFO] running `Command { std: "docker" "create" "-v" "/var/lib/crater-agent-workspace/builds/worker-7/target:/opt/rustwide/target:rw,Z" "-v" "/var/lib/crater-agent-workspace/builds/worker-7/source:/opt/rustwide/workdir:ro,Z" "-v" "/var/lib/crater-agent-workspace/cargo-home:/opt/rustwide/cargo-home:ro,Z" "-v" "/var/lib/crater-agent-workspace/rustup-home:/opt/rustwide/rustup-home:ro,Z" "-e" "SOURCE_DIR=/opt/rustwide/workdir" "-e" "CARGO_TARGET_DIR=/opt/rustwide/target" "-e" "CARGO_INCREMENTAL=0" "-e" "RUST_BACKTRACE=full" "-e" "RUSTFLAGS=--cap-lints=warn" "-e" "CARGO_HOME=/opt/rustwide/cargo-home" "-e" "RUSTUP_HOME=/opt/rustwide/rustup-home" "-w" "/opt/rustwide/workdir" "-m" "1610612736" "--user" "0:0" "--network" "none" "ghcr.io/rust-lang/crates-build-env/linux@sha256:34b6a614d2c27851fe6cbf88fbd1137609cefab8b10d0615aaeb6fd47975d74e" "/opt/rustwide/cargo-home/bin/cargo" "+1.54.0" "test" "--frozen", kill_on_drop: false }`
[INFO] [stdout] d8b1bf9cc1b1836238b9f136b7b77e21bae1a7991f83c9b408646c061c49b02d
[INFO] [stderr] WARNING: Your kernel does not support swap limit capabilities or the cgroup is not mounted. Memory limited without swap.
[INFO] running `Command { std: "docker" "start" "-a" "d8b1bf9cc1b1836238b9f136b7b77e21bae1a7991f83c9b408646c061c49b02d", kill_on_drop: false }`
[INFO] [stdout] 
[INFO] [stderr]     Finished test [unoptimized + debuginfo] target(s) in 0.02s
[INFO] [stdout] running 0 tests
[INFO] [stderr]      Running unittests (/opt/rustwide/target/debug/deps/serial_enumerate-92a218e02bde4769)
[INFO] [stdout] 
[INFO] [stderr]    Doc-tests serial_enumerate
[INFO] [stdout] test result: ok. 0 passed; 0 failed; 0 ignored; 0 measured; 0 filtered out; finished in 0.00s
[INFO] [stdout] 
[INFO] [stdout] 
[INFO] [stdout] running 1 test
[INFO] [stdout] test src/lib.rs - (line 4) ... FAILED
[INFO] [stdout] 
[INFO] [stdout] failures:
[INFO] [stdout] 
[INFO] [stdout] ---- src/lib.rs - (line 4) stdout ----
[INFO] [stdout] Test executable failed (exit code 101).
[INFO] [stdout] 
[INFO] [stdout] stderr:
[INFO] [stdout] thread 'main' panicked at 'called `Result::unwrap()` on an `Err` value: Error(Msg("/dev/serial not found"), (Some(Os { code: 2, kind: NotFound, message: "No such file or directory" }), Some(stack backtrace:
[INFO] [stdout]    0:     0x560e63fe539d - backtrace::backtrace::libunwind::trace::ha3ebcf19944aa249
[INFO] [stdout]                         at /opt/rustwide/cargo-home/registry/src/github.com-1ecc6299db9ec823/backtrace-0.2.3/src/backtrace/libunwind.rs:54
[INFO] [stdout]                          - backtrace::backtrace::trace::hf186bf03fbe34fe6
[INFO] [stdout]                         at /opt/rustwide/cargo-home/registry/src/github.com-1ecc6299db9ec823/backtrace-0.2.3/src/backtrace/mod.rs:70
[INFO] [stdout]    1:     0x560e63fe55bf - backtrace::capture::Backtrace::new::h8d32e293a6ae4fea
[INFO] [stdout]                         at /opt/rustwide/target/debug/build/backtrace-67f07bb4198416db/out/capture.rs:79
[INFO] [stdout]    2:     0x560e63fda6dd - error_chain::make_backtrace::h354131a9715044d0
[INFO] [stdout]                         at /opt/rustwide/cargo-home/registry/src/github.com-1ecc6299db9ec823/error-chain-0.5.0/src/lib.rs:684
[INFO] [stdout]    3:     0x560e63fd5619 - <core::result::Result<T,E> as serial_enumerate::errors::ChainErr<T>>::chain_err::{{closure}}::{{closure}}::h848d73f0fcb01fe3
[INFO] [stdout]                         at /opt/rustwide/cargo-home/registry/src/github.com-1ecc6299db9ec823/error-chain-0.5.0/src/lib.rs:504
[INFO] [stdout]    4:     0x560e63fd9ce1 - core::option::Option<T>::unwrap_or_else::h0fbfc3d1548eea32
[INFO] [stdout]                         at /rustc/a178d0322ce20e33eac124758e837cbd80a6f633/library/core/src/option.rs:429
[INFO] [stdout]    5:     0x560e63fd57db - <core::result::Result<T,E> as serial_enumerate::errors::ChainErr<T>>::chain_err::{{closure}}::h94b8421cc5b9eff7
[INFO] [stdout]                         at /opt/rustwide/cargo-home/registry/src/github.com-1ecc6299db9ec823/error-chain-0.5.0/src/lib.rs:503
[INFO] [stdout]    6:     0x560e63fd4e5c - core::result::Result<T,E>::map_err::h8626d3c1d3984c1c
[INFO] [stdout]                         at /rustc/a178d0322ce20e33eac124758e837cbd80a6f633/library/core/src/result.rs:591
[INFO] [stdout]    7:     0x560e63fd52d0 - <core::result::Result<T,E> as serial_enumerate::errors::ChainErr<T>>::chain_err::h6c59f75b25d81472
[INFO] [stdout]                         at /opt/rustwide/cargo-home/registry/src/github.com-1ecc6299db9ec823/error-chain-0.5.0/src/lib.rs:500
[INFO] [stdout]    8:     0x560e63fd7406 - serial_enumerate::enumerate_serial_ports::hc92c4dde7f3dd201
[INFO] [stdout]                         at src/lib.rs:46
[INFO] [stdout]    9:     0x560e63fd3899 - rust_out::main::_doctest_main_src_lib_rs_4_0::hdd01328a57420daf
[INFO] [stdout]   10:     0x560e63fd3875 - rust_out::main::h2a38bb51b9580a7d
[INFO] [stdout]   11:     0x560e63fd2ef2 - core::ops::function::FnOnce::call_once::hb73b95e6982fd3f0
[INFO] [stdout]   12:     0x560e63fd2bd8 - std::sys_common::backtrace::__rust_begin_short_backtrace::h8371d112165838d3
[INFO] [stdout]   13:     0x560e63fd2c48 - std::rt::lang_start::{{closure}}::h783adf50233ec5ec
[INFO] [stdout]   14:     0x560e6401e608 - core::ops::function::impls::<impl core::ops::function::FnOnce<A> for &F>::call_once::h2aabc384aab89b7b
[INFO] [stdout]                         at /rustc/a178d0322ce20e33eac124758e837cbd80a6f633/library/core/src/ops/function.rs:259
[INFO] [stdout]                          - std::panicking::try::do_call::hc5fcacb7a85fc7b1
[INFO] [stdout]                         at library/std/src/panicking.rs:401
[INFO] [stdout]                          - std::panicking::try::hb5d9603af3abbe3a
[INFO] [stdout]                         at library/std/src/panicking.rs:365
[INFO] [stdout]                          - std::panic::catch_unwind::h98fe6ac3925e64b4
[INFO] [stdout]                         at library/std/src/panic.rs:434
[INFO] [stdout]                          - std::rt::lang_start_internal::h22ac7383c516f93e
[INFO] [stdout]                         at library/std/src/rt.rs:34
[INFO] [stdout]   15:     0x560e63fd2c30 - std::rt::lang_start::h11b9716471e37ff8
[INFO] [stdout]   16:     0x560e63fd3b12 - main
[INFO] [stdout]   17:     0x7fa70ef340b2 - __libc_start_main
[INFO] [stdout]   18:     0x560e63fd282d - _start
[INFO] [stdout]   19:                0x0 - <unknown>)))', src/lib.rs:4:58
[INFO] [stdout] stack backtrace:
[INFO] [stdout]    0:     0x560e6401bbb0 - std::backtrace_rs::backtrace::libunwind::trace::h34055254b57d8e79
[INFO] [stdout]                                at /rustc/a178d0322ce20e33eac124758e837cbd80a6f633/library/std/src/../../backtrace/src/backtrace/libunwind.rs:90:5
[INFO] [stdout]    1:     0x560e6401bbb0 - std::backtrace_rs::backtrace::trace_unsynchronized::h8f1e3fbd9afff6ec
[INFO] [stdout]                                at /rustc/a178d0322ce20e33eac124758e837cbd80a6f633/library/std/src/../../backtrace/src/backtrace/mod.rs:66:5
[INFO] [stdout]    2:     0x560e6401bbb0 - std::sys_common::backtrace::_print_fmt::h3a99a796b770c360
[INFO] [stdout]                                at /rustc/a178d0322ce20e33eac124758e837cbd80a6f633/library/std/src/sys_common/backtrace.rs:67:5
[INFO] [stdout]    3:     0x560e6401bbb0 - <std::sys_common::backtrace::_print::DisplayBacktrace as core::fmt::Display>::fmt::h32d1f94a80615d18
[INFO] [stdout]                                at /rustc/a178d0322ce20e33eac124758e837cbd80a6f633/library/std/src/sys_common/backtrace.rs:46:22
[INFO] [stdout]    4:     0x560e64035e4c - core::fmt::write::h306731c068f7162c
[INFO] [stdout]                                at /rustc/a178d0322ce20e33eac124758e837cbd80a6f633/library/core/src/fmt/mod.rs:1110:17
[INFO] [stdout]    5:     0x560e6401a295 - std::io::Write::write_fmt::hd2fa90334eee2a21
[INFO] [stdout]                                at /rustc/a178d0322ce20e33eac124758e837cbd80a6f633/library/std/src/io/mod.rs:1588:15
[INFO] [stdout]    6:     0x560e6401da3b - std::sys_common::backtrace::_print::h5abaa2601a852287
[INFO] [stdout]                                at /rustc/a178d0322ce20e33eac124758e837cbd80a6f633/library/std/src/sys_common/backtrace.rs:49:5
[INFO] [stdout]    7:     0x560e6401da3b - std::sys_common::backtrace::print::h8d81445442bb638f
[INFO] [stdout]                                at /rustc/a178d0322ce20e33eac124758e837cbd80a6f633/library/std/src/sys_common/backtrace.rs:36:9
[INFO] [stdout]    8:     0x560e6401da3b - std::panicking::default_hook::{{closure}}::hcfe804496a9fa747
[INFO] [stdout]                                at /rustc/a178d0322ce20e33eac124758e837cbd80a6f633/library/std/src/panicking.rs:208:50
[INFO] [stdout]    9:     0x560e6401d511 - std::panicking::default_hook::hbea8e3ccf2ba8901
[INFO] [stdout]                                at /rustc/a178d0322ce20e33eac124758e837cbd80a6f633/library/std/src/panicking.rs:225:9
[INFO] [stdout]   10:     0x560e6401e104 - std::panicking::rust_panic_with_hook::h7ee9e1a2d0f8975a
[INFO] [stdout]                                at /rustc/a178d0322ce20e33eac124758e837cbd80a6f633/library/std/src/panicking.rs:622:17
[INFO] [stdout]   11:     0x560e6401dbe7 - std::panicking::begin_panic_handler::{{closure}}::h8ab3b4491718b2c7
[INFO] [stdout]                                at /rustc/a178d0322ce20e33eac124758e837cbd80a6f633/library/std/src/panicking.rs:519:13
[INFO] [stdout]   12:     0x560e6401c0ac - std::sys_common::backtrace::__rust_end_short_backtrace::hd489062ffa586a9f
[INFO] [stdout]                                at /rustc/a178d0322ce20e33eac124758e837cbd80a6f633/library/std/src/sys_common/backtrace.rs:141:18
[INFO] [stdout]   13:     0x560e6401db49 - rust_begin_unwind
[INFO] [stdout]                                at /rustc/a178d0322ce20e33eac124758e837cbd80a6f633/library/std/src/panicking.rs:515:5
[INFO] [stdout]   14:     0x560e63fd20d1 - core::panicking::panic_fmt::hca6330e3e14086b4
[INFO] [stdout]                                at /rustc/a178d0322ce20e33eac124758e837cbd80a6f633/library/core/src/panicking.rs:92:14
[INFO] [stdout]   15:     0x560e63fd2163 - core::result::unwrap_failed::h6160d2b4bfbb0e87
[INFO] [stdout]                                at /rustc/a178d0322ce20e33eac124758e837cbd80a6f633/library/core/src/result.rs:1355:5
[INFO] [stdout]   16:     0x560e63fd3206 - core::result::Result<T,E>::unwrap::hc883a584115cf4eb
[INFO] [stdout]   17:     0x560e63fd38b0 - rust_out::main::_doctest_main_src_lib_rs_4_0::hdd01328a57420daf
[INFO] [stdout]   18:     0x560e63fd3876 - rust_out::main::h2a38bb51b9580a7d
[INFO] [stdout]   19:     0x560e63fd2ef3 - core::ops::function::FnOnce::call_once::hb73b95e6982fd3f0
[INFO] [stdout]   20:     0x560e63fd2bd9 - std::sys_common::backtrace::__rust_begin_short_backtrace::h8371d112165838d3
[INFO] [stdout]   21:     0x560e63fd2c49 - std::rt::lang_start::{{closure}}::h783adf50233ec5ec
[INFO] [stdout]   22:     0x560e6401e609 - core::ops::function::impls::<impl core::ops::function::FnOnce<A> for &F>::call_once::h2aabc384aab89b7b
[INFO] [stdout]                                at /rustc/a178d0322ce20e33eac124758e837cbd80a6f633/library/core/src/ops/function.rs:259:13
[INFO] [stdout]   23:     0x560e6401e609 - std::panicking::try::do_call::hc5fcacb7a85fc7b1
[INFO] [stdout]                                at /rustc/a178d0322ce20e33eac124758e837cbd80a6f633/library/std/src/panicking.rs:401:40
[INFO] [stdout]   24:     0x560e6401e609 - std::panicking::try::hb5d9603af3abbe3a
[INFO] [stdout]                                at /rustc/a178d0322ce20e33eac124758e837cbd80a6f633/library/std/src/panicking.rs:365:19
[INFO] [stdout]   25:     0x560e6401e609 - std::panic::catch_unwind::h98fe6ac3925e64b4
[INFO] [stdout]                                at /rustc/a178d0322ce20e33eac124758e837cbd80a6f633/library/std/src/panic.rs:434:14
[INFO] [stdout]   26:     0x560e6401e609 - std::rt::lang_start_internal::h22ac7383c516f93e
[INFO] [stdout]                                at /rustc/a178d0322ce20e33eac124758e837cbd80a6f633/library/std/src/rt.rs:34:21
[INFO] [stdout]   27:     0x560e63fd2c31 - std::rt::lang_start::h11b9716471e37ff8
[INFO] [stdout]   28:     0x560e63fd3b13 - main
[INFO] [stdout]   29:     0x7fa70ef340b3 - __libc_start_main
[INFO] [stdout]   30:     0x560e63fd282e - _start
[INFO] [stdout]   31:                0x0 - <unknown>
[INFO] [stdout] 
[INFO] [stdout] 
[INFO] [stdout] 
[INFO] [stdout] failures:
[INFO] [stdout]     src/lib.rs - (line 4)
[INFO] [stdout] 
[INFO] [stdout] test result: FAILED. 0 passed; 1 failed; 0 ignored; 0 measured; 0 filtered out; finished in 0.64s
[INFO] [stdout] 
[INFO] [stderr] error: test failed, to rerun pass '--doc'
[INFO] running `Command { std: "docker" "inspect" "d8b1bf9cc1b1836238b9f136b7b77e21bae1a7991f83c9b408646c061c49b02d", kill_on_drop: false }`
[INFO] running `Command { std: "docker" "rm" "-f" "d8b1bf9cc1b1836238b9f136b7b77e21bae1a7991f83c9b408646c061c49b02d", kill_on_drop: false }`
[INFO] [stdout] d8b1bf9cc1b1836238b9f136b7b77e21bae1a7991f83c9b408646c061c49b02d
