[INFO] fetching crate serdeval 0.1.0...
[INFO] testing serdeval-0.1.0 against beta-2021-08-01 for beta-1.55-1
[INFO] extracting crate serdeval 0.1.0 into /workspace/builds/worker-2/source
[INFO] validating manifest of crates.io crate serdeval 0.1.0 on toolchain beta-2021-08-01
[INFO] running `Command { std: "/workspace/cargo-home/bin/cargo" "+beta-2021-08-01" "metadata" "--manifest-path" "Cargo.toml" "--no-deps", kill_on_drop: false }`
[INFO] started tweaking crates.io crate serdeval 0.1.0
[INFO] finished tweaking crates.io crate serdeval 0.1.0
[INFO] tweaked toml for crates.io crate serdeval 0.1.0 written to /workspace/builds/worker-2/source/Cargo.toml
[INFO] crate crates.io crate serdeval 0.1.0 already has a lockfile, it will not be regenerated
[INFO] running `Command { std: "/workspace/cargo-home/bin/cargo" "+beta-2021-08-01" "fetch" "--manifest-path" "Cargo.toml", kill_on_drop: false }`
[INFO] running `Command { std: "docker" "create" "-v" "/var/lib/crater-agent-workspace/builds/worker-2/target:/opt/rustwide/target:rw,Z" "-v" "/var/lib/crater-agent-workspace/builds/worker-2/source:/opt/rustwide/workdir:ro,Z" "-v" "/var/lib/crater-agent-workspace/cargo-home:/opt/rustwide/cargo-home:ro,Z" "-v" "/var/lib/crater-agent-workspace/rustup-home:/opt/rustwide/rustup-home:ro,Z" "-e" "SOURCE_DIR=/opt/rustwide/workdir" "-e" "CARGO_TARGET_DIR=/opt/rustwide/target" "-e" "CARGO_HOME=/opt/rustwide/cargo-home" "-e" "RUSTUP_HOME=/opt/rustwide/rustup-home" "-w" "/opt/rustwide/workdir" "-m" "1610612736" "--user" "0:0" "--network" "none" "ghcr.io/rust-lang/crates-build-env/linux@sha256:34b6a614d2c27851fe6cbf88fbd1137609cefab8b10d0615aaeb6fd47975d74e" "/opt/rustwide/cargo-home/bin/cargo" "+beta-2021-08-01" "metadata" "--no-deps" "--format-version=1", kill_on_drop: false }`
[INFO] [stdout] 14439db4d82ebda8b3cb275f8d919636b4dc061d545abb54958b2c17ebff3221
[INFO] [stderr] WARNING: Your kernel does not support swap limit capabilities or the cgroup is not mounted. Memory limited without swap.
[INFO] running `Command { std: "docker" "start" "-a" "14439db4d82ebda8b3cb275f8d919636b4dc061d545abb54958b2c17ebff3221", kill_on_drop: false }`
[INFO] running `Command { std: "docker" "inspect" "14439db4d82ebda8b3cb275f8d919636b4dc061d545abb54958b2c17ebff3221", kill_on_drop: false }`
[INFO] running `Command { std: "docker" "rm" "-f" "14439db4d82ebda8b3cb275f8d919636b4dc061d545abb54958b2c17ebff3221", kill_on_drop: false }`
[INFO] [stdout] 14439db4d82ebda8b3cb275f8d919636b4dc061d545abb54958b2c17ebff3221
[INFO] running `Command { std: "docker" "create" "-v" "/var/lib/crater-agent-workspace/builds/worker-2/target:/opt/rustwide/target:rw,Z" "-v" "/var/lib/crater-agent-workspace/builds/worker-2/source:/opt/rustwide/workdir:ro,Z" "-v" "/var/lib/crater-agent-workspace/cargo-home:/opt/rustwide/cargo-home:ro,Z" "-v" "/var/lib/crater-agent-workspace/rustup-home:/opt/rustwide/rustup-home:ro,Z" "-e" "SOURCE_DIR=/opt/rustwide/workdir" "-e" "CARGO_TARGET_DIR=/opt/rustwide/target" "-e" "CARGO_INCREMENTAL=0" "-e" "RUST_BACKTRACE=full" "-e" "RUSTFLAGS=--cap-lints=warn" "-e" "CARGO_HOME=/opt/rustwide/cargo-home" "-e" "RUSTUP_HOME=/opt/rustwide/rustup-home" "-w" "/opt/rustwide/workdir" "-m" "1610612736" "--user" "0:0" "--network" "none" "ghcr.io/rust-lang/crates-build-env/linux@sha256:34b6a614d2c27851fe6cbf88fbd1137609cefab8b10d0615aaeb6fd47975d74e" "/opt/rustwide/cargo-home/bin/cargo" "+beta-2021-08-01" "build" "--frozen" "--message-format=json", kill_on_drop: false }`
[INFO] [stdout] 3355e76da5ddaa5799fad4f52778ac10b942c5f6fed1adf1991d095bcba26a94
[INFO] [stderr] WARNING: Your kernel does not support swap limit capabilities or the cgroup is not mounted. Memory limited without swap.
[INFO] running `Command { std: "docker" "start" "-a" "3355e76da5ddaa5799fad4f52778ac10b942c5f6fed1adf1991d095bcba26a94", kill_on_drop: false }`
[INFO] [stderr]    Compiling serde v1.0.126
[INFO] [stderr]    Compiling serdeval v0.1.0 (/opt/rustwide/workdir)
[INFO] [stderr]     Finished dev [unoptimized + debuginfo] target(s) in 7.81s
[INFO] running `Command { std: "docker" "inspect" "3355e76da5ddaa5799fad4f52778ac10b942c5f6fed1adf1991d095bcba26a94", kill_on_drop: false }`
[INFO] running `Command { std: "docker" "rm" "-f" "3355e76da5ddaa5799fad4f52778ac10b942c5f6fed1adf1991d095bcba26a94", kill_on_drop: false }`
[INFO] [stdout] 3355e76da5ddaa5799fad4f52778ac10b942c5f6fed1adf1991d095bcba26a94
[INFO] running `Command { std: "docker" "create" "-v" "/var/lib/crater-agent-workspace/builds/worker-2/target:/opt/rustwide/target:rw,Z" "-v" "/var/lib/crater-agent-workspace/builds/worker-2/source:/opt/rustwide/workdir:ro,Z" "-v" "/var/lib/crater-agent-workspace/cargo-home:/opt/rustwide/cargo-home:ro,Z" "-v" "/var/lib/crater-agent-workspace/rustup-home:/opt/rustwide/rustup-home:ro,Z" "-e" "SOURCE_DIR=/opt/rustwide/workdir" "-e" "CARGO_TARGET_DIR=/opt/rustwide/target" "-e" "CARGO_INCREMENTAL=0" "-e" "RUST_BACKTRACE=full" "-e" "RUSTFLAGS=--cap-lints=warn" "-e" "CARGO_HOME=/opt/rustwide/cargo-home" "-e" "RUSTUP_HOME=/opt/rustwide/rustup-home" "-w" "/opt/rustwide/workdir" "-m" "1610612736" "--user" "0:0" "--network" "none" "ghcr.io/rust-lang/crates-build-env/linux@sha256:34b6a614d2c27851fe6cbf88fbd1137609cefab8b10d0615aaeb6fd47975d74e" "/opt/rustwide/cargo-home/bin/cargo" "+beta-2021-08-01" "test" "--frozen" "--no-run" "--message-format=json", kill_on_drop: false }`
[INFO] [stderr] WARNING: Your kernel does not support swap limit capabilities or the cgroup is not mounted. Memory limited without swap.
[INFO] [stdout] c323f2a577cba66863afd34ebd3b9ed793261378fedf7b32600c038292b06164
[INFO] running `Command { std: "docker" "start" "-a" "c323f2a577cba66863afd34ebd3b9ed793261378fedf7b32600c038292b06164", kill_on_drop: false }`
[INFO] [stderr]    Compiling semver v1.0.3
[INFO] [stderr]    Compiling serde_cbor v0.11.1
[INFO] [stderr]    Compiling serde_json v1.0.64
[INFO] [stderr]    Compiling bstr v0.2.16
[INFO] [stderr]    Compiling plotters v0.3.1
[INFO] [stderr]    Compiling crossbeam-deque v0.8.0
[INFO] [stderr]    Compiling serde_derive v1.0.126
[INFO] [stderr]    Compiling rayon-core v1.9.1
[INFO] [stderr]    Compiling csv v1.1.6
[INFO] [stderr]    Compiling rustc_version v0.4.0
[INFO] [stderr]    Compiling tinytemplate v1.2.1
[INFO] [stderr]    Compiling rayon v1.5.1
[INFO] [stderr]    Compiling cast v0.2.7
[INFO] [stderr]    Compiling criterion-plot v0.4.4
[INFO] [stderr]    Compiling criterion v0.3.5
[INFO] [stderr]    Compiling serdeval v0.1.0 (/opt/rustwide/workdir)
[INFO] [stderr]     Finished test [unoptimized + debuginfo] target(s) in 41.97s
[INFO] running `Command { std: "docker" "inspect" "c323f2a577cba66863afd34ebd3b9ed793261378fedf7b32600c038292b06164", kill_on_drop: false }`
[INFO] running `Command { std: "docker" "rm" "-f" "c323f2a577cba66863afd34ebd3b9ed793261378fedf7b32600c038292b06164", kill_on_drop: false }`
[INFO] [stdout] c323f2a577cba66863afd34ebd3b9ed793261378fedf7b32600c038292b06164
[INFO] running `Command { std: "docker" "create" "-v" "/var/lib/crater-agent-workspace/builds/worker-2/target:/opt/rustwide/target:rw,Z" "-v" "/var/lib/crater-agent-workspace/builds/worker-2/source:/opt/rustwide/workdir:ro,Z" "-v" "/var/lib/crater-agent-workspace/cargo-home:/opt/rustwide/cargo-home:ro,Z" "-v" "/var/lib/crater-agent-workspace/rustup-home:/opt/rustwide/rustup-home:ro,Z" "-e" "SOURCE_DIR=/opt/rustwide/workdir" "-e" "CARGO_TARGET_DIR=/opt/rustwide/target" "-e" "CARGO_INCREMENTAL=0" "-e" "RUST_BACKTRACE=full" "-e" "RUSTFLAGS=--cap-lints=warn" "-e" "CARGO_HOME=/opt/rustwide/cargo-home" "-e" "RUSTUP_HOME=/opt/rustwide/rustup-home" "-w" "/opt/rustwide/workdir" "-m" "1610612736" "--user" "0:0" "--network" "none" "ghcr.io/rust-lang/crates-build-env/linux@sha256:34b6a614d2c27851fe6cbf88fbd1137609cefab8b10d0615aaeb6fd47975d74e" "/opt/rustwide/cargo-home/bin/cargo" "+beta-2021-08-01" "test" "--frozen", kill_on_drop: false }`
[INFO] [stdout] 3fd76a53090b4f0e362ef89ba2298c6f161b1f572acd46c8571b06a39e17b9ab
[INFO] [stderr] WARNING: Your kernel does not support swap limit capabilities or the cgroup is not mounted. Memory limited without swap.
[INFO] running `Command { std: "docker" "start" "-a" "3fd76a53090b4f0e362ef89ba2298c6f161b1f572acd46c8571b06a39e17b9ab", kill_on_drop: false }`
[INFO] [stderr]     Finished test [unoptimized + debuginfo] target(s) in 0.09s
[INFO] [stderr]      Running unittests (/opt/rustwide/target/debug/deps/serdeval-4d777e65fa625652)
[INFO] [stdout] 
[INFO] [stdout] running 4 tests
[INFO] [stdout] test test::deserialize_any ... ok
[INFO] [stdout] test test::deserialize_str ... ok
[INFO] [stdout] test test::deserialize_map ... ok
[INFO] [stdout] test test::deserialize_seq ... ok
[INFO] [stdout] 
[INFO] [stdout] test result: ok. 4 passed; 0 failed; 0 ignored; 0 measured; 0 filtered out; finished in 0.01s
[INFO] [stdout] 
[INFO] [stderr]    Doc-tests serdeval
[INFO] [stdout] 
[INFO] [stdout] running 2 tests
[INFO] [stdout] test src/lib.rs - Any (line 146) ... FAILED
[INFO] [stdout] test src/lib.rs - (line 8) ... FAILED
[INFO] [stdout] 
[INFO] [stdout] failures:
[INFO] [stdout] 
[INFO] [stdout] ---- src/lib.rs - Any (line 146) stdout ----
[INFO] [stdout] error[E0412]: cannot find type `Map` in this scope
[INFO] [stdout]  --> src/lib.rs:149:8
[INFO] [stdout]   |
[INFO] [stdout] 5 | let _: Map<Str, Any> = serde_json::from_str(&json).unwrap();
[INFO] [stdout]   |        ^^^ not found in this scope
[INFO] [stdout]   |
[INFO] [stdout] help: consider importing one of these items
[INFO] [stdout]   |
[INFO] [stdout] 2 | use core::iter::Map;
[INFO] [stdout]   |
[INFO] [stdout] 2 | use serde_json::Map;
[INFO] [stdout]   |
[INFO] [stdout] 2 | use serdeval::Map;
[INFO] [stdout]   |
[INFO] [stdout] 2 | use std::iter::Map;
[INFO] [stdout]   |
[INFO] [stdout] 
[INFO] [stdout] error[E0412]: cannot find type `Str` in this scope
[INFO] [stdout]  --> src/lib.rs:149:12
[INFO] [stdout]   |
[INFO] [stdout] 5 | let _: Map<Str, Any> = serde_json::from_str(&json).unwrap();
[INFO] [stdout]   |            ^^^
[INFO] [stdout]   |
[INFO] [stdout] help: a builtin type with a similar name exists
[INFO] [stdout]   |
[INFO] [stdout] 5 | let _: Map<str, Any> = serde_json::from_str(&json).unwrap();
[INFO] [stdout]   |            ^^^
[INFO] [stdout] help: consider importing this struct
[INFO] [stdout]   |
[INFO] [stdout] 2 | use serdeval::Str;
[INFO] [stdout]   |
[INFO] [stdout] 
[INFO] [stdout] error[E0412]: cannot find type `Any` in this scope
[INFO] [stdout]  --> src/lib.rs:149:17
[INFO] [stdout]   |
[INFO] [stdout] 5 | let _: Map<Str, Any> = serde_json::from_str(&json).unwrap();
[INFO] [stdout]   |                 ^^^ not found in this scope
[INFO] [stdout]   |
[INFO] [stdout] help: consider importing one of these items
[INFO] [stdout]   |
[INFO] [stdout] 2 | use core::any::Any;
[INFO] [stdout]   |
[INFO] [stdout] 2 | use serdeval::Any;
[INFO] [stdout]   |
[INFO] [stdout] 2 | use std::any::Any;
[INFO] [stdout]   |
[INFO] [stdout] 
[INFO] [stdout] error: aborting due to 3 previous errors
[INFO] [stdout] 
[INFO] [stdout] For more information about this error, try `rustc --explain E0412`.
[INFO] [stdout] Couldn't compile the test.
[INFO] [stdout] ---- src/lib.rs - (line 8) stdout ----
[INFO] [stderr] error: test failed, to rerun pass '--doc'
[INFO] [stdout] error[E0432]: unresolved import `std::io::File`
[INFO] [stdout]  --> src/lib.rs:9:5
[INFO] [stdout]   |
[INFO] [stdout] 3 | use std::io::File;
[INFO] [stdout]   |     ^^^^^^^^^^^^^ no `File` in `io`
[INFO] [stdout] 
[INFO] [stdout] error[E0599]: no method named `unwarp` found for enum `Result` in the current scope
[INFO] [stdout]   --> src/lib.rs:16:60
[INFO] [stdout]    |
[INFO] [stdout] 10 |     let _: Seq<Map<Str, Any>> = serde_json::from_reader(json).unwarp();
[INFO] [stdout]    |                                                               ^^^^^^ help: there is an associated function with a similar name: `unwrap`
[INFO] [stdout] 
[INFO] [stdout] error: aborting due to 2 previous errors
[INFO] [stdout] 
[INFO] [stdout] Some errors have detailed explanations: E0432, E0599.
[INFO] [stdout] For more information about an error, try `rustc --explain E0432`.
[INFO] [stdout] Couldn't compile the test.
[INFO] [stdout] 
[INFO] [stdout] failures:
[INFO] [stdout]     src/lib.rs - (line 8)
[INFO] [stdout]     src/lib.rs - Any (line 146)
[INFO] [stdout] 
[INFO] [stdout] test result: FAILED. 0 passed; 2 failed; 0 ignored; 0 measured; 0 filtered out; finished in 0.49s
[INFO] [stdout] 
[INFO] running `Command { std: "docker" "inspect" "3fd76a53090b4f0e362ef89ba2298c6f161b1f572acd46c8571b06a39e17b9ab", kill_on_drop: false }`
[INFO] running `Command { std: "docker" "rm" "-f" "3fd76a53090b4f0e362ef89ba2298c6f161b1f572acd46c8571b06a39e17b9ab", kill_on_drop: false }`
[INFO] [stdout] 3fd76a53090b4f0e362ef89ba2298c6f161b1f572acd46c8571b06a39e17b9ab
