[INFO] fetching crate serde_test 1.0.127...
[INFO] testing serde_test-1.0.127 against beta-2021-08-01 for beta-1.55-1
[INFO] extracting crate serde_test 1.0.127 into /workspace/builds/worker-12/source
[INFO] validating manifest of crates.io crate serde_test 1.0.127 on toolchain beta-2021-08-01
[INFO] running `Command { std: "/workspace/cargo-home/bin/cargo" "+beta-2021-08-01" "metadata" "--manifest-path" "Cargo.toml" "--no-deps", kill_on_drop: false }`
[INFO] started tweaking crates.io crate serde_test 1.0.127
[INFO] finished tweaking crates.io crate serde_test 1.0.127
[INFO] tweaked toml for crates.io crate serde_test 1.0.127 written to /workspace/builds/worker-12/source/Cargo.toml
[INFO] running `Command { std: "/workspace/cargo-home/bin/cargo" "+beta-2021-08-01" "generate-lockfile" "--manifest-path" "Cargo.toml" "-Zno-index-update", kill_on_drop: false }`
[INFO] [stderr]     Blocking waiting for file lock on package cache
[INFO] running `Command { std: "/workspace/cargo-home/bin/cargo" "+beta-2021-08-01" "fetch" "--manifest-path" "Cargo.toml", kill_on_drop: false }`
[INFO] running `Command { std: "docker" "create" "-v" "/var/lib/crater-agent-workspace/builds/worker-12/target:/opt/rustwide/target:rw,Z" "-v" "/var/lib/crater-agent-workspace/builds/worker-12/source:/opt/rustwide/workdir:ro,Z" "-v" "/var/lib/crater-agent-workspace/cargo-home:/opt/rustwide/cargo-home:ro,Z" "-v" "/var/lib/crater-agent-workspace/rustup-home:/opt/rustwide/rustup-home:ro,Z" "-e" "SOURCE_DIR=/opt/rustwide/workdir" "-e" "CARGO_TARGET_DIR=/opt/rustwide/target" "-e" "CARGO_HOME=/opt/rustwide/cargo-home" "-e" "RUSTUP_HOME=/opt/rustwide/rustup-home" "-w" "/opt/rustwide/workdir" "-m" "1610612736" "--user" "0:0" "--network" "none" "ghcr.io/rust-lang/crates-build-env/linux@sha256:34b6a614d2c27851fe6cbf88fbd1137609cefab8b10d0615aaeb6fd47975d74e" "/opt/rustwide/cargo-home/bin/cargo" "+beta-2021-08-01" "metadata" "--no-deps" "--format-version=1", kill_on_drop: false }`
[INFO] [stdout] 08bcc790825cd40ac39068a97ba087c426fc8a4fbf6978bd2cc4de3cb3d3e242
[INFO] [stderr] WARNING: Your kernel does not support swap limit capabilities or the cgroup is not mounted. Memory limited without swap.
[INFO] running `Command { std: "docker" "start" "-a" "08bcc790825cd40ac39068a97ba087c426fc8a4fbf6978bd2cc4de3cb3d3e242", kill_on_drop: false }`
[INFO] running `Command { std: "docker" "inspect" "08bcc790825cd40ac39068a97ba087c426fc8a4fbf6978bd2cc4de3cb3d3e242", kill_on_drop: false }`
[INFO] running `Command { std: "docker" "rm" "-f" "08bcc790825cd40ac39068a97ba087c426fc8a4fbf6978bd2cc4de3cb3d3e242", kill_on_drop: false }`
[INFO] [stdout] 08bcc790825cd40ac39068a97ba087c426fc8a4fbf6978bd2cc4de3cb3d3e242
[INFO] running `Command { std: "docker" "create" "-v" "/var/lib/crater-agent-workspace/builds/worker-12/target:/opt/rustwide/target:rw,Z" "-v" "/var/lib/crater-agent-workspace/builds/worker-12/source:/opt/rustwide/workdir:ro,Z" "-v" "/var/lib/crater-agent-workspace/cargo-home:/opt/rustwide/cargo-home:ro,Z" "-v" "/var/lib/crater-agent-workspace/rustup-home:/opt/rustwide/rustup-home:ro,Z" "-e" "SOURCE_DIR=/opt/rustwide/workdir" "-e" "CARGO_TARGET_DIR=/opt/rustwide/target" "-e" "CARGO_INCREMENTAL=0" "-e" "RUST_BACKTRACE=full" "-e" "RUSTFLAGS=--cap-lints=warn" "-e" "CARGO_HOME=/opt/rustwide/cargo-home" "-e" "RUSTUP_HOME=/opt/rustwide/rustup-home" "-w" "/opt/rustwide/workdir" "-m" "1610612736" "--user" "0:0" "--network" "none" "ghcr.io/rust-lang/crates-build-env/linux@sha256:34b6a614d2c27851fe6cbf88fbd1137609cefab8b10d0615aaeb6fd47975d74e" "/opt/rustwide/cargo-home/bin/cargo" "+beta-2021-08-01" "build" "--frozen" "--message-format=json", kill_on_drop: false }`
[INFO] [stdout] ca130c3b6c0f7ce221b93f5e9789e8dba2be822a51df87f50d54bbf07aafe3ef
[INFO] [stderr] WARNING: Your kernel does not support swap limit capabilities or the cgroup is not mounted. Memory limited without swap.
[INFO] running `Command { std: "docker" "start" "-a" "ca130c3b6c0f7ce221b93f5e9789e8dba2be822a51df87f50d54bbf07aafe3ef", kill_on_drop: false }`
[INFO] [stderr]    Compiling serde_test v1.0.127 (/opt/rustwide/workdir)
[INFO] [stderr]     Finished dev [unoptimized + debuginfo] target(s) in 1.61s
[INFO] running `Command { std: "docker" "inspect" "ca130c3b6c0f7ce221b93f5e9789e8dba2be822a51df87f50d54bbf07aafe3ef", kill_on_drop: false }`
[INFO] running `Command { std: "docker" "rm" "-f" "ca130c3b6c0f7ce221b93f5e9789e8dba2be822a51df87f50d54bbf07aafe3ef", kill_on_drop: false }`
[INFO] [stdout] ca130c3b6c0f7ce221b93f5e9789e8dba2be822a51df87f50d54bbf07aafe3ef
[INFO] running `Command { std: "docker" "create" "-v" "/var/lib/crater-agent-workspace/builds/worker-12/target:/opt/rustwide/target:rw,Z" "-v" "/var/lib/crater-agent-workspace/builds/worker-12/source:/opt/rustwide/workdir:ro,Z" "-v" "/var/lib/crater-agent-workspace/cargo-home:/opt/rustwide/cargo-home:ro,Z" "-v" "/var/lib/crater-agent-workspace/rustup-home:/opt/rustwide/rustup-home:ro,Z" "-e" "SOURCE_DIR=/opt/rustwide/workdir" "-e" "CARGO_TARGET_DIR=/opt/rustwide/target" "-e" "CARGO_INCREMENTAL=0" "-e" "RUST_BACKTRACE=full" "-e" "RUSTFLAGS=--cap-lints=warn" "-e" "CARGO_HOME=/opt/rustwide/cargo-home" "-e" "RUSTUP_HOME=/opt/rustwide/rustup-home" "-w" "/opt/rustwide/workdir" "-m" "1610612736" "--user" "0:0" "--network" "none" "ghcr.io/rust-lang/crates-build-env/linux@sha256:34b6a614d2c27851fe6cbf88fbd1137609cefab8b10d0615aaeb6fd47975d74e" "/opt/rustwide/cargo-home/bin/cargo" "+beta-2021-08-01" "test" "--frozen" "--no-run" "--message-format=json", kill_on_drop: false }`
[INFO] [stdout] d3c99b2f369b9e3c8cb4d9e1e58fd601dc4d1c86b4a1b1469ff7c9ed9fc7793a
[INFO] [stderr] WARNING: Your kernel does not support swap limit capabilities or the cgroup is not mounted. Memory limited without swap.
[INFO] running `Command { std: "docker" "start" "-a" "d3c99b2f369b9e3c8cb4d9e1e58fd601dc4d1c86b4a1b1469ff7c9ed9fc7793a", kill_on_drop: false }`
[INFO] [stderr]    Compiling serde_test v1.0.127 (/opt/rustwide/workdir)
[INFO] [stderr]     Finished test [unoptimized + debuginfo] target(s) in 1.55s
[INFO] running `Command { std: "docker" "inspect" "d3c99b2f369b9e3c8cb4d9e1e58fd601dc4d1c86b4a1b1469ff7c9ed9fc7793a", kill_on_drop: false }`
[INFO] running `Command { std: "docker" "rm" "-f" "d3c99b2f369b9e3c8cb4d9e1e58fd601dc4d1c86b4a1b1469ff7c9ed9fc7793a", kill_on_drop: false }`
[INFO] [stdout] d3c99b2f369b9e3c8cb4d9e1e58fd601dc4d1c86b4a1b1469ff7c9ed9fc7793a
[INFO] running `Command { std: "docker" "create" "-v" "/var/lib/crater-agent-workspace/builds/worker-12/target:/opt/rustwide/target:rw,Z" "-v" "/var/lib/crater-agent-workspace/builds/worker-12/source:/opt/rustwide/workdir:ro,Z" "-v" "/var/lib/crater-agent-workspace/cargo-home:/opt/rustwide/cargo-home:ro,Z" "-v" "/var/lib/crater-agent-workspace/rustup-home:/opt/rustwide/rustup-home:ro,Z" "-e" "SOURCE_DIR=/opt/rustwide/workdir" "-e" "CARGO_TARGET_DIR=/opt/rustwide/target" "-e" "CARGO_INCREMENTAL=0" "-e" "RUST_BACKTRACE=full" "-e" "RUSTFLAGS=--cap-lints=warn" "-e" "CARGO_HOME=/opt/rustwide/cargo-home" "-e" "RUSTUP_HOME=/opt/rustwide/rustup-home" "-w" "/opt/rustwide/workdir" "-m" "1610612736" "--user" "0:0" "--network" "none" "ghcr.io/rust-lang/crates-build-env/linux@sha256:34b6a614d2c27851fe6cbf88fbd1137609cefab8b10d0615aaeb6fd47975d74e" "/opt/rustwide/cargo-home/bin/cargo" "+beta-2021-08-01" "test" "--frozen", kill_on_drop: false }`
[INFO] [stdout] 6fe41aff7ac7fe2f5554c2c6e3314874e819c47c140a98702c63baa7f9d4635e
[INFO] [stderr] WARNING: Your kernel does not support swap limit capabilities or the cgroup is not mounted. Memory limited without swap.
[INFO] running `Command { std: "docker" "start" "-a" "6fe41aff7ac7fe2f5554c2c6e3314874e819c47c140a98702c63baa7f9d4635e", kill_on_drop: false }`
[INFO] [stdout] 
[INFO] [stderr]     Finished test [unoptimized + debuginfo] target(s) in 0.02s
[INFO] [stdout] running 0 tests
[INFO] [stderr]      Running unittests (/opt/rustwide/target/debug/deps/serde_test-6f798e0ec6bb3e62)
[INFO] [stdout] 
[INFO] [stderr]    Doc-tests serde_test
[INFO] [stdout] test result: ok. 0 passed; 0 failed; 0 ignored; 0 measured; 0 filtered out; finished in 0.00s
[INFO] [stdout] 
[INFO] [stdout] 
[INFO] [stdout] running 37 tests
[INFO] [stdout] test src/assert.rs - assert::assert_de_tokens_error (line 187) ... FAILED
[INFO] [stdout] test src/assert.rs - assert::assert_ser_tokens (line 42) ... FAILED
[INFO] [stdout] test src/assert.rs - assert::assert_tokens (line 11) ... FAILED
[INFO] [stdout] test src/assert.rs - assert::assert_de_tokens (line 133) ... FAILED
[INFO] [stdout] test src/assert.rs - assert::assert_ser_tokens_error (line 81) ... FAILED
[INFO] [stdout] test src/token.rs - token::Token::F64 (line 97) ... ok
[INFO] [stdout] test src/token.rs - token::Token::Enum (line 464) ... FAILED
[INFO] [stdout] test src/token.rs - token::Token::I64 (line 43) ... ok
[INFO] [stdout] test src/token.rs - token::Token::NewtypeVariant (line 247) ... FAILED
[INFO] [stdout] test src/token.rs - token::Token::BorrowedStr (line 125) ... ok
[INFO] [stdout] test src/token.rs - token::Token::F32 (line 88) ... ok
[INFO] [stdout] test src/token.rs - token::Token::Char (line 106) ... ok
[INFO] [stdout] test src/token.rs - token::Token::I8 (line 16) ... ok
[INFO] [stdout] test src/token.rs - token::Token::NewtypeStruct (line 226) ... FAILED
[INFO] [stdout] test src/token.rs - token::Token::Bool (line 7) ... ok
[INFO] [stdout] test src/token.rs - token::Token::I16 (line 25) ... ok
[INFO] [stdout] test src/token.rs - token::Token::I32 (line 34) ... ok
[INFO] [stdout] test src/token.rs - token::Token::Struct (line 402) ... FAILED
[INFO] [stdout] test src/token.rs - token::Token::None (line 154) ... ok
[INFO] [stdout] test src/lib.rs - (line 27) ... ok
[INFO] [stdout] test src/token.rs - token::Token::StructVariant (line 434) ... FAILED
[INFO] [stdout] test src/token.rs - token::Token::TupleStruct (line 316) ... FAILED
[INFO] [stdout] test src/token.rs - token::Token::TupleVariant (line 343) ... FAILED
[INFO] [stdout] test src/token.rs - token::Token::UnitStruct (line 188) ... FAILED
[INFO] [stdout] test src/token.rs - token::Token::Seq (line 274) ... ok
[INFO] [stdout] test src/token.rs - token::Token::Str (line 115) ... ok
[INFO] [stdout] test src/token.rs - token::Token::String (line 135) ... ok
[INFO] [stdout] test src/token.rs - token::Token::Map (line 375) ... ok
[INFO] [stdout] test src/token.rs - token::Token::Some (line 166) ... ok
[INFO] [stdout] test src/configure.rs - configure::Configure (line 17) ... ok
[INFO] [stdout] test src/token.rs - token::Token::U16 (line 61) ... ok
[INFO] [stdout] test src/token.rs - token::Token::U8 (line 52) ... ok
[INFO] [stdout] test src/token.rs - token::Token::UnitVariant (line 203) ... FAILED
[INFO] [stdout] test src/token.rs - token::Token::U64 (line 79) ... ok
[INFO] [stdout] test src/token.rs - token::Token::U32 (line 70) ... ok
[INFO] [stdout] test src/token.rs - token::Token::Unit (line 179) ... ok
[INFO] [stdout] test src/token.rs - token::Token::Tuple (line 295) ... ok
[INFO] [stdout] 
[INFO] [stdout] failures:
[INFO] [stdout] 
[INFO] [stdout] ---- src/assert.rs - assert::assert_de_tokens_error (line 187) stdout ----
[INFO] [stdout] error: cannot find derive macro `Serialize` in this scope
[INFO] [stdout]  --> src/assert.rs:191:10
[INFO] [stdout]   |
[INFO] [stdout] 7 | #[derive(Serialize, Deserialize, PartialEq, Debug)]
[INFO] [stdout]   |          ^^^^^^^^^
[INFO] [stdout] 
[INFO] [stdout] error: cannot find derive macro `Deserialize` in this scope
[INFO] [stdout]  --> src/assert.rs:191:21
[INFO] [stdout]   |
[INFO] [stdout] 7 | #[derive(Serialize, Deserialize, PartialEq, Debug)]
[INFO] [stdout]   |                     ^^^^^^^^^^^
[INFO] [stdout] 
[INFO] [stdout] error: cannot find attribute `serde` in this scope
[INFO] [stdout]  --> src/assert.rs:192:3
[INFO] [stdout]   |
[INFO] [stdout] 8 | #[serde(deny_unknown_fields)]
[INFO] [stdout]   |   ^^^^^
[INFO] [stdout] 
[INFO] [stdout] error[E0277]: the trait bound `S: Deserialize<'_>` is not satisfied
[INFO] [stdout]    --> src/assert.rs:198:1
[INFO] [stdout]     |
[INFO] [stdout] 14  | assert_de_tokens_error::<S>(
[INFO] [stdout]     | ^^^^^^^^^^^^^^^^^^^^^^^^^^^ the trait `Deserialize<'_>` is not implemented for `S`
[INFO] [stdout]     | 
[INFO] [stdout]    ::: /opt/rustwide/workdir/src/assert.rs:209:8
[INFO] [stdout]     |
[INFO] [stdout] 209 |     T: Deserialize<'de>,
[INFO] [stdout]     |        ---------------- required by this bound in `assert_de_tokens_error`
[INFO] [stdout] 
[INFO] [stdout] error: aborting due to 4 previous errors
[INFO] [stdout] 
[INFO] [stdout] For more information about this error, try `rustc --explain E0277`.
[INFO] [stdout] Couldn't compile the test.
[INFO] [stdout] ---- src/assert.rs - assert::assert_ser_tokens (line 42) stdout ----
[INFO] [stdout] error: cannot find derive macro `Serialize` in this scope
[INFO] [stdout]  --> src/assert.rs:46:10
[INFO] [stdout]   |
[INFO] [stdout] 7 | #[derive(Serialize, Deserialize, PartialEq, Debug)]
[INFO] [stdout]   |          ^^^^^^^^^
[INFO] [stdout] 
[INFO] [stdout] error: cannot find derive macro `Deserialize` in this scope
[INFO] [stdout]  --> src/assert.rs:46:21
[INFO] [stdout]   |
[INFO] [stdout] 7 | #[derive(Serialize, Deserialize, PartialEq, Debug)]
[INFO] [stdout]   |                     ^^^^^^^^^^^
[INFO] [stdout] 
[INFO] [stdout] error[E0277]: the trait bound `S: Serialize` is not satisfied
[INFO] [stdout]   --> src/assert.rs:53:1
[INFO] [stdout]    |
[INFO] [stdout] 14 | assert_ser_tokens(&s, &[
[INFO] [stdout]    | ^^^^^^^^^^^^^^^^^ the trait `Serialize` is not implemented for `S`
[INFO] [stdout]    | 
[INFO] [stdout]   ::: /opt/rustwide/workdir/src/assert.rs:65:8
[INFO] [stdout]    |
[INFO] [stdout] 65 |     T: Serialize,
[INFO] [stdout]    |        --------- required by this bound in `assert_ser_tokens`
[INFO] [stdout] 
[INFO] [stdout] error: aborting due to 3 previous errors
[INFO] [stdout] 
[INFO] [stdout] For more information about this error, try `rustc --explain E0277`.
[INFO] [stdout] Couldn't compile the test.
[INFO] [stdout] ---- src/assert.rs - assert::assert_tokens (line 11) stdout ----
[INFO] [stdout] error: cannot find derive macro `Serialize` in this scope
[INFO] [stdout]  --> src/assert.rs:15:10
[INFO] [stdout]   |
[INFO] [stdout] 7 | #[derive(Serialize, Deserialize, PartialEq, Debug)]
[INFO] [stdout]   |          ^^^^^^^^^
[INFO] [stdout] 
[INFO] [stdout] error: cannot find derive macro `Deserialize` in this scope
[INFO] [stdout]  --> src/assert.rs:15:21
[INFO] [stdout]   |
[INFO] [stdout] 7 | #[derive(Serialize, Deserialize, PartialEq, Debug)]
[INFO] [stdout]   |                     ^^^^^^^^^^^
[INFO] [stdout] 
[INFO] [stdout] error[E0277]: the trait bound `S: Serialize` is not satisfied
[INFO] [stdout]   --> src/assert.rs:22:1
[INFO] [stdout]    |
[INFO] [stdout] 14 | assert_tokens(&s, &[
[INFO] [stdout]    | ^^^^^^^^^^^^^ the trait `Serialize` is not implemented for `S`
[INFO] [stdout]    | 
[INFO] [stdout]   ::: /opt/rustwide/workdir/src/assert.rs:34:8
[INFO] [stdout]    |
[INFO] [stdout] 34 |     T: Serialize + Deserialize<'de> + PartialEq + Debug,
[INFO] [stdout]    |        --------- required by this bound in `assert_tokens`
[INFO] [stdout] 
[INFO] [stdout] error[E0277]: the trait bound `S: Deserialize<'_>` is not satisfied
[INFO] [stdout]   --> src/assert.rs:22:1
[INFO] [stdout]    |
[INFO] [stdout] 14 | assert_tokens(&s, &[
[INFO] [stdout]    | ^^^^^^^^^^^^^ the trait `Deserialize<'_>` is not implemented for `S`
[INFO] [stdout]    | 
[INFO] [stdout]   ::: /opt/rustwide/workdir/src/assert.rs:34:20
[INFO] [stdout]    |
[INFO] [stdout] 34 |     T: Serialize + Deserialize<'de> + PartialEq + Debug,
[INFO] [stdout]    |                    ---------------- required by this bound in `assert_tokens`
[INFO] [stdout] 
[INFO] [stdout] error: aborting due to 4 previous errors
[INFO] [stdout] 
[INFO] [stdout] For more information about this error, try `rustc --explain E0277`.
[INFO] [stdout] Couldn't compile the test.
[INFO] [stdout] ---- src/assert.rs - assert::assert_de_tokens (line 133) stdout ----
[INFO] [stdout] error: cannot find derive macro `Serialize` in this scope
[INFO] [stdout]  --> src/assert.rs:137:10
[INFO] [stdout]   |
[INFO] [stdout] 7 | #[derive(Serialize, Deserialize, PartialEq, Debug)]
[INFO] [stdout]   |          ^^^^^^^^^
[INFO] [stdout] 
[INFO] [stdout] error: cannot find derive macro `Deserialize` in this scope
[INFO] [stdout]  --> src/assert.rs:137:21
[INFO] [stdout]   |
[INFO] [stdout] 7 | #[derive(Serialize, Deserialize, PartialEq, Debug)]
[INFO] [stdout]   |                     ^^^^^^^^^^^
[INFO] [stdout] 
[INFO] [stdout] error[E0277]: the trait bound `S: Deserialize<'_>` is not satisfied
[INFO] [stdout]    --> src/assert.rs:144:1
[INFO] [stdout]     |
[INFO] [stdout] 14  | assert_de_tokens(&s, &[
[INFO] [stdout]     | ^^^^^^^^^^^^^^^^ the trait `Deserialize<'_>` is not implemented for `S`
[INFO] [stdout]     | 
[INFO] [stdout]    ::: /opt/rustwide/workdir/src/assert.rs:156:8
[INFO] [stdout]     |
[INFO] [stdout] 156 |     T: Deserialize<'de> + PartialEq + Debug,
[INFO] [stdout]     |        ---------------- required by this bound in `assert_de_tokens`
[INFO] [stdout] 
[INFO] [stdout] error: aborting due to 3 previous errors
[INFO] [stdout] 
[INFO] [stdout] For more information about this error, try `rustc --explain E0277`.
[INFO] [stdout] Couldn't compile the test.
[INFO] [stdout] ---- src/assert.rs - assert::assert_ser_tokens_error (line 81) stdout ----
[INFO] [stdout] error: cannot find derive macro `Serialize` in this scope
[INFO] [stdout]  --> src/assert.rs:88:10
[INFO] [stdout]   |
[INFO] [stdout] 9 | #[derive(Serialize)]
[INFO] [stdout]   |          ^^^^^^^^^
[INFO] [stdout] 
[INFO] [stdout] error[E0277]: the trait bound `Example: Serialize` is not satisfied
[INFO] [stdout]    --> src/assert.rs:112:29
[INFO] [stdout]     |
[INFO] [stdout] 33  |     assert_ser_tokens_error(&example, expected, error);
[INFO] [stdout]     |                             ^^^^^^^^ the trait `Serialize` is not implemented for `Example`
[INFO] [stdout]     | 
[INFO] [stdout]    ::: /opt/rustwide/workdir/src/assert.rs:118:8
[INFO] [stdout]     |
[INFO] [stdout] 118 |     T: Serialize,
[INFO] [stdout]     |        --------- required by this bound in `assert_ser_tokens_error`
[INFO] [stdout] 
[INFO] [stdout] error: aborting due to 2 previous errors
[INFO] [stdout] 
[INFO] [stdout] For more information about this error, try `rustc --explain E0277`.
[INFO] [stdout] Couldn't compile the test.
[INFO] [stdout] ---- src/token.rs - token::Token::Enum (line 464) stdout ----
[INFO] [stdout] error: cannot find derive macro `Serialize` in this scope
[INFO] [stdout]  --> src/token.rs:469:10
[INFO] [stdout]   |
[INFO] [stdout] 7 | #[derive(Serialize, Deserialize, PartialEq, Debug)]
[INFO] [stdout]   |          ^^^^^^^^^
[INFO] [stdout] 
[INFO] [stdout] error: cannot find derive macro `Deserialize` in this scope
[INFO] [stdout]  --> src/token.rs:469:21
[INFO] [stdout]   |
[INFO] [stdout] 7 | #[derive(Serialize, Deserialize, PartialEq, Debug)]
[INFO] [stdout]   |                     ^^^^^^^^^^^
[INFO] [stdout] 
[INFO] [stdout] error[E0277]: the trait bound `E: Serialize` is not satisfied
[INFO] [stdout]   --> src/token.rs:478:1
[INFO] [stdout]    |
[INFO] [stdout] 16 | assert_tokens(&a, &[
[INFO] [stdout]    | ^^^^^^^^^^^^^ the trait `Serialize` is not implemented for `E`
[INFO] [stdout]    | 
[INFO] [stdout]   ::: /opt/rustwide/workdir/src/assert.rs:34:8
[INFO] [stdout]    |
[INFO] [stdout] 34 |     T: Serialize + Deserialize<'de> + PartialEq + Debug,
[INFO] [stdout]    |        --------- required by this bound in `assert_tokens`
[INFO] [stdout] 
[INFO] [stdout] error[E0277]: the trait bound `E: Deserialize<'_>` is not satisfied
[INFO] [stdout]   --> src/token.rs:478:1
[INFO] [stdout]    |
[INFO] [stdout] 16 | assert_tokens(&a, &[
[INFO] [stdout]    | ^^^^^^^^^^^^^ the trait `Deserialize<'_>` is not implemented for `E`
[INFO] [stdout]    | 
[INFO] [stdout]   ::: /opt/rustwide/workdir/src/assert.rs:34:20
[INFO] [stdout]    |
[INFO] [stdout] 34 |     T: Serialize + Deserialize<'de> + PartialEq + Debug,
[INFO] [stdout]    |                    ---------------- required by this bound in `assert_tokens`
[INFO] [stdout] 
[INFO] [stdout] error[E0277]: the trait bound `E: Serialize` is not satisfied
[INFO] [stdout]   --> src/token.rs:485:1
[INFO] [stdout]    |
[INFO] [stdout] 23 | assert_tokens(&b, &[
[INFO] [stdout]    | ^^^^^^^^^^^^^ the trait `Serialize` is not implemented for `E`
[INFO] [stdout]    | 
[INFO] [stdout]   ::: /opt/rustwide/workdir/src/assert.rs:34:8
[INFO] [stdout]    |
[INFO] [stdout] 34 |     T: Serialize + Deserialize<'de> + PartialEq + Debug,
[INFO] [stdout]    |        --------- required by this bound in `assert_tokens`
[INFO] [stdout] 
[INFO] [stdout] error[E0277]: the trait bound `E: Deserialize<'_>` is not satisfied
[INFO] [stdout]   --> src/token.rs:485:1
[INFO] [stdout]    |
[INFO] [stdout] 23 | assert_tokens(&b, &[
[INFO] [stdout]    | ^^^^^^^^^^^^^ the trait `Deserialize<'_>` is not implemented for `E`
[INFO] [stdout]    | 
[INFO] [stdout]   ::: /opt/rustwide/workdir/src/assert.rs:34:20
[INFO] [stdout]    |
[INFO] [stdout] 34 |     T: Serialize + Deserialize<'de> + PartialEq + Debug,
[INFO] [stdout]    |                    ---------------- required by this bound in `assert_tokens`
[INFO] [stdout] 
[INFO] [stdout] error[E0277]: the trait bound `E: Serialize` is not satisfied
[INFO] [stdout]   --> src/token.rs:492:1
[INFO] [stdout]    |
[INFO] [stdout] 30 | assert_tokens(&c, &[
[INFO] [stdout]    | ^^^^^^^^^^^^^ the trait `Serialize` is not implemented for `E`
[INFO] [stdout]    | 
[INFO] [stdout]   ::: /opt/rustwide/workdir/src/assert.rs:34:8
[INFO] [stdout]    |
[INFO] [stdout] 34 |     T: Serialize + Deserialize<'de> + PartialEq + Debug,
[INFO] [stdout]    |        --------- required by this bound in `assert_tokens`
[INFO] [stdout] 
[INFO] [stdout] error[E0277]: the trait bound `E: Deserialize<'_>` is not satisfied
[INFO] [stdout]   --> src/token.rs:492:1
[INFO] [stdout]    |
[INFO] [stdout] 30 | assert_tokens(&c, &[
[INFO] [stdout]    | ^^^^^^^^^^^^^ the trait `Deserialize<'_>` is not implemented for `E`
[INFO] [stdout]    | 
[INFO] [stdout]   ::: /opt/rustwide/workdir/src/assert.rs:34:20
[INFO] [stdout]    |
[INFO] [stdout] 34 |     T: Serialize + Deserialize<'de> + PartialEq + Debug,
[INFO] [stdout]    |                    ---------------- required by this bound in `assert_tokens`
[INFO] [stdout] 
[INFO] [stdout] error[E0277]: the trait bound `E: Serialize` is not satisfied
[INFO] [stdout]   --> src/token.rs:502:1
[INFO] [stdout]    |
[INFO] [stdout] 40 | assert_tokens(&d, &[
[INFO] [stdout]    | ^^^^^^^^^^^^^ the trait `Serialize` is not implemented for `E`
[INFO] [stdout]    | 
[INFO] [stdout]   ::: /opt/rustwide/workdir/src/assert.rs:34:8
[INFO] [stdout]    |
[INFO] [stdout] 34 |     T: Serialize + Deserialize<'de> + PartialEq + Debug,
[INFO] [stdout]    |        --------- required by this bound in `assert_tokens`
[INFO] [stdout] 
[INFO] [stdout] error[E0277]: the trait bound `E: Deserialize<'_>` is not satisfied
[INFO] [stdout]   --> src/token.rs:502:1
[INFO] [stdout]    |
[INFO] [stdout] 40 | assert_tokens(&d, &[
[INFO] [stdout]    | ^^^^^^^^^^^^^ the trait `Deserialize<'_>` is not implemented for `E`
[INFO] [stdout]    | 
[INFO] [stdout]   ::: /opt/rustwide/workdir/src/assert.rs:34:20
[INFO] [stdout]    |
[INFO] [stdout] 34 |     T: Serialize + Deserialize<'de> + PartialEq + Debug,
[INFO] [stdout]    |                    ---------------- required by this bound in `assert_tokens`
[INFO] [stdout] 
[INFO] [stdout] error: aborting due to 10 previous errors
[INFO] [stdout] 
[INFO] [stdout] For more information about this error, try `rustc --explain E0277`.
[INFO] [stdout] Couldn't compile the test.
[INFO] [stdout] ---- src/token.rs - token::Token::NewtypeVariant (line 247) stdout ----
[INFO] [stdout] error: cannot find derive macro `Serialize` in this scope
[INFO] [stdout]  --> src/token.rs:252:10
[INFO] [stdout]   |
[INFO] [stdout] 7 | #[derive(Serialize, Deserialize, PartialEq, Debug)]
[INFO] [stdout]   |          ^^^^^^^^^
[INFO] [stdout] 
[INFO] [stdout] error: cannot find derive macro `Deserialize` in this scope
[INFO] [stdout]  --> src/token.rs:252:21
[INFO] [stdout]   |
[INFO] [stdout] 7 | #[derive(Serialize, Deserialize, PartialEq, Debug)]
[INFO] [stdout]   |                     ^^^^^^^^^^^
[INFO] [stdout] 
[INFO] [stdout] error[E0277]: the trait bound `E: Serialize` is not satisfied
[INFO] [stdout]   --> src/token.rs:258:1
[INFO] [stdout]    |
[INFO] [stdout] 13 | assert_tokens(&b, &[
[INFO] [stdout]    | ^^^^^^^^^^^^^ the trait `Serialize` is not implemented for `E`
[INFO] [stdout]    | 
[INFO] [stdout]   ::: /opt/rustwide/workdir/src/assert.rs:34:8
[INFO] [stdout]    |
[INFO] [stdout] 34 |     T: Serialize + Deserialize<'de> + PartialEq + Debug,
[INFO] [stdout]    |        --------- required by this bound in `assert_tokens`
[INFO] [stdout] 
[INFO] [stdout] error[E0277]: the trait bound `E: Deserialize<'_>` is not satisfied
[INFO] [stdout]   --> src/token.rs:258:1
[INFO] [stdout]    |
[INFO] [stdout] 13 | assert_tokens(&b, &[
[INFO] [stdout]    | ^^^^^^^^^^^^^ the trait `Deserialize<'_>` is not implemented for `E`
[INFO] [stdout]    | 
[INFO] [stdout]   ::: /opt/rustwide/workdir/src/assert.rs:34:20
[INFO] [stdout]    |
[INFO] [stdout] 34 |     T: Serialize + Deserialize<'de> + PartialEq + Debug,
[INFO] [stdout]    |                    ---------------- required by this bound in `assert_tokens`
[INFO] [stdout] 
[INFO] [stdout] error: aborting due to 4 previous errors
[INFO] [stdout] 
[INFO] [stdout] For more information about this error, try `rustc --explain E0277`.
[INFO] [stdout] Couldn't compile the test.
[INFO] [stdout] ---- src/token.rs - token::Token::NewtypeStruct (line 226) stdout ----
[INFO] [stdout] error: cannot find derive macro `Serialize` in this scope
[INFO] [stdout]  --> src/token.rs:231:10
[INFO] [stdout]   |
[INFO] [stdout] 7 | #[derive(Serialize, Deserialize, PartialEq, Debug)]
[INFO] [stdout]   |          ^^^^^^^^^
[INFO] [stdout] 
[INFO] [stdout] error: cannot find derive macro `Deserialize` in this scope
[INFO] [stdout]  --> src/token.rs:231:21
[INFO] [stdout]   |
[INFO] [stdout] 7 | #[derive(Serialize, Deserialize, PartialEq, Debug)]
[INFO] [stdout]   |                     ^^^^^^^^^^^
[INFO] [stdout] 
[INFO] [stdout] error[E0277]: the trait bound `N: Serialize` is not satisfied
[INFO] [stdout]   --> src/token.rs:235:1
[INFO] [stdout]    |
[INFO] [stdout] 11 | assert_tokens(&n, &[
[INFO] [stdout]    | ^^^^^^^^^^^^^ the trait `Serialize` is not implemented for `N`
[INFO] [stdout]    | 
[INFO] [stdout]   ::: /opt/rustwide/workdir/src/assert.rs:34:8
[INFO] [stdout]    |
[INFO] [stdout] 34 |     T: Serialize + Deserialize<'de> + PartialEq + Debug,
[INFO] [stdout]    |        --------- required by this bound in `assert_tokens`
[INFO] [stdout] 
[INFO] [stdout] error[E0277]: the trait bound `N: Deserialize<'_>` is not satisfied
[INFO] [stdout]   --> src/token.rs:235:1
[INFO] [stdout]    |
[INFO] [stdout] 11 | assert_tokens(&n, &[
[INFO] [stdout]    | ^^^^^^^^^^^^^ the trait `Deserialize<'_>` is not implemented for `N`
[INFO] [stdout]    | 
[INFO] [stdout]   ::: /opt/rustwide/workdir/src/assert.rs:34:20
[INFO] [stdout]    |
[INFO] [stdout] 34 |     T: Serialize + Deserialize<'de> + PartialEq + Debug,
[INFO] [stdout]    |                    ---------------- required by this bound in `assert_tokens`
[INFO] [stdout] 
[INFO] [stdout] error: aborting due to 4 previous errors
[INFO] [stdout] 
[INFO] [stdout] For more information about this error, try `rustc --explain E0277`.
[INFO] [stdout] Couldn't compile the test.
[INFO] [stdout] ---- src/token.rs - token::Token::Struct (line 402) stdout ----
[INFO] [stdout] error: cannot find derive macro `Serialize` in this scope
[INFO] [stdout]  --> src/token.rs:407:10
[INFO] [stdout]   |
[INFO] [stdout] 7 | #[derive(Serialize, Deserialize, PartialEq, Debug)]
[INFO] [stdout]   |          ^^^^^^^^^
[INFO] [stdout] 
[INFO] [stdout] error: cannot find derive macro `Deserialize` in this scope
[INFO] [stdout]  --> src/token.rs:407:21
[INFO] [stdout]   |
[INFO] [stdout] 7 | #[derive(Serialize, Deserialize, PartialEq, Debug)]
[INFO] [stdout]   |                     ^^^^^^^^^^^
[INFO] [stdout] 
[INFO] [stdout] error[E0277]: the trait bound `S: Serialize` is not satisfied
[INFO] [stdout]   --> src/token.rs:414:1
[INFO] [stdout]    |
[INFO] [stdout] 14 | assert_tokens(&s, &[
[INFO] [stdout]    | ^^^^^^^^^^^^^ the trait `Serialize` is not implemented for `S`
[INFO] [stdout]    | 
[INFO] [stdout]   ::: /opt/rustwide/workdir/src/assert.rs:34:8
[INFO] [stdout]    |
[INFO] [stdout] 34 |     T: Serialize + Deserialize<'de> + PartialEq + Debug,
[INFO] [stdout]    |        --------- required by this bound in `assert_tokens`
[INFO] [stdout] 
[INFO] [stdout] error[E0277]: the trait bound `S: Deserialize<'_>` is not satisfied
[INFO] [stdout]   --> src/token.rs:414:1
[INFO] [stdout]    |
[INFO] [stdout] 14 | assert_tokens(&s, &[
[INFO] [stdout]    | ^^^^^^^^^^^^^ the trait `Deserialize<'_>` is not implemented for `S`
[INFO] [stdout]    | 
[INFO] [stdout]   ::: /opt/rustwide/workdir/src/assert.rs:34:20
[INFO] [stdout]    |
[INFO] [stdout] 34 |     T: Serialize + Deserialize<'de> + PartialEq + Debug,
[INFO] [stdout]    |                    ---------------- required by this bound in `assert_tokens`
[INFO] [stdout] 
[INFO] [stdout] error: aborting due to 4 previous errors
[INFO] [stdout] 
[INFO] [stdout] For more information about this error, try `rustc --explain E0277`.
[INFO] [stdout] Couldn't compile the test.
[INFO] [stdout] ---- src/token.rs - token::Token::StructVariant (line 434) stdout ----
[INFO] [stdout] error: cannot find derive macro `Serialize` in this scope
[INFO] [stdout]  --> src/token.rs:439:10
[INFO] [stdout]   |
[INFO] [stdout] 7 | #[derive(Serialize, Deserialize, PartialEq, Debug)]
[INFO] [stdout]   |          ^^^^^^^^^
[INFO] [stdout] 
[INFO] [stdout] error: cannot find derive macro `Deserialize` in this scope
[INFO] [stdout]  --> src/token.rs:439:21
[INFO] [stdout]   |
[INFO] [stdout] 7 | #[derive(Serialize, Deserialize, PartialEq, Debug)]
[INFO] [stdout]   |                     ^^^^^^^^^^^
[INFO] [stdout] 
[INFO] [stdout] error[E0277]: the trait bound `E: Serialize` is not satisfied
[INFO] [stdout]   --> src/token.rs:445:1
[INFO] [stdout]    |
[INFO] [stdout] 13 | assert_tokens(&d, &[
[INFO] [stdout]    | ^^^^^^^^^^^^^ the trait `Serialize` is not implemented for `E`
[INFO] [stdout]    | 
[INFO] [stdout]   ::: /opt/rustwide/workdir/src/assert.rs:34:8
[INFO] [stdout]    |
[INFO] [stdout] 34 |     T: Serialize + Deserialize<'de> + PartialEq + Debug,
[INFO] [stdout]    |        --------- required by this bound in `assert_tokens`
[INFO] [stdout] 
[INFO] [stdout] error[E0277]: the trait bound `E: Deserialize<'_>` is not satisfied
[INFO] [stdout]   --> src/token.rs:445:1
[INFO] [stdout]    |
[INFO] [stdout] 13 | assert_tokens(&d, &[
[INFO] [stdout]    | ^^^^^^^^^^^^^ the trait `Deserialize<'_>` is not implemented for `E`
[INFO] [stdout]    | 
[INFO] [stdout]   ::: /opt/rustwide/workdir/src/assert.rs:34:20
[INFO] [stdout]    |
[INFO] [stdout] 34 |     T: Serialize + Deserialize<'de> + PartialEq + Debug,
[INFO] [stdout]    |                    ---------------- required by this bound in `assert_tokens`
[INFO] [stdout] 
[INFO] [stdout] error: aborting due to 4 previous errors
[INFO] [stdout] 
[INFO] [stdout] For more information about this error, try `rustc --explain E0277`.
[INFO] [stdout] Couldn't compile the test.
[INFO] [stdout] ---- src/token.rs - token::Token::TupleStruct (line 316) stdout ----
[INFO] [stdout] error: cannot find derive macro `Serialize` in this scope
[INFO] [stdout]  --> src/token.rs:321:10
[INFO] [stdout]   |
[INFO] [stdout] 7 | #[derive(Serialize, Deserialize, PartialEq, Debug)]
[INFO] [stdout]   |          ^^^^^^^^^
[INFO] [stdout] 
[INFO] [stdout] error: cannot find derive macro `Deserialize` in this scope
[INFO] [stdout]  --> src/token.rs:321:21
[INFO] [stdout]   |
[INFO] [stdout] 7 | #[derive(Serialize, Deserialize, PartialEq, Debug)]
[INFO] [stdout]   |                     ^^^^^^^^^^^
[INFO] [stdout] 
[INFO] [stdout] error[E0277]: the trait bound `T: Serialize` is not satisfied
[INFO] [stdout]   --> src/token.rs:325:1
[INFO] [stdout]    |
[INFO] [stdout] 11 | assert_tokens(&t, &[
[INFO] [stdout]    | ^^^^^^^^^^^^^ the trait `Serialize` is not implemented for `T`
[INFO] [stdout]    | 
[INFO] [stdout]   ::: /opt/rustwide/workdir/src/assert.rs:34:8
[INFO] [stdout]    |
[INFO] [stdout] 34 |     T: Serialize + Deserialize<'de> + PartialEq + Debug,
[INFO] [stdout]    |        --------- required by this bound in `assert_tokens`
[INFO] [stdout] 
[INFO] [stdout] error[E0277]: the trait bound `T: Deserialize<'_>` is not satisfied
[INFO] [stdout]   --> src/token.rs:325:1
[INFO] [stdout]    |
[INFO] [stdout] 11 | assert_tokens(&t, &[
[INFO] [stdout]    | ^^^^^^^^^^^^^ the trait `Deserialize<'_>` is not implemented for `T`
[INFO] [stdout]    | 
[INFO] [stdout]   ::: /opt/rustwide/workdir/src/assert.rs:34:20
[INFO] [stdout]    |
[INFO] [stdout] 34 |     T: Serialize + Deserialize<'de> + PartialEq + Debug,
[INFO] [stdout]    |                    ---------------- required by this bound in `assert_tokens`
[INFO] [stdout] 
[INFO] [stdout] error: aborting due to 4 previous errors
[INFO] [stdout] 
[INFO] [stdout] For more information about this error, try `rustc --explain E0277`.
[INFO] [stdout] Couldn't compile the test.
[INFO] [stdout] ---- src/token.rs - token::Token::TupleVariant (line 343) stdout ----
[INFO] [stdout] error: cannot find derive macro `Serialize` in this scope
[INFO] [stdout]  --> src/token.rs:348:10
[INFO] [stdout]   |
[INFO] [stdout] 7 | #[derive(Serialize, Deserialize, PartialEq, Debug)]
[INFO] [stdout]   |          ^^^^^^^^^
[INFO] [stdout] 
[INFO] [stdout] error: cannot find derive macro `Deserialize` in this scope
[INFO] [stdout]  --> src/token.rs:348:21
[INFO] [stdout]   |
[INFO] [stdout] 7 | #[derive(Serialize, Deserialize, PartialEq, Debug)]
[INFO] [stdout]   |                     ^^^^^^^^^^^
[INFO] [stdout] 
[INFO] [stdout] error[E0277]: the trait bound `E: Serialize` is not satisfied
[INFO] [stdout]   --> src/token.rs:354:1
[INFO] [stdout]    |
[INFO] [stdout] 13 | assert_tokens(&c, &[
[INFO] [stdout]    | ^^^^^^^^^^^^^ the trait `Serialize` is not implemented for `E`
[INFO] [stdout]    | 
[INFO] [stdout]   ::: /opt/rustwide/workdir/src/assert.rs:34:8
[INFO] [stdout]    |
[INFO] [stdout] 34 |     T: Serialize + Deserialize<'de> + PartialEq + Debug,
[INFO] [stdout]    |        --------- required by this bound in `assert_tokens`
[INFO] [stdout] 
[INFO] [stdout] error[E0277]: the trait bound `E: Deserialize<'_>` is not satisfied
[INFO] [stdout]   --> src/token.rs:354:1
[INFO] [stdout]    |
[INFO] [stdout] 13 | assert_tokens(&c, &[
[INFO] [stdout]    | ^^^^^^^^^^^^^ the trait `Deserialize<'_>` is not implemented for `E`
[INFO] [stdout]    | 
[INFO] [stdout]   ::: /opt/rustwide/workdir/src/assert.rs:34:20
[INFO] [stdout]    |
[INFO] [stdout] 34 |     T: Serialize + Deserialize<'de> + PartialEq + Debug,
[INFO] [stdout]    |                    ---------------- required by this bound in `assert_tokens`
[INFO] [stdout] 
[INFO] [stdout] error: aborting due to 4 previous errors
[INFO] [stdout] 
[INFO] [stdout] For more information about this error, try `rustc --explain E0277`.
[INFO] [stdout] Couldn't compile the test.
[INFO] [stdout] ---- src/token.rs - token::Token::UnitStruct (line 188) stdout ----
[INFO] [stdout] error: cannot find derive macro `Serialize` in this scope
[INFO] [stdout]  --> src/token.rs:193:10
[INFO] [stdout]   |
[INFO] [stdout] 7 | #[derive(Serialize, Deserialize, PartialEq, Debug)]
[INFO] [stdout]   |          ^^^^^^^^^
[INFO] [stdout] 
[INFO] [stdout] error: cannot find derive macro `Deserialize` in this scope
[INFO] [stdout]  --> src/token.rs:193:21
[INFO] [stdout]   |
[INFO] [stdout] 7 | #[derive(Serialize, Deserialize, PartialEq, Debug)]
[INFO] [stdout]   |                     ^^^^^^^^^^^
[INFO] [stdout] 
[INFO] [stdout] error[E0277]: the trait bound `X: Serialize` is not satisfied
[INFO] [stdout]   --> src/token.rs:196:15
[INFO] [stdout]    |
[INFO] [stdout] 10 | assert_tokens(&X, &[Token::UnitStruct { name: "X" }]);
[INFO] [stdout]    |               ^^ the trait `Serialize` is not implemented for `X`
[INFO] [stdout]    | 
[INFO] [stdout]   ::: /opt/rustwide/workdir/src/assert.rs:34:8
[INFO] [stdout]    |
[INFO] [stdout] 34 |     T: Serialize + Deserialize<'de> + PartialEq + Debug,
[INFO] [stdout]    |        --------- required by this bound in `assert_tokens`
[INFO] [stdout] 
[INFO] [stdout] error[E0277]: the trait bound `X: Deserialize<'_>` is not satisfied
[INFO] [stdout]   --> src/token.rs:196:15
[INFO] [stdout]    |
[INFO] [stdout] 10 | assert_tokens(&X, &[Token::UnitStruct { name: "X" }]);
[INFO] [stdout]    |               ^^ the trait `Deserialize<'_>` is not implemented for `X`
[INFO] [stdout]    | 
[INFO] [stdout]   ::: /opt/rustwide/workdir/src/assert.rs:34:20
[INFO] [stdout]    |
[INFO] [stdout] 34 |     T: Serialize + Deserialize<'de> + PartialEq + Debug,
[INFO] [stdout]    |                    ---------------- required by this bound in `assert_tokens`
[INFO] [stdout] 
[INFO] [stdout] error: aborting due to 4 previous errors
[INFO] [stdout] 
[INFO] [stdout] For more information about this error, try `rustc --explain E0277`.
[INFO] [stdout] Couldn't compile the test.
[INFO] [stdout] ---- src/token.rs - token::Token::UnitVariant (line 203) stdout ----
[INFO] [stdout] error: cannot find derive macro `Serialize` in this scope
[INFO] [stdout]  --> src/token.rs:208:10
[INFO] [stdout]   |
[INFO] [stdout] 7 | #[derive(Serialize, Deserialize, PartialEq, Debug)]
[INFO] [stdout]   |          ^^^^^^^^^
[INFO] [stdout] 
[INFO] [stdout] error: cannot find derive macro `Deserialize` in this scope
[INFO] [stdout]  --> src/token.rs:208:21
[INFO] [stdout]   |
[INFO] [stdout] 7 | #[derive(Serialize, Deserialize, PartialEq, Debug)]
[INFO] [stdout]   |                     ^^^^^^^^^^^
[INFO] [stdout] 
[INFO] [stdout] error[E0277]: the trait bound `E: Serialize` is not satisfied
[INFO] [stdout]   --> src/token.rs:214:15
[INFO] [stdout]    |
[INFO] [stdout] 13 | assert_tokens(&a, &[Token::UnitVariant { name: "E", variant: "A" }]);
[INFO] [stdout]    |               ^^ the trait `Serialize` is not implemented for `E`
[INFO] [stdout]    | 
[INFO] [stdout]   ::: /opt/rustwide/workdir/src/assert.rs:34:8
[INFO] [stdout]    |
[INFO] [stdout] 34 |     T: Serialize + Deserialize<'de> + PartialEq + Debug,
[INFO] [stdout]    |        --------- required by this bound in `assert_tokens`
[INFO] [stdout] 
[INFO] [stdout] error[E0277]: the trait bound `E: Deserialize<'_>` is not satisfied
[INFO] [stdout]   --> src/token.rs:214:15
[INFO] [stdout]    |
[INFO] [stdout] 13 | assert_tokens(&a, &[Token::UnitVariant { name: "E", variant: "A" }]);
[INFO] [stdout]    |               ^^ the trait `Deserialize<'_>` is not implemented for `E`
[INFO] [stdout]    | 
[INFO] [stdout]   ::: /opt/rustwide/workdir/src/assert.rs:34:20
[INFO] [stdout]    |
[INFO] [stdout] 34 |     T: Serialize + Deserialize<'de> + PartialEq + Debug,
[INFO] [stdout]    |                    ---------------- required by this bound in `assert_tokens`
[INFO] [stdout] 
[INFO] [stdout] error: aborting due to 4 previous errors
[INFO] [stdout] 
[INFO] [stdout] For more information about this error, try `rustc --explain E0277`.
[INFO] [stdout] Couldn't compile the test.
[INFO] [stdout] 
[INFO] [stdout] failures:
[INFO] [stdout]     src/assert.rs - assert::assert_de_tokens (line 133)
[INFO] [stdout]     src/assert.rs - assert::assert_de_tokens_error (line 187)
[INFO] [stdout]     src/assert.rs - assert::assert_ser_tokens (line 42)
[INFO] [stdout]     src/assert.rs - assert::assert_ser_tokens_error (line 81)
[INFO] [stdout]     src/assert.rs - assert::assert_tokens (line 11)
[INFO] [stdout]     src/token.rs - token::Token::Enum (line 464)
[INFO] [stdout]     src/token.rs - token::Token::NewtypeStruct (line 226)
[INFO] [stdout]     src/token.rs - token::Token::NewtypeVariant (line 247)
[INFO] [stdout]     src/token.rs - token::Token::Struct (line 402)
[INFO] [stdout]     src/token.rs - token::Token::StructVariant (line 434)
[INFO] [stdout]     src/token.rs - token::Token::TupleStruct (line 316)
[INFO] [stdout]     src/token.rs - token::Token::TupleVariant (line 343)
[INFO] [stdout]     src/token.rs - token::Token::UnitStruct (line 188)
[INFO] [stdout]     src/token.rs - token::Token::UnitVariant (line 203)
[INFO] [stdout] 
[INFO] [stdout] test result: FAILED. 23 passed; 14 failed; 0 ignored; 0 measured; 0 filtered out; finished in 6.41s
[INFO] [stdout] 
[INFO] [stderr] error: test failed, to rerun pass '--doc'
[INFO] running `Command { std: "docker" "inspect" "6fe41aff7ac7fe2f5554c2c6e3314874e819c47c140a98702c63baa7f9d4635e", kill_on_drop: false }`
[INFO] running `Command { std: "docker" "rm" "-f" "6fe41aff7ac7fe2f5554c2c6e3314874e819c47c140a98702c63baa7f9d4635e", kill_on_drop: false }`
[INFO] [stdout] 6fe41aff7ac7fe2f5554c2c6e3314874e819c47c140a98702c63baa7f9d4635e
