[INFO] fetching crate serde_json_v8 0.1.1...
[INFO] testing serde_json_v8-0.1.1 against 1.54.0 for beta-1.55-1
[INFO] extracting crate serde_json_v8 0.1.1 into /workspace/builds/worker-14/source
[INFO] validating manifest of crates.io crate serde_json_v8 0.1.1 on toolchain 1.54.0
[INFO] running `Command { std: "/workspace/cargo-home/bin/cargo" "+1.54.0" "metadata" "--manifest-path" "Cargo.toml" "--no-deps", kill_on_drop: false }`
[INFO] started tweaking crates.io crate serde_json_v8 0.1.1
[INFO] finished tweaking crates.io crate serde_json_v8 0.1.1
[INFO] tweaked toml for crates.io crate serde_json_v8 0.1.1 written to /workspace/builds/worker-14/source/Cargo.toml
[INFO] running `Command { std: "/workspace/cargo-home/bin/cargo" "+1.54.0" "generate-lockfile" "--manifest-path" "Cargo.toml" "-Zno-index-update", kill_on_drop: false }`
[INFO] running `Command { std: "/workspace/cargo-home/bin/cargo" "+1.54.0" "fetch" "--manifest-path" "Cargo.toml", kill_on_drop: false }`
[INFO] running `Command { std: "docker" "create" "-v" "/var/lib/crater-agent-workspace/builds/worker-14/target:/opt/rustwide/target:rw,Z" "-v" "/var/lib/crater-agent-workspace/builds/worker-14/source:/opt/rustwide/workdir:ro,Z" "-v" "/var/lib/crater-agent-workspace/cargo-home:/opt/rustwide/cargo-home:ro,Z" "-v" "/var/lib/crater-agent-workspace/rustup-home:/opt/rustwide/rustup-home:ro,Z" "-e" "SOURCE_DIR=/opt/rustwide/workdir" "-e" "CARGO_TARGET_DIR=/opt/rustwide/target" "-e" "CARGO_HOME=/opt/rustwide/cargo-home" "-e" "RUSTUP_HOME=/opt/rustwide/rustup-home" "-w" "/opt/rustwide/workdir" "-m" "1610612736" "--user" "0:0" "--network" "none" "ghcr.io/rust-lang/crates-build-env/linux@sha256:34b6a614d2c27851fe6cbf88fbd1137609cefab8b10d0615aaeb6fd47975d74e" "/opt/rustwide/cargo-home/bin/cargo" "+1.54.0" "metadata" "--no-deps" "--format-version=1", kill_on_drop: false }`
[INFO] [stdout] 166f9a16d9e8b78e8f49d23cf6c895ccb5fb9a9fd9de9aa71473b37f284d0e67
[INFO] [stderr] WARNING: Your kernel does not support swap limit capabilities or the cgroup is not mounted. Memory limited without swap.
[INFO] running `Command { std: "docker" "start" "-a" "166f9a16d9e8b78e8f49d23cf6c895ccb5fb9a9fd9de9aa71473b37f284d0e67", kill_on_drop: false }`
[INFO] running `Command { std: "docker" "inspect" "166f9a16d9e8b78e8f49d23cf6c895ccb5fb9a9fd9de9aa71473b37f284d0e67", kill_on_drop: false }`
[INFO] running `Command { std: "docker" "rm" "-f" "166f9a16d9e8b78e8f49d23cf6c895ccb5fb9a9fd9de9aa71473b37f284d0e67", kill_on_drop: false }`
[INFO] [stdout] 166f9a16d9e8b78e8f49d23cf6c895ccb5fb9a9fd9de9aa71473b37f284d0e67
[INFO] running `Command { std: "docker" "create" "-v" "/var/lib/crater-agent-workspace/builds/worker-14/target:/opt/rustwide/target:rw,Z" "-v" "/var/lib/crater-agent-workspace/builds/worker-14/source:/opt/rustwide/workdir:ro,Z" "-v" "/var/lib/crater-agent-workspace/cargo-home:/opt/rustwide/cargo-home:ro,Z" "-v" "/var/lib/crater-agent-workspace/rustup-home:/opt/rustwide/rustup-home:ro,Z" "-e" "SOURCE_DIR=/opt/rustwide/workdir" "-e" "CARGO_TARGET_DIR=/opt/rustwide/target" "-e" "CARGO_INCREMENTAL=0" "-e" "RUST_BACKTRACE=full" "-e" "RUSTFLAGS=--cap-lints=warn" "-e" "CARGO_HOME=/opt/rustwide/cargo-home" "-e" "RUSTUP_HOME=/opt/rustwide/rustup-home" "-w" "/opt/rustwide/workdir" "-m" "1610612736" "--user" "0:0" "--network" "none" "ghcr.io/rust-lang/crates-build-env/linux@sha256:34b6a614d2c27851fe6cbf88fbd1137609cefab8b10d0615aaeb6fd47975d74e" "/opt/rustwide/cargo-home/bin/cargo" "+1.54.0" "build" "--frozen" "--message-format=json", kill_on_drop: false }`
[INFO] [stdout] 5f8e13e09e0de55f6ceffb5312eced27ac6c0d77c10e3cf2ebf6cdb50bae0cf8
[INFO] [stderr] WARNING: Your kernel does not support swap limit capabilities or the cgroup is not mounted. Memory limited without swap.
[INFO] running `Command { std: "docker" "start" "-a" "5f8e13e09e0de55f6ceffb5312eced27ac6c0d77c10e3cf2ebf6cdb50bae0cf8", kill_on_drop: false }`
[INFO] [stderr]    Compiling serde_json v1.0.66
[INFO] [stderr]    Compiling ryu-js v0.2.1
[INFO] [stderr]    Compiling serde_json_v8 v0.1.1 (/opt/rustwide/workdir)
[INFO] [stdout] warning: unused `#[macro_use]` import
[INFO] [stdout]    --> src/lib.rs:321:1
[INFO] [stdout]     |
[INFO] [stdout] 321 | #[macro_use]
[INFO] [stdout]     | ^^^^^^^^^^^^
[INFO] [stdout]     |
[INFO] [stdout]     = note: `#[warn(unused_imports)]` on by default
[INFO] [stdout] 
[INFO] [stdout] 
[INFO] [stdout] warning: 1 warning emitted
[INFO] [stdout] 
[INFO] [stdout] 
[INFO] [stderr]     Finished dev [unoptimized + debuginfo] target(s) in 5.90s
[INFO] running `Command { std: "docker" "inspect" "5f8e13e09e0de55f6ceffb5312eced27ac6c0d77c10e3cf2ebf6cdb50bae0cf8", kill_on_drop: false }`
[INFO] running `Command { std: "docker" "rm" "-f" "5f8e13e09e0de55f6ceffb5312eced27ac6c0d77c10e3cf2ebf6cdb50bae0cf8", kill_on_drop: false }`
[INFO] [stdout] 5f8e13e09e0de55f6ceffb5312eced27ac6c0d77c10e3cf2ebf6cdb50bae0cf8
[INFO] running `Command { std: "docker" "create" "-v" "/var/lib/crater-agent-workspace/builds/worker-14/target:/opt/rustwide/target:rw,Z" "-v" "/var/lib/crater-agent-workspace/builds/worker-14/source:/opt/rustwide/workdir:ro,Z" "-v" "/var/lib/crater-agent-workspace/cargo-home:/opt/rustwide/cargo-home:ro,Z" "-v" "/var/lib/crater-agent-workspace/rustup-home:/opt/rustwide/rustup-home:ro,Z" "-e" "SOURCE_DIR=/opt/rustwide/workdir" "-e" "CARGO_TARGET_DIR=/opt/rustwide/target" "-e" "CARGO_INCREMENTAL=0" "-e" "RUST_BACKTRACE=full" "-e" "RUSTFLAGS=--cap-lints=warn" "-e" "CARGO_HOME=/opt/rustwide/cargo-home" "-e" "RUSTUP_HOME=/opt/rustwide/rustup-home" "-w" "/opt/rustwide/workdir" "-m" "1610612736" "--user" "0:0" "--network" "none" "ghcr.io/rust-lang/crates-build-env/linux@sha256:34b6a614d2c27851fe6cbf88fbd1137609cefab8b10d0615aaeb6fd47975d74e" "/opt/rustwide/cargo-home/bin/cargo" "+1.54.0" "test" "--frozen" "--no-run" "--message-format=json", kill_on_drop: false }`
[INFO] [stdout] 51cab94ce80bdcdd98e453f27f4e107aafbcce217526cc9a2ee55e1869a931f0
[INFO] [stderr] WARNING: Your kernel does not support swap limit capabilities or the cgroup is not mounted. Memory limited without swap.
[INFO] running `Command { std: "docker" "start" "-a" "51cab94ce80bdcdd98e453f27f4e107aafbcce217526cc9a2ee55e1869a931f0", kill_on_drop: false }`
[INFO] [stderr]    Compiling compiletest_rs v0.3.26
[INFO] [stderr]    Compiling psm v0.1.14
[INFO] [stderr]    Compiling stacker v0.1.14
[INFO] [stderr]    Compiling getopts v0.2.21
[INFO] [stderr]    Compiling dirs v2.0.2
[INFO] [stderr]    Compiling automod v0.1.2
[INFO] [stderr]    Compiling serde_bytes v0.11.5
[INFO] [stderr]    Compiling rustfix v0.4.6
[INFO] [stdout] warning: unused `#[macro_use]` import
[INFO] [stdout]    --> src/lib.rs:321:1
[INFO] [stdout]     |
[INFO] [stdout] 321 | #[macro_use]
[INFO] [stdout]     | ^^^^^^^^^^^^
[INFO] [stdout]     |
[INFO] [stdout]     = note: `#[warn(unused_imports)]` on by default
[INFO] [stdout] 
[INFO] [stdout] 
[INFO] [stdout] warning: 1 warning emitted
[INFO] [stdout] 
[INFO] [stdout] 
[INFO] [stderr]    Compiling term v0.6.1
[INFO] [stderr]    Compiling serde_stacker v0.1.4
[INFO] [stderr]    Compiling tester v0.6.0
[INFO] [stderr]    Compiling serde_json_v8 v0.1.1 (/opt/rustwide/workdir)
[INFO] [stdout] warning: unused `#[macro_use]` import
[INFO] [stdout]    --> src/lib.rs:321:1
[INFO] [stdout]     |
[INFO] [stdout] 321 | #[macro_use]
[INFO] [stdout]     | ^^^^^^^^^^^^
[INFO] [stdout]     |
[INFO] [stdout]     = note: `#[warn(unused_imports)]` on by default
[INFO] [stdout] 
[INFO] [stdout] 
[INFO] [stdout] warning: 1 warning emitted
[INFO] [stdout] 
[INFO] [stdout] 
[INFO] [stderr]     Finished test [unoptimized + debuginfo] target(s) in 15.73s
[INFO] running `Command { std: "docker" "inspect" "51cab94ce80bdcdd98e453f27f4e107aafbcce217526cc9a2ee55e1869a931f0", kill_on_drop: false }`
[INFO] running `Command { std: "docker" "rm" "-f" "51cab94ce80bdcdd98e453f27f4e107aafbcce217526cc9a2ee55e1869a931f0", kill_on_drop: false }`
[INFO] [stdout] 51cab94ce80bdcdd98e453f27f4e107aafbcce217526cc9a2ee55e1869a931f0
[INFO] running `Command { std: "docker" "create" "-v" "/var/lib/crater-agent-workspace/builds/worker-14/target:/opt/rustwide/target:rw,Z" "-v" "/var/lib/crater-agent-workspace/builds/worker-14/source:/opt/rustwide/workdir:ro,Z" "-v" "/var/lib/crater-agent-workspace/cargo-home:/opt/rustwide/cargo-home:ro,Z" "-v" "/var/lib/crater-agent-workspace/rustup-home:/opt/rustwide/rustup-home:ro,Z" "-e" "SOURCE_DIR=/opt/rustwide/workdir" "-e" "CARGO_TARGET_DIR=/opt/rustwide/target" "-e" "CARGO_INCREMENTAL=0" "-e" "RUST_BACKTRACE=full" "-e" "RUSTFLAGS=--cap-lints=warn" "-e" "CARGO_HOME=/opt/rustwide/cargo-home" "-e" "RUSTUP_HOME=/opt/rustwide/rustup-home" "-w" "/opt/rustwide/workdir" "-m" "1610612736" "--user" "0:0" "--network" "none" "ghcr.io/rust-lang/crates-build-env/linux@sha256:34b6a614d2c27851fe6cbf88fbd1137609cefab8b10d0615aaeb6fd47975d74e" "/opt/rustwide/cargo-home/bin/cargo" "+1.54.0" "test" "--frozen", kill_on_drop: false }`
[INFO] [stdout] 3fc029fe77f604bcbcc3c7bfd2e5a6284574d458d4cab75b7ad01f16c52e0be3
[INFO] [stderr] WARNING: Your kernel does not support swap limit capabilities or the cgroup is not mounted. Memory limited without swap.
[INFO] running `Command { std: "docker" "start" "-a" "3fc029fe77f604bcbcc3c7bfd2e5a6284574d458d4cab75b7ad01f16c52e0be3", kill_on_drop: false }`
[INFO] [stdout] 
[INFO] [stderr] warning: unused `#[macro_use]` import
[INFO] [stdout] running 0 tests
[INFO] [stderr]    --> src/lib.rs:321:1
[INFO] [stdout] 
[INFO] [stderr]     |
[INFO] [stdout] test result: ok. 0 passed; 0 failed; 0 ignored; 0 measured; 0 filtered out; finished in 0.00s
[INFO] [stderr] 321 | #[macro_use]
[INFO] [stdout] 
[INFO] [stderr]     | ^^^^^^^^^^^^
[INFO] [stderr]     |
[INFO] [stderr]     = note: `#[warn(unused_imports)]` on by default
[INFO] [stderr] 
[INFO] [stderr] warning: 1 warning emitted
[INFO] [stderr] 
[INFO] [stderr] warning: unused `#[macro_use]` import
[INFO] [stderr]    --> src/lib.rs:321:1
[INFO] [stderr]     |
[INFO] [stderr] 321 | #[macro_use]
[INFO] [stderr]     | ^^^^^^^^^^^^
[INFO] [stderr]     |
[INFO] [stderr]     = note: `#[warn(unused_imports)]` on by default
[INFO] [stderr] 
[INFO] [stderr] warning: 1 warning emitted
[INFO] [stderr] 
[INFO] [stderr]     Finished test [unoptimized + debuginfo] target(s) in 0.10s
[INFO] [stderr]      Running unittests (/opt/rustwide/target/debug/deps/serde_json_v8-70462ddfca2daa8e)
[INFO] [stderr]    Doc-tests serde_json_v8
[INFO] [stdout] 
[INFO] [stdout] running 6 tests
[INFO] [stdout] test src/lib.rs - (line 121) ... FAILED
[INFO] [stdout] test src/lib.rs - (line 244) ... FAILED
[INFO] [stdout] test src/lib.rs - (line 43) ... ok
[INFO] [stdout] test src/lib.rs - (line 63) ... ok
[INFO] [stdout] test src/lib.rs - (line 184) ... ok
[INFO] [stdout] test src/lib.rs - (line 213) ... ok
[INFO] [stdout] 
[INFO] [stdout] failures:
[INFO] [stdout] 
[INFO] [stdout] ---- src/lib.rs - (line 121) stdout ----
[INFO] [stdout] error[E0252]: the name `Deserialize` is defined multiple times
[INFO] [stdout]  --> src/lib.rs:123:13
[INFO] [stdout]   |
[INFO] [stdout] 2 | use serde_derive::{Deserialize, Serialize};
[INFO] [stdout]   |                    ----------- previous import of the macro `Deserialize` here
[INFO] [stdout] 3 | use serde::{Deserialize, Serialize};
[INFO] [stdout]   |             ^^^^^^^^^^^--
[INFO] [stdout]   |             |
[INFO] [stdout]   |             `Deserialize` reimported here
[INFO] [stdout]   |             help: remove unnecessary import
[INFO] [stdout]   |
[INFO] [stdout]   = note: `Deserialize` must be defined only once in the macro namespace of this module
[INFO] [stdout] 
[INFO] [stdout] error[E0252]: the name `Serialize` is defined multiple times
[INFO] [stdout]  --> src/lib.rs:123:26
[INFO] [stdout]   |
[INFO] [stdout] 2 | use serde_derive::{Deserialize, Serialize};
[INFO] [stdout]   |                                 --------- previous import of the macro `Serialize` here
[INFO] [stdout] 3 | use serde::{Deserialize, Serialize};
[INFO] [stdout]   |                          ^^^^^^^^^ `Serialize` reimported here
[INFO] [stdout]   |
[INFO] [stdout]   = note: `Serialize` must be defined only once in the macro namespace of this module
[INFO] [stdout] 
[INFO] [stdout] error: aborting due to 2 previous errors
[INFO] [stdout] 
[INFO] [stdout] For more information about this error, try `rustc --explain E0252`.
[INFO] [stdout] Couldn't compile the test.
[INFO] [stdout] ---- src/lib.rs - (line 244) stdout ----
[INFO] [stdout] error[E0252]: the name `Deserialize` is defined multiple times
[INFO] [stdout]  --> src/lib.rs:246:13
[INFO] [stdout]   |
[INFO] [stdout] 2 | use serde_derive::{Deserialize, Serialize};
[INFO] [stdout]   |                    ----------- previous import of the macro `Deserialize` here
[INFO] [stdout] 3 | use serde::{Deserialize, Serialize};
[INFO] [stdout]   |             ^^^^^^^^^^^--
[INFO] [stdout]   |             |
[INFO] [stdout]   |             `Deserialize` reimported here
[INFO] [stdout]   |             help: remove unnecessary import
[INFO] [stdout]   |
[INFO] [stdout]   = note: `Deserialize` must be defined only once in the macro namespace of this module
[INFO] [stdout] 
[INFO] [stdout] error[E0252]: the name `Serialize` is defined multiple times
[INFO] [stdout]  --> src/lib.rs:246:26
[INFO] [stdout]   |
[INFO] [stdout] 2 | use serde_derive::{Deserialize, Serialize};
[INFO] [stdout]   |                                 --------- previous import of the macro `Serialize` here
[INFO] [stdout] 3 | use serde::{Deserialize, Serialize};
[INFO] [stdout]   |                          ^^^^^^^^^ `Serialize` reimported here
[INFO] [stdout]   |
[INFO] [stdout]   = note: `Serialize` must be defined only once in the macro namespace of this module
[INFO] [stdout] 
[INFO] [stdout] error: aborting due to 2 previous errors
[INFO] [stdout] 
[INFO] [stdout] For more information about this error, try `rustc --explain E0252`.
[INFO] [stdout] Couldn't compile the test.
[INFO] [stdout] 
[INFO] [stdout] failures:
[INFO] [stdout]     src/lib.rs - (line 121)
[INFO] [stdout]     src/lib.rs - (line 244)
[INFO] [stdout] 
[INFO] [stdout] test result: FAILED. 4 passed; 2 failed; 0 ignored; 0 measured; 0 filtered out; finished in 2.19s
[INFO] [stdout] 
[INFO] [stderr] error: test failed, to rerun pass '--doc'
[INFO] running `Command { std: "docker" "inspect" "3fc029fe77f604bcbcc3c7bfd2e5a6284574d458d4cab75b7ad01f16c52e0be3", kill_on_drop: false }`
[INFO] running `Command { std: "docker" "rm" "-f" "3fc029fe77f604bcbcc3c7bfd2e5a6284574d458d4cab75b7ad01f16c52e0be3", kill_on_drop: false }`
[INFO] [stdout] 3fc029fe77f604bcbcc3c7bfd2e5a6284574d458d4cab75b7ad01f16c52e0be3
