[INFO] fetching crate serde_gelf 0.1.6...
[INFO] testing serde_gelf-0.1.6 against beta-2021-08-01 for beta-1.55-1
[INFO] extracting crate serde_gelf 0.1.6 into /workspace/builds/worker-3/source
[INFO] validating manifest of crates.io crate serde_gelf 0.1.6 on toolchain beta-2021-08-01
[INFO] running `Command { std: "/workspace/cargo-home/bin/cargo" "+beta-2021-08-01" "metadata" "--manifest-path" "Cargo.toml" "--no-deps", kill_on_drop: false }`
[INFO] started tweaking crates.io crate serde_gelf 0.1.6
[INFO] finished tweaking crates.io crate serde_gelf 0.1.6
[INFO] tweaked toml for crates.io crate serde_gelf 0.1.6 written to /workspace/builds/worker-3/source/Cargo.toml
[INFO] crate crates.io crate serde_gelf 0.1.6 already has a lockfile, it will not be regenerated
[INFO] running `Command { std: "/workspace/cargo-home/bin/cargo" "+beta-2021-08-01" "fetch" "--manifest-path" "Cargo.toml", kill_on_drop: false }`
[INFO] [stderr] warning: only one of `license` or `license-file` is necessary
[INFO] [stderr]     Blocking waiting for file lock on package cache
[INFO] running `Command { std: "docker" "create" "-v" "/var/lib/crater-agent-workspace/builds/worker-3/target:/opt/rustwide/target:rw,Z" "-v" "/var/lib/crater-agent-workspace/builds/worker-3/source:/opt/rustwide/workdir:ro,Z" "-v" "/var/lib/crater-agent-workspace/cargo-home:/opt/rustwide/cargo-home:ro,Z" "-v" "/var/lib/crater-agent-workspace/rustup-home:/opt/rustwide/rustup-home:ro,Z" "-e" "SOURCE_DIR=/opt/rustwide/workdir" "-e" "CARGO_TARGET_DIR=/opt/rustwide/target" "-e" "CARGO_HOME=/opt/rustwide/cargo-home" "-e" "RUSTUP_HOME=/opt/rustwide/rustup-home" "-w" "/opt/rustwide/workdir" "-m" "1610612736" "--user" "0:0" "--network" "none" "ghcr.io/rust-lang/crates-build-env/linux@sha256:34b6a614d2c27851fe6cbf88fbd1137609cefab8b10d0615aaeb6fd47975d74e" "/opt/rustwide/cargo-home/bin/cargo" "+beta-2021-08-01" "metadata" "--no-deps" "--format-version=1", kill_on_drop: false }`
[INFO] [stdout] 0efa8b8a77eb72062ed2514898d9b66e3e4cea5409c978b10f5d34ac1efafdf8
[INFO] [stderr] WARNING: Your kernel does not support swap limit capabilities or the cgroup is not mounted. Memory limited without swap.
[INFO] running `Command { std: "docker" "start" "-a" "0efa8b8a77eb72062ed2514898d9b66e3e4cea5409c978b10f5d34ac1efafdf8", kill_on_drop: false }`
[INFO] running `Command { std: "docker" "inspect" "0efa8b8a77eb72062ed2514898d9b66e3e4cea5409c978b10f5d34ac1efafdf8", kill_on_drop: false }`
[INFO] running `Command { std: "docker" "rm" "-f" "0efa8b8a77eb72062ed2514898d9b66e3e4cea5409c978b10f5d34ac1efafdf8", kill_on_drop: false }`
[INFO] [stdout] 0efa8b8a77eb72062ed2514898d9b66e3e4cea5409c978b10f5d34ac1efafdf8
[INFO] running `Command { std: "docker" "create" "-v" "/var/lib/crater-agent-workspace/builds/worker-3/target:/opt/rustwide/target:rw,Z" "-v" "/var/lib/crater-agent-workspace/builds/worker-3/source:/opt/rustwide/workdir:ro,Z" "-v" "/var/lib/crater-agent-workspace/cargo-home:/opt/rustwide/cargo-home:ro,Z" "-v" "/var/lib/crater-agent-workspace/rustup-home:/opt/rustwide/rustup-home:ro,Z" "-e" "SOURCE_DIR=/opt/rustwide/workdir" "-e" "CARGO_TARGET_DIR=/opt/rustwide/target" "-e" "CARGO_INCREMENTAL=0" "-e" "RUST_BACKTRACE=full" "-e" "RUSTFLAGS=--cap-lints=warn" "-e" "CARGO_HOME=/opt/rustwide/cargo-home" "-e" "RUSTUP_HOME=/opt/rustwide/rustup-home" "-w" "/opt/rustwide/workdir" "-m" "1610612736" "--user" "0:0" "--network" "none" "ghcr.io/rust-lang/crates-build-env/linux@sha256:34b6a614d2c27851fe6cbf88fbd1137609cefab8b10d0615aaeb6fd47975d74e" "/opt/rustwide/cargo-home/bin/cargo" "+beta-2021-08-01" "build" "--frozen" "--message-format=json", kill_on_drop: false }`
[INFO] [stdout] 67af2357e259f537ae03d1a09f4bdf212028204876c5e196e0c8ac24ec89b7b5
[INFO] [stderr] WARNING: Your kernel does not support swap limit capabilities or the cgroup is not mounted. Memory limited without swap.
[INFO] running `Command { std: "docker" "start" "-a" "67af2357e259f537ae03d1a09f4bdf212028204876c5e196e0c8ac24ec89b7b5", kill_on_drop: false }`
[INFO] [stderr] warning: only one of `license` or `license-file` is necessary
[INFO] [stderr]    Compiling autocfg v0.1.4
[INFO] [stderr]    Compiling serde v1.0.93
[INFO] [stderr]    Compiling syn v0.15.38
[INFO] [stderr]    Compiling libc v0.2.58
[INFO] [stderr]    Compiling ryu v0.2.8
[INFO] [stderr]    Compiling itoa v0.4.4
[INFO] [stderr]    Compiling log v0.4.6
[INFO] [stderr]    Compiling quote v0.6.12
[INFO] [stderr]    Compiling num-traits v0.2.8
[INFO] [stderr]    Compiling hostname v0.1.5
[INFO] [stderr]    Compiling ordered-float v1.0.2
[INFO] [stderr]    Compiling serde_derive v1.0.93
[INFO] [stderr]    Compiling serde-value v0.6.0
[INFO] [stderr]    Compiling serde_json v1.0.39
[INFO] [stderr]    Compiling serde-value-utils v0.1.0
[INFO] [stderr]    Compiling serde_gelf v0.1.6 (/opt/rustwide/workdir)
[INFO] [stderr]     Finished dev [unoptimized + debuginfo] target(s) in 20.90s
[INFO] running `Command { std: "docker" "inspect" "67af2357e259f537ae03d1a09f4bdf212028204876c5e196e0c8ac24ec89b7b5", kill_on_drop: false }`
[INFO] running `Command { std: "docker" "rm" "-f" "67af2357e259f537ae03d1a09f4bdf212028204876c5e196e0c8ac24ec89b7b5", kill_on_drop: false }`
[INFO] [stdout] 67af2357e259f537ae03d1a09f4bdf212028204876c5e196e0c8ac24ec89b7b5
[INFO] running `Command { std: "docker" "create" "-v" "/var/lib/crater-agent-workspace/builds/worker-3/target:/opt/rustwide/target:rw,Z" "-v" "/var/lib/crater-agent-workspace/builds/worker-3/source:/opt/rustwide/workdir:ro,Z" "-v" "/var/lib/crater-agent-workspace/cargo-home:/opt/rustwide/cargo-home:ro,Z" "-v" "/var/lib/crater-agent-workspace/rustup-home:/opt/rustwide/rustup-home:ro,Z" "-e" "SOURCE_DIR=/opt/rustwide/workdir" "-e" "CARGO_TARGET_DIR=/opt/rustwide/target" "-e" "CARGO_INCREMENTAL=0" "-e" "RUST_BACKTRACE=full" "-e" "RUSTFLAGS=--cap-lints=warn" "-e" "CARGO_HOME=/opt/rustwide/cargo-home" "-e" "RUSTUP_HOME=/opt/rustwide/rustup-home" "-w" "/opt/rustwide/workdir" "-m" "1610612736" "--user" "0:0" "--network" "none" "ghcr.io/rust-lang/crates-build-env/linux@sha256:34b6a614d2c27851fe6cbf88fbd1137609cefab8b10d0615aaeb6fd47975d74e" "/opt/rustwide/cargo-home/bin/cargo" "+beta-2021-08-01" "test" "--frozen" "--no-run" "--message-format=json", kill_on_drop: false }`
[INFO] [stdout] 9d0ab6ecf17f96dbdfa56f116f80ec406b8ac9aae5e468ca1fe869bcc295c0c9
[INFO] [stderr] WARNING: Your kernel does not support swap limit capabilities or the cgroup is not mounted. Memory limited without swap.
[INFO] running `Command { std: "docker" "start" "-a" "9d0ab6ecf17f96dbdfa56f116f80ec406b8ac9aae5e468ca1fe869bcc295c0c9", kill_on_drop: false }`
[INFO] [stderr] warning: only one of `license` or `license-file` is necessary
[INFO] [stderr]    Compiling serde_gelf v0.1.6 (/opt/rustwide/workdir)
[INFO] [stderr]     Finished test [unoptimized + debuginfo] target(s) in 0.97s
[INFO] running `Command { std: "docker" "inspect" "9d0ab6ecf17f96dbdfa56f116f80ec406b8ac9aae5e468ca1fe869bcc295c0c9", kill_on_drop: false }`
[INFO] running `Command { std: "docker" "rm" "-f" "9d0ab6ecf17f96dbdfa56f116f80ec406b8ac9aae5e468ca1fe869bcc295c0c9", kill_on_drop: false }`
[INFO] [stdout] 9d0ab6ecf17f96dbdfa56f116f80ec406b8ac9aae5e468ca1fe869bcc295c0c9
[INFO] running `Command { std: "docker" "create" "-v" "/var/lib/crater-agent-workspace/builds/worker-3/target:/opt/rustwide/target:rw,Z" "-v" "/var/lib/crater-agent-workspace/builds/worker-3/source:/opt/rustwide/workdir:ro,Z" "-v" "/var/lib/crater-agent-workspace/cargo-home:/opt/rustwide/cargo-home:ro,Z" "-v" "/var/lib/crater-agent-workspace/rustup-home:/opt/rustwide/rustup-home:ro,Z" "-e" "SOURCE_DIR=/opt/rustwide/workdir" "-e" "CARGO_TARGET_DIR=/opt/rustwide/target" "-e" "CARGO_INCREMENTAL=0" "-e" "RUST_BACKTRACE=full" "-e" "RUSTFLAGS=--cap-lints=warn" "-e" "CARGO_HOME=/opt/rustwide/cargo-home" "-e" "RUSTUP_HOME=/opt/rustwide/rustup-home" "-w" "/opt/rustwide/workdir" "-m" "1610612736" "--user" "0:0" "--network" "none" "ghcr.io/rust-lang/crates-build-env/linux@sha256:34b6a614d2c27851fe6cbf88fbd1137609cefab8b10d0615aaeb6fd47975d74e" "/opt/rustwide/cargo-home/bin/cargo" "+beta-2021-08-01" "test" "--frozen", kill_on_drop: false }`
[INFO] [stdout] 18990479a4d656892fd194ba0bd13aa5d283c695ed7facd91800630cbd8fb8b6
[INFO] [stderr] WARNING: Your kernel does not support swap limit capabilities or the cgroup is not mounted. Memory limited without swap.
[INFO] running `Command { std: "docker" "start" "-a" "18990479a4d656892fd194ba0bd13aa5d283c695ed7facd91800630cbd8fb8b6", kill_on_drop: false }`
[INFO] [stderr] warning: only one of `license` or `license-file` is necessary
[INFO] [stdout] 
[INFO] [stderr]     Finished test [unoptimized + debuginfo] target(s) in 0.04s
[INFO] [stdout] running 0 tests
[INFO] [stderr]      Running unittests (/opt/rustwide/target/debug/deps/serde_gelf-e82012022f062d70)
[INFO] [stdout] 
[INFO] [stderr]    Doc-tests serde_gelf
[INFO] [stdout] test result: ok. 0 passed; 0 failed; 0 ignored; 0 measured; 0 filtered out; finished in 0.00s
[INFO] [stdout] 
[INFO] [stdout] 
[INFO] [stdout] running 10 tests
[INFO] [stdout] test src/record.rs - record::GelfRecord::set_timestamp (line 210) ... FAILED
[INFO] [stdout] test src/record.rs - record::GelfRecord::extend_additional_fields (line 255) ... FAILED
[INFO] [stdout] test src/record.rs - record::GelfRecord::add_additional_fields (line 231) ... FAILED
[INFO] [stdout] test src/record.rs - record::GelfRecordBuilder::add_additional_fields (line 61) ... FAILED
[INFO] [stdout] test src/record.rs - record::GelfRecordBuilder::extend_additional_fields (line 76) ... FAILED
[INFO] [stdout] test src/record.rs - record::GelfRecordBuilder::set_timestamp (line 44) ... FAILED
[INFO] [stdout] test src/record.rs - record::GelfRecordBuilder (line 23) ... FAILED
[INFO] [stdout] test src/lib.rs - (line 44) ... ok
[INFO] [stdout] test src/lib.rs - to_flat_dict (line 89) ... ok
[INFO] [stdout] test src/macros.rs - gelf_record (line 16) ... ok
[INFO] [stdout] 
[INFO] [stdout] failures:
[INFO] [stdout] 
[INFO] [stdout] ---- src/record.rs - record::GelfRecord::set_timestamp (line 210) stdout ----
[INFO] [stdout] error[E0599]: no function or associated item named `new` found for struct `GelfRecord` in the current scope
[INFO] [stdout]  --> src/record.rs:215:23
[INFO] [stdout]   |
[INFO] [stdout] 8 | let rec = GelfRecord::new()
[INFO] [stdout]   |                       ^^^ function or associated item not found in `GelfRecord`
[INFO] [stdout]   |
[INFO] [stdout]   = help: items from traits can only be used if the trait is in scope
[INFO] [stdout] help: the following trait is implemented but not in scope; perhaps add a `use` for it:
[INFO] [stdout]   |
[INFO] [stdout] 4 | use crate::serde_gelf::GelfRecordBuilder;
[INFO] [stdout]   |
[INFO] [stdout] 
[INFO] [stdout] error: aborting due to previous error
[INFO] [stdout] 
[INFO] [stdout] For more information about this error, try `rustc --explain E0599`.
[INFO] [stdout] Couldn't compile the test.
[INFO] [stdout] ---- src/record.rs - record::GelfRecord::extend_additional_fields (line 255) stdout ----
[INFO] [stdout] error[E0599]: no function or associated item named `new` found for struct `GelfRecord` in the current scope
[INFO] [stdout]   --> src/record.rs:262:23
[INFO] [stdout]    |
[INFO] [stdout] 10 | let rec = GelfRecord::new()
[INFO] [stdout]    |                       ^^^ function or associated item not found in `GelfRecord`
[INFO] [stdout]    |
[INFO] [stdout]    = help: items from traits can only be used if the trait is in scope
[INFO] [stdout] help: the following trait is implemented but not in scope; perhaps add a `use` for it:
[INFO] [stdout]    |
[INFO] [stdout] 3  | use crate::serde_gelf::GelfRecordBuilder;
[INFO] [stdout]    |
[INFO] [stdout] 
[INFO] [stdout] error: aborting due to previous error
[INFO] [stdout] 
[INFO] [stdout] For more information about this error, try `rustc --explain E0599`.
[INFO] [stdout] Couldn't compile the test.
[INFO] [stdout] ---- src/record.rs - record::GelfRecord::add_additional_fields (line 231) stdout ----
[INFO] [stdout] error[E0599]: no function or associated item named `new` found for struct `GelfRecord` in the current scope
[INFO] [stdout]   --> src/record.rs:238:23
[INFO] [stdout]    |
[INFO] [stdout] 10 | let rec = GelfRecord::new()
[INFO] [stdout]    |                       ^^^ function or associated item not found in `GelfRecord`
[INFO] [stdout]    |
[INFO] [stdout]    = help: items from traits can only be used if the trait is in scope
[INFO] [stdout] help: the following trait is implemented but not in scope; perhaps add a `use` for it:
[INFO] [stdout]    |
[INFO] [stdout] 3  | use crate::serde_gelf::GelfRecordBuilder;
[INFO] [stdout]    |
[INFO] [stdout] 
[INFO] [stdout] error: aborting due to previous error
[INFO] [stdout] 
[INFO] [stdout] For more information about this error, try `rustc --explain E0599`.
[INFO] [stdout] Couldn't compile the test.
[INFO] [stdout] ---- src/record.rs - record::GelfRecordBuilder::add_additional_fields (line 61) stdout ----
[INFO] [stdout] error[E0599]: no function or associated item named `new` found for struct `GelfRecord` in the current scope
[INFO] [stdout]   --> src/record.rs:68:23
[INFO] [stdout]    |
[INFO] [stdout] 10 | let rec = GelfRecord::new()
[INFO] [stdout]    |                       ^^^ function or associated item not found in `GelfRecord`
[INFO] [stdout]    |
[INFO] [stdout]    = help: items from traits can only be used if the trait is in scope
[INFO] [stdout] help: the following trait is implemented but not in scope; perhaps add a `use` for it:
[INFO] [stdout]    |
[INFO] [stdout] 3  | use crate::serde_gelf::GelfRecordBuilder;
[INFO] [stdout]    |
[INFO] [stdout] 
[INFO] [stdout] error: aborting due to previous error
[INFO] [stdout] 
[INFO] [stdout] For more information about this error, try `rustc --explain E0599`.
[INFO] [stdout] Couldn't compile the test.
[INFO] [stdout] ---- src/record.rs - record::GelfRecordBuilder::extend_additional_fields (line 76) stdout ----
[INFO] [stdout] error[E0599]: no function or associated item named `new` found for struct `GelfRecord` in the current scope
[INFO] [stdout]   --> src/record.rs:83:23
[INFO] [stdout]    |
[INFO] [stdout] 10 | let rec = GelfRecord::new()
[INFO] [stdout]    |                       ^^^ function or associated item not found in `GelfRecord`
[INFO] [stdout]    |
[INFO] [stdout]    = help: items from traits can only be used if the trait is in scope
[INFO] [stdout] help: the following trait is implemented but not in scope; perhaps add a `use` for it:
[INFO] [stdout]    |
[INFO] [stdout] 3  | use crate::serde_gelf::GelfRecordBuilder;
[INFO] [stdout]    |
[INFO] [stdout] 
[INFO] [stdout] error: aborting due to previous error
[INFO] [stdout] 
[INFO] [stdout] For more information about this error, try `rustc --explain E0599`.
[INFO] [stdout] Couldn't compile the test.
[INFO] [stdout] ---- src/record.rs - record::GelfRecordBuilder::set_timestamp (line 44) stdout ----
[INFO] [stdout] error[E0599]: no function or associated item named `new` found for struct `GelfRecord` in the current scope
[INFO] [stdout]  --> src/record.rs:49:23
[INFO] [stdout]   |
[INFO] [stdout] 8 | let rec = GelfRecord::new()
[INFO] [stdout]   |                       ^^^ function or associated item not found in `GelfRecord`
[INFO] [stdout]   |
[INFO] [stdout]   = help: items from traits can only be used if the trait is in scope
[INFO] [stdout] help: the following trait is implemented but not in scope; perhaps add a `use` for it:
[INFO] [stdout]   |
[INFO] [stdout] 4 | use crate::serde_gelf::GelfRecordBuilder;
[INFO] [stdout]   |
[INFO] [stdout] 
[INFO] [stdout] error: aborting due to previous error
[INFO] [stdout] 
[INFO] [stdout] For more information about this error, try `rustc --explain E0599`.
[INFO] [stdout] Couldn't compile the test.
[INFO] [stdout] ---- src/record.rs - record::GelfRecordBuilder (line 23) stdout ----
[INFO] [stdout] error[E0599]: no function or associated item named `new` found for struct `GelfRecord` in the current scope
[INFO] [stdout]  --> src/record.rs:26:23
[INFO] [stdout]   |
[INFO] [stdout] 6 | let rec = GelfRecord::new()
[INFO] [stdout]   |                       ^^^ function or associated item not found in `GelfRecord`
[INFO] [stdout]   |
[INFO] [stdout]   = help: items from traits can only be used if the trait is in scope
[INFO] [stdout] help: the following trait is implemented but not in scope; perhaps add a `use` for it:
[INFO] [stdout]   |
[INFO] [stdout] 3 | use crate::serde_gelf::GelfRecordBuilder;
[INFO] [stdout]   |
[INFO] [stdout] 
[INFO] [stdout] error: aborting due to previous error
[INFO] [stdout] 
[INFO] [stdout] For more information about this error, try `rustc --explain E0599`.
[INFO] [stdout] Couldn't compile the test.
[INFO] [stdout] 
[INFO] [stdout] failures:
[INFO] [stdout]     src/record.rs - record::GelfRecord::add_additional_fields (line 231)
[INFO] [stdout]     src/record.rs - record::GelfRecord::extend_additional_fields (line 255)
[INFO] [stdout]     src/record.rs - record::GelfRecord::set_timestamp (line 210)
[INFO] [stdout]     src/record.rs - record::GelfRecordBuilder (line 23)
[INFO] [stdout]     src/record.rs - record::GelfRecordBuilder::add_additional_fields (line 61)
[INFO] [stdout]     src/record.rs - record::GelfRecordBuilder::extend_additional_fields (line 76)
[INFO] [stdout]     src/record.rs - record::GelfRecordBuilder::set_timestamp (line 44)
[INFO] [stdout] 
[INFO] [stdout] test result: FAILED. 3 passed; 7 failed; 0 ignored; 0 measured; 0 filtered out; finished in 2.68s
[INFO] [stdout] 
[INFO] [stderr] error: test failed, to rerun pass '--doc'
[INFO] running `Command { std: "docker" "inspect" "18990479a4d656892fd194ba0bd13aa5d283c695ed7facd91800630cbd8fb8b6", kill_on_drop: false }`
[INFO] running `Command { std: "docker" "rm" "-f" "18990479a4d656892fd194ba0bd13aa5d283c695ed7facd91800630cbd8fb8b6", kill_on_drop: false }`
[INFO] [stdout] 18990479a4d656892fd194ba0bd13aa5d283c695ed7facd91800630cbd8fb8b6
