[INFO] fetching crate serde-xml-rs 0.4.1...
[INFO] testing serde-xml-rs-0.4.1 against 1.54.0 for beta-1.55-1
[INFO] extracting crate serde-xml-rs 0.4.1 into /workspace/builds/worker-1/source
[INFO] validating manifest of crates.io crate serde-xml-rs 0.4.1 on toolchain 1.54.0
[INFO] running `Command { std: "/workspace/cargo-home/bin/cargo" "+1.54.0" "metadata" "--manifest-path" "Cargo.toml" "--no-deps", kill_on_drop: false }`
[INFO] started tweaking crates.io crate serde-xml-rs 0.4.1
[INFO] finished tweaking crates.io crate serde-xml-rs 0.4.1
[INFO] tweaked toml for crates.io crate serde-xml-rs 0.4.1 written to /workspace/builds/worker-1/source/Cargo.toml
[INFO] running `Command { std: "/workspace/cargo-home/bin/cargo" "+1.54.0" "generate-lockfile" "--manifest-path" "Cargo.toml" "-Zno-index-update", kill_on_drop: false }`
[INFO] running `Command { std: "/workspace/cargo-home/bin/cargo" "+1.54.0" "fetch" "--manifest-path" "Cargo.toml", kill_on_drop: false }`
[INFO] running `Command { std: "docker" "create" "-v" "/var/lib/crater-agent-workspace/builds/worker-1/target:/opt/rustwide/target:rw,Z" "-v" "/var/lib/crater-agent-workspace/builds/worker-1/source:/opt/rustwide/workdir:ro,Z" "-v" "/var/lib/crater-agent-workspace/cargo-home:/opt/rustwide/cargo-home:ro,Z" "-v" "/var/lib/crater-agent-workspace/rustup-home:/opt/rustwide/rustup-home:ro,Z" "-e" "SOURCE_DIR=/opt/rustwide/workdir" "-e" "CARGO_TARGET_DIR=/opt/rustwide/target" "-e" "CARGO_HOME=/opt/rustwide/cargo-home" "-e" "RUSTUP_HOME=/opt/rustwide/rustup-home" "-w" "/opt/rustwide/workdir" "-m" "1610612736" "--user" "0:0" "--network" "none" "ghcr.io/rust-lang/crates-build-env/linux@sha256:34b6a614d2c27851fe6cbf88fbd1137609cefab8b10d0615aaeb6fd47975d74e" "/opt/rustwide/cargo-home/bin/cargo" "+1.54.0" "metadata" "--no-deps" "--format-version=1", kill_on_drop: false }`
[INFO] [stdout] d025700ec2103e2d1076f4452a858381e3cf8c4a952cb8ca69ddd6182ed59971
[INFO] [stderr] WARNING: Your kernel does not support swap limit capabilities or the cgroup is not mounted. Memory limited without swap.
[INFO] running `Command { std: "docker" "start" "-a" "d025700ec2103e2d1076f4452a858381e3cf8c4a952cb8ca69ddd6182ed59971", kill_on_drop: false }`
[INFO] running `Command { std: "docker" "inspect" "d025700ec2103e2d1076f4452a858381e3cf8c4a952cb8ca69ddd6182ed59971", kill_on_drop: false }`
[INFO] running `Command { std: "docker" "rm" "-f" "d025700ec2103e2d1076f4452a858381e3cf8c4a952cb8ca69ddd6182ed59971", kill_on_drop: false }`
[INFO] [stdout] d025700ec2103e2d1076f4452a858381e3cf8c4a952cb8ca69ddd6182ed59971
[INFO] running `Command { std: "docker" "create" "-v" "/var/lib/crater-agent-workspace/builds/worker-1/target:/opt/rustwide/target:rw,Z" "-v" "/var/lib/crater-agent-workspace/builds/worker-1/source:/opt/rustwide/workdir:ro,Z" "-v" "/var/lib/crater-agent-workspace/cargo-home:/opt/rustwide/cargo-home:ro,Z" "-v" "/var/lib/crater-agent-workspace/rustup-home:/opt/rustwide/rustup-home:ro,Z" "-e" "SOURCE_DIR=/opt/rustwide/workdir" "-e" "CARGO_TARGET_DIR=/opt/rustwide/target" "-e" "CARGO_INCREMENTAL=0" "-e" "RUST_BACKTRACE=full" "-e" "RUSTFLAGS=--cap-lints=warn" "-e" "CARGO_HOME=/opt/rustwide/cargo-home" "-e" "RUSTUP_HOME=/opt/rustwide/rustup-home" "-w" "/opt/rustwide/workdir" "-m" "1610612736" "--user" "0:0" "--network" "none" "ghcr.io/rust-lang/crates-build-env/linux@sha256:34b6a614d2c27851fe6cbf88fbd1137609cefab8b10d0615aaeb6fd47975d74e" "/opt/rustwide/cargo-home/bin/cargo" "+1.54.0" "build" "--frozen" "--message-format=json", kill_on_drop: false }`
[INFO] [stdout] e59b1da2e53bc2d52b3bab393116ecd3e50339fd189298a01568e9ff1e8d3548
[INFO] [stderr] WARNING: Your kernel does not support swap limit capabilities or the cgroup is not mounted. Memory limited without swap.
[INFO] running `Command { std: "docker" "start" "-a" "e59b1da2e53bc2d52b3bab393116ecd3e50339fd189298a01568e9ff1e8d3548", kill_on_drop: false }`
[INFO] [stderr]    Compiling xml-rs v0.8.4
[INFO] [stderr]    Compiling serde-xml-rs v0.4.1 (/opt/rustwide/workdir)
[INFO] [stderr]     Finished dev [unoptimized + debuginfo] target(s) in 3.75s
[INFO] running `Command { std: "docker" "inspect" "e59b1da2e53bc2d52b3bab393116ecd3e50339fd189298a01568e9ff1e8d3548", kill_on_drop: false }`
[INFO] running `Command { std: "docker" "rm" "-f" "e59b1da2e53bc2d52b3bab393116ecd3e50339fd189298a01568e9ff1e8d3548", kill_on_drop: false }`
[INFO] [stdout] e59b1da2e53bc2d52b3bab393116ecd3e50339fd189298a01568e9ff1e8d3548
[INFO] running `Command { std: "docker" "create" "-v" "/var/lib/crater-agent-workspace/builds/worker-1/target:/opt/rustwide/target:rw,Z" "-v" "/var/lib/crater-agent-workspace/builds/worker-1/source:/opt/rustwide/workdir:ro,Z" "-v" "/var/lib/crater-agent-workspace/cargo-home:/opt/rustwide/cargo-home:ro,Z" "-v" "/var/lib/crater-agent-workspace/rustup-home:/opt/rustwide/rustup-home:ro,Z" "-e" "SOURCE_DIR=/opt/rustwide/workdir" "-e" "CARGO_TARGET_DIR=/opt/rustwide/target" "-e" "CARGO_INCREMENTAL=0" "-e" "RUST_BACKTRACE=full" "-e" "RUSTFLAGS=--cap-lints=warn" "-e" "CARGO_HOME=/opt/rustwide/cargo-home" "-e" "RUSTUP_HOME=/opt/rustwide/rustup-home" "-w" "/opt/rustwide/workdir" "-m" "1610612736" "--user" "0:0" "--network" "none" "ghcr.io/rust-lang/crates-build-env/linux@sha256:34b6a614d2c27851fe6cbf88fbd1137609cefab8b10d0615aaeb6fd47975d74e" "/opt/rustwide/cargo-home/bin/cargo" "+1.54.0" "test" "--frozen" "--no-run" "--message-format=json", kill_on_drop: false }`
[INFO] [stdout] 5d3bf81762595cb7f1bf65ae73e7caf5240715d45f70d4ecae8950b1ba6aefc3
[INFO] [stderr] WARNING: Your kernel does not support swap limit capabilities or the cgroup is not mounted. Memory limited without swap.
[INFO] running `Command { std: "docker" "start" "-a" "5d3bf81762595cb7f1bf65ae73e7caf5240715d45f70d4ecae8950b1ba6aefc3", kill_on_drop: false }`
[INFO] [stderr]    Compiling failure v0.1.8
[INFO] [stderr]    Compiling chrono v0.4.19
[INFO] [stderr]    Compiling which v2.0.1
[INFO] [stderr]    Compiling docmatic v0.1.2
[INFO] [stderr]    Compiling simple_logger v1.12.1
[INFO] [stderr]    Compiling serde-xml-rs v0.4.1 (/opt/rustwide/workdir)
[INFO] [stdout] warning: unnecessary trailing semicolon
[INFO] [stdout]     --> tests/migrated.rs:1013:6
[INFO] [stdout]      |
[INFO] [stdout] 1013 |     };
[INFO] [stdout]      |      ^ help: remove this semicolon
[INFO] [stdout]      |
[INFO] [stdout]      = note: `#[warn(redundant_semicolons)]` on by default
[INFO] [stdout] 
[INFO] [stdout] 
[INFO] [stdout] warning: unnecessary trailing semicolon
[INFO] [stdout]     --> tests/migrated.rs:1018:6
[INFO] [stdout]      |
[INFO] [stdout] 1018 |     };
[INFO] [stdout]      |      ^ help: remove this semicolon
[INFO] [stdout] 
[INFO] [stdout] 
[INFO] [stdout] warning: 2 warnings emitted
[INFO] [stdout] 
[INFO] [stdout] 
[INFO] [stderr]     Finished test [unoptimized + debuginfo] target(s) in 9.56s
[INFO] running `Command { std: "docker" "inspect" "5d3bf81762595cb7f1bf65ae73e7caf5240715d45f70d4ecae8950b1ba6aefc3", kill_on_drop: false }`
[INFO] running `Command { std: "docker" "rm" "-f" "5d3bf81762595cb7f1bf65ae73e7caf5240715d45f70d4ecae8950b1ba6aefc3", kill_on_drop: false }`
[INFO] [stdout] 5d3bf81762595cb7f1bf65ae73e7caf5240715d45f70d4ecae8950b1ba6aefc3
[INFO] running `Command { std: "docker" "create" "-v" "/var/lib/crater-agent-workspace/builds/worker-1/target:/opt/rustwide/target:rw,Z" "-v" "/var/lib/crater-agent-workspace/builds/worker-1/source:/opt/rustwide/workdir:ro,Z" "-v" "/var/lib/crater-agent-workspace/cargo-home:/opt/rustwide/cargo-home:ro,Z" "-v" "/var/lib/crater-agent-workspace/rustup-home:/opt/rustwide/rustup-home:ro,Z" "-e" "SOURCE_DIR=/opt/rustwide/workdir" "-e" "CARGO_TARGET_DIR=/opt/rustwide/target" "-e" "CARGO_INCREMENTAL=0" "-e" "RUST_BACKTRACE=full" "-e" "RUSTFLAGS=--cap-lints=warn" "-e" "CARGO_HOME=/opt/rustwide/cargo-home" "-e" "RUSTUP_HOME=/opt/rustwide/rustup-home" "-w" "/opt/rustwide/workdir" "-m" "1610612736" "--user" "0:0" "--network" "none" "ghcr.io/rust-lang/crates-build-env/linux@sha256:34b6a614d2c27851fe6cbf88fbd1137609cefab8b10d0615aaeb6fd47975d74e" "/opt/rustwide/cargo-home/bin/cargo" "+1.54.0" "test" "--frozen", kill_on_drop: false }`
[INFO] [stdout] eb413458ccc1af058bf27c943d46fc02195e4e8afac8dbc681caca084b8c86d9
[INFO] [stderr] WARNING: Your kernel does not support swap limit capabilities or the cgroup is not mounted. Memory limited without swap.
[INFO] running `Command { std: "docker" "start" "-a" "eb413458ccc1af058bf27c943d46fc02195e4e8afac8dbc681caca084b8c86d9", kill_on_drop: false }`
[INFO] [stderr] warning: unnecessary trailing semicolon
[INFO] [stderr]     --> tests/migrated.rs:1013:6
[INFO] [stderr]      |
[INFO] [stderr] 1013 |     };
[INFO] [stderr]      |      ^ help: remove this semicolon
[INFO] [stderr]      |
[INFO] [stderr]      = note: `#[warn(redundant_semicolons)]` on by default
[INFO] [stderr] 
[INFO] [stderr] warning: unnecessary trailing semicolon
[INFO] [stderr]     --> tests/migrated.rs:1018:6
[INFO] [stderr]      |
[INFO] [stderr] 1018 |     };
[INFO] [stderr]      |      ^ help: remove this semicolon
[INFO] [stderr] 
[INFO] [stderr] warning: 2 warnings emitted
[INFO] [stderr] 
[INFO] [stderr]     Finished test [unoptimized + debuginfo] target(s) in 0.03s
[INFO] [stderr]      Running unittests (/opt/rustwide/target/debug/deps/serde_xml_rs-4ff4953da21d10f5)
[INFO] [stdout] 
[INFO] [stdout] running 7 tests
[INFO] [stdout] test ser::tests::serialize_a_list ... ignored
[INFO] [stdout] test ser::tests::test_serialize_bool ... ok
[INFO] [stdout] test ser::tests::test_serialize_struct ... ok
[INFO] [stdout] test ser::tests::test_serialize_struct_field ... ok
[INFO] [stdout] test ser::tests::test_start_serialize_struct ... ok
[INFO] [stdout] test ser::tests::test_serialize_map_entries ... ok
[INFO] [stdout] test ser::tests::test_serialize_enum ... ok
[INFO] [stdout] 
[INFO] [stdout] test result: ok. 6 passed; 0 failed; 1 ignored; 0 measured; 0 filtered out; finished in 0.00s
[INFO] [stdout] 
[INFO] [stderr]      Running tests/failures.rs (/opt/rustwide/target/debug/deps/failures-3790e3ff345c0ffc)
[INFO] [stdout] 
[INFO] [stderr]      Running tests/migrated.rs (/opt/rustwide/target/debug/deps/migrated-a85331c97af73f0d)
[INFO] [stdout] running 2 tests
[INFO] [stdout] test simple_struct_from_attributes_should_fail ... ok
[INFO] [stdout] test multiple_roots_attributes_should_fail ... ok
[INFO] [stdout] 
[INFO] [stdout] test result: ok. 2 passed; 0 failed; 0 ignored; 0 measured; 0 filtered out; finished in 0.00s
[INFO] [stdout] 
[INFO] [stdout] 
[INFO] [stdout] running 30 tests
[INFO] [stdout] test test_doctype ... ignored
[INFO] [stdout] test test_forwarded_namespace ... ignored
[INFO] [stdout] test test_nicolai86 ... ignored
[INFO] [stdout] test test_option_not_trim ... ignored
[INFO] [stdout] test test_parse_complexstruct ... ignored
[INFO] [stdout] test test_parse_enum ... ignored
[INFO] [stdout] test test_parse_hierarchies ... ignored
[INFO] [stdout] test test_parse_string_not_trim ... ignored
[INFO] [stdout] test futile ... ok
[INFO] [stdout] test test_parse_i64 ... ok
[INFO] [stdout] test test_hugo_duncan ... ok
[INFO] [stdout] test futile2 ... ok
[INFO] [stdout] test test_parse_string ... ok
[INFO] [stdout] test test_parse_f64 ... ok
[INFO] [stdout] test test_parse_u64 ... ok
[INFO] [stdout] test test_parse_struct ... ok
[INFO] [stdout] test newtype_struct ... ok
[INFO] [stdout] test test_parse_unfinished ... ok
[INFO] [stdout] test test_parse_bool_element ... ok
[INFO] [stdout] test test_parse_bool_attribute ... ok
[INFO] [stdout] test test_parse_attributes ... ok
[INFO] [stdout] test test_option ... ok
[INFO] [stdout] test test_things_qc_found ... ok
[INFO] [stdout] test unknown_field ... ok
[INFO] [stdout] test test_parse_unit ... ok
[INFO] [stdout] test test_namespaces ... ok
[INFO] [stdout] test test_amoskvin ... ok
[INFO] [stdout] test test_hugo_duncan2 ... ok
[INFO] [stdout] test test_parse_xml_value ... ok
[INFO] [stdout] test test_doctype_fail ... FAILED
[INFO] [stdout] 
[INFO] [stdout] failures:
[INFO] [stdout] 
[INFO] [stdout] ---- test_doctype_fail stdout ----
[INFO] [stdout] 2021-08-07 10:56:39,014 DEBUG [serde_xml_rs::de] Fetched StartElement(Envelope, {"": "", "xml": "http://www.w3.org/XML/1998/namespace", "xmlns": "http://www.w3.org/2000/xmlns/"})
[INFO] [stdout] 2021-08-07 10:56:39,014 DEBUG [serde_xml_rs::de] Peeked StartElement(subject, {"": "", "xml": "http://www.w3.org/XML/1998/namespace", "xmlns": "http://www.w3.org/2000/xmlns/"})
[INFO] [stdout] 2021-08-07 10:56:39,014 DEBUG [serde_xml_rs::de] Peeked StartElement(subject, {"": "", "xml": "http://www.w3.org/XML/1998/namespace", "xmlns": "http://www.w3.org/2000/xmlns/"})
[INFO] [stdout] 2021-08-07 10:56:39,014 DEBUG [serde_xml_rs::de] Peeked StartElement(subject, {"": "", "xml": "http://www.w3.org/XML/1998/namespace", "xmlns": "http://www.w3.org/2000/xmlns/"})
[INFO] [stdout] 2021-08-07 10:56:39,014 DEBUG [serde_xml_rs::de] Fetched StartElement(subject, {"": "", "xml": "http://www.w3.org/XML/1998/namespace", "xmlns": "http://www.w3.org/2000/xmlns/"})
[INFO] [stdout] 2021-08-07 10:56:39,014 DEBUG [serde_xml_rs::de] Peeked Characters(Reference rates)
[INFO] [stdout] 2021-08-07 10:56:39,014 DEBUG [serde_xml_rs::de] Fetched Characters(Reference rates)
[INFO] [stdout] 2021-08-07 10:56:39,014 DEBUG [serde_xml_rs::de] Fetched EndElement(subject)
[INFO] [stdout] 2021-08-07 10:56:39,014 DEBUG [serde_xml_rs::de] Peeked EndElement(Envelope)
[INFO] [stdout] 2021-08-07 10:56:39,014 DEBUG [serde_xml_rs::de] Fetched EndElement(Envelope)
[INFO] [stdout] thread 'test_doctype_fail' panicked at 'assertion failed: match from_str::<T>(s) {\n    Err(Error::Syntax { source: _ }) => true,\n    _ => false,\n}', tests/migrated.rs:65:9
[INFO] [stdout] stack backtrace:
[INFO] [stdout]    0:     0x56433a63a470 - std::backtrace_rs::backtrace::libunwind::trace::h34055254b57d8e79
[INFO] [stdout]                                at /rustc/a178d0322ce20e33eac124758e837cbd80a6f633/library/std/src/../../backtrace/src/backtrace/libunwind.rs:90:5
[INFO] [stdout]    1:     0x56433a63a470 - std::backtrace_rs::backtrace::trace_unsynchronized::h8f1e3fbd9afff6ec
[INFO] [stdout]                                at /rustc/a178d0322ce20e33eac124758e837cbd80a6f633/library/std/src/../../backtrace/src/backtrace/mod.rs:66:5
[INFO] [stdout]    2:     0x56433a63a470 - std::sys_common::backtrace::_print_fmt::h3a99a796b770c360
[INFO] [stdout]                                at /rustc/a178d0322ce20e33eac124758e837cbd80a6f633/library/std/src/sys_common/backtrace.rs:67:5
[INFO] [stdout]    3:     0x56433a63a470 - <std::sys_common::backtrace::_print::DisplayBacktrace as core::fmt::Display>::fmt::h32d1f94a80615d18
[INFO] [stdout]                                at /rustc/a178d0322ce20e33eac124758e837cbd80a6f633/library/std/src/sys_common/backtrace.rs:46:22
[INFO] [stdout]    4:     0x56433a65e38c - core::fmt::write::h306731c068f7162c
[INFO] [stdout]                                at /rustc/a178d0322ce20e33eac124758e837cbd80a6f633/library/core/src/fmt/mod.rs:1110:17
[INFO] [stdout]    5:     0x56433a6372c5 - std::io::Write::write_fmt::h87f19b0a2cd190bc
[INFO] [stdout]                                at /rustc/a178d0322ce20e33eac124758e837cbd80a6f633/library/std/src/io/mod.rs:1588:15
[INFO] [stdout]    6:     0x56433a63c5db - std::sys_common::backtrace::_print::h5abaa2601a852287
[INFO] [stdout]                                at /rustc/a178d0322ce20e33eac124758e837cbd80a6f633/library/std/src/sys_common/backtrace.rs:49:5
[INFO] [stdout]    7:     0x56433a63c5db - std::sys_common::backtrace::print::h8d81445442bb638f
[INFO] [stdout]                                at /rustc/a178d0322ce20e33eac124758e837cbd80a6f633/library/std/src/sys_common/backtrace.rs:36:9
[INFO] [stdout]    8:     0x56433a63c5db - std::panicking::default_hook::{{closure}}::hcfe804496a9fa747
[INFO] [stdout]                                at /rustc/a178d0322ce20e33eac124758e837cbd80a6f633/library/std/src/panicking.rs:208:50
[INFO] [stdout]    9:     0x56433a63c0ec - std::panicking::default_hook::hbea8e3ccf2ba8901
[INFO] [stdout]                                at /rustc/a178d0322ce20e33eac124758e837cbd80a6f633/library/std/src/panicking.rs:222:9
[INFO] [stdout]   10:     0x56433a63cca4 - std::panicking::rust_panic_with_hook::h7ee9e1a2d0f8975a
[INFO] [stdout]                                at /rustc/a178d0322ce20e33eac124758e837cbd80a6f633/library/std/src/panicking.rs:622:17
[INFO] [stdout]   11:     0x56433a63c757 - std::panicking::begin_panic_handler::{{closure}}::h8ab3b4491718b2c7
[INFO] [stdout]                                at /rustc/a178d0322ce20e33eac124758e837cbd80a6f633/library/std/src/panicking.rs:517:13
[INFO] [stdout]   12:     0x56433a63a96c - std::sys_common::backtrace::__rust_end_short_backtrace::hd489062ffa586a9f
[INFO] [stdout]                                at /rustc/a178d0322ce20e33eac124758e837cbd80a6f633/library/std/src/sys_common/backtrace.rs:141:18
[INFO] [stdout]   13:     0x56433a63c6e9 - rust_begin_unwind
[INFO] [stdout]                                at /rustc/a178d0322ce20e33eac124758e837cbd80a6f633/library/std/src/panicking.rs:515:5
[INFO] [stdout]   14:     0x56433a4c26d1 - core::panicking::panic_fmt::hca6330e3e14086b4
[INFO] [stdout]                                at /rustc/a178d0322ce20e33eac124758e837cbd80a6f633/library/core/src/panicking.rs:92:14
[INFO] [stdout]   15:     0x56433a4c261d - core::panicking::panic::h1a48d878ff3dcd40
[INFO] [stdout]                                at /rustc/a178d0322ce20e33eac124758e837cbd80a6f633/library/core/src/panicking.rs:50:5
[INFO] [stdout]   16:     0x56433a4cbd0c - migrated::test_parse_err::h7ba93cf6e7353798
[INFO] [stdout]                                at /opt/rustwide/workdir/tests/migrated.rs:65:9
[INFO] [stdout]   17:     0x56433a4d1868 - migrated::test_doctype_fail::h76b665a5b16d40da
[INFO] [stdout]                                at /opt/rustwide/workdir/tests/migrated.rs:160:5
[INFO] [stdout]   18:     0x56433a4d183a - migrated::test_doctype_fail::{{closure}}::h451dc1dd64492d89
[INFO] [stdout]                                at /opt/rustwide/workdir/tests/migrated.rs:153:1
[INFO] [stdout]   19:     0x56433a4fde9e - core::ops::function::FnOnce::call_once::hec01ed9d46240cb6
[INFO] [stdout]                                at /rustc/a178d0322ce20e33eac124758e837cbd80a6f633/library/core/src/ops/function.rs:227:5
[INFO] [stdout]   20:     0x56433a592533 - core::ops::function::FnOnce::call_once::h152e7e439ff59e19
[INFO] [stdout]                                at /rustc/a178d0322ce20e33eac124758e837cbd80a6f633/library/core/src/ops/function.rs:227:5
[INFO] [stdout]   21:     0x56433a592533 - test::__rust_begin_short_backtrace::h0908f3b1fdbb72ab
[INFO] [stdout]                                at /rustc/a178d0322ce20e33eac124758e837cbd80a6f633/library/test/src/lib.rs:577:5
[INFO] [stdout]   22:     0x56433a590ff0 - <alloc::boxed::Box<F,A> as core::ops::function::FnOnce<Args>>::call_once::hf6d2a51e5587546c
[INFO] [stdout]                                at /rustc/a178d0322ce20e33eac124758e837cbd80a6f633/library/alloc/src/boxed.rs:1575:9
[INFO] [stdout]   23:     0x56433a590ff0 - <std::panic::AssertUnwindSafe<F> as core::ops::function::FnOnce<()>>::call_once::h8af660f3a89ef593
[INFO] [stdout]                                at /rustc/a178d0322ce20e33eac124758e837cbd80a6f633/library/std/src/panic.rs:347:9
[INFO] [stdout]   24:     0x56433a590ff0 - std::panicking::try::do_call::hd36aef60f84b6d36
[INFO] [stdout]                                at /rustc/a178d0322ce20e33eac124758e837cbd80a6f633/library/std/src/panicking.rs:401:40
[INFO] [stdout]   25:     0x56433a590ff0 - std::panicking::try::h9932b4480e69817c
[INFO] [stdout]                                at /rustc/a178d0322ce20e33eac124758e837cbd80a6f633/library/std/src/panicking.rs:365:19
[INFO] [stdout]   26:     0x56433a590ff0 - std::panic::catch_unwind::h6aa177099cfff5f8
[INFO] [stdout]                                at /rustc/a178d0322ce20e33eac124758e837cbd80a6f633/library/std/src/panic.rs:434:14
[INFO] [stdout]   27:     0x56433a590ff0 - test::run_test_in_process::h5884d6f2d99e20c3
[INFO] [stdout]                                at /rustc/a178d0322ce20e33eac124758e837cbd80a6f633/library/test/src/lib.rs:600:18
[INFO] [stdout]   28:     0x56433a590ff0 - test::run_test::run_test_inner::{{closure}}::h6fdc58c6d5f5b6e3
[INFO] [stdout]                                at /rustc/a178d0322ce20e33eac124758e837cbd80a6f633/library/test/src/lib.rs:492:39
[INFO] [stdout]   29:     0x56433a56a6a2 - test::run_test::run_test_inner::{{closure}}::h408365d67a78ade8
[INFO] [stdout]                                at /rustc/a178d0322ce20e33eac124758e837cbd80a6f633/library/test/src/lib.rs:519:37
[INFO] [stdout]   30:     0x56433a56a6a2 - std::sys_common::backtrace::__rust_begin_short_backtrace::hb560b77c4f701523
[INFO] [stdout]                                at /rustc/a178d0322ce20e33eac124758e837cbd80a6f633/library/std/src/sys_common/backtrace.rs:125:18
[INFO] [stdout]   31:     0x56433a56e258 - std::thread::Builder::spawn_unchecked::{{closure}}::{{closure}}::hf2e7831dad93c597
[INFO] [stdout]                                at /rustc/a178d0322ce20e33eac124758e837cbd80a6f633/library/std/src/thread/mod.rs:481:17
[INFO] [stdout]   32:     0x56433a56e258 - <std::panic::AssertUnwindSafe<F> as core::ops::function::FnOnce<()>>::call_once::hd2e08783d8be4d02
[INFO] [stdout]                                at /rustc/a178d0322ce20e33eac124758e837cbd80a6f633/library/std/src/panic.rs:347:9
[INFO] [stdout]   33:     0x56433a56e258 - std::panicking::try::do_call::h062597b7acfd6b82
[INFO] [stdout]                                at /rustc/a178d0322ce20e33eac124758e837cbd80a6f633/library/std/src/panicking.rs:401:40
[INFO] [stdout]   34:     0x56433a56e258 - std::panicking::try::h0d7b79db04c14552
[INFO] [stdout]                                at /rustc/a178d0322ce20e33eac124758e837cbd80a6f633/library/std/src/panicking.rs:365:19
[INFO] [stdout]   35:     0x56433a56e258 - std::panic::catch_unwind::hb01a0b5e7c8cd43b
[INFO] [stdout]                                at /rustc/a178d0322ce20e33eac124758e837cbd80a6f633/library/std/src/panic.rs:434:14
[INFO] [stdout]   36:     0x56433a56e258 - std::thread::Builder::spawn_unchecked::{{closure}}::h5bde48cc887e0d1e
[INFO] [stdout]                                at /rustc/a178d0322ce20e33eac124758e837cbd80a6f633/library/std/src/thread/mod.rs:480:30
[INFO] [stdout]   37:     0x56433a56e258 - core::ops::function::FnOnce::call_once{{vtable.shim}}::h745ea30807a29e55
[INFO] [stdout]                                at /rustc/a178d0322ce20e33eac124758e837cbd80a6f633/library/core/src/ops/function.rs:227:5
[INFO] [stdout]   38:     0x56433a6417c7 - <alloc::boxed::Box<F,A> as core::ops::function::FnOnce<Args>>::call_once::h7ece6cfefaff1005
[INFO] [stdout]                                at /rustc/a178d0322ce20e33eac124758e837cbd80a6f633/library/alloc/src/boxed.rs:1575:9
[INFO] [stdout]   39:     0x56433a6417c7 - <alloc::boxed::Box<F,A> as core::ops::function::FnOnce<Args>>::call_once::hb8b48e55c21f193e
[INFO] [stdout]                                at /rustc/a178d0322ce20e33eac124758e837cbd80a6f633/library/alloc/src/boxed.rs:1575:9
[INFO] [stdout]   40:     0x56433a6417c7 - std::sys::unix::thread::Thread::new::thread_start::h8c7c4450dba62914
[INFO] [stdout]                                at /rustc/a178d0322ce20e33eac124758e837cbd80a6f633/library/std/src/sys/unix/thread.rs:71:17
[INFO] [stdout]   41:     0x7f365c020609 - start_thread
[INFO] [stdout]   42:     0x7f365bdf2293 - clone
[INFO] [stdout]   43:                0x0 - <unknown>
[INFO] [stdout] 
[INFO] [stdout] 
[INFO] [stdout] failures:
[INFO] [stdout]     test_doctype_fail
[INFO] [stdout] 
[INFO] [stdout] test result: FAILED. 21 passed; 1 failed; 8 ignored; 0 measured; 0 filtered out; finished in 0.02s
[INFO] [stdout] 
[INFO] [stderr] error: test failed, to rerun pass '--test migrated'
[INFO] running `Command { std: "docker" "inspect" "eb413458ccc1af058bf27c943d46fc02195e4e8afac8dbc681caca084b8c86d9", kill_on_drop: false }`
[INFO] running `Command { std: "docker" "rm" "-f" "eb413458ccc1af058bf27c943d46fc02195e4e8afac8dbc681caca084b8c86d9", kill_on_drop: false }`
[INFO] [stdout] eb413458ccc1af058bf27c943d46fc02195e4e8afac8dbc681caca084b8c86d9
