[INFO] fetching crate serde-value-flatten 0.1.0...
[INFO] testing serde-value-flatten-0.1.0 against 1.54.0 for beta-1.55-1
[INFO] extracting crate serde-value-flatten 0.1.0 into /workspace/builds/worker-9/source
[INFO] validating manifest of crates.io crate serde-value-flatten 0.1.0 on toolchain 1.54.0
[INFO] running `Command { std: "/workspace/cargo-home/bin/cargo" "+1.54.0" "metadata" "--manifest-path" "Cargo.toml" "--no-deps", kill_on_drop: false }`
[INFO] started tweaking crates.io crate serde-value-flatten 0.1.0
[INFO] finished tweaking crates.io crate serde-value-flatten 0.1.0
[INFO] tweaked toml for crates.io crate serde-value-flatten 0.1.0 written to /workspace/builds/worker-9/source/Cargo.toml
[INFO] running `Command { std: "/workspace/cargo-home/bin/cargo" "+1.54.0" "generate-lockfile" "--manifest-path" "Cargo.toml" "-Zno-index-update", kill_on_drop: false }`
[INFO] running `Command { std: "/workspace/cargo-home/bin/cargo" "+1.54.0" "fetch" "--manifest-path" "Cargo.toml", kill_on_drop: false }`
[INFO] [stderr] warning: only one of `license` or `license-file` is necessary
[INFO] running `Command { std: "docker" "create" "-v" "/var/lib/crater-agent-workspace/builds/worker-9/target:/opt/rustwide/target:rw,Z" "-v" "/var/lib/crater-agent-workspace/builds/worker-9/source:/opt/rustwide/workdir:ro,Z" "-v" "/var/lib/crater-agent-workspace/cargo-home:/opt/rustwide/cargo-home:ro,Z" "-v" "/var/lib/crater-agent-workspace/rustup-home:/opt/rustwide/rustup-home:ro,Z" "-e" "SOURCE_DIR=/opt/rustwide/workdir" "-e" "CARGO_TARGET_DIR=/opt/rustwide/target" "-e" "CARGO_HOME=/opt/rustwide/cargo-home" "-e" "RUSTUP_HOME=/opt/rustwide/rustup-home" "-w" "/opt/rustwide/workdir" "-m" "1610612736" "--user" "0:0" "--network" "none" "ghcr.io/rust-lang/crates-build-env/linux@sha256:34b6a614d2c27851fe6cbf88fbd1137609cefab8b10d0615aaeb6fd47975d74e" "/opt/rustwide/cargo-home/bin/cargo" "+1.54.0" "metadata" "--no-deps" "--format-version=1", kill_on_drop: false }`
[INFO] [stdout] 97351513c41908cb8829bcc4a13786025a5827570a0e3a65bfbbbf6c4fba8f71
[INFO] [stderr] WARNING: Your kernel does not support swap limit capabilities or the cgroup is not mounted. Memory limited without swap.
[INFO] running `Command { std: "docker" "start" "-a" "97351513c41908cb8829bcc4a13786025a5827570a0e3a65bfbbbf6c4fba8f71", kill_on_drop: false }`
[INFO] running `Command { std: "docker" "inspect" "97351513c41908cb8829bcc4a13786025a5827570a0e3a65bfbbbf6c4fba8f71", kill_on_drop: false }`
[INFO] running `Command { std: "docker" "rm" "-f" "97351513c41908cb8829bcc4a13786025a5827570a0e3a65bfbbbf6c4fba8f71", kill_on_drop: false }`
[INFO] [stdout] 97351513c41908cb8829bcc4a13786025a5827570a0e3a65bfbbbf6c4fba8f71
[INFO] running `Command { std: "docker" "create" "-v" "/var/lib/crater-agent-workspace/builds/worker-9/target:/opt/rustwide/target:rw,Z" "-v" "/var/lib/crater-agent-workspace/builds/worker-9/source:/opt/rustwide/workdir:ro,Z" "-v" "/var/lib/crater-agent-workspace/cargo-home:/opt/rustwide/cargo-home:ro,Z" "-v" "/var/lib/crater-agent-workspace/rustup-home:/opt/rustwide/rustup-home:ro,Z" "-e" "SOURCE_DIR=/opt/rustwide/workdir" "-e" "CARGO_TARGET_DIR=/opt/rustwide/target" "-e" "CARGO_INCREMENTAL=0" "-e" "RUST_BACKTRACE=full" "-e" "RUSTFLAGS=--cap-lints=warn" "-e" "CARGO_HOME=/opt/rustwide/cargo-home" "-e" "RUSTUP_HOME=/opt/rustwide/rustup-home" "-w" "/opt/rustwide/workdir" "-m" "1610612736" "--user" "0:0" "--network" "none" "ghcr.io/rust-lang/crates-build-env/linux@sha256:34b6a614d2c27851fe6cbf88fbd1137609cefab8b10d0615aaeb6fd47975d74e" "/opt/rustwide/cargo-home/bin/cargo" "+1.54.0" "build" "--frozen" "--message-format=json", kill_on_drop: false }`
[INFO] [stderr] WARNING: Your kernel does not support swap limit capabilities or the cgroup is not mounted. Memory limited without swap.
[INFO] [stdout] 39d47f3b47640c8ab192b93094ffabef3b8d45badf92864bfad5dd20ba1d0dbb
[INFO] running `Command { std: "docker" "start" "-a" "39d47f3b47640c8ab192b93094ffabef3b8d45badf92864bfad5dd20ba1d0dbb", kill_on_drop: false }`
[INFO] [stderr] warning: only one of `license` or `license-file` is necessary
[INFO] [stderr]    Compiling serde-value-flatten v0.1.0 (/opt/rustwide/workdir)
[INFO] [stderr]     Finished dev [unoptimized + debuginfo] target(s) in 0.45s
[INFO] running `Command { std: "docker" "inspect" "39d47f3b47640c8ab192b93094ffabef3b8d45badf92864bfad5dd20ba1d0dbb", kill_on_drop: false }`
[INFO] running `Command { std: "docker" "rm" "-f" "39d47f3b47640c8ab192b93094ffabef3b8d45badf92864bfad5dd20ba1d0dbb", kill_on_drop: false }`
[INFO] [stdout] 39d47f3b47640c8ab192b93094ffabef3b8d45badf92864bfad5dd20ba1d0dbb
[INFO] running `Command { std: "docker" "create" "-v" "/var/lib/crater-agent-workspace/builds/worker-9/target:/opt/rustwide/target:rw,Z" "-v" "/var/lib/crater-agent-workspace/builds/worker-9/source:/opt/rustwide/workdir:ro,Z" "-v" "/var/lib/crater-agent-workspace/cargo-home:/opt/rustwide/cargo-home:ro,Z" "-v" "/var/lib/crater-agent-workspace/rustup-home:/opt/rustwide/rustup-home:ro,Z" "-e" "SOURCE_DIR=/opt/rustwide/workdir" "-e" "CARGO_TARGET_DIR=/opt/rustwide/target" "-e" "CARGO_INCREMENTAL=0" "-e" "RUST_BACKTRACE=full" "-e" "RUSTFLAGS=--cap-lints=warn" "-e" "CARGO_HOME=/opt/rustwide/cargo-home" "-e" "RUSTUP_HOME=/opt/rustwide/rustup-home" "-w" "/opt/rustwide/workdir" "-m" "1610612736" "--user" "0:0" "--network" "none" "ghcr.io/rust-lang/crates-build-env/linux@sha256:34b6a614d2c27851fe6cbf88fbd1137609cefab8b10d0615aaeb6fd47975d74e" "/opt/rustwide/cargo-home/bin/cargo" "+1.54.0" "test" "--frozen" "--no-run" "--message-format=json", kill_on_drop: false }`
[INFO] [stderr] WARNING: Your kernel does not support swap limit capabilities or the cgroup is not mounted. Memory limited without swap.
[INFO] [stdout] c09c5c8bb8f1b06d088aebdd18a31f9b9c4d3c53ab52e786cacb95d9dcd28a0b
[INFO] running `Command { std: "docker" "start" "-a" "c09c5c8bb8f1b06d088aebdd18a31f9b9c4d3c53ab52e786cacb95d9dcd28a0b", kill_on_drop: false }`
[INFO] [stderr] warning: only one of `license` or `license-file` is necessary
[INFO] [stderr]    Compiling serde-value-flatten v0.1.0 (/opt/rustwide/workdir)
[INFO] [stderr]     Finished test [unoptimized + debuginfo] target(s) in 0.54s
[INFO] running `Command { std: "docker" "inspect" "c09c5c8bb8f1b06d088aebdd18a31f9b9c4d3c53ab52e786cacb95d9dcd28a0b", kill_on_drop: false }`
[INFO] running `Command { std: "docker" "rm" "-f" "c09c5c8bb8f1b06d088aebdd18a31f9b9c4d3c53ab52e786cacb95d9dcd28a0b", kill_on_drop: false }`
[INFO] [stdout] c09c5c8bb8f1b06d088aebdd18a31f9b9c4d3c53ab52e786cacb95d9dcd28a0b
[INFO] running `Command { std: "docker" "create" "-v" "/var/lib/crater-agent-workspace/builds/worker-9/target:/opt/rustwide/target:rw,Z" "-v" "/var/lib/crater-agent-workspace/builds/worker-9/source:/opt/rustwide/workdir:ro,Z" "-v" "/var/lib/crater-agent-workspace/cargo-home:/opt/rustwide/cargo-home:ro,Z" "-v" "/var/lib/crater-agent-workspace/rustup-home:/opt/rustwide/rustup-home:ro,Z" "-e" "SOURCE_DIR=/opt/rustwide/workdir" "-e" "CARGO_TARGET_DIR=/opt/rustwide/target" "-e" "CARGO_INCREMENTAL=0" "-e" "RUST_BACKTRACE=full" "-e" "RUSTFLAGS=--cap-lints=warn" "-e" "CARGO_HOME=/opt/rustwide/cargo-home" "-e" "RUSTUP_HOME=/opt/rustwide/rustup-home" "-w" "/opt/rustwide/workdir" "-m" "1610612736" "--user" "0:0" "--network" "none" "ghcr.io/rust-lang/crates-build-env/linux@sha256:34b6a614d2c27851fe6cbf88fbd1137609cefab8b10d0615aaeb6fd47975d74e" "/opt/rustwide/cargo-home/bin/cargo" "+1.54.0" "test" "--frozen", kill_on_drop: false }`
[INFO] [stdout] 17eff7593da1822f1c7fe29093c1305cbf0225f3ec97a2453b3c98d1e2ca98cc
[INFO] [stderr] WARNING: Your kernel does not support swap limit capabilities or the cgroup is not mounted. Memory limited without swap.
[INFO] running `Command { std: "docker" "start" "-a" "17eff7593da1822f1c7fe29093c1305cbf0225f3ec97a2453b3c98d1e2ca98cc", kill_on_drop: false }`
[INFO] [stderr] warning: only one of `license` or `license-file` is necessary
[INFO] [stderr]     Finished test [unoptimized + debuginfo] target(s) in 0.01s
[INFO] [stderr]      Running unittests (/opt/rustwide/target/debug/deps/serde_value_flatten-7d907c4e4c613756)
[INFO] [stdout] 
[INFO] [stdout] running 0 tests
[INFO] [stdout] 
[INFO] [stdout] test result: ok. 0 passed; 0 failed; 0 ignored; 0 measured; 0 filtered out; finished in 0.00s
[INFO] [stdout] 
[INFO] [stderr]    Doc-tests serde-value-flatten
[INFO] [stdout] 
[INFO] [stdout] running 2 tests
[INFO] [stdout] test src/lib.rs - to_flatten_maptree (line 115) ... FAILED
[INFO] [stdout] test src/lib.rs - (line 32) ... FAILED
[INFO] [stdout] 
[INFO] [stdout] failures:
[INFO] [stdout] 
[INFO] [stdout] ---- src/lib.rs - to_flatten_maptree (line 115) stdout ----
[INFO] [stdout] error: cannot find derive macro `Serialize` in this scope
[INFO] [stdout]  --> src/lib.rs:116:10
[INFO] [stdout]   |
[INFO] [stdout] 3 | #[derive(Serialize, Clone, Debug)]
[INFO] [stdout]   |          ^^^^^^^^^
[INFO] [stdout] 
[INFO] [stdout] error: cannot find derive macro `Serialize` in this scope
[INFO] [stdout]  --> src/lib.rs:122:10
[INFO] [stdout]   |
[INFO] [stdout] 9 | #[derive(Serialize, Clone, Debug)]
[INFO] [stdout]   |          ^^^^^^^^^
[INFO] [stdout] 
[INFO] [stdout] error[E0433]: failed to resolve: use of undeclared crate or module `serde_json`
[INFO] [stdout]   --> src/lib.rs:134:20
[INFO] [stdout]    |
[INFO] [stdout] 21 |     println!("{}", serde_json::to_string_pretty(&ser).unwrap());
[INFO] [stdout]    |                    ^^^^^^^^^^ use of undeclared crate or module `serde_json`
[INFO] [stdout] 
[INFO] [stdout] error[E0277]: the trait bound `Foo: serde::ser::Serialize` is not satisfied
[INFO] [stdout]    --> src/lib.rs:132:66
[INFO] [stdout]     |
[INFO] [stdout] 19  |     let ser = serde_value_flatten::to_flatten_maptree("|", None, &foo).unwrap();
[INFO] [stdout]     |                                                                  ^^^^ the trait `serde::ser::Serialize` is not implemented for `Foo`
[INFO] [stdout]     | 
[INFO] [stdout]    ::: /opt/rustwide/workdir/src/lib.rs:149:14
[INFO] [stdout]     |
[INFO] [stdout] 149 |     where T: serde::Serialize {
[INFO] [stdout]     |              ---------------- required by this bound in `to_flatten_maptree`
[INFO] [stdout] 
[INFO] [stdout] error: aborting due to 4 previous errors
[INFO] [stdout] 
[INFO] [stdout] Some errors have detailed explanations: E0277, E0433.
[INFO] [stdout] For more information about an error, try `rustc --explain E0277`.
[INFO] [stdout] Couldn't compile the test.
[INFO] [stdout] ---- src/lib.rs - (line 32) stdout ----
[INFO] [stdout] error: cannot find derive macro `Serialize` in this scope
[INFO] [stdout]  --> src/lib.rs:33:10
[INFO] [stdout]   |
[INFO] [stdout] 3 | #[derive(Serialize, Clone, Debug)]
[INFO] [stdout]   |          ^^^^^^^^^
[INFO] [stdout] 
[INFO] [stdout] error: cannot find derive macro `Serialize` in this scope
[INFO] [stdout]  --> src/lib.rs:39:10
[INFO] [stdout]   |
[INFO] [stdout] 9 | #[derive(Serialize, Clone, Debug)]
[INFO] [stdout]   |          ^^^^^^^^^
[INFO] [stdout] 
[INFO] [stdout] error[E0433]: failed to resolve: use of undeclared crate or module `serde_json`
[INFO] [stdout]   --> src/lib.rs:51:20
[INFO] [stdout]    |
[INFO] [stdout] 21 |     println!("{}", serde_json::to_string_pretty(&ser).unwrap());
[INFO] [stdout]    |                    ^^^^^^^^^^ use of undeclared crate or module `serde_json`
[INFO] [stdout] 
[INFO] [stdout] error[E0277]: the trait bound `Foo: serde::ser::Serialize` is not satisfied
[INFO] [stdout]    --> src/lib.rs:49:71
[INFO] [stdout]     |
[INFO] [stdout] 19  |     let ser = serde_value_flatten::to_flatten_maptree("_", Some("_"), &foo).unwrap();
[INFO] [stdout]     |                                                                       ^^^^ the trait `serde::ser::Serialize` is not implemented for `Foo`
[INFO] [stdout]     | 
[INFO] [stdout]    ::: /opt/rustwide/workdir/src/lib.rs:149:14
[INFO] [stdout]     |
[INFO] [stdout] 149 |     where T: serde::Serialize {
[INFO] [stdout]     |              ---------------- required by this bound in `to_flatten_maptree`
[INFO] [stdout] 
[INFO] [stdout] error: aborting due to 4 previous errors
[INFO] [stdout] 
[INFO] [stdout] Some errors have detailed explanations: E0277, E0433.
[INFO] [stdout] For more information about an error, try `rustc --explain E0277`.
[INFO] [stdout] Couldn't compile the test.
[INFO] [stdout] 
[INFO] [stdout] failures:
[INFO] [stdout]     src/lib.rs - (line 32)
[INFO] [stdout]     src/lib.rs - to_flatten_maptree (line 115)
[INFO] [stdout] 
[INFO] [stdout] test result: FAILED. 0 passed; 2 failed; 0 ignored; 0 measured; 0 filtered out; finished in 0.31s
[INFO] [stdout] 
[INFO] [stderr] error: test failed, to rerun pass '--doc'
[INFO] running `Command { std: "docker" "inspect" "17eff7593da1822f1c7fe29093c1305cbf0225f3ec97a2453b3c98d1e2ca98cc", kill_on_drop: false }`
[INFO] running `Command { std: "docker" "rm" "-f" "17eff7593da1822f1c7fe29093c1305cbf0225f3ec97a2453b3c98d1e2ca98cc", kill_on_drop: false }`
[INFO] [stdout] 17eff7593da1822f1c7fe29093c1305cbf0225f3ec97a2453b3c98d1e2ca98cc
