[INFO] fetching crate serde-avro 0.5.0...
[INFO] testing serde-avro-0.5.0 against beta-2021-08-01 for beta-1.55-1
[INFO] extracting crate serde-avro 0.5.0 into /workspace/builds/worker-12/source
[INFO] validating manifest of crates.io crate serde-avro 0.5.0 on toolchain beta-2021-08-01
[INFO] running `Command { std: "/workspace/cargo-home/bin/cargo" "+beta-2021-08-01" "metadata" "--manifest-path" "Cargo.toml" "--no-deps", kill_on_drop: false }`
[INFO] started tweaking crates.io crate serde-avro 0.5.0
[INFO] finished tweaking crates.io crate serde-avro 0.5.0
[INFO] tweaked toml for crates.io crate serde-avro 0.5.0 written to /workspace/builds/worker-12/source/Cargo.toml
[INFO] running `Command { std: "/workspace/cargo-home/bin/cargo" "+beta-2021-08-01" "generate-lockfile" "--manifest-path" "Cargo.toml" "-Zno-index-update", kill_on_drop: false }`
[INFO] running `Command { std: "/workspace/cargo-home/bin/cargo" "+beta-2021-08-01" "fetch" "--manifest-path" "Cargo.toml", kill_on_drop: false }`
[INFO] [stderr]  Downloading crates ...
[INFO] [stderr]   Downloaded linked-hash-map v0.4.2
[INFO] [stderr]   Downloaded ordered-float v0.4.0
[INFO] [stderr]   Downloaded serde-value v0.4.1
[INFO] [stderr]   Downloaded error-chain v0.9.0
[INFO] running `Command { std: "docker" "create" "-v" "/var/lib/crater-agent-workspace/builds/worker-12/target:/opt/rustwide/target:rw,Z" "-v" "/var/lib/crater-agent-workspace/builds/worker-12/source:/opt/rustwide/workdir:ro,Z" "-v" "/var/lib/crater-agent-workspace/cargo-home:/opt/rustwide/cargo-home:ro,Z" "-v" "/var/lib/crater-agent-workspace/rustup-home:/opt/rustwide/rustup-home:ro,Z" "-e" "SOURCE_DIR=/opt/rustwide/workdir" "-e" "CARGO_TARGET_DIR=/opt/rustwide/target" "-e" "CARGO_HOME=/opt/rustwide/cargo-home" "-e" "RUSTUP_HOME=/opt/rustwide/rustup-home" "-w" "/opt/rustwide/workdir" "-m" "1610612736" "--user" "0:0" "--network" "none" "ghcr.io/rust-lang/crates-build-env/linux@sha256:34b6a614d2c27851fe6cbf88fbd1137609cefab8b10d0615aaeb6fd47975d74e" "/opt/rustwide/cargo-home/bin/cargo" "+beta-2021-08-01" "metadata" "--no-deps" "--format-version=1", kill_on_drop: false }`
[INFO] [stderr] WARNING: Your kernel does not support swap limit capabilities or the cgroup is not mounted. Memory limited without swap.
[INFO] [stdout] b1d77f59b849ce4a7fdd4a99431573ba6c53380e6a3b7c086604eaf58a4754f0
[INFO] running `Command { std: "docker" "start" "-a" "b1d77f59b849ce4a7fdd4a99431573ba6c53380e6a3b7c086604eaf58a4754f0", kill_on_drop: false }`
[INFO] running `Command { std: "docker" "inspect" "b1d77f59b849ce4a7fdd4a99431573ba6c53380e6a3b7c086604eaf58a4754f0", kill_on_drop: false }`
[INFO] running `Command { std: "docker" "rm" "-f" "b1d77f59b849ce4a7fdd4a99431573ba6c53380e6a3b7c086604eaf58a4754f0", kill_on_drop: false }`
[INFO] [stdout] b1d77f59b849ce4a7fdd4a99431573ba6c53380e6a3b7c086604eaf58a4754f0
[INFO] running `Command { std: "docker" "create" "-v" "/var/lib/crater-agent-workspace/builds/worker-12/target:/opt/rustwide/target:rw,Z" "-v" "/var/lib/crater-agent-workspace/builds/worker-12/source:/opt/rustwide/workdir:ro,Z" "-v" "/var/lib/crater-agent-workspace/cargo-home:/opt/rustwide/cargo-home:ro,Z" "-v" "/var/lib/crater-agent-workspace/rustup-home:/opt/rustwide/rustup-home:ro,Z" "-e" "SOURCE_DIR=/opt/rustwide/workdir" "-e" "CARGO_TARGET_DIR=/opt/rustwide/target" "-e" "CARGO_INCREMENTAL=0" "-e" "RUST_BACKTRACE=full" "-e" "RUSTFLAGS=--cap-lints=warn" "-e" "CARGO_HOME=/opt/rustwide/cargo-home" "-e" "RUSTUP_HOME=/opt/rustwide/rustup-home" "-w" "/opt/rustwide/workdir" "-m" "1610612736" "--user" "0:0" "--network" "none" "ghcr.io/rust-lang/crates-build-env/linux@sha256:34b6a614d2c27851fe6cbf88fbd1137609cefab8b10d0615aaeb6fd47975d74e" "/opt/rustwide/cargo-home/bin/cargo" "+beta-2021-08-01" "build" "--frozen" "--message-format=json", kill_on_drop: false }`
[INFO] [stdout] 3b2c1ea8ba6bd2dd5c4949b32db1c72034d90e73a20edc2ed33c3d14456388cd
[INFO] [stderr] WARNING: Your kernel does not support swap limit capabilities or the cgroup is not mounted. Memory limited without swap.
[INFO] running `Command { std: "docker" "start" "-a" "3b2c1ea8ba6bd2dd5c4949b32db1c72034d90e73a20edc2ed33c3d14456388cd", kill_on_drop: false }`
[INFO] [stderr]    Compiling build_const v0.2.2
[INFO] [stderr]    Compiling serde-avro v0.5.0 (/opt/rustwide/workdir)
[INFO] [stderr]    Compiling linked-hash-map v0.4.2
[INFO] [stderr]    Compiling miniz-sys v0.1.12
[INFO] [stderr]    Compiling snap v0.2.5
[INFO] [stderr]    Compiling syn v0.11.11
[INFO] [stderr]    Compiling error-chain v0.9.0
[INFO] [stderr]    Compiling crc v1.8.1
[INFO] [stderr]    Compiling flate2 v0.2.20
[INFO] [stderr]    Compiling serde_codegen_internals v0.14.2
[INFO] [stderr]    Compiling serde_derive v0.9.15
[INFO] [stdout] warning: use of deprecated associated function `std::error::Error::description`: use the Display impl or to_string()
[INFO] [stdout]   --> src/error.rs:7:1
[INFO] [stdout]    |
[INFO] [stdout] 7  | / error_chain! {
[INFO] [stdout] 8  | |     foreign_links {
[INFO] [stdout] 9  | |         IO(io::Error);
[INFO] [stdout] 10 | |         Utf8(string::FromUtf8Error);
[INFO] [stdout] ...  |
[INFO] [stdout] 63 | |     }
[INFO] [stdout] 64 | | }
[INFO] [stdout]    | |_^
[INFO] [stdout]    |
[INFO] [stdout]    = note: `#[warn(deprecated)]` on by default
[INFO] [stdout]    = note: this warning originates in the macro `error_chain_processed` (in Nightly builds, run with -Z macro-backtrace for more info)
[INFO] [stdout] 
[INFO] [stdout] 
[INFO] [stdout] warning: use of deprecated associated function `std::error::Error::description`: use the Display impl or to_string()
[INFO] [stdout]   --> src/error.rs:7:1
[INFO] [stdout]    |
[INFO] [stdout] 7  | / error_chain! {
[INFO] [stdout] 8  | |     foreign_links {
[INFO] [stdout] 9  | |         IO(io::Error);
[INFO] [stdout] 10 | |         Utf8(string::FromUtf8Error);
[INFO] [stdout] ...  |
[INFO] [stdout] 63 | |     }
[INFO] [stdout] 64 | | }
[INFO] [stdout]    | |_^
[INFO] [stdout]    |
[INFO] [stdout]    = note: this warning originates in the macro `error_chain_processed` (in Nightly builds, run with -Z macro-backtrace for more info)
[INFO] [stdout] 
[INFO] [stdout] 
[INFO] [stdout] warning: use of deprecated constant `std::sync::ONCE_INIT`: the `new` function is now preferred
[INFO] [stdout]    --> src/schema.rs:72:1
[INFO] [stdout]     |
[INFO] [stdout] 72  | / lazy_static! {
[INFO] [stdout] 73  | |     pub static ref EMPTY_REGISTRY: SchemaRegistry = {
[INFO] [stdout] 74  | |         SchemaRegistry::new()
[INFO] [stdout] 75  | |     };
[INFO] [stdout] ...   |
[INFO] [stdout] 114 | |     };
[INFO] [stdout] 115 | | }
[INFO] [stdout]     | |_^
[INFO] [stdout]     |
[INFO] [stdout]     = note: this warning originates in the macro `__lazy_static_create` (in Nightly builds, run with -Z macro-backtrace for more info)
[INFO] [stdout] 
[INFO] [stdout] 
[INFO] [stdout] warning: use of deprecated constant `std::sync::ONCE_INIT`: the `new` function is now preferred
[INFO] [stdout]    --> src/schema.rs:72:1
[INFO] [stdout]     |
[INFO] [stdout] 72  | / lazy_static! {
[INFO] [stdout] 73  | |     pub static ref EMPTY_REGISTRY: SchemaRegistry = {
[INFO] [stdout] 74  | |         SchemaRegistry::new()
[INFO] [stdout] 75  | |     };
[INFO] [stdout] ...   |
[INFO] [stdout] 114 | |     };
[INFO] [stdout] 115 | | }
[INFO] [stdout]     | |_^
[INFO] [stdout]     |
[INFO] [stdout]     = note: this warning originates in the macro `__lazy_static_create` (in Nightly builds, run with -Z macro-backtrace for more info)
[INFO] [stdout] 
[INFO] [stdout] 
[INFO] [stdout] warning: use of deprecated associated function `std::error::Error::cause`: replaced by Error::source, which can support downcasting
[INFO] [stdout]   --> src/error.rs:7:1
[INFO] [stdout]    |
[INFO] [stdout] 7  | / error_chain! {
[INFO] [stdout] 8  | |     foreign_links {
[INFO] [stdout] 9  | |         IO(io::Error);
[INFO] [stdout] 10 | |         Utf8(string::FromUtf8Error);
[INFO] [stdout] ...  |
[INFO] [stdout] 63 | |     }
[INFO] [stdout] 64 | | }
[INFO] [stdout]    | |_^
[INFO] [stdout]    |
[INFO] [stdout]    = note: this warning originates in the macro `error_chain_processed` (in Nightly builds, run with -Z macro-backtrace for more info)
[INFO] [stdout] 
[INFO] [stdout] 
[INFO] [stdout] warning: variable does not need to be mutable
[INFO] [stdout]    --> src/de/read.rs:102:13
[INFO] [stdout]     |
[INFO] [stdout] 102 |         let mut buffer = self.current_block.get_mut();
[INFO] [stdout]     |             ----^^^^^^
[INFO] [stdout]     |             |
[INFO] [stdout]     |             help: remove this `mut`
[INFO] [stdout]     |
[INFO] [stdout]     = note: `#[warn(unused_mut)]` on by default
[INFO] [stdout] 
[INFO] [stdout] 
[INFO] [stdout] warning: 6 warnings emitted
[INFO] [stdout] 
[INFO] [stdout] 
[INFO] [stderr]     Finished dev [unoptimized + debuginfo] target(s) in 7.31s
[INFO] running `Command { std: "docker" "inspect" "3b2c1ea8ba6bd2dd5c4949b32db1c72034d90e73a20edc2ed33c3d14456388cd", kill_on_drop: false }`
[INFO] running `Command { std: "docker" "rm" "-f" "3b2c1ea8ba6bd2dd5c4949b32db1c72034d90e73a20edc2ed33c3d14456388cd", kill_on_drop: false }`
[INFO] [stdout] 3b2c1ea8ba6bd2dd5c4949b32db1c72034d90e73a20edc2ed33c3d14456388cd
[INFO] running `Command { std: "docker" "create" "-v" "/var/lib/crater-agent-workspace/builds/worker-12/target:/opt/rustwide/target:rw,Z" "-v" "/var/lib/crater-agent-workspace/builds/worker-12/source:/opt/rustwide/workdir:ro,Z" "-v" "/var/lib/crater-agent-workspace/cargo-home:/opt/rustwide/cargo-home:ro,Z" "-v" "/var/lib/crater-agent-workspace/rustup-home:/opt/rustwide/rustup-home:ro,Z" "-e" "SOURCE_DIR=/opt/rustwide/workdir" "-e" "CARGO_TARGET_DIR=/opt/rustwide/target" "-e" "CARGO_INCREMENTAL=0" "-e" "RUST_BACKTRACE=full" "-e" "RUSTFLAGS=--cap-lints=warn" "-e" "CARGO_HOME=/opt/rustwide/cargo-home" "-e" "RUSTUP_HOME=/opt/rustwide/rustup-home" "-w" "/opt/rustwide/workdir" "-m" "1610612736" "--user" "0:0" "--network" "none" "ghcr.io/rust-lang/crates-build-env/linux@sha256:34b6a614d2c27851fe6cbf88fbd1137609cefab8b10d0615aaeb6fd47975d74e" "/opt/rustwide/cargo-home/bin/cargo" "+beta-2021-08-01" "test" "--frozen" "--no-run" "--message-format=json", kill_on_drop: false }`
[INFO] [stdout] f7d8f8686fb697d6a9833d2a267e83461507a38f920350067d8d13af6bdf7678
[INFO] [stderr] WARNING: Your kernel does not support swap limit capabilities or the cgroup is not mounted. Memory limited without swap.
[INFO] running `Command { std: "docker" "start" "-a" "f7d8f8686fb697d6a9833d2a267e83461507a38f920350067d8d13af6bdf7678", kill_on_drop: false }`
[INFO] [stderr]    Compiling void v1.0.2
[INFO] [stdout] warning: use of deprecated associated function `std::error::Error::description`: use the Display impl or to_string()
[INFO] [stdout]   --> src/error.rs:7:1
[INFO] [stdout]    |
[INFO] [stdout] 7  | / error_chain! {
[INFO] [stdout] 8  | |     foreign_links {
[INFO] [stdout] 9  | |         IO(io::Error);
[INFO] [stdout] 10 | |         Utf8(string::FromUtf8Error);
[INFO] [stdout] ...  |
[INFO] [stdout] 63 | |     }
[INFO] [stdout] 64 | | }
[INFO] [stdout]    | |_^
[INFO] [stdout]    |
[INFO] [stdout]    = note: `#[warn(deprecated)]` on by default
[INFO] [stdout]    = note: this warning originates in the macro `error_chain_processed` (in Nightly builds, run with -Z macro-backtrace for more info)
[INFO] [stdout] 
[INFO] [stdout] 
[INFO] [stdout] warning: use of deprecated associated function `std::error::Error::description`: use the Display impl or to_string()
[INFO] [stdout]   --> src/error.rs:7:1
[INFO] [stdout]    |
[INFO] [stdout] 7  | / error_chain! {
[INFO] [stdout] 8  | |     foreign_links {
[INFO] [stdout] 9  | |         IO(io::Error);
[INFO] [stdout] 10 | |         Utf8(string::FromUtf8Error);
[INFO] [stdout] ...  |
[INFO] [stdout] 63 | |     }
[INFO] [stdout] 64 | | }
[INFO] [stdout]    | |_^
[INFO] [stdout]    |
[INFO] [stdout]    = note: this warning originates in the macro `error_chain_processed` (in Nightly builds, run with -Z macro-backtrace for more info)
[INFO] [stdout] 
[INFO] [stdout] 
[INFO] [stdout] warning: use of deprecated constant `std::sync::ONCE_INIT`: the `new` function is now preferred
[INFO] [stdout]    --> src/schema.rs:72:1
[INFO] [stdout]     |
[INFO] [stdout] 72  | / lazy_static! {
[INFO] [stdout] 73  | |     pub static ref EMPTY_REGISTRY: SchemaRegistry = {
[INFO] [stdout] 74  | |         SchemaRegistry::new()
[INFO] [stdout] 75  | |     };
[INFO] [stdout] ...   |
[INFO] [stdout] 114 | |     };
[INFO] [stdout] 115 | | }
[INFO] [stdout]     | |_^
[INFO] [stdout]     |
[INFO] [stdout]     = note: this warning originates in the macro `__lazy_static_create` (in Nightly builds, run with -Z macro-backtrace for more info)
[INFO] [stdout] 
[INFO] [stdout] 
[INFO] [stdout] warning: use of deprecated constant `std::sync::ONCE_INIT`: the `new` function is now preferred
[INFO] [stdout]    --> src/schema.rs:72:1
[INFO] [stdout]     |
[INFO] [stdout] 72  | / lazy_static! {
[INFO] [stdout] 73  | |     pub static ref EMPTY_REGISTRY: SchemaRegistry = {
[INFO] [stdout] 74  | |         SchemaRegistry::new()
[INFO] [stdout] 75  | |     };
[INFO] [stdout] ...   |
[INFO] [stdout] 114 | |     };
[INFO] [stdout] 115 | | }
[INFO] [stdout]     | |_^
[INFO] [stdout]     |
[INFO] [stdout]     = note: this warning originates in the macro `__lazy_static_create` (in Nightly builds, run with -Z macro-backtrace for more info)
[INFO] [stdout] 
[INFO] [stdout] 
[INFO] [stdout] warning: use of deprecated associated function `std::error::Error::cause`: replaced by Error::source, which can support downcasting
[INFO] [stdout]   --> src/error.rs:7:1
[INFO] [stdout]    |
[INFO] [stdout] 7  | / error_chain! {
[INFO] [stdout] 8  | |     foreign_links {
[INFO] [stdout] 9  | |         IO(io::Error);
[INFO] [stdout] 10 | |         Utf8(string::FromUtf8Error);
[INFO] [stdout] ...  |
[INFO] [stdout] 63 | |     }
[INFO] [stdout] 64 | | }
[INFO] [stdout]    | |_^
[INFO] [stdout]    |
[INFO] [stdout]    = note: this warning originates in the macro `error_chain_processed` (in Nightly builds, run with -Z macro-backtrace for more info)
[INFO] [stdout] 
[INFO] [stdout] 
[INFO] [stdout] warning: variable does not need to be mutable
[INFO] [stdout]    --> src/de/read.rs:102:13
[INFO] [stdout]     |
[INFO] [stdout] 102 |         let mut buffer = self.current_block.get_mut();
[INFO] [stdout]     |             ----^^^^^^
[INFO] [stdout]     |             |
[INFO] [stdout]     |             help: remove this `mut`
[INFO] [stdout]     |
[INFO] [stdout]     = note: `#[warn(unused_mut)]` on by default
[INFO] [stdout] 
[INFO] [stdout] 
[INFO] [stdout] warning: 6 warnings emitted
[INFO] [stdout] 
[INFO] [stdout] 
[INFO] [stderr]    Compiling unreachable v0.1.1
[INFO] [stderr]    Compiling ordered-float v0.4.0
[INFO] [stderr]    Compiling serde-value v0.4.1
[INFO] [stderr]    Compiling serde-avro v0.5.0 (/opt/rustwide/workdir)
[INFO] [stdout] warning: use of deprecated associated function `std::error::Error::description`: use the Display impl or to_string()
[INFO] [stdout]   --> src/error.rs:7:1
[INFO] [stdout]    |
[INFO] [stdout] 7  | / error_chain! {
[INFO] [stdout] 8  | |     foreign_links {
[INFO] [stdout] 9  | |         IO(io::Error);
[INFO] [stdout] 10 | |         Utf8(string::FromUtf8Error);
[INFO] [stdout] ...  |
[INFO] [stdout] 63 | |     }
[INFO] [stdout] 64 | | }
[INFO] [stdout]    | |_^
[INFO] [stdout]    |
[INFO] [stdout]    = note: `#[warn(deprecated)]` on by default
[INFO] [stdout]    = note: this warning originates in the macro `error_chain_processed` (in Nightly builds, run with -Z macro-backtrace for more info)
[INFO] [stdout] 
[INFO] [stdout] 
[INFO] [stdout] warning: use of deprecated associated function `std::error::Error::description`: use the Display impl or to_string()
[INFO] [stdout]   --> src/error.rs:7:1
[INFO] [stdout]    |
[INFO] [stdout] 7  | / error_chain! {
[INFO] [stdout] 8  | |     foreign_links {
[INFO] [stdout] 9  | |         IO(io::Error);
[INFO] [stdout] 10 | |         Utf8(string::FromUtf8Error);
[INFO] [stdout] ...  |
[INFO] [stdout] 63 | |     }
[INFO] [stdout] 64 | | }
[INFO] [stdout]    | |_^
[INFO] [stdout]    |
[INFO] [stdout]    = note: this warning originates in the macro `error_chain_processed` (in Nightly builds, run with -Z macro-backtrace for more info)
[INFO] [stdout] 
[INFO] [stdout] 
[INFO] [stdout] warning: use of deprecated constant `std::sync::ONCE_INIT`: the `new` function is now preferred
[INFO] [stdout]    --> src/schema.rs:72:1
[INFO] [stdout]     |
[INFO] [stdout] 72  | / lazy_static! {
[INFO] [stdout] 73  | |     pub static ref EMPTY_REGISTRY: SchemaRegistry = {
[INFO] [stdout] 74  | |         SchemaRegistry::new()
[INFO] [stdout] 75  | |     };
[INFO] [stdout] ...   |
[INFO] [stdout] 114 | |     };
[INFO] [stdout] 115 | | }
[INFO] [stdout]     | |_^
[INFO] [stdout]     |
[INFO] [stdout]     = note: this warning originates in the macro `__lazy_static_create` (in Nightly builds, run with -Z macro-backtrace for more info)
[INFO] [stdout] 
[INFO] [stdout] 
[INFO] [stdout] warning: use of deprecated constant `std::sync::ONCE_INIT`: the `new` function is now preferred
[INFO] [stdout]    --> src/schema.rs:72:1
[INFO] [stdout]     |
[INFO] [stdout] 72  | / lazy_static! {
[INFO] [stdout] 73  | |     pub static ref EMPTY_REGISTRY: SchemaRegistry = {
[INFO] [stdout] 74  | |         SchemaRegistry::new()
[INFO] [stdout] 75  | |     };
[INFO] [stdout] ...   |
[INFO] [stdout] 114 | |     };
[INFO] [stdout] 115 | | }
[INFO] [stdout]     | |_^
[INFO] [stdout]     |
[INFO] [stdout]     = note: this warning originates in the macro `__lazy_static_create` (in Nightly builds, run with -Z macro-backtrace for more info)
[INFO] [stdout] 
[INFO] [stdout] 
[INFO] [stdout] warning: use of deprecated associated function `std::error::Error::cause`: replaced by Error::source, which can support downcasting
[INFO] [stdout]   --> src/error.rs:7:1
[INFO] [stdout]    |
[INFO] [stdout] 7  | / error_chain! {
[INFO] [stdout] 8  | |     foreign_links {
[INFO] [stdout] 9  | |         IO(io::Error);
[INFO] [stdout] 10 | |         Utf8(string::FromUtf8Error);
[INFO] [stdout] ...  |
[INFO] [stdout] 63 | |     }
[INFO] [stdout] 64 | | }
[INFO] [stdout]    | |_^
[INFO] [stdout]    |
[INFO] [stdout]    = note: this warning originates in the macro `error_chain_processed` (in Nightly builds, run with -Z macro-backtrace for more info)
[INFO] [stdout] 
[INFO] [stdout] 
[INFO] [stdout] warning: variable does not need to be mutable
[INFO] [stdout]    --> src/de/read.rs:102:13
[INFO] [stdout]     |
[INFO] [stdout] 102 |         let mut buffer = self.current_block.get_mut();
[INFO] [stdout]     |             ----^^^^^^
[INFO] [stdout]     |             |
[INFO] [stdout]     |             help: remove this `mut`
[INFO] [stdout]     |
[INFO] [stdout]     = note: `#[warn(unused_mut)]` on by default
[INFO] [stdout] 
[INFO] [stdout] 
[INFO] [stdout] warning: 6 warnings emitted
[INFO] [stdout] 
[INFO] [stdout] 
[INFO] [stderr]     Finished test [unoptimized + debuginfo] target(s) in 6.14s
[INFO] running `Command { std: "docker" "inspect" "f7d8f8686fb697d6a9833d2a267e83461507a38f920350067d8d13af6bdf7678", kill_on_drop: false }`
[INFO] running `Command { std: "docker" "rm" "-f" "f7d8f8686fb697d6a9833d2a267e83461507a38f920350067d8d13af6bdf7678", kill_on_drop: false }`
[INFO] [stdout] f7d8f8686fb697d6a9833d2a267e83461507a38f920350067d8d13af6bdf7678
[INFO] running `Command { std: "docker" "create" "-v" "/var/lib/crater-agent-workspace/builds/worker-12/target:/opt/rustwide/target:rw,Z" "-v" "/var/lib/crater-agent-workspace/builds/worker-12/source:/opt/rustwide/workdir:ro,Z" "-v" "/var/lib/crater-agent-workspace/cargo-home:/opt/rustwide/cargo-home:ro,Z" "-v" "/var/lib/crater-agent-workspace/rustup-home:/opt/rustwide/rustup-home:ro,Z" "-e" "SOURCE_DIR=/opt/rustwide/workdir" "-e" "CARGO_TARGET_DIR=/opt/rustwide/target" "-e" "CARGO_INCREMENTAL=0" "-e" "RUST_BACKTRACE=full" "-e" "RUSTFLAGS=--cap-lints=warn" "-e" "CARGO_HOME=/opt/rustwide/cargo-home" "-e" "RUSTUP_HOME=/opt/rustwide/rustup-home" "-w" "/opt/rustwide/workdir" "-m" "1610612736" "--user" "0:0" "--network" "none" "ghcr.io/rust-lang/crates-build-env/linux@sha256:34b6a614d2c27851fe6cbf88fbd1137609cefab8b10d0615aaeb6fd47975d74e" "/opt/rustwide/cargo-home/bin/cargo" "+beta-2021-08-01" "test" "--frozen", kill_on_drop: false }`
[INFO] [stderr] WARNING: Your kernel does not support swap limit capabilities or the cgroup is not mounted. Memory limited without swap.
[INFO] [stdout] 65a16e29aa0477a76bd593c072604e86e5faabbf65e061538939f42abcb634f8
[INFO] running `Command { std: "docker" "start" "-a" "65a16e29aa0477a76bd593c072604e86e5faabbf65e061538939f42abcb634f8", kill_on_drop: false }`
[INFO] [stderr] warning: use of deprecated associated function `std::error::Error::description`: use the Display impl or to_string()
[INFO] [stderr]   --> src/error.rs:7:1
[INFO] [stderr]    |
[INFO] [stderr] 7  | / error_chain! {
[INFO] [stderr] 8  | |     foreign_links {
[INFO] [stderr] 9  | |         IO(io::Error);
[INFO] [stderr] 10 | |         Utf8(string::FromUtf8Error);
[INFO] [stderr] ...  |
[INFO] [stderr] 63 | |     }
[INFO] [stderr] 64 | | }
[INFO] [stderr]    | |_^
[INFO] [stderr]    |
[INFO] [stderr]    = note: `#[warn(deprecated)]` on by default
[INFO] [stderr]    = note: this warning originates in the macro `error_chain_processed` (in Nightly builds, run with -Z macro-backtrace for more info)
[INFO] [stderr] 
[INFO] [stderr] warning: use of deprecated associated function `std::error::Error::description`: use the Display impl or to_string()
[INFO] [stderr]   --> src/error.rs:7:1
[INFO] [stderr]    |
[INFO] [stderr] 7  | / error_chain! {
[INFO] [stderr] 8  | |     foreign_links {
[INFO] [stderr] 9  | |         IO(io::Error);
[INFO] [stderr] 10 | |         Utf8(string::FromUtf8Error);
[INFO] [stderr] ...  |
[INFO] [stderr] 63 | |     }
[INFO] [stderr] 64 | | }
[INFO] [stderr]    | |_^
[INFO] [stderr]    |
[INFO] [stderr]    = note: this warning originates in the macro `error_chain_processed` (in Nightly builds, run with -Z macro-backtrace for more info)
[INFO] [stderr] 
[INFO] [stderr] warning: use of deprecated constant `std::sync::ONCE_INIT`: the `new` function is now preferred
[INFO] [stderr]    --> src/schema.rs:72:1
[INFO] [stderr]     |
[INFO] [stderr] 72  | / lazy_static! {
[INFO] [stderr] 73  | |     pub static ref EMPTY_REGISTRY: SchemaRegistry = {
[INFO] [stderr] 74  | |         SchemaRegistry::new()
[INFO] [stderr] 75  | |     };
[INFO] [stderr] ...   |
[INFO] [stderr] 114 | |     };
[INFO] [stderr] 115 | | }
[INFO] [stderr]     | |_^
[INFO] [stderr]     |
[INFO] [stderr]     = note: this warning originates in the macro `__lazy_static_create` (in Nightly builds, run with -Z macro-backtrace for more info)
[INFO] [stderr] 
[INFO] [stderr] warning: use of deprecated associated function `std::error::Error::cause`: replaced by Error::source, which can support downcasting
[INFO] [stderr]   --> src/error.rs:7:1
[INFO] [stderr]    |
[INFO] [stderr] 7  | / error_chain! {
[INFO] [stderr] 8  | |     foreign_links {
[INFO] [stderr] 9  | |         IO(io::Error);
[INFO] [stderr] 10 | |         Utf8(string::FromUtf8Error);
[INFO] [stderr] ...  |
[INFO] [stderr] 63 | |     }
[INFO] [stderr] 64 | | }
[INFO] [stderr]    | |_^
[INFO] [stderr]    |
[INFO] [stderr]    = note: this warning originates in the macro `error_chain_processed` (in Nightly builds, run with -Z macro-backtrace for more info)
[INFO] [stderr] 
[INFO] [stderr] warning: variable does not need to be mutable
[INFO] [stderr]    --> src/de/read.rs:102:13
[INFO] [stderr]     |
[INFO] [stderr] 102 |         let mut buffer = self.current_block.get_mut();
[INFO] [stderr]     |             ----^^^^^^
[INFO] [stderr]     |             |
[INFO] [stderr]     |             help: remove this `mut`
[INFO] [stderr]     |
[INFO] [stderr]     = note: `#[warn(unused_mut)]` on by default
[INFO] [stderr] 
[INFO] [stderr] warning: `serde-avro` (lib) generated 6 warnings (1 duplicate)
[INFO] [stderr] warning: `serde-avro` (lib test) generated 6 warnings (6 duplicates)
[INFO] [stderr]     Finished test [unoptimized + debuginfo] target(s) in 0.04s
[INFO] [stderr]      Running unittests (/opt/rustwide/target/debug/deps/serde_avro-153f1e228a26a075)
[INFO] [stdout] 
[INFO] [stdout] running 5 tests
[INFO] [stdout] test schema::test::parse_enum_schema ... ok
[INFO] [stdout] test schema::test::parse_fixed_schema ... ok
[INFO] [stdout] test schema::test::parse_recursive_record_schema ... FAILED
[INFO] [stdout] test schema::test::parse_record_schema ... FAILED
[INFO] [stdout] test schema::test::parse_recursive_qualified_record_schema ... FAILED
[INFO] [stdout] 
[INFO] [stdout] failures:
[INFO] [stdout] 
[INFO] [stdout] ---- schema::test::parse_recursive_record_schema stdout ----
[INFO] [stdout] thread 'schema::test::parse_recursive_record_schema' panicked at 'attempted to leave type `linked_hash_map::Node<std::string::String, schema::FieldSchema>` uninitialized, which is invalid', /rustc/53fd98ca776cb875bc9e5514f56b52eb74f9e7a9/library/core/src/mem/mod.rs:663:9
[INFO] [stdout] stack backtrace:
[INFO] [stdout]    0:     0x561cb84a1170 - std::backtrace_rs::backtrace::libunwind::trace::hff4d1766e93f64f1
[INFO] [stdout]                                at /rustc/53fd98ca776cb875bc9e5514f56b52eb74f9e7a9/library/std/src/../../backtrace/src/backtrace/libunwind.rs:90:5
[INFO] [stdout]    1:     0x561cb84a1170 - std::backtrace_rs::backtrace::trace_unsynchronized::h56bbc8eb78770bcb
[INFO] [stdout]                                at /rustc/53fd98ca776cb875bc9e5514f56b52eb74f9e7a9/library/std/src/../../backtrace/src/backtrace/mod.rs:66:5
[INFO] [stdout]    2:     0x561cb84a1170 - std::sys_common::backtrace::_print_fmt::h5c8e75464faca780
[INFO] [stdout]                                at /rustc/53fd98ca776cb875bc9e5514f56b52eb74f9e7a9/library/std/src/sys_common/backtrace.rs:67:5
[INFO] [stdout]    3:     0x561cb84a1170 - <std::sys_common::backtrace::_print::DisplayBacktrace as core::fmt::Display>::fmt::h48b88277def8b362
[INFO] [stdout]                                at /rustc/53fd98ca776cb875bc9e5514f56b52eb74f9e7a9/library/std/src/sys_common/backtrace.rs:46:22
[INFO] [stdout]    4:     0x561cb84c402c - core::fmt::write::h3381b3176fe2b3d3
[INFO] [stdout]                                at /rustc/53fd98ca776cb875bc9e5514f56b52eb74f9e7a9/library/core/src/fmt/mod.rs:1115:17
[INFO] [stdout]    5:     0x561cb849ddc5 - std::io::Write::write_fmt::h5f34a676f60246b5
[INFO] [stdout]                                at /rustc/53fd98ca776cb875bc9e5514f56b52eb74f9e7a9/library/std/src/io/mod.rs:1665:15
[INFO] [stdout]    6:     0x561cb84a330b - std::sys_common::backtrace::_print::ha537687d6c17dd0d
[INFO] [stdout]                                at /rustc/53fd98ca776cb875bc9e5514f56b52eb74f9e7a9/library/std/src/sys_common/backtrace.rs:49:5
[INFO] [stdout]    7:     0x561cb84a330b - std::sys_common::backtrace::print::h61376ae57d131d72
[INFO] [stdout]                                at /rustc/53fd98ca776cb875bc9e5514f56b52eb74f9e7a9/library/std/src/sys_common/backtrace.rs:36:9
[INFO] [stdout]    8:     0x561cb84a330b - std::panicking::default_hook::{{closure}}::h0f7208c0b9644a54
[INFO] [stdout]                                at /rustc/53fd98ca776cb875bc9e5514f56b52eb74f9e7a9/library/std/src/panicking.rs:208:50
[INFO] [stdout]    9:     0x561cb84a2e1c - std::panicking::default_hook::hdac7fc06578c14ce
[INFO] [stdout]                                at /rustc/53fd98ca776cb875bc9e5514f56b52eb74f9e7a9/library/std/src/panicking.rs:222:9
[INFO] [stdout]   10:     0x561cb84a39d4 - std::panicking::rust_panic_with_hook::h72b21c283da3d1ef
[INFO] [stdout]                                at /rustc/53fd98ca776cb875bc9e5514f56b52eb74f9e7a9/library/std/src/panicking.rs:622:17
[INFO] [stdout]   11:     0x561cb84a3487 - std::panicking::begin_panic_handler::{{closure}}::he5778f1729cff84a
[INFO] [stdout]                                at /rustc/53fd98ca776cb875bc9e5514f56b52eb74f9e7a9/library/std/src/panicking.rs:517:13
[INFO] [stdout]   12:     0x561cb84a164c - std::sys_common::backtrace::__rust_end_short_backtrace::h2d11ca8b453b4b1d
[INFO] [stdout]                                at /rustc/53fd98ca776cb875bc9e5514f56b52eb74f9e7a9/library/std/src/sys_common/backtrace.rs:141:18
[INFO] [stdout]   13:     0x561cb84a3419 - rust_begin_unwind
[INFO] [stdout]                                at /rustc/53fd98ca776cb875bc9e5514f56b52eb74f9e7a9/library/std/src/panicking.rs:515:5
[INFO] [stdout]   14:     0x561cb831e4b1 - core::panicking::panic_fmt::hf9de31d4acbce4db
[INFO] [stdout]                                at /rustc/53fd98ca776cb875bc9e5514f56b52eb74f9e7a9/library/core/src/panicking.rs:92:14
[INFO] [stdout]   15:     0x561cb831e3fd - core::panicking::panic::h8a6bc58a21c6c095
[INFO] [stdout]                                at /rustc/53fd98ca776cb875bc9e5514f56b52eb74f9e7a9/library/core/src/panicking.rs:50:5
[INFO] [stdout]   16:     0x561cb833bc39 - core::mem::uninitialized::hf1584cdd70386b98
[INFO] [stdout]                                at /rustc/53fd98ca776cb875bc9e5514f56b52eb74f9e7a9/library/core/src/mem/mod.rs:663:9
[INFO] [stdout]   17:     0x561cb833bc39 - linked_hash_map::LinkedHashMap<K,V,S>::ensure_guard_node::hed2c13393e10e24c
[INFO] [stdout]                                at /opt/rustwide/cargo-home/registry/src/github.com-1ecc6299db9ec823/linked-hash-map-0.4.2/src/lib.rs:174:52
[INFO] [stdout]   18:     0x561cb833bf44 - linked_hash_map::LinkedHashMap<K,V,S>::insert::he7c76b5e2e93672f
[INFO] [stdout]                                at /opt/rustwide/cargo-home/registry/src/github.com-1ecc6299db9ec823/linked-hash-map-0.4.2/src/lib.rs:305:9
[INFO] [stdout]   19:     0x561cb833b71f - <linked_hash_map::LinkedHashMap<K,V,S> as core::iter::traits::collect::Extend<(K,V)>>::extend::hde1074f54bcb6347
[INFO] [stdout]                                at /opt/rustwide/cargo-home/registry/src/github.com-1ecc6299db9ec823/linked-hash-map-0.4.2/src/lib.rs:729:13
[INFO] [stdout]   20:     0x561cb833b884 - <linked_hash_map::LinkedHashMap<K,V,S> as core::iter::traits::collect::FromIterator<(K,V)>>::from_iter::h1e118c8d468e2f1e
[INFO] [stdout]                                at /opt/rustwide/cargo-home/registry/src/github.com-1ecc6299db9ec823/linked-hash-map-0.4.2/src/lib.rs:748:9
[INFO] [stdout]   21:     0x561cb832ceeb - core::iter::traits::iterator::Iterator::collect::h04cc4108e7815f32
[INFO] [stdout]                                at /rustc/53fd98ca776cb875bc9e5514f56b52eb74f9e7a9/library/core/src/iter/traits/iterator.rs:1749:9
[INFO] [stdout]   22:     0x561cb8337e1c - <core::result::Result<V,E> as core::iter::traits::collect::FromIterator<core::result::Result<A,E>>>::from_iter::{{closure}}::h55d0af58faecdd34
[INFO] [stdout]                                at /rustc/53fd98ca776cb875bc9e5514f56b52eb74f9e7a9/library/core/src/result.rs:1869:53
[INFO] [stdout]   23:     0x561cb832d05b - core::iter::adapters::process_results::h5216312144a8406f
[INFO] [stdout]                                at /rustc/53fd98ca776cb875bc9e5514f56b52eb74f9e7a9/library/core/src/iter/adapters/mod.rs:145:17
[INFO] [stdout]   24:     0x561cb8337d0f - <core::result::Result<V,E> as core::iter::traits::collect::FromIterator<core::result::Result<A,E>>>::from_iter::h2720b51aaeeca0f0
[INFO] [stdout]                                at /rustc/53fd98ca776cb875bc9e5514f56b52eb74f9e7a9/library/core/src/result.rs:1869:9
[INFO] [stdout]   25:     0x561cb8346c98 - core::iter::traits::iterator::Iterator::collect::h19a14f45505bceb7
[INFO] [stdout]                                at /rustc/53fd98ca776cb875bc9e5514f56b52eb74f9e7a9/library/core/src/iter/traits/iterator.rs:1749:9
[INFO] [stdout]   26:     0x561cb8326beb - serde_avro::schema::SchemaRegistry::create_record::{{closure}}::hdde06eb185f65bfc
[INFO] [stdout]                                at /opt/rustwide/workdir/src/schema.rs:227:17
[INFO] [stdout]   27:     0x561cb833a1a5 - core::result::Result<T,E>::and_then::hc44080aaca8d3837
[INFO] [stdout]                                at /rustc/53fd98ca776cb875bc9e5514f56b52eb74f9e7a9/library/core/src/result.rs:948:22
[INFO] [stdout]   28:     0x561cb8326357 - serde_avro::schema::SchemaRegistry::create_record::he698005de55668c3
[INFO] [stdout]                                at /opt/rustwide/workdir/src/schema.rs:218:22
[INFO] [stdout]   29:     0x561cb83258c5 - serde_avro::schema::SchemaRegistry::create_schema_ref::h577482ab056ababc
[INFO] [stdout]                                at /opt/rustwide/workdir/src/schema.rs:188:37
[INFO] [stdout]   30:     0x561cb83252ba - serde_avro::schema::SchemaRegistry::add_json::h1f3b9192294406d9
[INFO] [stdout]                                at /opt/rustwide/workdir/src/schema.rs:156:18
[INFO] [stdout]   31:     0x561cb832500f - serde_avro::schema::SchemaRegistry::from_json::h94bafa66d0e8cb4b
[INFO] [stdout]                                at /opt/rustwide/workdir/src/schema.rs:144:17
[INFO] [stdout]   32:     0x561cb83434f2 - serde_avro::schema::test::parse_recursive_record_schema::h0742f25e2ad88b36
[INFO] [stdout]                                at /opt/rustwide/workdir/src/schema.rs:696:36
[INFO] [stdout]   33:     0x561cb834348a - serde_avro::schema::test::parse_recursive_record_schema::{{closure}}::hb2b7e418abfd02da
[INFO] [stdout]                                at /opt/rustwide/workdir/src/schema.rs:684:5
[INFO] [stdout]   34:     0x561cb8340c1e - core::ops::function::FnOnce::call_once::hf4c93b3ea4376ee4
[INFO] [stdout]                                at /rustc/53fd98ca776cb875bc9e5514f56b52eb74f9e7a9/library/core/src/ops/function.rs:227:5
[INFO] [stdout]   35:     0x561cb837f1e3 - core::ops::function::FnOnce::call_once::hbb52c4519d3137b0
[INFO] [stdout]                                at /rustc/53fd98ca776cb875bc9e5514f56b52eb74f9e7a9/library/core/src/ops/function.rs:227:5
[INFO] [stdout]   36:     0x561cb837f1e3 - test::__rust_begin_short_backtrace::h86fe3a2a5a5121af
[INFO] [stdout]                                at /rustc/53fd98ca776cb875bc9e5514f56b52eb74f9e7a9/library/test/src/lib.rs:578:5
[INFO] [stdout]   37:     0x561cb837dc98 - <alloc::boxed::Box<F,A> as core::ops::function::FnOnce<Args>>::call_once::hfd956bc3d57399be
[INFO] [stdout]                                at /rustc/53fd98ca776cb875bc9e5514f56b52eb74f9e7a9/library/alloc/src/boxed.rs:1572:9
[INFO] [stdout]   38:     0x561cb837dc98 - <std::panic::AssertUnwindSafe<F> as core::ops::function::FnOnce<()>>::call_once::h40dc93e0ddb5938a
[INFO] [stdout]                                at /rustc/53fd98ca776cb875bc9e5514f56b52eb74f9e7a9/library/std/src/panic.rs:347:9
[INFO] [stdout]   39:     0x561cb837dc98 - std::panicking::try::do_call::h90d07750cb47c562
[INFO] [stdout]                                at /rustc/53fd98ca776cb875bc9e5514f56b52eb74f9e7a9/library/std/src/panicking.rs:401:40
[INFO] [stdout]   40:     0x561cb837dc98 - std::panicking::try::h063c84733ad2a629
[INFO] [stdout]                                at /rustc/53fd98ca776cb875bc9e5514f56b52eb74f9e7a9/library/std/src/panicking.rs:365:19
[INFO] [stdout]   41:     0x561cb837dc98 - std::panic::catch_unwind::h0c464836a84e7c08
[INFO] [stdout]                                at /rustc/53fd98ca776cb875bc9e5514f56b52eb74f9e7a9/library/std/src/panic.rs:434:14
[INFO] [stdout]   42:     0x561cb837dc98 - test::run_test_in_process::h5cb06ef620b157fc
[INFO] [stdout]                                at /rustc/53fd98ca776cb875bc9e5514f56b52eb74f9e7a9/library/test/src/lib.rs:601:18
[INFO] [stdout]   43:     0x561cb837dc98 - test::run_test::run_test_inner::{{closure}}::h76f677f4b93f9828
[INFO] [stdout]                                at /rustc/53fd98ca776cb875bc9e5514f56b52eb74f9e7a9/library/test/src/lib.rs:493:39
[INFO] [stdout]   44:     0x561cb834c42d - test::run_test::run_test_inner::{{closure}}::h366d01fe04f4d67a
[INFO] [stdout]                                at /rustc/53fd98ca776cb875bc9e5514f56b52eb74f9e7a9/library/test/src/lib.rs:520:37
[INFO] [stdout]   45:     0x561cb834c42d - std::sys_common::backtrace::__rust_begin_short_backtrace::h7dfa0de4eb395af2
[INFO] [stdout]                                at /rustc/53fd98ca776cb875bc9e5514f56b52eb74f9e7a9/library/std/src/sys_common/backtrace.rs:125:18
[INFO] [stdout]   46:     0x561cb8350bf8 - std::thread::Builder::spawn_unchecked::{{closure}}::{{closure}}::hf0a74bb58798037f
[INFO] [stdout]                                at /rustc/53fd98ca776cb875bc9e5514f56b52eb74f9e7a9/library/std/src/thread/mod.rs:476:17
[INFO] [stdout]   47:     0x561cb8350bf8 - <std::panic::AssertUnwindSafe<F> as core::ops::function::FnOnce<()>>::call_once::hb024e854818586ac
[INFO] [stdout]                                at /rustc/53fd98ca776cb875bc9e5514f56b52eb74f9e7a9/library/std/src/panic.rs:347:9
[INFO] [stdout]   48:     0x561cb8350bf8 - std::panicking::try::do_call::hb2dd9f1d0d48e41d
[INFO] [stdout]                                at /rustc/53fd98ca776cb875bc9e5514f56b52eb74f9e7a9/library/std/src/panicking.rs:401:40
[INFO] [stdout]   49:     0x561cb8350bf8 - std::panicking::try::h4717ae7bac8b2bf3
[INFO] [stdout]                                at /rustc/53fd98ca776cb875bc9e5514f56b52eb74f9e7a9/library/std/src/panicking.rs:365:19
[INFO] [stdout]   50:     0x561cb8350bf8 - std::panic::catch_unwind::h0dc8a061326ce8d8
[INFO] [stdout]                                at /rustc/53fd98ca776cb875bc9e5514f56b52eb74f9e7a9/library/std/src/panic.rs:434:14
[INFO] [stdout]   51:     0x561cb8350bf8 - std::thread::Builder::spawn_unchecked::{{closure}}::haa369e2d6fd00aa1
[INFO] [stdout]                                at /rustc/53fd98ca776cb875bc9e5514f56b52eb74f9e7a9/library/std/src/thread/mod.rs:475:30
[INFO] [stdout]   52:     0x561cb8350bf8 - core::ops::function::FnOnce::call_once{{vtable.shim}}::h36dcf3de8b056f17
[INFO] [stdout]                                at /rustc/53fd98ca776cb875bc9e5514f56b52eb74f9e7a9/library/core/src/ops/function.rs:227:5
[INFO] [stdout]   53:     0x561cb84a87b7 - <alloc::boxed::Box<F,A> as core::ops::function::FnOnce<Args>>::call_once::h65c29e4642be2358
[INFO] [stdout]                                at /rustc/53fd98ca776cb875bc9e5514f56b52eb74f9e7a9/library/alloc/src/boxed.rs:1572:9
[INFO] [stdout]   54:     0x561cb84a87b7 - <alloc::boxed::Box<F,A> as core::ops::function::FnOnce<Args>>::call_once::hd0f8f7fbbd9fffbf
[INFO] [stdout]                                at /rustc/53fd98ca776cb875bc9e5514f56b52eb74f9e7a9/library/alloc/src/boxed.rs:1572:9
[INFO] [stdout]   55:     0x561cb84a87b7 - std::sys::unix::thread::Thread::new::thread_start::h2fd22fee3ca77b65
[INFO] [stdout]                                at /rustc/53fd98ca776cb875bc9e5514f56b52eb74f9e7a9/library/std/src/sys/unix/thread.rs:74:17
[INFO] [stdout]   56:     0x7f1ff1124609 - start_thread
[INFO] [stdout]   57:     0x7f1ff0ef6293 - clone
[INFO] [stdout]   58:                0x0 - <unknown>
[INFO] [stdout] 
[INFO] [stdout] ---- schema::test::parse_record_schema stdout ----
[INFO] [stdout] thread 'schema::test::parse_record_schema' panicked at 'attempted to leave type `linked_hash_map::Node<std::string::String, schema::FieldSchema>` uninitialized, which is invalid', /rustc/53fd98ca776cb875bc9e5514f56b52eb74f9e7a9/library/core/src/mem/mod.rs:663:9
[INFO] [stdout] stack backtrace:
[INFO] [stdout]    0:     0x561cb84a1170 - std::backtrace_rs::backtrace::libunwind::trace::hff4d1766e93f64f1
[INFO] [stdout]                                at /rustc/53fd98ca776cb875bc9e5514f56b52eb74f9e7a9/library/std/src/../../backtrace/src/backtrace/libunwind.rs:90:5
[INFO] [stdout]    1:     0x561cb84a1170 - std::backtrace_rs::backtrace::trace_unsynchronized::h56bbc8eb78770bcb
[INFO] [stdout]                                at /rustc/53fd98ca776cb875bc9e5514f56b52eb74f9e7a9/library/std/src/../../backtrace/src/backtrace/mod.rs:66:5
[INFO] [stdout]    2:     0x561cb84a1170 - std::sys_common::backtrace::_print_fmt::h5c8e75464faca780
[INFO] [stdout]                                at /rustc/53fd98ca776cb875bc9e5514f56b52eb74f9e7a9/library/std/src/sys_common/backtrace.rs:67:5
[INFO] [stdout]    3:     0x561cb84a1170 - <std::sys_common::backtrace::_print::DisplayBacktrace as core::fmt::Display>::fmt::h48b88277def8b362
[INFO] [stdout]                                at /rustc/53fd98ca776cb875bc9e5514f56b52eb74f9e7a9/library/std/src/sys_common/backtrace.rs:46:22
[INFO] [stdout]    4:     0x561cb84c402c - core::fmt::write::h3381b3176fe2b3d3
[INFO] [stdout]                                at /rustc/53fd98ca776cb875bc9e5514f56b52eb74f9e7a9/library/core/src/fmt/mod.rs:1115:17
[INFO] [stdout]    5:     0x561cb849ddc5 - std::io::Write::write_fmt::h5f34a676f60246b5
[INFO] [stdout]                                at /rustc/53fd98ca776cb875bc9e5514f56b52eb74f9e7a9/library/std/src/io/mod.rs:1665:15
[INFO] [stdout]    6:     0x561cb84a330b - std::sys_common::backtrace::_print::ha537687d6c17dd0d
[INFO] [stdout]                                at /rustc/53fd98ca776cb875bc9e5514f56b52eb74f9e7a9/library/std/src/sys_common/backtrace.rs:49:5
[INFO] [stdout]    7:     0x561cb84a330b - std::sys_common::backtrace::print::h61376ae57d131d72
[INFO] [stdout]                                at /rustc/53fd98ca776cb875bc9e5514f56b52eb74f9e7a9/library/std/src/sys_common/backtrace.rs:36:9
[INFO] [stdout]    8:     0x561cb84a330b - std::panicking::default_hook::{{closure}}::h0f7208c0b9644a54
[INFO] [stdout]                                at /rustc/53fd98ca776cb875bc9e5514f56b52eb74f9e7a9/library/std/src/panicking.rs:208:50
[INFO] [stdout]    9:     0x561cb84a2e1c - std::panicking::default_hook::hdac7fc06578c14ce
[INFO] [stdout]                                at /rustc/53fd98ca776cb875bc9e5514f56b52eb74f9e7a9/library/std/src/panicking.rs:222:9
[INFO] [stdout]   10:     0x561cb84a39d4 - std::panicking::rust_panic_with_hook::h72b21c283da3d1ef
[INFO] [stdout]                                at /rustc/53fd98ca776cb875bc9e5514f56b52eb74f9e7a9/library/std/src/panicking.rs:622:17
[INFO] [stdout]   11:     0x561cb84a3487 - std::panicking::begin_panic_handler::{{closure}}::he5778f1729cff84a
[INFO] [stdout]                                at /rustc/53fd98ca776cb875bc9e5514f56b52eb74f9e7a9/library/std/src/panicking.rs:517:13
[INFO] [stdout]   12:     0x561cb84a164c - std::sys_common::backtrace::__rust_end_short_backtrace::h2d11ca8b453b4b1d
[INFO] [stdout]                                at /rustc/53fd98ca776cb875bc9e5514f56b52eb74f9e7a9/library/std/src/sys_common/backtrace.rs:141:18
[INFO] [stdout]   13:     0x561cb84a3419 - rust_begin_unwind
[INFO] [stdout]                                at /rustc/53fd98ca776cb875bc9e5514f56b52eb74f9e7a9/library/std/src/panicking.rs:515:5
[INFO] [stdout]   14:     0x561cb831e4b1 - core::panicking::panic_fmt::hf9de31d4acbce4db
[INFO] [stdout]                                at /rustc/53fd98ca776cb875bc9e5514f56b52eb74f9e7a9/library/core/src/panicking.rs:92:14
[INFO] [stdout]   15:     0x561cb831e3fd - core::panicking::panic::h8a6bc58a21c6c095
[INFO] [stdout]                                at /rustc/53fd98ca776cb875bc9e5514f56b52eb74f9e7a9/library/core/src/panicking.rs:50:5
[INFO] [stdout]   16:     0x561cb833bc39 - core::mem::uninitialized::hf1584cdd70386b98
[INFO] [stdout]                                at /rustc/53fd98ca776cb875bc9e5514f56b52eb74f9e7a9/library/core/src/mem/mod.rs:663:9
[INFO] [stdout]   17:     0x561cb833bc39 - linked_hash_map::LinkedHashMap<K,V,S>::ensure_guard_node::hed2c13393e10e24c
[INFO] [stdout]                                at /opt/rustwide/cargo-home/registry/src/github.com-1ecc6299db9ec823/linked-hash-map-0.4.2/src/lib.rs:174:52
[INFO] [stdout]   18:     0x561cb833bf44 - linked_hash_map::LinkedHashMap<K,V,S>::insert::he7c76b5e2e93672f
[INFO] [stdout]                                at /opt/rustwide/cargo-home/registry/src/github.com-1ecc6299db9ec823/linked-hash-map-0.4.2/src/lib.rs:305:9
[INFO] [stdout]   19:     0x561cb833b71f - <linked_hash_map::LinkedHashMap<K,V,S> as core::iter::traits::collect::Extend<(K,V)>>::extend::hde1074f54bcb6347
[INFO] [stdout]                                at /opt/rustwide/cargo-home/registry/src/github.com-1ecc6299db9ec823/linked-hash-map-0.4.2/src/lib.rs:729:13
[INFO] [stdout]   20:     0x561cb833b884 - <linked_hash_map::LinkedHashMap<K,V,S> as core::iter::traits::collect::FromIterator<(K,V)>>::from_iter::h1e118c8d468e2f1e
[INFO] [stdout]                                at /opt/rustwide/cargo-home/registry/src/github.com-1ecc6299db9ec823/linked-hash-map-0.4.2/src/lib.rs:748:9
[INFO] [stdout]   21:     0x561cb832ceeb - core::iter::traits::iterator::Iterator::collect::h04cc4108e7815f32
[INFO] [stdout]                                at /rustc/53fd98ca776cb875bc9e5514f56b52eb74f9e7a9/library/core/src/iter/traits/iterator.rs:1749:9
[INFO] [stdout]   22:     0x561cb8337e1c - <core::result::Result<V,E> as core::iter::traits::collect::FromIterator<core::result::Result<A,E>>>::from_iter::{{closure}}::h55d0af58faecdd34
[INFO] [stdout]                                at /rustc/53fd98ca776cb875bc9e5514f56b52eb74f9e7a9/library/core/src/result.rs:1869:53
[INFO] [stdout]   23:     0x561cb832d05b - core::iter::adapters::process_results::h5216312144a8406f
[INFO] [stdout]                                at /rustc/53fd98ca776cb875bc9e5514f56b52eb74f9e7a9/library/core/src/iter/adapters/mod.rs:145:17
[INFO] [stdout]   24:     0x561cb8337d0f - <core::result::Result<V,E> as core::iter::traits::collect::FromIterator<core::result::Result<A,E>>>::from_iter::h2720b51aaeeca0f0
[INFO] [stdout]                                at /rustc/53fd98ca776cb875bc9e5514f56b52eb74f9e7a9/library/core/src/result.rs:1869:9
[INFO] [stdout]   25:     0x561cb8346c98 - core::iter::traits::iterator::Iterator::collect::h19a14f45505bceb7
[INFO] [stdout]                                at /rustc/53fd98ca776cb875bc9e5514f56b52eb74f9e7a9/library/core/src/iter/traits/iterator.rs:1749:9
[INFO] [stdout]   26:     0x561cb8326beb - serde_avro::schema::SchemaRegistry::create_record::{{closure}}::hdde06eb185f65bfc
[INFO] [stdout]                                at /opt/rustwide/workdir/src/schema.rs:227:17
[INFO] [stdout]   27:     0x561cb833a1a5 - core::result::Result<T,E>::and_then::hc44080aaca8d3837
[INFO] [stdout]                                at /rustc/53fd98ca776cb875bc9e5514f56b52eb74f9e7a9/library/core/src/result.rs:948:22
[INFO] [stdout]   28:     0x561cb8326357 - serde_avro::schema::SchemaRegistry::create_record::he698005de55668c3
[INFO] [stdout]                                at /opt/rustwide/workdir/src/schema.rs:218:22
[INFO] [stdout]   29:     0x561cb83258c5 - serde_avro::schema::SchemaRegistry::create_schema_ref::h577482ab056ababc
[INFO] [stdout]                                at /opt/rustwide/workdir/src/schema.rs:188:37
[INFO] [stdout]   30:     0x561cb83252ba - serde_avro::schema::SchemaRegistry::add_json::h1f3b9192294406d9
[INFO] [stdout]                                at /opt/rustwide/workdir/src/schema.rs:156:18
[INFO] [stdout]   31:     0x561cb832500f - serde_avro::schema::SchemaRegistry::from_json::h94bafa66d0e8cb4b
[INFO] [stdout]                                at /opt/rustwide/workdir/src/schema.rs:144:17
[INFO] [stdout]   32:     0x561cb83422b2 - serde_avro::schema::test::parse_record_schema::h0e8a04c9b4a75a46
[INFO] [stdout]                                at /opt/rustwide/workdir/src/schema.rs:655:36
[INFO] [stdout]   33:     0x561cb834224a - serde_avro::schema::test::parse_record_schema::{{closure}}::h9fbfb70417ac9386
[INFO] [stdout]                                at /opt/rustwide/workdir/src/schema.rs:549:5
[INFO] [stdout]   34:     0x561cb8340a0e - core::ops::function::FnOnce::call_once::h4b0beb270fa1a593
[INFO] [stdout]                                at /rustc/53fd98ca776cb875bc9e5514f56b52eb74f9e7a9/library/core/src/ops/function.rs:227:5
[INFO] [stdout]   35:     0x561cb837f1e3 - core::ops::function::FnOnce::call_once::hbb52c4519d3137b0
[INFO] [stdout]                                at /rustc/53fd98ca776cb875bc9e5514f56b52eb74f9e7a9/library/core/src/ops/function.rs:227:5
[INFO] [stdout]   36:     0x561cb837f1e3 - test::__rust_begin_short_backtrace::h86fe3a2a5a5121af
[INFO] [stdout]                                at /rustc/53fd98ca776cb875bc9e5514f56b52eb74f9e7a9/library/test/src/lib.rs:578:5
[INFO] [stdout]   37:     0x561cb837dc98 - <alloc::boxed::Box<F,A> as core::ops::function::FnOnce<Args>>::call_once::hfd956bc3d57399be
[INFO] [stdout]                                at /rustc/53fd98ca776cb875bc9e5514f56b52eb74f9e7a9/library/alloc/src/boxed.rs:1572:9
[INFO] [stdout]   38:     0x561cb837dc98 - <std::panic::AssertUnwindSafe<F> as core::ops::function::FnOnce<()>>::call_once::h40dc93e0ddb5938a
[INFO] [stdout]                                at /rustc/53fd98ca776cb875bc9e5514f56b52eb74f9e7a9/library/std/src/panic.rs:347:9
[INFO] [stdout]   39:     0x561cb837dc98 - std::panicking::try::do_call::h90d07750cb47c562
[INFO] [stdout]                                at /rustc/53fd98ca776cb875bc9e5514f56b52eb74f9e7a9/library/std/src/panicking.rs:401:40
[INFO] [stdout]   40:     0x561cb837dc98 - std::panicking::try::h063c84733ad2a629
[INFO] [stdout]                                at /rustc/53fd98ca776cb875bc9e5514f56b52eb74f9e7a9/library/std/src/panicking.rs:365:19
[INFO] [stdout]   41:     0x561cb837dc98 - std::panic::catch_unwind::h0c464836a84e7c08
[INFO] [stdout]                                at /rustc/53fd98ca776cb875bc9e5514f56b52eb74f9e7a9/library/std/src/panic.rs:434:14
[INFO] [stdout]   42:     0x561cb837dc98 - test::run_test_in_process::h5cb06ef620b157fc
[INFO] [stdout]                                at /rustc/53fd98ca776cb875bc9e5514f56b52eb74f9e7a9/library/test/src/lib.rs:601:18
[INFO] [stdout]   43:     0x561cb837dc98 - test::run_test::run_test_inner::{{closure}}::h76f677f4b93f9828
[INFO] [stdout]                                at /rustc/53fd98ca776cb875bc9e5514f56b52eb74f9e7a9/library/test/src/lib.rs:493:39
[INFO] [stdout]   44:     0x561cb834c42d - test::run_test::run_test_inner::{{closure}}::h366d01fe04f4d67a
[INFO] [stdout]                                at /rustc/53fd98ca776cb875bc9e5514f56b52eb74f9e7a9/library/test/src/lib.rs:520:37
[INFO] [stdout]   45:     0x561cb834c42d - std::sys_common::backtrace::__rust_begin_short_backtrace::h7dfa0de4eb395af2
[INFO] [stdout]                                at /rustc/53fd98ca776cb875bc9e5514f56b52eb74f9e7a9/library/std/src/sys_common/backtrace.rs:125:18
[INFO] [stdout]   46:     0x561cb8350bf8 - std::thread::Builder::spawn_unchecked::{{closure}}::{{closure}}::hf0a74bb58798037f
[INFO] [stdout]                                at /rustc/53fd98ca776cb875bc9e5514f56b52eb74f9e7a9/library/std/src/thread/mod.rs:476:17
[INFO] [stdout]   47:     0x561cb8350bf8 - <std::panic::AssertUnwindSafe<F> as core::ops::function::FnOnce<()>>::call_once::hb024e854818586ac
[INFO] [stdout]                                at /rustc/53fd98ca776cb875bc9e5514f56b52eb74f9e7a9/library/std/src/panic.rs:347:9
[INFO] [stdout]   48:     0x561cb8350bf8 - std::panicking::try::do_call::hb2dd9f1d0d48e41d
[INFO] [stdout]                                at /rustc/53fd98ca776cb875bc9e5514f56b52eb74f9e7a9/library/std/src/panicking.rs:401:40
[INFO] [stdout]   49:     0x561cb8350bf8 - std::panicking::try::h4717ae7bac8b2bf3
[INFO] [stdout]                                at /rustc/53fd98ca776cb875bc9e5514f56b52eb74f9e7a9/library/std/src/panicking.rs:365:19
[INFO] [stdout]   50:     0x561cb8350bf8 - std::panic::catch_unwind::h0dc8a061326ce8d8
[INFO] [stdout]                                at /rustc/53fd98ca776cb875bc9e5514f56b52eb74f9e7a9/library/std/src/panic.rs:434:14
[INFO] [stdout]   51:     0x561cb8350bf8 - std::thread::Builder::spawn_unchecked::{{closure}}::haa369e2d6fd00aa1
[INFO] [stdout]                                at /rustc/53fd98ca776cb875bc9e5514f56b52eb74f9e7a9/library/std/src/thread/mod.rs:475:30
[INFO] [stdout]   52:     0x561cb8350bf8 - core::ops::function::FnOnce::call_once{{vtable.shim}}::h36dcf3de8b056f17
[INFO] [stdout]                                at /rustc/53fd98ca776cb875bc9e5514f56b52eb74f9e7a9/library/core/src/ops/function.rs:227:5
[INFO] [stdout]   53:     0x561cb84a87b7 - <alloc::boxed::Box<F,A> as core::ops::function::FnOnce<Args>>::call_once::h65c29e4642be2358
[INFO] [stdout]                                at /rustc/53fd98ca776cb875bc9e5514f56b52eb74f9e7a9/library/alloc/src/boxed.rs:1572:9
[INFO] [stdout]   54:     0x561cb84a87b7 - <alloc::boxed::Box<F,A> as core::ops::function::FnOnce<Args>>::call_once::hd0f8f7fbbd9fffbf
[INFO] [stdout]                                at /rustc/53fd98ca776cb875bc9e5514f56b52eb74f9e7a9/library/alloc/src/boxed.rs:1572:9
[INFO] [stdout]   55:     0x561cb84a87b7 - std::sys::unix::thread::Thread::new::thread_start::h2fd22fee3ca77b65
[INFO] [stdout]                                at /rustc/53fd98ca776cb875bc9e5514f56b52eb74f9e7a9/library/std/src/sys/unix/thread.rs:74:17
[INFO] [stdout]   56:     0x7f1ff1124609 - start_thread
[INFO] [stdout]   57:     0x7f1ff0ef6293 - clone
[INFO] [stdout]   58:                0x0 - <unknown>
[INFO] [stdout] 
[INFO] [stdout] ---- schema::test::parse_recursive_qualified_record_schema stdout ----
[INFO] [stdout] thread 'schema::test::parse_recursive_qualified_record_schema' panicked at 'attempted to leave type `linked_hash_map::Node<std::string::String, schema::FieldSchema>` uninitialized, which is invalid', /rustc/53fd98ca776cb875bc9e5514f56b52eb74f9e7a9/library/core/src/mem/mod.rs:663:9
[INFO] [stdout] stack backtrace:
[INFO] [stdout]    0:     0x561cb84a1170 - std::backtrace_rs::backtrace::libunwind::trace::hff4d1766e93f64f1
[INFO] [stdout]                                at /rustc/53fd98ca776cb875bc9e5514f56b52eb74f9e7a9/library/std/src/../../backtrace/src/backtrace/libunwind.rs:90:5
[INFO] [stdout]    1:     0x561cb84a1170 - std::backtrace_rs::backtrace::trace_unsynchronized::h56bbc8eb78770bcb
[INFO] [stdout]                                at /rustc/53fd98ca776cb875bc9e5514f56b52eb74f9e7a9/library/std/src/../../backtrace/src/backtrace/mod.rs:66:5
[INFO] [stdout]    2:     0x561cb84a1170 - std::sys_common::backtrace::_print_fmt::h5c8e75464faca780
[INFO] [stdout]                                at /rustc/53fd98ca776cb875bc9e5514f56b52eb74f9e7a9/library/std/src/sys_common/backtrace.rs:67:5
[INFO] [stdout]    3:     0x561cb84a1170 - <std::sys_common::backtrace::_print::DisplayBacktrace as core::fmt::Display>::fmt::h48b88277def8b362
[INFO] [stdout]                                at /rustc/53fd98ca776cb875bc9e5514f56b52eb74f9e7a9/library/std/src/sys_common/backtrace.rs:46:22
[INFO] [stdout]    4:     0x561cb84c402c - core::fmt::write::h3381b3176fe2b3d3
[INFO] [stdout]                                at /rustc/53fd98ca776cb875bc9e5514f56b52eb74f9e7a9/library/core/src/fmt/mod.rs:1115:17
[INFO] [stdout]    5:     0x561cb849ddc5 - std::io::Write::write_fmt::h5f34a676f60246b5
[INFO] [stdout]                                at /rustc/53fd98ca776cb875bc9e5514f56b52eb74f9e7a9/library/std/src/io/mod.rs:1665:15
[INFO] [stdout]    6:     0x561cb84a330b - std::sys_common::backtrace::_print::ha537687d6c17dd0d
[INFO] [stdout]                                at /rustc/53fd98ca776cb875bc9e5514f56b52eb74f9e7a9/library/std/src/sys_common/backtrace.rs:49:5
[INFO] [stdout]    7:     0x561cb84a330b - std::sys_common::backtrace::print::h61376ae57d131d72
[INFO] [stdout]                                at /rustc/53fd98ca776cb875bc9e5514f56b52eb74f9e7a9/library/std/src/sys_common/backtrace.rs:36:9
[INFO] [stdout]    8:     0x561cb84a330b - std::panicking::default_hook::{{closure}}::h0f7208c0b9644a54
[INFO] [stdout]                                at /rustc/53fd98ca776cb875bc9e5514f56b52eb74f9e7a9/library/std/src/panicking.rs:208:50
[INFO] [stdout]    9:     0x561cb84a2e1c - std::panicking::default_hook::hdac7fc06578c14ce
[INFO] [stdout]                                at /rustc/53fd98ca776cb875bc9e5514f56b52eb74f9e7a9/library/std/src/panicking.rs:222:9
[INFO] [stdout]   10:     0x561cb84a39d4 - std::panicking::rust_panic_with_hook::h72b21c283da3d1ef
[INFO] [stdout]                                at /rustc/53fd98ca776cb875bc9e5514f56b52eb74f9e7a9/library/std/src/panicking.rs:622:17
[INFO] [stdout]   11:     0x561cb84a3487 - std::panicking::begin_panic_handler::{{closure}}::he5778f1729cff84a
[INFO] [stdout]                                at /rustc/53fd98ca776cb875bc9e5514f56b52eb74f9e7a9/library/std/src/panicking.rs:517:13
[INFO] [stdout]   12:     0x561cb84a164c - std::sys_common::backtrace::__rust_end_short_backtrace::h2d11ca8b453b4b1d
[INFO] [stdout]                                at /rustc/53fd98ca776cb875bc9e5514f56b52eb74f9e7a9/library/std/src/sys_common/backtrace.rs:141:18
[INFO] [stdout]   13:     0x561cb84a3419 - rust_begin_unwind
[INFO] [stdout]                                at /rustc/53fd98ca776cb875bc9e5514f56b52eb74f9e7a9/library/std/src/panicking.rs:515:5
[INFO] [stdout]   14:     0x561cb831e4b1 - core::panicking::panic_fmt::hf9de31d4acbce4db
[INFO] [stdout]                                at /rustc/53fd98ca776cb875bc9e5514f56b52eb74f9e7a9/library/core/src/panicking.rs:92:14
[INFO] [stdout]   15:     0x561cb831e3fd - core::panicking::panic::h8a6bc58a21c6c095
[INFO] [stdout]                                at /rustc/53fd98ca776cb875bc9e5514f56b52eb74f9e7a9/library/core/src/panicking.rs:50:5
[INFO] [stdout]   16:     0x561cb833bc39 - core::mem::uninitialized::hf1584cdd70386b98
[INFO] [stdout]                                at /rustc/53fd98ca776cb875bc9e5514f56b52eb74f9e7a9/library/core/src/mem/mod.rs:663:9
[INFO] [stdout]   17:     0x561cb833bc39 - linked_hash_map::LinkedHashMap<K,V,S>::ensure_guard_node::hed2c13393e10e24c
[INFO] [stdout]                                at /opt/rustwide/cargo-home/registry/src/github.com-1ecc6299db9ec823/linked-hash-map-0.4.2/src/lib.rs:174:52
[INFO] [stdout]   18:     0x561cb833bf44 - linked_hash_map::LinkedHashMap<K,V,S>::insert::he7c76b5e2e93672f
[INFO] [stdout]                                at /opt/rustwide/cargo-home/registry/src/github.com-1ecc6299db9ec823/linked-hash-map-0.4.2/src/lib.rs:305:9
[INFO] [stdout]   19:     0x561cb833b71f - <linked_hash_map::LinkedHashMap<K,V,S> as core::iter::traits::collect::Extend<(K,V)>>::extend::hde1074f54bcb6347
[INFO] [stdout]                                at /opt/rustwide/cargo-home/registry/src/github.com-1ecc6299db9ec823/linked-hash-map-0.4.2/src/lib.rs:729:13
[INFO] [stdout]   20:     0x561cb833b884 - <linked_hash_map::LinkedHashMap<K,V,S> as core::iter::traits::collect::FromIterator<(K,V)>>::from_iter::h1e118c8d468e2f1e
[INFO] [stdout]                                at /opt/rustwide/cargo-home/registry/src/github.com-1ecc6299db9ec823/linked-hash-map-0.4.2/src/lib.rs:748:9
[INFO] [stdout]   21:     0x561cb832ceeb - core::iter::traits::iterator::Iterator::collect::h04cc4108e7815f32
[INFO] [stdout]                                at /rustc/53fd98ca776cb875bc9e5514f56b52eb74f9e7a9/library/core/src/iter/traits/iterator.rs:1749:9
[INFO] [stdout]   22:     0x561cb8337e1c - <core::result::Result<V,E> as core::iter::traits::collect::FromIterator<core::result::Result<A,E>>>::from_iter::{{closure}}::h55d0af58faecdd34
[INFO] [stdout]                                at /rustc/53fd98ca776cb875bc9e5514f56b52eb74f9e7a9/library/core/src/result.rs:1869:53
[INFO] [stdout]   23:     0x561cb832d05b - core::iter::adapters::process_results::h5216312144a8406f
[INFO] [stdout]                                at /rustc/53fd98ca776cb875bc9e5514f56b52eb74f9e7a9/library/core/src/iter/adapters/mod.rs:145:17
[INFO] [stdout]   24:     0x561cb8337d0f - <core::result::Result<V,E> as core::iter::traits::collect::FromIterator<core::result::Result<A,E>>>::from_iter::h2720b51aaeeca0f0
[INFO] [stdout]                                at /rustc/53fd98ca776cb875bc9e5514f56b52eb74f9e7a9/library/core/src/result.rs:1869:9
[INFO] [stdout]   25:     0x561cb8346c98 - core::iter::traits::iterator::Iterator::collect::h19a14f45505bceb7
[INFO] [stdout]                                at /rustc/53fd98ca776cb875bc9e5514f56b52eb74f9e7a9/library/core/src/iter/traits/iterator.rs:1749:9
[INFO] [stdout]   26:     0x561cb8326beb - serde_avro::schema::SchemaRegistry::create_record::{{closure}}::hdde06eb185f65bfc
[INFO] [stdout]                                at /opt/rustwide/workdir/src/schema.rs:227:17
[INFO] [stdout]   27:     0x561cb833a1a5 - core::result::Result<T,E>::and_then::hc44080aaca8d3837
[INFO] [stdout]                                at /rustc/53fd98ca776cb875bc9e5514f56b52eb74f9e7a9/library/core/src/result.rs:948:22
[INFO] [stdout]   28:     0x561cb8326357 - serde_avro::schema::SchemaRegistry::create_record::he698005de55668c3
[INFO] [stdout]                                at /opt/rustwide/workdir/src/schema.rs:218:22
[INFO] [stdout]   29:     0x561cb83258c5 - serde_avro::schema::SchemaRegistry::create_schema_ref::h577482ab056ababc
[INFO] [stdout]                                at /opt/rustwide/workdir/src/schema.rs:188:37
[INFO] [stdout]   30:     0x561cb83252ba - serde_avro::schema::SchemaRegistry::add_json::h1f3b9192294406d9
[INFO] [stdout]                                at /opt/rustwide/workdir/src/schema.rs:156:18
[INFO] [stdout]   31:     0x561cb832500f - serde_avro::schema::SchemaRegistry::from_json::h94bafa66d0e8cb4b
[INFO] [stdout]                                at /opt/rustwide/workdir/src/schema.rs:144:17
[INFO] [stdout]   32:     0x561cb8343952 - serde_avro::schema::test::parse_recursive_qualified_record_schema::h3dab51f131fcc352
[INFO] [stdout]                                at /opt/rustwide/workdir/src/schema.rs:728:36
[INFO] [stdout]   33:     0x561cb83438ea - serde_avro::schema::test::parse_recursive_qualified_record_schema::{{closure}}::h59b92585a6fa0aa0
[INFO] [stdout]                                at /opt/rustwide/workdir/src/schema.rs:716:5
[INFO] [stdout]   34:     0x561cb83408ee - core::ops::function::FnOnce::call_once::h030e46fa4e9b8c24
[INFO] [stdout]                                at /rustc/53fd98ca776cb875bc9e5514f56b52eb74f9e7a9/library/core/src/ops/function.rs:227:5
[INFO] [stdout]   35:     0x561cb837f1e3 - core::ops::function::FnOnce::call_once::hbb52c4519d3137b0
[INFO] [stdout]                                at /rustc/53fd98ca776cb875bc9e5514f56b52eb74f9e7a9/library/core/src/ops/function.rs:227:5
[INFO] [stdout]   36:     0x561cb837f1e3 - test::__rust_begin_short_backtrace::h86fe3a2a5a5121af
[INFO] [stdout]                                at /rustc/53fd98ca776cb875bc9e5514f56b52eb74f9e7a9/library/test/src/lib.rs:578:5
[INFO] [stdout]   37:     0x561cb837dc98 - <alloc::boxed::Box<F,A> as core::ops::function::FnOnce<Args>>::call_once::hfd956bc3d57399be
[INFO] [stdout]                                at /rustc/53fd98ca776cb875bc9e5514f56b52eb74f9e7a9/library/alloc/src/boxed.rs:1572:9
[INFO] [stdout]   38:     0x561cb837dc98 - <std::panic::AssertUnwindSafe<F> as core::ops::function::FnOnce<()>>::call_once::h40dc93e0ddb5938a
[INFO] [stdout]                                at /rustc/53fd98ca776cb875bc9e5514f56b52eb74f9e7a9/library/std/src/panic.rs:347:9
[INFO] [stdout]   39:     0x561cb837dc98 - std::panicking::try::do_call::h90d07750cb47c562
[INFO] [stdout]                                at /rustc/53fd98ca776cb875bc9e5514f56b52eb74f9e7a9/library/std/src/panicking.rs:401:40
[INFO] [stdout]   40:     0x561cb837dc98 - std::panicking::try::h063c84733ad2a629
[INFO] [stdout]                                at /rustc/53fd98ca776cb875bc9e5514f56b52eb74f9e7a9/library/std/src/panicking.rs:365:19
[INFO] [stdout]   41:     0x561cb837dc98 - std::panic::catch_unwind::h0c464836a84e7c08
[INFO] [stdout]                                at /rustc/53fd98ca776cb875bc9e5514f56b52eb74f9e7a9/library/std/src/panic.rs:434:14
[INFO] [stdout]   42:     0x561cb837dc98 - test::run_test_in_process::h5cb06ef620b157fc
[INFO] [stdout]                                at /rustc/53fd98ca776cb875bc9e5514f56b52eb74f9e7a9/library/test/src/lib.rs:601:18
[INFO] [stdout]   43:     0x561cb837dc98 - test::run_test::run_test_inner::{{closure}}::h76f677f4b93f9828
[INFO] [stdout]                                at /rustc/53fd98ca776cb875bc9e5514f56b52eb74f9e7a9/library/test/src/lib.rs:493:39
[INFO] [stdout]   44:     0x561cb834c42d - test::run_test::run_test_inner::{{closure}}::h366d01fe04f4d67a
[INFO] [stdout]                                at /rustc/53fd98ca776cb875bc9e5514f56b52eb74f9e7a9/library/test/src/lib.rs:520:37
[INFO] [stdout]   45:     0x561cb834c42d - std::sys_common::backtrace::__rust_begin_short_backtrace::h7dfa0de4eb395af2
[INFO] [stdout]                                at /rustc/53fd98ca776cb875bc9e5514f56b52eb74f9e7a9/library/std/src/sys_common/backtrace.rs:125:18
[INFO] [stdout]   46:     0x561cb8350bf8 - std::thread::Builder::spawn_unchecked::{{closure}}::{{closure}}::hf0a74bb58798037f
[INFO] [stdout]                                at /rustc/53fd98ca776cb875bc9e5514f56b52eb74f9e7a9/library/std/src/thread/mod.rs:476:17
[INFO] [stdout]   47:     0x561cb8350bf8 - <std::panic::AssertUnwindSafe<F> as core::ops::function::FnOnce<()>>::call_once::hb024e854818586ac
[INFO] [stdout]                                at /rustc/53fd98ca776cb875bc9e5514f56b52eb74f9e7a9/library/std/src/panic.rs:347:9
[INFO] [stdout]   48:     0x561cb8350bf8 - std::panicking::try::do_call::hb2dd9f1d0d48e41d
[INFO] [stdout]                                at /rustc/53fd98ca776cb875bc9e5514f56b52eb74f9e7a9/library/std/src/panicking.rs:401:40
[INFO] [stdout]   49:     0x561cb8350bf8 - std::panicking::try::h4717ae7bac8b2bf3
[INFO] [stdout]                                at /rustc/53fd98ca776cb875bc9e5514f56b52eb74f9e7a9/library/std/src/panicking.rs:365:19
[INFO] [stdout]   50:     0x561cb8350bf8 - std::panic::catch_unwind::h0dc8a061326ce8d8
[INFO] [stdout]                                at /rustc/53fd98ca776cb875bc9e5514f56b52eb74f9e7a9/library/std/src/panic.rs:434:14
[INFO] [stdout]   51:     0x561cb8350bf8 - std::thread::Builder::spawn_unchecked::{{closure}}::haa369e2d6fd00aa1
[INFO] [stdout]                                at /rustc/53fd98ca776cb875bc9e5514f56b52eb74f9e7a9/library/std/src/thread/mod.rs:475:30
[INFO] [stdout]   52:     0x561cb8350bf8 - core::ops::function::FnOnce::call_once{{vtable.shim}}::h36dcf3de8b056f17
[INFO] [stdout]                                at /rustc/53fd98ca776cb875bc9e5514f56b52eb74f9e7a9/library/core/src/ops/function.rs:227:5
[INFO] [stdout]   53:     0x561cb84a87b7 - <alloc::boxed::Box<F,A> as core::ops::function::FnOnce<Args>>::call_once::h65c29e4642be2358
[INFO] [stdout]                                at /rustc/53fd98ca776cb875bc9e5514f56b52eb74f9e7a9/library/alloc/src/boxed.rs:1572:9
[INFO] [stdout]   54:     0x561cb84a87b7 - <alloc::boxed::Box<F,A> as core::ops::function::FnOnce<Args>>::call_once::hd0f8f7fbbd9fffbf
[INFO] [stdout]                                at /rustc/53fd98ca776cb875bc9e5514f56b52eb74f9e7a9/library/alloc/src/boxed.rs:1572:9
[INFO] [stdout]   55:     0x561cb84a87b7 - std::sys::unix::thread::Thread::new::thread_start::h2fd22fee3ca77b65
[INFO] [stdout]                                at /rustc/53fd98ca776cb875bc9e5514f56b52eb74f9e7a9/library/std/src/sys/unix/thread.rs:74:17
[INFO] [stdout]   56:     0x7f1ff1124609 - start_thread
[INFO] [stdout]   57:     0x7f1ff0ef6293 - clone
[INFO] [stdout]   58:                0x0 - <unknown>
[INFO] [stdout] 
[INFO] [stdout] 
[INFO] [stdout] failures:
[INFO] [stdout]     schema::test::parse_record_schema
[INFO] [stdout]     schema::test::parse_recursive_qualified_record_schema
[INFO] [stdout]     schema::test::parse_recursive_record_schema
[INFO] [stdout] 
[INFO] [stdout] test result: FAILED. 2 passed; 3 failed; 0 ignored; 0 measured; 0 filtered out; finished in 0.54s
[INFO] [stdout] 
[INFO] [stderr] error: test failed, to rerun pass '--lib'
[INFO] running `Command { std: "docker" "inspect" "65a16e29aa0477a76bd593c072604e86e5faabbf65e061538939f42abcb634f8", kill_on_drop: false }`
[INFO] running `Command { std: "docker" "rm" "-f" "65a16e29aa0477a76bd593c072604e86e5faabbf65e061538939f42abcb634f8", kill_on_drop: false }`
[INFO] [stdout] 65a16e29aa0477a76bd593c072604e86e5faabbf65e061538939f42abcb634f8
