[INFO] fetching crate serbo-mc 0.1.0...
[INFO] testing serbo-mc-0.1.0 against beta-2021-08-01 for beta-1.55-1
[INFO] extracting crate serbo-mc 0.1.0 into /workspace/builds/worker-11/source
[INFO] validating manifest of crates.io crate serbo-mc 0.1.0 on toolchain beta-2021-08-01
[INFO] running `Command { std: "/workspace/cargo-home/bin/cargo" "+beta-2021-08-01" "metadata" "--manifest-path" "Cargo.toml" "--no-deps", kill_on_drop: false }`
[INFO] started tweaking crates.io crate serbo-mc 0.1.0
[INFO] finished tweaking crates.io crate serbo-mc 0.1.0
[INFO] tweaked toml for crates.io crate serbo-mc 0.1.0 written to /workspace/builds/worker-11/source/Cargo.toml
[INFO] running `Command { std: "/workspace/cargo-home/bin/cargo" "+beta-2021-08-01" "generate-lockfile" "--manifest-path" "Cargo.toml" "-Zno-index-update", kill_on_drop: false }`
[INFO] running `Command { std: "/workspace/cargo-home/bin/cargo" "+beta-2021-08-01" "fetch" "--manifest-path" "Cargo.toml", kill_on_drop: false }`
[INFO] [stderr]     Blocking waiting for file lock on package cache
[INFO] running `Command { std: "docker" "create" "-v" "/var/lib/crater-agent-workspace/builds/worker-11/target:/opt/rustwide/target:rw,Z" "-v" "/var/lib/crater-agent-workspace/builds/worker-11/source:/opt/rustwide/workdir:ro,Z" "-v" "/var/lib/crater-agent-workspace/cargo-home:/opt/rustwide/cargo-home:ro,Z" "-v" "/var/lib/crater-agent-workspace/rustup-home:/opt/rustwide/rustup-home:ro,Z" "-e" "SOURCE_DIR=/opt/rustwide/workdir" "-e" "CARGO_TARGET_DIR=/opt/rustwide/target" "-e" "CARGO_HOME=/opt/rustwide/cargo-home" "-e" "RUSTUP_HOME=/opt/rustwide/rustup-home" "-w" "/opt/rustwide/workdir" "-m" "1610612736" "--user" "0:0" "--network" "none" "ghcr.io/rust-lang/crates-build-env/linux@sha256:34b6a614d2c27851fe6cbf88fbd1137609cefab8b10d0615aaeb6fd47975d74e" "/opt/rustwide/cargo-home/bin/cargo" "+beta-2021-08-01" "metadata" "--no-deps" "--format-version=1", kill_on_drop: false }`
[INFO] [stdout] eb9348c0a7880f59f284402e1eb386b6fd91995e8794cd7d8ca7d7cabc767b74
[INFO] [stderr] WARNING: Your kernel does not support swap limit capabilities or the cgroup is not mounted. Memory limited without swap.
[INFO] running `Command { std: "docker" "start" "-a" "eb9348c0a7880f59f284402e1eb386b6fd91995e8794cd7d8ca7d7cabc767b74", kill_on_drop: false }`
[INFO] running `Command { std: "docker" "inspect" "eb9348c0a7880f59f284402e1eb386b6fd91995e8794cd7d8ca7d7cabc767b74", kill_on_drop: false }`
[INFO] running `Command { std: "docker" "rm" "-f" "eb9348c0a7880f59f284402e1eb386b6fd91995e8794cd7d8ca7d7cabc767b74", kill_on_drop: false }`
[INFO] [stdout] eb9348c0a7880f59f284402e1eb386b6fd91995e8794cd7d8ca7d7cabc767b74
[INFO] running `Command { std: "docker" "create" "-v" "/var/lib/crater-agent-workspace/builds/worker-11/target:/opt/rustwide/target:rw,Z" "-v" "/var/lib/crater-agent-workspace/builds/worker-11/source:/opt/rustwide/workdir:ro,Z" "-v" "/var/lib/crater-agent-workspace/cargo-home:/opt/rustwide/cargo-home:ro,Z" "-v" "/var/lib/crater-agent-workspace/rustup-home:/opt/rustwide/rustup-home:ro,Z" "-e" "SOURCE_DIR=/opt/rustwide/workdir" "-e" "CARGO_TARGET_DIR=/opt/rustwide/target" "-e" "CARGO_INCREMENTAL=0" "-e" "RUST_BACKTRACE=full" "-e" "RUSTFLAGS=--cap-lints=warn" "-e" "CARGO_HOME=/opt/rustwide/cargo-home" "-e" "RUSTUP_HOME=/opt/rustwide/rustup-home" "-w" "/opt/rustwide/workdir" "-m" "1610612736" "--user" "0:0" "--network" "none" "ghcr.io/rust-lang/crates-build-env/linux@sha256:34b6a614d2c27851fe6cbf88fbd1137609cefab8b10d0615aaeb6fd47975d74e" "/opt/rustwide/cargo-home/bin/cargo" "+beta-2021-08-01" "build" "--frozen" "--message-format=json", kill_on_drop: false }`
[INFO] [stdout] 501d0772602bed795076be6548a7ed1eda71d740e5eec7fabd67959f0c56acfd
[INFO] [stderr] WARNING: Your kernel does not support swap limit capabilities or the cgroup is not mounted. Memory limited without swap.
[INFO] running `Command { std: "docker" "start" "-a" "501d0772602bed795076be6548a7ed1eda71d740e5eec7fabd67959f0c56acfd", kill_on_drop: false }`
[INFO] [stderr]    Compiling walkdir v0.1.8
[INFO] [stderr]    Compiling copy_dir v0.1.2
[INFO] [stderr]    Compiling serbo-mc v0.1.0 (/opt/rustwide/workdir)
[INFO] [stdout] warning: unused `std::result::Result` that must be used
[INFO] [stdout]    --> src/lib.rs:284:11
[INFO] [stdout]     |
[INFO] [stdout] 284 |           writeln!(writer, "{}", x);
[INFO] [stdout]     |           ^^^^^^^^^^^^^^^^^^^^^^^^^^
[INFO] [stdout]     |
[INFO] [stdout]     = note: `#[warn(unused_must_use)]` on by default
[INFO] [stdout]     = note: this `Result` may be an `Err` variant, which should be handled
[INFO] [stdout]     = note: this warning originates in the macro `writeln` (in Nightly builds, run with -Z macro-backtrace for more info)
[INFO] [stdout] 
[INFO] [stdout] 
[INFO] [stdout] warning: unused `std::result::Result` that must be used
[INFO] [stdout]    --> src/lib.rs:285:11
[INFO] [stdout]     |
[INFO] [stdout] 285 |           writer.flush();
[INFO] [stdout]     |           ^^^^^^^^^^^^^^^
[INFO] [stdout]     |
[INFO] [stdout]     = note: this `Result` may be an `Err` variant, which should be handled
[INFO] [stdout] 
[INFO] [stdout] 
[INFO] [stdout] warning: unused borrow that must be used
[INFO] [stdout]    --> src/lib.rs:293:5
[INFO] [stdout]     |
[INFO] [stdout] 293 |     &self.servers.insert(id.to_string(), serv_inst);
[INFO] [stdout]     |     ^^^^^^^^^^^^^^^^^^^^^^^^^^^^^^^^^^^^^^^^^^^^^^^
[INFO] [stdout] 
[INFO] [stdout] 
[INFO] [stdout] warning: unused `std::result::Result` that must be used
[INFO] [stdout]    --> src/lib.rs:303:7
[INFO] [stdout]     |
[INFO] [stdout] 303 |       inst.stdout_join.take().unwrap().join();
[INFO] [stdout]     |       ^^^^^^^^^^^^^^^^^^^^^^^^^^^^^^^^^^^^^^^^
[INFO] [stdout]     |
[INFO] [stdout]     = note: this `Result` may be an `Err` variant, which should be handled
[INFO] [stdout] 
[INFO] [stdout] 
[INFO] [stdout] warning: unused `std::result::Result` that must be used
[INFO] [stdout]    --> src/lib.rs:304:7
[INFO] [stdout]     |
[INFO] [stdout] 304 |       inst.stdin_join.take().unwrap().join();
[INFO] [stdout]     |       ^^^^^^^^^^^^^^^^^^^^^^^^^^^^^^^^^^^^^^^
[INFO] [stdout]     |
[INFO] [stdout]     = note: this `Result` may be an `Err` variant, which should be handled
[INFO] [stdout] 
[INFO] [stdout] 
[INFO] [stdout] warning: 5 warnings emitted
[INFO] [stdout] 
[INFO] [stdout] 
[INFO] [stderr]     Finished dev [unoptimized + debuginfo] target(s) in 1.73s
[INFO] running `Command { std: "docker" "inspect" "501d0772602bed795076be6548a7ed1eda71d740e5eec7fabd67959f0c56acfd", kill_on_drop: false }`
[INFO] running `Command { std: "docker" "rm" "-f" "501d0772602bed795076be6548a7ed1eda71d740e5eec7fabd67959f0c56acfd", kill_on_drop: false }`
[INFO] [stdout] 501d0772602bed795076be6548a7ed1eda71d740e5eec7fabd67959f0c56acfd
[INFO] running `Command { std: "docker" "create" "-v" "/var/lib/crater-agent-workspace/builds/worker-11/target:/opt/rustwide/target:rw,Z" "-v" "/var/lib/crater-agent-workspace/builds/worker-11/source:/opt/rustwide/workdir:ro,Z" "-v" "/var/lib/crater-agent-workspace/cargo-home:/opt/rustwide/cargo-home:ro,Z" "-v" "/var/lib/crater-agent-workspace/rustup-home:/opt/rustwide/rustup-home:ro,Z" "-e" "SOURCE_DIR=/opt/rustwide/workdir" "-e" "CARGO_TARGET_DIR=/opt/rustwide/target" "-e" "CARGO_INCREMENTAL=0" "-e" "RUST_BACKTRACE=full" "-e" "RUSTFLAGS=--cap-lints=warn" "-e" "CARGO_HOME=/opt/rustwide/cargo-home" "-e" "RUSTUP_HOME=/opt/rustwide/rustup-home" "-w" "/opt/rustwide/workdir" "-m" "1610612736" "--user" "0:0" "--network" "none" "ghcr.io/rust-lang/crates-build-env/linux@sha256:34b6a614d2c27851fe6cbf88fbd1137609cefab8b10d0615aaeb6fd47975d74e" "/opt/rustwide/cargo-home/bin/cargo" "+beta-2021-08-01" "test" "--frozen" "--no-run" "--message-format=json", kill_on_drop: false }`
[INFO] [stdout] d04c98ceb23b020644a974cf1785fb593edb2581101bff14d2ddac219c4b41e7
[INFO] [stderr] WARNING: Your kernel does not support swap limit capabilities or the cgroup is not mounted. Memory limited without swap.
[INFO] running `Command { std: "docker" "start" "-a" "d04c98ceb23b020644a974cf1785fb593edb2581101bff14d2ddac219c4b41e7", kill_on_drop: false }`
[INFO] [stderr]    Compiling serbo-mc v0.1.0 (/opt/rustwide/workdir)
[INFO] [stdout] warning: unused `std::result::Result` that must be used
[INFO] [stdout]    --> src/lib.rs:284:11
[INFO] [stdout]     |
[INFO] [stdout] 284 |           writeln!(writer, "{}", x);
[INFO] [stdout]     |           ^^^^^^^^^^^^^^^^^^^^^^^^^^
[INFO] [stdout]     |
[INFO] [stdout]     = note: `#[warn(unused_must_use)]` on by default
[INFO] [stdout]     = note: this `Result` may be an `Err` variant, which should be handled
[INFO] [stdout]     = note: this warning originates in the macro `writeln` (in Nightly builds, run with -Z macro-backtrace for more info)
[INFO] [stdout] 
[INFO] [stdout] 
[INFO] [stdout] warning: unused `std::result::Result` that must be used
[INFO] [stdout]    --> src/lib.rs:285:11
[INFO] [stdout]     |
[INFO] [stdout] 285 |           writer.flush();
[INFO] [stdout]     |           ^^^^^^^^^^^^^^^
[INFO] [stdout]     |
[INFO] [stdout]     = note: this `Result` may be an `Err` variant, which should be handled
[INFO] [stdout] 
[INFO] [stdout] 
[INFO] [stdout] warning: unused borrow that must be used
[INFO] [stdout]    --> src/lib.rs:293:5
[INFO] [stdout]     |
[INFO] [stdout] 293 |     &self.servers.insert(id.to_string(), serv_inst);
[INFO] [stdout]     |     ^^^^^^^^^^^^^^^^^^^^^^^^^^^^^^^^^^^^^^^^^^^^^^^
[INFO] [stdout] 
[INFO] [stdout] 
[INFO] [stdout] warning: unused `std::result::Result` that must be used
[INFO] [stdout]    --> src/lib.rs:303:7
[INFO] [stdout]     |
[INFO] [stdout] 303 |       inst.stdout_join.take().unwrap().join();
[INFO] [stdout]     |       ^^^^^^^^^^^^^^^^^^^^^^^^^^^^^^^^^^^^^^^^
[INFO] [stdout]     |
[INFO] [stdout]     = note: this `Result` may be an `Err` variant, which should be handled
[INFO] [stdout] 
[INFO] [stdout] 
[INFO] [stdout] warning: unused `std::result::Result` that must be used
[INFO] [stdout]    --> src/lib.rs:304:7
[INFO] [stdout]     |
[INFO] [stdout] 304 |       inst.stdin_join.take().unwrap().join();
[INFO] [stdout]     |       ^^^^^^^^^^^^^^^^^^^^^^^^^^^^^^^^^^^^^^^
[INFO] [stdout]     |
[INFO] [stdout]     = note: this `Result` may be an `Err` variant, which should be handled
[INFO] [stdout] 
[INFO] [stdout] 
[INFO] [stdout] warning: 5 warnings emitted
[INFO] [stdout] 
[INFO] [stdout] 
[INFO] [stdout] warning: unused `std::result::Result` that must be used
[INFO] [stdout]    --> src/lib.rs:284:11
[INFO] [stdout]     |
[INFO] [stdout] 284 |           writeln!(writer, "{}", x);
[INFO] [stdout]     |           ^^^^^^^^^^^^^^^^^^^^^^^^^^
[INFO] [stdout]     |
[INFO] [stdout]     = note: `#[warn(unused_must_use)]` on by default
[INFO] [stdout]     = note: this `Result` may be an `Err` variant, which should be handled
[INFO] [stdout]     = note: this warning originates in the macro `writeln` (in Nightly builds, run with -Z macro-backtrace for more info)
[INFO] [stdout] 
[INFO] [stdout] 
[INFO] [stdout] warning: unused `std::result::Result` that must be used
[INFO] [stdout]    --> src/lib.rs:285:11
[INFO] [stdout]     |
[INFO] [stdout] 285 |           writer.flush();
[INFO] [stdout]     |           ^^^^^^^^^^^^^^^
[INFO] [stdout]     |
[INFO] [stdout]     = note: this `Result` may be an `Err` variant, which should be handled
[INFO] [stdout] 
[INFO] [stdout] 
[INFO] [stdout] warning: unused borrow that must be used
[INFO] [stdout]    --> src/lib.rs:293:5
[INFO] [stdout]     |
[INFO] [stdout] 293 |     &self.servers.insert(id.to_string(), serv_inst);
[INFO] [stdout]     |     ^^^^^^^^^^^^^^^^^^^^^^^^^^^^^^^^^^^^^^^^^^^^^^^
[INFO] [stdout] 
[INFO] [stdout] 
[INFO] [stdout] warning: unused `std::result::Result` that must be used
[INFO] [stdout]    --> src/lib.rs:303:7
[INFO] [stdout]     |
[INFO] [stdout] 303 |       inst.stdout_join.take().unwrap().join();
[INFO] [stdout]     |       ^^^^^^^^^^^^^^^^^^^^^^^^^^^^^^^^^^^^^^^^
[INFO] [stdout]     |
[INFO] [stdout]     = note: this `Result` may be an `Err` variant, which should be handled
[INFO] [stdout] 
[INFO] [stdout] 
[INFO] [stdout] warning: unused `std::result::Result` that must be used
[INFO] [stdout]    --> src/lib.rs:304:7
[INFO] [stdout]     |
[INFO] [stdout] 304 |       inst.stdin_join.take().unwrap().join();
[INFO] [stdout]     |       ^^^^^^^^^^^^^^^^^^^^^^^^^^^^^^^^^^^^^^^
[INFO] [stdout]     |
[INFO] [stdout]     = note: this `Result` may be an `Err` variant, which should be handled
[INFO] [stdout] 
[INFO] [stdout] 
[INFO] [stdout] warning: 5 warnings emitted
[INFO] [stdout] 
[INFO] [stdout] 
[INFO] [stderr]     Finished test [unoptimized + debuginfo] target(s) in 0.72s
[INFO] running `Command { std: "docker" "inspect" "d04c98ceb23b020644a974cf1785fb593edb2581101bff14d2ddac219c4b41e7", kill_on_drop: false }`
[INFO] running `Command { std: "docker" "rm" "-f" "d04c98ceb23b020644a974cf1785fb593edb2581101bff14d2ddac219c4b41e7", kill_on_drop: false }`
[INFO] [stdout] d04c98ceb23b020644a974cf1785fb593edb2581101bff14d2ddac219c4b41e7
[INFO] running `Command { std: "docker" "create" "-v" "/var/lib/crater-agent-workspace/builds/worker-11/target:/opt/rustwide/target:rw,Z" "-v" "/var/lib/crater-agent-workspace/builds/worker-11/source:/opt/rustwide/workdir:ro,Z" "-v" "/var/lib/crater-agent-workspace/cargo-home:/opt/rustwide/cargo-home:ro,Z" "-v" "/var/lib/crater-agent-workspace/rustup-home:/opt/rustwide/rustup-home:ro,Z" "-e" "SOURCE_DIR=/opt/rustwide/workdir" "-e" "CARGO_TARGET_DIR=/opt/rustwide/target" "-e" "CARGO_INCREMENTAL=0" "-e" "RUST_BACKTRACE=full" "-e" "RUSTFLAGS=--cap-lints=warn" "-e" "CARGO_HOME=/opt/rustwide/cargo-home" "-e" "RUSTUP_HOME=/opt/rustwide/rustup-home" "-w" "/opt/rustwide/workdir" "-m" "1610612736" "--user" "0:0" "--network" "none" "ghcr.io/rust-lang/crates-build-env/linux@sha256:34b6a614d2c27851fe6cbf88fbd1137609cefab8b10d0615aaeb6fd47975d74e" "/opt/rustwide/cargo-home/bin/cargo" "+beta-2021-08-01" "test" "--frozen", kill_on_drop: false }`
[INFO] [stdout] 2361db2ef3d4da3c29ac377dc46415cfbf37d795299718e63af2c560396bc4d6
[INFO] [stderr] WARNING: Your kernel does not support swap limit capabilities or the cgroup is not mounted. Memory limited without swap.
[INFO] running `Command { std: "docker" "start" "-a" "2361db2ef3d4da3c29ac377dc46415cfbf37d795299718e63af2c560396bc4d6", kill_on_drop: false }`
[INFO] [stdout] 
[INFO] [stderr] warning: unused `std::result::Result` that must be used
[INFO] [stdout] running 0 tests
[INFO] [stderr]    --> src/lib.rs:284:11
[INFO] [stdout] 
[INFO] [stderr]     |
[INFO] [stdout] test result: ok. 0 passed; 0 failed; 0 ignored; 0 measured; 0 filtered out; finished in 0.00s
[INFO] [stderr] 284 |           writeln!(writer, "{}", x);
[INFO] [stdout] 
[INFO] [stderr]     |           ^^^^^^^^^^^^^^^^^^^^^^^^^^
[INFO] [stderr]     |
[INFO] [stderr]     = note: `#[warn(unused_must_use)]` on by default
[INFO] [stderr]     = note: this `Result` may be an `Err` variant, which should be handled
[INFO] [stderr]     = note: this warning originates in the macro `writeln` (in Nightly builds, run with -Z macro-backtrace for more info)
[INFO] [stderr] 
[INFO] [stderr] warning: unused `std::result::Result` that must be used
[INFO] [stderr]    --> src/lib.rs:285:11
[INFO] [stderr]     |
[INFO] [stderr] 285 |           writer.flush();
[INFO] [stderr]     |           ^^^^^^^^^^^^^^^
[INFO] [stderr]     |
[INFO] [stderr]     = note: this `Result` may be an `Err` variant, which should be handled
[INFO] [stderr] 
[INFO] [stderr] warning: unused borrow that must be used
[INFO] [stderr]    --> src/lib.rs:293:5
[INFO] [stderr]     |
[INFO] [stderr] 293 |     &self.servers.insert(id.to_string(), serv_inst);
[INFO] [stderr]     |     ^^^^^^^^^^^^^^^^^^^^^^^^^^^^^^^^^^^^^^^^^^^^^^^
[INFO] [stderr] 
[INFO] [stderr] warning: unused `std::result::Result` that must be used
[INFO] [stderr]    --> src/lib.rs:303:7
[INFO] [stderr]     |
[INFO] [stderr] 303 |       inst.stdout_join.take().unwrap().join();
[INFO] [stderr]     |       ^^^^^^^^^^^^^^^^^^^^^^^^^^^^^^^^^^^^^^^^
[INFO] [stderr]     |
[INFO] [stderr]     = note: this `Result` may be an `Err` variant, which should be handled
[INFO] [stderr] 
[INFO] [stderr] warning: unused `std::result::Result` that must be used
[INFO] [stderr]    --> src/lib.rs:304:7
[INFO] [stderr]     |
[INFO] [stderr] 304 |       inst.stdin_join.take().unwrap().join();
[INFO] [stderr]     |       ^^^^^^^^^^^^^^^^^^^^^^^^^^^^^^^^^^^^^^^
[INFO] [stderr]     |
[INFO] [stderr]     = note: this `Result` may be an `Err` variant, which should be handled
[INFO] [stderr] 
[INFO] [stderr] warning: `serbo-mc` (lib) generated 5 warnings
[INFO] [stderr] warning: `serbo-mc` (lib test) generated 5 warnings (5 duplicates)
[INFO] [stderr]     Finished test [unoptimized + debuginfo] target(s) in 0.01s
[INFO] [stderr]      Running unittests (/opt/rustwide/target/debug/deps/serbo-02265aa8f5f178ba)
[INFO] [stderr]    Doc-tests serbo
[INFO] [stdout] 
[INFO] [stdout] running 4 tests
[INFO] [stdout] test src/lib.rs - Manager::create (line 182) ... FAILED
[INFO] [stdout] test src/lib.rs - (line 5) ... FAILED
[INFO] [stdout] test src/lib.rs - Manager::new (line 163) ... FAILED
[INFO] [stdout] test src/lib.rs - Manager::get (line 201) ... FAILED
[INFO] [stdout] 
[INFO] [stdout] failures:
[INFO] [stdout] 
[INFO] [stdout] ---- src/lib.rs - Manager::create (line 182) stdout ----
[INFO] [stdout] error[E0061]: this function takes 3 arguments but 2 arguments were supplied
[INFO] [stdout]    --> src/lib.rs:183:15
[INFO] [stdout]     |
[INFO] [stdout] 4   | let manager = serbo::Manager::new("folder1","folder2");
[INFO] [stdout]     |               ^^^^^^^^^^^^^^^^^^^ --------- --------- supplied 2 arguments
[INFO] [stdout]     |               |
[INFO] [stdout]     |               expected 3 arguments
[INFO] [stdout]     |
[INFO] [stdout] note: associated function defined here
[INFO] [stdout]    --> /opt/rustwide/workdir/src/lib.rs:168:10
[INFO] [stdout]     |
[INFO] [stdout] 168 |   pub fn new(server_files_folder: &str, version_folder: &str, jar_name:&str) -> Manager {
[INFO] [stdout]     |          ^^^
[INFO] [stdout] 
[INFO] [stdout] error: aborting due to previous error
[INFO] [stdout] 
[INFO] [stdout] For more information about this error, try `rustc --explain E0061`.
[INFO] [stdout] Couldn't compile the test.
[INFO] [stdout] ---- src/lib.rs - (line 5) stdout ----
[INFO] [stdout] error[E0254]: the name `serbo` is defined multiple times
[INFO] [stdout]  --> src/lib.rs:6:5
[INFO] [stdout]   |
[INFO] [stdout] 2 | extern crate r#serbo;
[INFO] [stdout]   | --------------------- previous import of the extern crate `serbo` here
[INFO] [stdout] 3 | use serbo;
[INFO] [stdout]   |     ^^^^^ `serbo` reimported here
[INFO] [stdout]   |
[INFO] [stdout]   = note: `serbo` must be defined only once in the type namespace of this module
[INFO] [stdout] 
[INFO] [stdout] error: aborting due to previous error
[INFO] [stdout] 
[INFO] [stdout] For more information about this error, try `rustc --explain E0254`.
[INFO] [stdout] Couldn't compile the test.
[INFO] [stdout] ---- src/lib.rs - Manager::new (line 163) stdout ----
[INFO] [stdout] error[E0061]: this function takes 3 arguments but 2 arguments were supplied
[INFO] [stdout]    --> src/lib.rs:164:15
[INFO] [stdout]     |
[INFO] [stdout] 4   | let manager = serbo::Manager::new("folder1","folder2");
[INFO] [stdout]     |               ^^^^^^^^^^^^^^^^^^^ --------- --------- supplied 2 arguments
[INFO] [stdout]     |               |
[INFO] [stdout]     |               expected 3 arguments
[INFO] [stdout]     |
[INFO] [stdout] note: associated function defined here
[INFO] [stdout]    --> /opt/rustwide/workdir/src/lib.rs:168:10
[INFO] [stdout]     |
[INFO] [stdout] 168 |   pub fn new(server_files_folder: &str, version_folder: &str, jar_name:&str) -> Manager {
[INFO] [stdout]     |          ^^^
[INFO] [stdout] 
[INFO] [stdout] error: aborting due to previous error
[INFO] [stdout] 
[INFO] [stdout] For more information about this error, try `rustc --explain E0061`.
[INFO] [stdout] Couldn't compile the test.
[INFO] [stdout] ---- src/lib.rs - Manager::get (line 201) stdout ----
[INFO] [stdout] error[E0061]: this function takes 3 arguments but 2 arguments were supplied
[INFO] [stdout]    --> src/lib.rs:202:15
[INFO] [stdout]     |
[INFO] [stdout] 4   | let manager = serbo::Manager::new("folder1","folder2");
[INFO] [stdout]     |               ^^^^^^^^^^^^^^^^^^^ --------- --------- supplied 2 arguments
[INFO] [stdout]     |               |
[INFO] [stdout]     |               expected 3 arguments
[INFO] [stdout]     |
[INFO] [stdout] note: associated function defined here
[INFO] [stdout]    --> /opt/rustwide/workdir/src/lib.rs:168:10
[INFO] [stdout]     |
[INFO] [stdout] 168 |   pub fn new(server_files_folder: &str, version_folder: &str, jar_name:&str) -> Manager {
[INFO] [stdout]     |          ^^^
[INFO] [stdout] 
[INFO] [stdout] error[E0308]: mismatched types
[INFO] [stdout]  --> src/lib.rs:204:32
[INFO] [stdout]   |
[INFO] [stdout] 6 | let instance:serbo::Instance = manager.get("1").unwrap();
[INFO] [stdout]   |              ---------------   ^^^^^^^^^^^^^^^^^^^^^^^^^ expected struct `Instance`, found `&mut Instance`
[INFO] [stdout]   |              |
[INFO] [stdout]   |              expected due to this
[INFO] [stdout] 
[INFO] [stdout] error: aborting due to 2 previous errors
[INFO] [stdout] 
[INFO] [stdout] Some errors have detailed explanations: E0061, E0308.
[INFO] [stdout] For more information about an error, try `rustc --explain E0061`.
[INFO] [stdout] Couldn't compile the test.
[INFO] [stdout] 
[INFO] [stdout] failures:
[INFO] [stdout]     src/lib.rs - (line 5)
[INFO] [stdout]     src/lib.rs - Manager::create (line 182)
[INFO] [stdout]     src/lib.rs - Manager::get (line 201)
[INFO] [stdout]     src/lib.rs - Manager::new (line 163)
[INFO] [stdout] 
[INFO] [stdout] test result: FAILED. 0 passed; 4 failed; 0 ignored; 0 measured; 0 filtered out; finished in 0.35s
[INFO] [stdout] 
[INFO] [stderr] error: test failed, to rerun pass '--doc'
[INFO] running `Command { std: "docker" "inspect" "2361db2ef3d4da3c29ac377dc46415cfbf37d795299718e63af2c560396bc4d6", kill_on_drop: false }`
[INFO] running `Command { std: "docker" "rm" "-f" "2361db2ef3d4da3c29ac377dc46415cfbf37d795299718e63af2c560396bc4d6", kill_on_drop: false }`
[INFO] [stdout] 2361db2ef3d4da3c29ac377dc46415cfbf37d795299718e63af2c560396bc4d6
