[INFO] fetching crate sentry-failure 0.21.0...
[INFO] testing sentry-failure-0.21.0 against 1.54.0 for beta-1.55-1
[INFO] extracting crate sentry-failure 0.21.0 into /workspace/builds/worker-12/source
[INFO] validating manifest of crates.io crate sentry-failure 0.21.0 on toolchain 1.54.0
[INFO] running `Command { std: "/workspace/cargo-home/bin/cargo" "+1.54.0" "metadata" "--manifest-path" "Cargo.toml" "--no-deps", kill_on_drop: false }`
[INFO] started tweaking crates.io crate sentry-failure 0.21.0
[INFO] finished tweaking crates.io crate sentry-failure 0.21.0
[INFO] tweaked toml for crates.io crate sentry-failure 0.21.0 written to /workspace/builds/worker-12/source/Cargo.toml
[INFO] running `Command { std: "/workspace/cargo-home/bin/cargo" "+1.54.0" "generate-lockfile" "--manifest-path" "Cargo.toml" "-Zno-index-update", kill_on_drop: false }`
[INFO] running `Command { std: "/workspace/cargo-home/bin/cargo" "+1.54.0" "fetch" "--manifest-path" "Cargo.toml", kill_on_drop: false }`
[INFO] running `Command { std: "docker" "create" "-v" "/var/lib/crater-agent-workspace/builds/worker-12/target:/opt/rustwide/target:rw,Z" "-v" "/var/lib/crater-agent-workspace/builds/worker-12/source:/opt/rustwide/workdir:ro,Z" "-v" "/var/lib/crater-agent-workspace/cargo-home:/opt/rustwide/cargo-home:ro,Z" "-v" "/var/lib/crater-agent-workspace/rustup-home:/opt/rustwide/rustup-home:ro,Z" "-e" "SOURCE_DIR=/opt/rustwide/workdir" "-e" "CARGO_TARGET_DIR=/opt/rustwide/target" "-e" "CARGO_HOME=/opt/rustwide/cargo-home" "-e" "RUSTUP_HOME=/opt/rustwide/rustup-home" "-w" "/opt/rustwide/workdir" "-m" "1610612736" "--user" "0:0" "--network" "none" "ghcr.io/rust-lang/crates-build-env/linux@sha256:34b6a614d2c27851fe6cbf88fbd1137609cefab8b10d0615aaeb6fd47975d74e" "/opt/rustwide/cargo-home/bin/cargo" "+1.54.0" "metadata" "--no-deps" "--format-version=1", kill_on_drop: false }`
[INFO] [stdout] 6130dbd564c3cee9ec15e1bd42cdeab031b2d37d2142c6469d74613b5381f97a
[INFO] [stderr] WARNING: Your kernel does not support swap limit capabilities or the cgroup is not mounted. Memory limited without swap.
[INFO] running `Command { std: "docker" "start" "-a" "6130dbd564c3cee9ec15e1bd42cdeab031b2d37d2142c6469d74613b5381f97a", kill_on_drop: false }`
[INFO] running `Command { std: "docker" "inspect" "6130dbd564c3cee9ec15e1bd42cdeab031b2d37d2142c6469d74613b5381f97a", kill_on_drop: false }`
[INFO] running `Command { std: "docker" "rm" "-f" "6130dbd564c3cee9ec15e1bd42cdeab031b2d37d2142c6469d74613b5381f97a", kill_on_drop: false }`
[INFO] [stdout] 6130dbd564c3cee9ec15e1bd42cdeab031b2d37d2142c6469d74613b5381f97a
[INFO] running `Command { std: "docker" "create" "-v" "/var/lib/crater-agent-workspace/builds/worker-12/target:/opt/rustwide/target:rw,Z" "-v" "/var/lib/crater-agent-workspace/builds/worker-12/source:/opt/rustwide/workdir:ro,Z" "-v" "/var/lib/crater-agent-workspace/cargo-home:/opt/rustwide/cargo-home:ro,Z" "-v" "/var/lib/crater-agent-workspace/rustup-home:/opt/rustwide/rustup-home:ro,Z" "-e" "SOURCE_DIR=/opt/rustwide/workdir" "-e" "CARGO_TARGET_DIR=/opt/rustwide/target" "-e" "CARGO_INCREMENTAL=0" "-e" "RUST_BACKTRACE=full" "-e" "RUSTFLAGS=--cap-lints=warn" "-e" "CARGO_HOME=/opt/rustwide/cargo-home" "-e" "RUSTUP_HOME=/opt/rustwide/rustup-home" "-w" "/opt/rustwide/workdir" "-m" "1610612736" "--user" "0:0" "--network" "none" "ghcr.io/rust-lang/crates-build-env/linux@sha256:34b6a614d2c27851fe6cbf88fbd1137609cefab8b10d0615aaeb6fd47975d74e" "/opt/rustwide/cargo-home/bin/cargo" "+1.54.0" "build" "--frozen" "--message-format=json", kill_on_drop: false }`
[INFO] [stdout] 9a8d1bb0172c6a121e00fe7e83d05a08eeb62144951d066e130bfc468a3b5b89
[INFO] [stderr] WARNING: Your kernel does not support swap limit capabilities or the cgroup is not mounted. Memory limited without swap.
[INFO] running `Command { std: "docker" "start" "-a" "9a8d1bb0172c6a121e00fe7e83d05a08eeb62144951d066e130bfc468a3b5b89", kill_on_drop: false }`
[INFO] [stderr]    Compiling getrandom v0.2.3
[INFO] [stderr]    Compiling object v0.26.0
[INFO] [stderr]    Compiling thiserror-impl v1.0.26
[INFO] [stderr]    Compiling serde v1.0.127
[INFO] [stderr]    Compiling thiserror v1.0.26
[INFO] [stderr]    Compiling backtrace v0.3.61
[INFO] [stderr]    Compiling uuid v0.8.2
[INFO] [stderr]    Compiling url v2.2.2
[INFO] [stderr]    Compiling chrono v0.4.19
[INFO] [stderr]    Compiling serde_json v1.0.66
[INFO] [stderr]    Compiling failure v0.1.8
[INFO] [stderr]    Compiling debugid v0.7.2
[INFO] [stderr]    Compiling sentry-types v0.21.0
[INFO] [stderr]    Compiling sentry-core v0.21.0
[INFO] [stderr]    Compiling sentry-backtrace v0.21.0
[INFO] [stderr]    Compiling sentry-failure v0.21.0 (/opt/rustwide/workdir)
[INFO] [stdout] warning: panic message is not a string literal
[INFO] [stdout]    --> src/lib.rs:215:24
[INFO] [stdout]     |
[INFO] [stdout] 215 |                 panic!(e)
[INFO] [stdout]     |                        ^
[INFO] [stdout]     |
[INFO] [stdout]     = note: `#[warn(non_fmt_panic)]` on by default
[INFO] [stdout]     = note: this is no longer accepted in Rust 2021
[INFO] [stdout] help: add a "{}" format string to Display the message
[INFO] [stdout]     |
[INFO] [stdout] 215 |                 panic!("{}", e)
[INFO] [stdout]     |                        ^^^^^
[INFO] [stdout] help: or use std::panic::panic_any instead
[INFO] [stdout]     |
[INFO] [stdout] 215 |                 std::panic::panic_any(e)
[INFO] [stdout]     |                 ^^^^^^^^^^^^^^^^^^^^^
[INFO] [stdout] 
[INFO] [stdout] 
[INFO] [stdout] warning: 1 warning emitted
[INFO] [stdout] 
[INFO] [stdout] 
[INFO] [stderr]     Finished dev [unoptimized + debuginfo] target(s) in 29.30s
[INFO] running `Command { std: "docker" "inspect" "9a8d1bb0172c6a121e00fe7e83d05a08eeb62144951d066e130bfc468a3b5b89", kill_on_drop: false }`
[INFO] running `Command { std: "docker" "rm" "-f" "9a8d1bb0172c6a121e00fe7e83d05a08eeb62144951d066e130bfc468a3b5b89", kill_on_drop: false }`
[INFO] [stdout] 9a8d1bb0172c6a121e00fe7e83d05a08eeb62144951d066e130bfc468a3b5b89
[INFO] running `Command { std: "docker" "create" "-v" "/var/lib/crater-agent-workspace/builds/worker-12/target:/opt/rustwide/target:rw,Z" "-v" "/var/lib/crater-agent-workspace/builds/worker-12/source:/opt/rustwide/workdir:ro,Z" "-v" "/var/lib/crater-agent-workspace/cargo-home:/opt/rustwide/cargo-home:ro,Z" "-v" "/var/lib/crater-agent-workspace/rustup-home:/opt/rustwide/rustup-home:ro,Z" "-e" "SOURCE_DIR=/opt/rustwide/workdir" "-e" "CARGO_TARGET_DIR=/opt/rustwide/target" "-e" "CARGO_INCREMENTAL=0" "-e" "RUST_BACKTRACE=full" "-e" "RUSTFLAGS=--cap-lints=warn" "-e" "CARGO_HOME=/opt/rustwide/cargo-home" "-e" "RUSTUP_HOME=/opt/rustwide/rustup-home" "-w" "/opt/rustwide/workdir" "-m" "1610612736" "--user" "0:0" "--network" "none" "ghcr.io/rust-lang/crates-build-env/linux@sha256:34b6a614d2c27851fe6cbf88fbd1137609cefab8b10d0615aaeb6fd47975d74e" "/opt/rustwide/cargo-home/bin/cargo" "+1.54.0" "test" "--frozen" "--no-run" "--message-format=json", kill_on_drop: false }`
[INFO] [stdout] 3cd11554770d1fc57a882b360ad694c036ef1d1848947fa553a204ff18ca950c
[INFO] [stderr] WARNING: Your kernel does not support swap limit capabilities or the cgroup is not mounted. Memory limited without swap.
[INFO] running `Command { std: "docker" "start" "-a" "3cd11554770d1fc57a882b360ad694c036ef1d1848947fa553a204ff18ca950c", kill_on_drop: false }`
[INFO] [stderr]     Blocking waiting for file lock on package cache
[INFO] [stderr]    Compiling sentry-failure v0.21.0 (/opt/rustwide/workdir)
[INFO] [stdout] warning: panic message is not a string literal
[INFO] [stdout]    --> src/lib.rs:215:24
[INFO] [stdout]     |
[INFO] [stdout] 215 |                 panic!(e)
[INFO] [stdout]     |                        ^
[INFO] [stdout]     |
[INFO] [stdout]     = note: `#[warn(non_fmt_panic)]` on by default
[INFO] [stdout]     = note: this is no longer accepted in Rust 2021
[INFO] [stdout] help: add a "{}" format string to Display the message
[INFO] [stdout]     |
[INFO] [stdout] 215 |                 panic!("{}", e)
[INFO] [stdout]     |                        ^^^^^
[INFO] [stdout] help: or use std::panic::panic_any instead
[INFO] [stdout]     |
[INFO] [stdout] 215 |                 std::panic::panic_any(e)
[INFO] [stdout]     |                 ^^^^^^^^^^^^^^^^^^^^^
[INFO] [stdout] 
[INFO] [stdout] 
[INFO] [stdout] warning: 1 warning emitted
[INFO] [stdout] 
[INFO] [stdout] 
[INFO] [stdout] warning: panic message is not a string literal
[INFO] [stdout]    --> src/lib.rs:215:24
[INFO] [stdout]     |
[INFO] [stdout] 215 |                 panic!(e)
[INFO] [stdout]     |                        ^
[INFO] [stdout]     |
[INFO] [stdout]     = note: `#[warn(non_fmt_panic)]` on by default
[INFO] [stdout]     = note: this is no longer accepted in Rust 2021
[INFO] [stdout] help: add a "{}" format string to Display the message
[INFO] [stdout]     |
[INFO] [stdout] 215 |                 panic!("{}", e)
[INFO] [stdout]     |                        ^^^^^
[INFO] [stdout] help: or use std::panic::panic_any instead
[INFO] [stdout]     |
[INFO] [stdout] 215 |                 std::panic::panic_any(e)
[INFO] [stdout]     |                 ^^^^^^^^^^^^^^^^^^^^^
[INFO] [stdout] 
[INFO] [stdout] 
[INFO] [stdout] warning: 1 warning emitted
[INFO] [stdout] 
[INFO] [stdout] 
[INFO] [stderr]     Finished test [unoptimized + debuginfo] target(s) in 1.42s
[INFO] running `Command { std: "docker" "inspect" "3cd11554770d1fc57a882b360ad694c036ef1d1848947fa553a204ff18ca950c", kill_on_drop: false }`
[INFO] running `Command { std: "docker" "rm" "-f" "3cd11554770d1fc57a882b360ad694c036ef1d1848947fa553a204ff18ca950c", kill_on_drop: false }`
[INFO] [stdout] 3cd11554770d1fc57a882b360ad694c036ef1d1848947fa553a204ff18ca950c
[INFO] running `Command { std: "docker" "create" "-v" "/var/lib/crater-agent-workspace/builds/worker-12/target:/opt/rustwide/target:rw,Z" "-v" "/var/lib/crater-agent-workspace/builds/worker-12/source:/opt/rustwide/workdir:ro,Z" "-v" "/var/lib/crater-agent-workspace/cargo-home:/opt/rustwide/cargo-home:ro,Z" "-v" "/var/lib/crater-agent-workspace/rustup-home:/opt/rustwide/rustup-home:ro,Z" "-e" "SOURCE_DIR=/opt/rustwide/workdir" "-e" "CARGO_TARGET_DIR=/opt/rustwide/target" "-e" "CARGO_INCREMENTAL=0" "-e" "RUST_BACKTRACE=full" "-e" "RUSTFLAGS=--cap-lints=warn" "-e" "CARGO_HOME=/opt/rustwide/cargo-home" "-e" "RUSTUP_HOME=/opt/rustwide/rustup-home" "-w" "/opt/rustwide/workdir" "-m" "1610612736" "--user" "0:0" "--network" "none" "ghcr.io/rust-lang/crates-build-env/linux@sha256:34b6a614d2c27851fe6cbf88fbd1137609cefab8b10d0615aaeb6fd47975d74e" "/opt/rustwide/cargo-home/bin/cargo" "+1.54.0" "test" "--frozen", kill_on_drop: false }`
[INFO] [stderr] WARNING: Your kernel does not support swap limit capabilities or the cgroup is not mounted. Memory limited without swap.
[INFO] [stdout] b70fb2e142317df2d2745c033d0e915146bab7fef15ccfdc9e864965b6c5aefb
[INFO] running `Command { std: "docker" "start" "-a" "b70fb2e142317df2d2745c033d0e915146bab7fef15ccfdc9e864965b6c5aefb", kill_on_drop: false }`
[INFO] [stderr] warning: panic message is not a string literal
[INFO] [stderr]    --> src/lib.rs:215:24
[INFO] [stderr]     |
[INFO] [stderr] 215 |                 panic!(e)
[INFO] [stderr]     |                        ^
[INFO] [stderr]     |
[INFO] [stderr]     = note: `#[warn(non_fmt_panic)]` on by default
[INFO] [stderr]     = note: this is no longer accepted in Rust 2021
[INFO] [stderr] help: add a "{}" format string to Display the message
[INFO] [stderr]     |
[INFO] [stderr] 215 |                 panic!("{}", e)
[INFO] [stderr]     |                        ^^^^^
[INFO] [stderr] help: or use std::panic::panic_any instead
[INFO] [stderr]     |
[INFO] [stderr] 215 |                 std::panic::panic_any(e)
[INFO] [stderr]     |                 ^^^^^^^^^^^^^^^^^^^^^
[INFO] [stderr] 
[INFO] [stderr] warning: 1 warning emitted
[INFO] [stderr] 
[INFO] [stderr] warning: panic message is not a string literal
[INFO] [stderr]    --> src/lib.rs:215:24
[INFO] [stderr]     |
[INFO] [stderr] 215 |                 panic!(e)
[INFO] [stderr]     |                        ^
[INFO] [stderr]     |
[INFO] [stderr]     = note: `#[warn(non_fmt_panic)]` on by default
[INFO] [stderr]     = note: this is no longer accepted in Rust 2021
[INFO] [stderr] help: add a "{}" format string to Display the message
[INFO] [stderr]     |
[INFO] [stderr] 215 |                 panic!("{}", e)
[INFO] [stderr]     |                        ^^^^^
[INFO] [stderr] help: or use std::panic::panic_any instead
[INFO] [stderr]     |
[INFO] [stderr] 215 |                 std::panic::panic_any(e)
[INFO] [stderr]     |                 ^^^^^^^^^^^^^^^^^^^^^
[INFO] [stderr] 
[INFO] [stderr] warning: 1 warning emitted
[INFO] [stderr] 
[INFO] [stderr]     Finished test [unoptimized + debuginfo] target(s) in 0.07s
[INFO] [stdout] 
[INFO] [stderr]      Running unittests (/opt/rustwide/target/debug/deps/sentry_failure-2b5c49a72cebe021)
[INFO] [stdout] running 0 tests
[INFO] [stdout] 
[INFO] [stdout] test result: ok. 0 passed; 0 failed; 0 ignored; 0 measured; 0 filtered out; finished in 0.00s
[INFO] [stdout] 
[INFO] [stderr]    Doc-tests sentry-failure
[INFO] [stdout] 
[INFO] [stdout] running 2 tests
[INFO] [stdout] test src/lib.rs - panic_extractor (line 79) ... FAILED
[INFO] [stdout] test src/lib.rs - (line 10) - compile ... ok
[INFO] [stdout] 
[INFO] [stdout] failures:
[INFO] [stdout] 
[INFO] [stdout] ---- src/lib.rs - panic_extractor (line 79) stdout ----
[INFO] [stdout] error[E0433]: failed to resolve: use of undeclared crate or module `sentry_panic`
[INFO] [stdout]  --> src/lib.rs:81:5
[INFO] [stdout]   |
[INFO] [stdout] 5 |     sentry_panic::PanicIntegration::new().add_extractor(sentry_failure::panic_extractor);
[INFO] [stdout]   |     ^^^^^^^^^^^^ use of undeclared crate or module `sentry_panic`
[INFO] [stdout] 
[INFO] [stdout] warning: use of deprecated function `sentry_failure::panic_extractor`: The `failure` integration is deprecated and will be removed in the future.
[INFO] [stdout]  --> src/lib.rs:81:57
[INFO] [stdout]   |
[INFO] [stdout] 5 |     sentry_panic::PanicIntegration::new().add_extractor(sentry_failure::panic_extractor);
[INFO] [stdout]   |                                                         ^^^^^^^^^^^^^^^^^^^^^^^^^^^^^^^
[INFO] [stdout]   |
[INFO] [stdout]   = note: `#[warn(deprecated)]` on by default
[INFO] [stdout] 
[INFO] [stdout] error: aborting due to previous error; 1 warning emitted
[INFO] [stdout] 
[INFO] [stdout] For more information about this error, try `rustc --explain E0433`.
[INFO] [stdout] Couldn't compile the test.
[INFO] [stdout] 
[INFO] [stdout] failures:
[INFO] [stdout]     src/lib.rs - panic_extractor (line 79)
[INFO] [stdout] 
[INFO] [stdout] test result: FAILED. 1 passed; 1 failed; 0 ignored; 0 measured; 0 filtered out; finished in 0.54s
[INFO] [stdout] 
[INFO] [stderr] error: test failed, to rerun pass '--doc'
[INFO] running `Command { std: "docker" "inspect" "b70fb2e142317df2d2745c033d0e915146bab7fef15ccfdc9e864965b6c5aefb", kill_on_drop: false }`
[INFO] running `Command { std: "docker" "rm" "-f" "b70fb2e142317df2d2745c033d0e915146bab7fef15ccfdc9e864965b6c5aefb", kill_on_drop: false }`
[INFO] [stdout] b70fb2e142317df2d2745c033d0e915146bab7fef15ccfdc9e864965b6c5aefb
